52.167.144.184 - - [17/Apr/2026:00:19:54 +0330] "GET /post-sitemap10.xml HTTP/2" 200 4715 "-" "Mozilla/5.0 AppleWebKit/537.36 (KHTML, like Gecko; compatible; bingbot/2.0; +http://www.bing.com/bingbot.htm) Chrome/116.0.1938.76 Safari/537.36"
18.97.9.97 - - [17/Apr/2026:00:19:57 +0330] "GET /products/detail/280670462 HTTP/1.1" 404 14074 "-" "Mozilla/5.0 AppleWebKit/537.36 (KHTML, like Gecko; compatible; PerplexityBot/1.0; +https://perplexity.ai/perplexitybot)"
103.75.126.223 - - [17/Apr/2026:00:19:58 +0330] "GET /lib/phpunit/src/Util/PHP/eval-stdin.php HTTP/1.0" 301 0 "-" "libredtail-http"
103.75.126.223 - - [17/Apr/2026:00:20:12 +0330] "GET /lib/vendor/phpunit/phpunit/src/Util/PHP/eval-stdin.php HTTP/1.0" 404 56165 "-" "libredtail-http"
103.75.126.223 - - [17/Apr/2026:00:20:16 +0330] "GET /laravel/vendor/phpunit/phpunit/src/Util/PHP/eval-stdin.php HTTP/1.0" 301 0 "-" "libredtail-http"
66.249.70.38 - - [17/Apr/2026:00:20:24 +0330] "GET /page/3/?nocache=1766505735 HTTP/1.1" 200 28666 "-" "Mozilla/5.0 (Linux; Android 6.0.1; Nexus 5X Build/MMB29P) AppleWebKit/537.36 (KHTML, like Gecko) Chrome/146.0.7680.177 Mobile Safari/537.36 (compatible; GoogleOther)"
202.46.62.56 - - [17/Apr/2026:00:20:24 +0330] "POST /tag/%D8%AE%D8%A7%DA%AF%DB%8C%D9%86%D9%87-%DA%A9%D8%AF%D9%88-%D8%B3%D8%A8%D8%B2/?nocache=1776372618 HTTP/1.1" 500 800 "https://rozbano.com/tag/%D8%AE%D8%A7%DA%AF%DB%8C%D9%86%D9%87-%DA%A9%D8%AF%D9%88-%D8%B3%D8%A8%D8%B2/" "Mozilla/5.0 (Windows NT 10.0; Win64; x64) AppleWebKit/537.36 (KHTML, like Gecko) Chrome/133.0.6943.141 Safari/537.36"
103.75.126.223 - - [17/Apr/2026:00:20:27 +0330] "GET /ws/vendor/phpunit/phpunit/src/Util/PHP/eval-stdin.php HTTP/1.0" 301 0 "-" "libredtail-http"
202.46.62.1 - - [17/Apr/2026:00:20:38 +0330] "GET /wp-content/uploads/2025/05/Gami20No20Dena20is20a20supplier20of20wooden20cupboards-01.jpg HTTP/2" 200 191032 "-" "Mozilla/5.0 (Windows NT 10.0; Win64; x64) AppleWebKit/537.36 (KHTML, like Gecko) Chrome/133.0.6943.141 Safari/537.36"
66.249.70.32 - - [17/Apr/2026:00:20:44 +0330] "GET /page/510/?search=search_term_string&nocache=1766574767 HTTP/1.1" 200 27796 "-" "Mozilla/5.0 (Linux; Android 6.0.1; Nexus 5X Build/MMB29P) AppleWebKit/537.36 (KHTML, like Gecko) Chrome/146.0.7680.177 Mobile Safari/537.36 (compatible; GoogleOther)"
103.75.126.223 - - [17/Apr/2026:00:20:44 +0330] "GET /ws/ec/vendor/phpunit/phpunit/src/Util/PHP/eval-stdin.php HTTP/1.0" 404 56167 "-" "libredtail-http"
66.249.70.39 - - [17/Apr/2026:00:20:48 +0330] "GET /page/501/?nocache=1765953926 HTTP/1.1" 200 30092 "-" "Mozilla/5.0 (Linux; Android 6.0.1; Nexus 5X Build/MMB29P) AppleWebKit/537.36 (KHTML, like Gecko) Chrome/146.0.7680.177 Mobile Safari/537.36 (compatible; Googlebot/2.1; +http://www.google.com/bot.html)"
103.75.126.223 - - [17/Apr/2026:00:20:53 +0330] "GET /tests/vendor/phpunit/phpunit/src/Util/PHP/eval-stdin.php HTTP/1.0" 301 0 "-" "libredtail-http"
66.249.70.34 - - [17/Apr/2026:00:20:54 +0330] "GET /page/504/?search=search_term_string&nocache=1765853300 HTTP/1.1" 200 30132 "-" "Mozilla/5.0 (Linux; Android 6.0.1; Nexus 5X Build/MMB29P) AppleWebKit/537.36 (KHTML, like Gecko) Chrome/146.0.7680.177 Mobile Safari/537.36 (compatible; Googlebot/2.1; +http://www.google.com/bot.html)"
103.75.126.223 - - [17/Apr/2026:00:20:54 +0330] "GET /tests/vendor/phpunit/phpunit/src/Util/PHP/eval-stdin.php HTTP/1.0" 404 56167 "-" "libredtail-http"
66.249.70.38 - - [17/Apr/2026:00:20:32 +0330] "GET /page/8/?search=search_term_string&nocache=1765568550 HTTP/1.1" 200 28006 "-" "Mozilla/5.0 (Linux; Android 6.0.1; Nexus 5X Build/MMB29P) AppleWebKit/537.36 (KHTML, like Gecko) Chrome/146.0.7680.177 Mobile Safari/537.36 (compatible; Googlebot/2.1; +http://www.google.com/bot.html)"
66.249.70.38 - - [17/Apr/2026:00:20:37 +0330] "GET /page/501/?search=search_term_string&nocache=1766770866 HTTP/1.1" 200 28180 "-" "Mozilla/5.0 (Linux; Android 6.0.1; Nexus 5X Build/MMB29P) AppleWebKit/537.36 (KHTML, like Gecko) Chrome/146.0.7680.177 Mobile Safari/537.36 (compatible; Googlebot/2.1; +http://www.google.com/bot.html)"
3.81.115.5 - - [17/Apr/2026:00:20:36 +0330] "GET / HTTP/1.0" 301 20 "-" "Mozilla/5.0 AppleWebKit/537.36 (KHTML, like Gecko) Chrome/123.0.6312.86 Safari/537.36"
103.75.126.223 - - [17/Apr/2026:00:20:37 +0330] "GET /zend/vendor/phpunit/phpunit/src/Util/PHP/eval-stdin.php HTTP/1.0" 301 0 "-" "libredtail-http"
66.249.70.39 - - [17/Apr/2026:00:20:39 +0330] "GET /page/6/?nocache=1766308410 HTTP/1.1" 200 29490 "-" "Mozilla/5.0 (Linux; Android 6.0.1; Nexus 5X Build/MMB29P) AppleWebKit/537.36 (KHTML, like Gecko) Chrome/146.0.7680.177 Mobile Safari/537.36 (compatible; Googlebot/2.1; +http://www.google.com/bot.html)"
103.75.126.223 - - [17/Apr/2026:00:20:39 +0330] "GET /zend/vendor/phpunit/phpunit/src/Util/PHP/eval-stdin.php HTTP/1.0" 404 56166 "-" "libredtail-http"
54.236.1.52 - - [17/Apr/2026:00:20:49 +0330] "GET /flower-table HTTP/1.1" 301 20 "-" "Mozilla/5.0 (compatible; Pinterestbot/1.0; +http://www.pinterest.com/bot.html)"
103.75.126.223 - - [17/Apr/2026:00:20:49 +0330] "GET /V2/vendor/phpunit/phpunit/src/Util/PHP/eval-stdin.php HTTP/1.0" 404 56164 "-" "libredtail-http"
66.249.70.32 - - [17/Apr/2026:00:20:52 +0330] "GET /page/4/?nocache=1766308410 HTTP/1.1" 200 28048 "-" "Mozilla/5.0 (Linux; Android 6.0.1; Nexus 5X Build/MMB29P) AppleWebKit/537.36 (KHTML, like Gecko) Chrome/146.0.7680.177 Mobile Safari/537.36 (compatible; Googlebot/2.1; +http://www.google.com/bot.html)"
54.236.1.52 - - [17/Apr/2026:00:20:50 +0330] "GET /flower-table/ HTTP/1.1" 200 33467 "-" "Mozilla/5.0 (compatible; Pinterestbot/1.0; +http://www.pinterest.com/bot.html)"
66.249.70.32 - - [17/Apr/2026:00:20:55 +0330] "GET /page/5/?search=%D8%A8%DB%8C%D8%AA%D8%A7%20%D8%B3%D8%AD%D8%B1%D8%AE%DB%8C%D8%B2&nocache=1766125532 HTTP/1.1" 200 27528 "-" "Mozilla/5.0 (Linux; Android 6.0.1; Nexus 5X Build/MMB29P) AppleWebKit/537.36 (KHTML, like Gecko) Chrome/146.0.7680.177 Mobile Safari/537.36 (compatible; Googlebot/2.1; +http://www.google.com/bot.html)"
66.249.70.39 - - [17/Apr/2026:00:20:56 +0330] "GET /page/4/?nocache=1766632310 HTTP/1.1" 200 29481 "-" "Mozilla/5.0 (Linux; Android 6.0.1; Nexus 5X Build/MMB29P) AppleWebKit/537.36 (KHTML, like Gecko) Chrome/146.0.7680.177 Mobile Safari/537.36 (compatible; Googlebot/2.1; +http://www.google.com/bot.html)"
66.249.70.32 - - [17/Apr/2026:00:20:58 +0330] "GET /page/503/?search=search_term_string&nocache=1766044833 HTTP/1.1" 200 27838 "-" "Mozilla/5.0 (Linux; Android 6.0.1; Nexus 5X Build/MMB29P) AppleWebKit/537.36 (KHTML, like Gecko) Chrome/146.0.7680.177 Mobile Safari/537.36 (compatible; Googlebot/2.1; +http://www.google.com/bot.html)"
103.75.126.223 - - [17/Apr/2026:00:20:58 +0330] "GET /test/vendor/phpunit/phpunit/src/Util/PHP/eval-stdin.php HTTP/1.0" 301 0 "-" "libredtail-http"
66.249.70.35 - - [17/Apr/2026:00:21:01 +0330] "GET /page/3/?nocache=1766632310 HTTP/1.1" 200 28011 "-" "Mozilla/5.0 (Linux; Android 6.0.1; Nexus 5X Build/MMB29P) AppleWebKit/537.36 (KHTML, like Gecko) Chrome/146.0.7680.177 Mobile Safari/537.36 (compatible; Googlebot/2.1; +http://www.google.com/bot.html)"
66.249.70.39 - - [17/Apr/2026:00:21:03 +0330] "GET /page/9/?search=search_term_string&nocache=1766455775 HTTP/1.1" 200 27288 "-" "Mozilla/5.0 (Linux; Android 6.0.1; Nexus 5X Build/MMB29P) AppleWebKit/537.36 (KHTML, like Gecko) Chrome/146.0.7680.177 Mobile Safari/537.36 (compatible; Googlebot/2.1; +http://www.google.com/bot.html)"
66.249.70.35 - - [17/Apr/2026:00:20:50 +0330] "GET /page/506/?search=search_term_string&nocache=1767224773 HTTP/1.1" 200 30813 "-" "Mozilla/5.0 (Linux; Android 6.0.1; Nexus 5X Build/MMB29P) AppleWebKit/537.36 (KHTML, like Gecko) Chrome/146.0.7680.177 Mobile Safari/537.36 (compatible; Googlebot/2.1; +http://www.google.com/bot.html)"
86.55.246.218 - - [17/Apr/2026:00:20:51 +0330] "GET /the-texture-of-the-girls-sarong.html HTTP/2" 301 20 "https://zarebin.ir/" "Mozilla/5.0 (iPhone; CPU iPhone OS 18_5 like Mac OS X) AppleWebKit/605.1.15 (KHTML, like Gecko) Version/18.5 Mobile/15E148 Safari/604.1"
66.249.70.33 - - [17/Apr/2026:00:20:54 +0330] "GET /page/7/?lsesi=nonce&esi=eyJhY3Rpb24iOiJlbGVtZW50b3ItcHJvLWZyb250ZW5kIiwiX2xzX3NpbGVuY2UiOnRydWV9&_hash=53888cd5c92e80866434c90c40d9a34f&nocache=1775044788 HTTP/1.1" 200 31992 "-" "Mozilla/5.0 (Linux; Android 6.0.1; Nexus 5X Build/MMB29P) AppleWebKit/537.36 (KHTML, like Gecko) Chrome/146.0.7680.177 Mobile Safari/537.36 (compatible; Googlebot/2.1; +http://www.google.com/bot.html)"
66.249.70.32 - - [17/Apr/2026:00:20:59 +0330] "GET /page/503/?search=%D8%AA%DB%8C%D9%86%D8%A7%20%D8%A2%D8%AE%D9%88%D9%86%D8%AF%D8%AA%D8%A8%D8%A7%D8%B1&nocache=1766529632 HTTP/1.1" 200 28925 "-" "Mozilla/5.0 (Linux; Android 6.0.1; Nexus 5X Build/MMB29P) AppleWebKit/537.36 (KHTML, like Gecko) Chrome/146.0.7680.177 Mobile Safari/537.36 (compatible; Googlebot/2.1; +http://www.google.com/bot.html)"
66.249.70.33 - - [17/Apr/2026:00:20:59 +0330] "GET /products/detail/67597614 HTTP/1.1" 200 29070 "-" "Mozilla/5.0 (Linux; Android 6.0.1; Nexus 5X Build/MMB29P) AppleWebKit/537.36 (KHTML, like Gecko) Chrome/146.0.7680.177 Mobile Safari/537.36 (compatible; GoogleOther)"
103.75.126.223 - - [17/Apr/2026:00:21:00 +0330] "GET /test/vendor/phpunit/phpunit/src/Util/PHP/eval-stdin.php HTTP/1.0" 404 56166 "-" "libredtail-http"
103.75.126.223 - - [17/Apr/2026:00:21:05 +0330] "GET /testing/vendor/phpunit/phpunit/src/Util/PHP/eval-stdin.php HTTP/1.0" 404 56169 "-" "libredtail-http"
5.123.132.77 - - [17/Apr/2026:00:21:04 +0330] "GET /new-model-summer-evening-blues/ HTTP/2" 200 0 "https://www.google.com/" "Mozilla/5.0 (Linux; Android 10; K) AppleWebKit/537.36 (KHTML, like Gecko) Chrome/145.0.0.0 Mobile Safari/537.36"
5.123.132.77 - - [17/Apr/2026:00:21:08 +0330] "GET /new-model-summer-evening-blues/ HTTP/2" 200 0 "https://www.google.com/" "Mozilla/5.0 (Linux; Android 10; K) AppleWebKit/537.36 (KHTML, like Gecko) Chrome/145.0.0.0 Mobile Safari/537.36"
66.249.70.38 - - [17/Apr/2026:00:21:13 +0330] "GET /page/8/?search=search_term_string&nocache=1766732302 HTTP/1.1" 200 28222 "-" "Mozilla/5.0 (Linux; Android 6.0.1; Nexus 5X Build/MMB29P) AppleWebKit/537.36 (KHTML, like Gecko) Chrome/146.0.7680.177 Mobile Safari/537.36 (compatible; Googlebot/2.1; +http://www.google.com/bot.html)"
103.75.126.223 - - [17/Apr/2026:00:21:13 +0330] "GET /demo/vendor/phpunit/phpunit/src/Util/PHP/eval-stdin.php HTTP/1.0" 301 0 "-" "libredtail-http"
5.123.132.77 - - [17/Apr/2026:00:21:12 +0330] "GET /new-model-summer-evening-blues/ HTTP/2" 200 37149 "https://www.google.com/" "Mozilla/5.0 (Linux; Android 10; K) AppleWebKit/537.36 (KHTML, like Gecko) Chrome/145.0.0.0 Mobile Safari/537.36"
5.123.132.77 - - [17/Apr/2026:00:21:16 +0330] "GET /wp-includes/css/dist/block-library/style-rtl.min.css?ver=6.9.4 HTTP/2" 200 14838 "https://rozbano.com/new-model-summer-evening-blues/" "Mozilla/5.0 (Linux; Android 10; K) AppleWebKit/537.36 (KHTML, like Gecko) Chrome/145.0.0.0 Mobile Safari/537.36"
5.123.132.77 - - [17/Apr/2026:00:21:16 +0330] "GET /wp-content/plugins/jet-engine/assets/css/frontend.css?ver=3.7.10 HTTP/2" 200 8353 "https://rozbano.com/new-model-summer-evening-blues/" "Mozilla/5.0 (Linux; Android 10; K) AppleWebKit/537.36 (KHTML, like Gecko) Chrome/145.0.0.0 Mobile Safari/537.36"
5.123.132.77 - - [17/Apr/2026:00:21:16 +0330] "GET /wp-content/themes/hello-elementor/style.css?ver=6.9.4 HTTP/2" 200 561 "https://rozbano.com/new-model-summer-evening-blues/" "Mozilla/5.0 (Linux; Android 10; K) AppleWebKit/537.36 (KHTML, like Gecko) Chrome/145.0.0.0 Mobile Safari/537.36"
5.123.132.77 - - [17/Apr/2026:00:21:16 +0330] "GET /wp-content/plugins/elementor/assets/css/frontend-rtl.min.css?ver=3.32.3 HTTP/2" 200 6537 "https://rozbano.com/new-model-summer-evening-blues/" "Mozilla/5.0 (Linux; Android 10; K) AppleWebKit/537.36 (KHTML, like Gecko) Chrome/145.0.0.0 Mobile Safari/537.36"
5.123.132.77 - - [17/Apr/2026:00:21:16 +0330] "GET /wp-content/plugins/elementor/assets/css/widget-image-rtl.min.css?ver=3.32.3 HTTP/2" 200 119 "https://rozbano.com/new-model-summer-evening-blues/" "Mozilla/5.0 (Linux; Android 10; K) AppleWebKit/537.36 (KHTML, like Gecko) Chrome/145.0.0.0 Mobile Safari/537.36"
5.123.132.77 - - [17/Apr/2026:00:21:16 +0330] "GET /wp-content/plugins/elementor/assets/css/widget-social-icons-rtl.min.css?ver=3.32.3 HTTP/2" 200 1069 "https://rozbano.com/new-model-summer-evening-blues/" "Mozilla/5.0 (Linux; Android 10; K) AppleWebKit/537.36 (KHTML, like Gecko) Chrome/145.0.0.0 Mobile Safari/537.36"
5.123.132.77 - - [17/Apr/2026:00:21:16 +0330] "GET /wp-content/plugins/elementor/assets/css/conditionals/apple-webkit.min.css?ver=3.32.3 HTTP/2" 200 472 "https://rozbano.com/new-model-summer-evening-blues/" "Mozilla/5.0 (Linux; Android 10; K) AppleWebKit/537.36 (KHTML, like Gecko) Chrome/145.0.0.0 Mobile Safari/537.36"
5.123.132.77 - - [17/Apr/2026:00:21:16 +0330] "GET /wp-content/plugins/elementor-pro/assets/css/modules/sticky.min.css?ver=3.32.3 HTTP/2" 200 162 "https://rozbano.com/new-model-summer-evening-blues/" "Mozilla/5.0 (Linux; Android 10; K) AppleWebKit/537.36 (KHTML, like Gecko) Chrome/145.0.0.0 Mobile Safari/537.36"
5.123.132.77 - - [17/Apr/2026:00:21:16 +0330] "GET /wp-content/plugins/elementor/assets/css/widget-heading-rtl.min.css?ver=3.32.3 HTTP/2" 200 154 "https://rozbano.com/new-model-summer-evening-blues/" "Mozilla/5.0 (Linux; Android 10; K) AppleWebKit/537.36 (KHTML, like Gecko) Chrome/145.0.0.0 Mobile Safari/537.36"
5.123.132.77 - - [17/Apr/2026:00:21:16 +0330] "GET /wp-content/plugins/elementor/assets/css/widget-icon-box-rtl.min.css?ver=3.32.3 HTTP/2" 200 422 "https://rozbano.com/new-model-summer-evening-blues/" "Mozilla/5.0 (Linux; Android 10; K) AppleWebKit/537.36 (KHTML, like Gecko) Chrome/145.0.0.0 Mobile Safari/537.36"
5.123.132.77 - - [17/Apr/2026:00:21:16 +0330] "GET /wp-content/plugins/elementor/assets/lib/swiper/v8/css/swiper.min.css?ver=8.4.5 HTTP/2" 200 4248 "https://rozbano.com/new-model-summer-evening-blues/" "Mozilla/5.0 (Linux; Android 10; K) AppleWebKit/537.36 (KHTML, like Gecko) Chrome/145.0.0.0 Mobile Safari/537.36"
5.123.132.77 - - [17/Apr/2026:00:21:16 +0330] "GET /wp-content/plugins/elementor/assets/css/conditionals/e-swiper.min.css?ver=3.32.3 HTTP/2" 200 699 "https://rozbano.com/new-model-summer-evening-blues/" "Mozilla/5.0 (Linux; Android 10; K) AppleWebKit/537.36 (KHTML, like Gecko) Chrome/145.0.0.0 Mobile Safari/537.36"
5.123.132.77 - - [17/Apr/2026:00:21:16 +0330] "GET /wp-content/plugins/elementor-pro/assets/css/widget-post-info-rtl.min.css?ver=3.32.3 HTTP/2" 200 165 "https://rozbano.com/new-model-summer-evening-blues/" "Mozilla/5.0 (Linux; Android 10; K) AppleWebKit/537.36 (KHTML, like Gecko) Chrome/145.0.0.0 Mobile Safari/537.36"
5.123.132.77 - - [17/Apr/2026:00:21:16 +0330] "GET /wp-content/plugins/elementor/assets/css/widget-icon-list-rtl.min.css?ver=3.32.3 HTTP/2" 200 963 "https://rozbano.com/new-model-summer-evening-blues/" "Mozilla/5.0 (Linux; Android 10; K) AppleWebKit/537.36 (KHTML, like Gecko) Chrome/145.0.0.0 Mobile Safari/537.36"
5.123.132.77 - - [17/Apr/2026:00:21:16 +0330] "GET /wp-content/plugins/elementor-pro/assets/css/widget-share-buttons-rtl.min.css?ver=3.32.3 HTTP/2" 200 2144 "https://rozbano.com/new-model-summer-evening-blues/" "Mozilla/5.0 (Linux; Android 10; K) AppleWebKit/537.36 (KHTML, like Gecko) Chrome/145.0.0.0 Mobile Safari/537.36"
5.123.132.77 - - [17/Apr/2026:00:21:16 +0330] "GET /wp-content/plugins/elementor-pro/assets/css/widget-post-navigation-rtl.min.css?ver=3.32.3 HTTP/2" 200 494 "https://rozbano.com/new-model-summer-evening-blues/" "Mozilla/5.0 (Linux; Android 10; K) AppleWebKit/537.36 (KHTML, like Gecko) Chrome/145.0.0.0 Mobile Safari/537.36"
5.123.132.77 - - [17/Apr/2026:00:21:16 +0330] "GET /wp-content/uploads/elementor/css/post-53138.css?ver=1776365957 HTTP/2" 200 3019 "https://rozbano.com/new-model-summer-evening-blues/" "Mozilla/5.0 (Linux; Android 10; K) AppleWebKit/537.36 (KHTML, like Gecko) Chrome/145.0.0.0 Mobile Safari/537.36"
5.123.132.77 - - [17/Apr/2026:00:21:16 +0330] "GET /wp-content/uploads/elementor/css/post-53143.css?ver=1776365957 HTTP/2" 200 462 "https://rozbano.com/new-model-summer-evening-blues/" "Mozilla/5.0 (Linux; Android 10; K) AppleWebKit/537.36 (KHTML, like Gecko) Chrome/145.0.0.0 Mobile Safari/537.36"
5.123.132.77 - - [17/Apr/2026:00:21:16 +0330] "GET /wp-content/uploads/elementor/css/post-53145.css?ver=1776365957 HTTP/2" 200 1694 "https://rozbano.com/new-model-summer-evening-blues/" "Mozilla/5.0 (Linux; Android 10; K) AppleWebKit/537.36 (KHTML, like Gecko) Chrome/145.0.0.0 Mobile Safari/537.36"
5.123.132.77 - - [17/Apr/2026:00:21:16 +0330] "GET /wp-content/uploads/elementor/css/post-53177.css?ver=1776365957 HTTP/2" 200 440 "https://rozbano.com/new-model-summer-evening-blues/" "Mozilla/5.0 (Linux; Android 10; K) AppleWebKit/537.36 (KHTML, like Gecko) Chrome/145.0.0.0 Mobile Safari/537.36"
5.123.132.77 - - [17/Apr/2026:00:21:16 +0330] "GET /wp-content/uploads/elementor/css/post-53178.css?ver=1776365957 HTTP/2" 200 415 "https://rozbano.com/new-model-summer-evening-blues/" "Mozilla/5.0 (Linux; Android 10; K) AppleWebKit/537.36 (KHTML, like Gecko) Chrome/145.0.0.0 Mobile Safari/537.36"
5.123.132.77 - - [17/Apr/2026:00:21:16 +0330] "GET /wp-content/uploads/elementor/css/post-53316.css?ver=1776365957 HTTP/2" 200 418 "https://rozbano.com/new-model-summer-evening-blues/" "Mozilla/5.0 (Linux; Android 10; K) AppleWebKit/537.36 (KHTML, like Gecko) Chrome/145.0.0.0 Mobile Safari/537.36"
5.123.132.77 - - [17/Apr/2026:00:21:16 +0330] "GET /wp-content/uploads/elementor/css/post-53157.css?ver=1776365962 HTTP/2" 200 2256 "https://rozbano.com/new-model-summer-evening-blues/" "Mozilla/5.0 (Linux; Android 10; K) AppleWebKit/537.36 (KHTML, like Gecko) Chrome/145.0.0.0 Mobile Safari/537.36"
5.123.132.77 - - [17/Apr/2026:00:21:16 +0330] "GET /wp-content/uploads/elementor/css/post-53179.css?ver=1776365962 HTTP/2" 200 523 "https://rozbano.com/new-model-summer-evening-blues/" "Mozilla/5.0 (Linux; Android 10; K) AppleWebKit/537.36 (KHTML, like Gecko) Chrome/145.0.0.0 Mobile Safari/537.36"
5.123.132.77 - - [17/Apr/2026:00:21:16 +0330] "GET /wp-content/plugins/elementor-pro/abzarwp/fonts/all/css/fonts.css?ver=123456 HTTP/2" 200 2919 "https://rozbano.com/new-model-summer-evening-blues/" "Mozilla/5.0 (Linux; Android 10; K) AppleWebKit/537.36 (KHTML, like Gecko) Chrome/145.0.0.0 Mobile Safari/537.36"
5.123.132.77 - - [17/Apr/2026:00:21:16 +0330] "GET /wp-content/uploads/elementor/css/post-53149.css?ver=1776365962 HTTP/2" 200 1333 "https://rozbano.com/new-model-summer-evening-blues/" "Mozilla/5.0 (Linux; Android 10; K) AppleWebKit/537.36 (KHTML, like Gecko) Chrome/145.0.0.0 Mobile Safari/537.36"
5.123.132.77 - - [17/Apr/2026:00:21:16 +0330] "GET /wp-content/uploads/elementor/css/post-53181.css?ver=1776365963 HTTP/2" 200 413 "https://rozbano.com/new-model-summer-evening-blues/" "Mozilla/5.0 (Linux; Android 10; K) AppleWebKit/537.36 (KHTML, like Gecko) Chrome/145.0.0.0 Mobile Safari/537.36"
5.123.132.77 - - [17/Apr/2026:00:21:16 +0330] "GET /wp-content/uploads/elementor/css/post-53234.css?ver=1776365963 HTTP/2" 200 414 "https://rozbano.com/new-model-summer-evening-blues/" "Mozilla/5.0 (Linux; Android 10; K) AppleWebKit/537.36 (KHTML, like Gecko) Chrome/145.0.0.0 Mobile Safari/537.36"
5.123.132.77 - - [17/Apr/2026:00:21:16 +0330] "GET /wp-content/uploads/elementor/css/post-53180.css?ver=1776365963 HTTP/2" 200 636 "https://rozbano.com/new-model-summer-evening-blues/" "Mozilla/5.0 (Linux; Android 10; K) AppleWebKit/537.36 (KHTML, like Gecko) Chrome/145.0.0.0 Mobile Safari/537.36"
5.123.132.77 - - [17/Apr/2026:00:21:16 +0330] "GET /wp-content/plugins/elementor-pro/assets/css/widget-nav-menu-rtl.min.css?ver=3.32.3 HTTP/2" 200 3246 "https://rozbano.com/new-model-summer-evening-blues/" "Mozilla/5.0 (Linux; Android 10; K) AppleWebKit/537.36 (KHTML, like Gecko) Chrome/145.0.0.0 Mobile Safari/537.36"
5.123.132.77 - - [17/Apr/2026:00:21:16 +0330] "GET /wp-content/plugins/elementor-pro/assets/css/conditionals/ribbon.min.css?ver=3.32.3 HTTP/2" 200 250 "https://rozbano.com/new-model-summer-evening-blues/" "Mozilla/5.0 (Linux; Android 10; K) AppleWebKit/537.36 (KHTML, like Gecko) Chrome/145.0.0.0 Mobile Safari/537.36"
5.123.132.77 - - [17/Apr/2026:00:21:16 +0330] "GET /wp-content/plugins/elementor-pro/assets/css/widget-call-to-action-rtl.min.css?ver=3.32.3 HTTP/2" 200 1211 "https://rozbano.com/new-model-summer-evening-blues/" "Mozilla/5.0 (Linux; Android 10; K) AppleWebKit/537.36 (KHTML, like Gecko) Chrome/145.0.0.0 Mobile Safari/537.36"
5.123.132.77 - - [17/Apr/2026:00:21:16 +0330] "GET /wp-content/plugins/elementor-pro/assets/css/conditionals/transitions.min.css?ver=3.32.3 HTTP/2" 200 599 "https://rozbano.com/new-model-summer-evening-blues/" "Mozilla/5.0 (Linux; Android 10; K) AppleWebKit/537.36 (KHTML, like Gecko) Chrome/145.0.0.0 Mobile Safari/537.36"
5.123.132.77 - - [17/Apr/2026:00:21:16 +0330] "GET /wp-includes/js/jquery/jquery.min.js?ver=3.7.1 HTTP/2" 200 29744 "https://rozbano.com/new-model-summer-evening-blues/" "Mozilla/5.0 (Linux; Android 10; K) AppleWebKit/537.36 (KHTML, like Gecko) Chrome/145.0.0.0 Mobile Safari/537.36"
5.123.132.77 - - [17/Apr/2026:00:21:16 +0330] "GET /wp-includes/js/jquery/jquery-migrate.min.js?ver=3.4.1 HTTP/2" 200 4678 "https://rozbano.com/new-model-summer-evening-blues/" "Mozilla/5.0 (Linux; Android 10; K) AppleWebKit/537.36 (KHTML, like Gecko) Chrome/145.0.0.0 Mobile Safari/537.36"
5.123.132.77 - - [17/Apr/2026:00:21:16 +0330] "GET /wp-content/uploads/2016/07/new-model-summer-evening-blues.webp HTTP/2" 200 61292 "https://rozbano.com/new-model-summer-evening-blues/" "Mozilla/5.0 (Linux; Android 10; K) AppleWebKit/537.36 (KHTML, like Gecko) Chrome/145.0.0.0 Mobile Safari/537.36"
5.123.132.77 - - [17/Apr/2026:00:21:16 +0330] "GET /wp-content/uploads/2016/07/new-model-summer-evening-blues-10.webp HTTP/2" 200 46308 "https://rozbano.com/new-model-summer-evening-blues/" "Mozilla/5.0 (Linux; Android 10; K) AppleWebKit/537.36 (KHTML, like Gecko) Chrome/145.0.0.0 Mobile Safari/537.36"
5.123.132.77 - - [17/Apr/2026:00:21:16 +0330] "GET /wp-content/uploads/2016/07/new-model-summer-evening-blues-01.webp HTTP/2" 200 27072 "https://rozbano.com/new-model-summer-evening-blues/" "Mozilla/5.0 (Linux; Android 10; K) AppleWebKit/537.36 (KHTML, like Gecko) Chrome/145.0.0.0 Mobile Safari/537.36"
5.123.132.77 - - [17/Apr/2026:00:21:16 +0330] "GET /wp-content/uploads/2016/07/new-model-summer-evening-blues-02.webp HTTP/2" 200 101050 "https://rozbano.com/new-model-summer-evening-blues/" "Mozilla/5.0 (Linux; Android 10; K) AppleWebKit/537.36 (KHTML, like Gecko) Chrome/145.0.0.0 Mobile Safari/537.36"
5.123.132.77 - - [17/Apr/2026:00:21:16 +0330] "GET /wp-content/plugins/elementor/assets/js/webpack.runtime.min.js?ver=3.32.3 HTTP/2" 200 2320 "https://rozbano.com/new-model-summer-evening-blues/" "Mozilla/5.0 (Linux; Android 10; K) AppleWebKit/537.36 (KHTML, like Gecko) Chrome/145.0.0.0 Mobile Safari/537.36"
5.123.132.77 - - [17/Apr/2026:00:21:16 +0330] "GET /wp-content/plugins/elementor/assets/js/frontend-modules.min.js?ver=3.32.3 HTTP/2" 200 17962 "https://rozbano.com/new-model-summer-evening-blues/" "Mozilla/5.0 (Linux; Android 10; K) AppleWebKit/537.36 (KHTML, like Gecko) Chrome/145.0.0.0 Mobile Safari/537.36"
5.123.132.77 - - [17/Apr/2026:00:21:16 +0330] "GET /wp-includes/js/jquery/ui/core.min.js?ver=1.13.3 HTTP/2" 200 6812 "https://rozbano.com/new-model-summer-evening-blues/" "Mozilla/5.0 (Linux; Android 10; K) AppleWebKit/537.36 (KHTML, like Gecko) Chrome/145.0.0.0 Mobile Safari/537.36"
5.123.132.77 - - [17/Apr/2026:00:21:16 +0330] "GET /wp-content/plugins/elementor/assets/js/frontend.min.js?ver=3.32.3 HTTP/2" 200 10165 "https://rozbano.com/new-model-summer-evening-blues/" "Mozilla/5.0 (Linux; Android 10; K) AppleWebKit/537.36 (KHTML, like Gecko) Chrome/145.0.0.0 Mobile Safari/537.36"
5.123.132.77 - - [17/Apr/2026:00:21:16 +0330] "GET /wp-content/plugins/elementor-pro/assets/lib/sticky/jquery.sticky.min.js?ver=3.32.3 HTTP/2" 200 1442 "https://rozbano.com/new-model-summer-evening-blues/" "Mozilla/5.0 (Linux; Android 10; K) AppleWebKit/537.36 (KHTML, like Gecko) Chrome/145.0.0.0 Mobile Safari/537.36"
5.123.132.77 - - [17/Apr/2026:00:21:16 +0330] "GET /wp-content/plugins/elementor-pro/assets/lib/smartmenus/jquery.smartmenus.min.js?ver=1.2.1 HTTP/2" 200 6867 "https://rozbano.com/new-model-summer-evening-blues/" "Mozilla/5.0 (Linux; Android 10; K) AppleWebKit/537.36 (KHTML, like Gecko) Chrome/145.0.0.0 Mobile Safari/537.36"
5.123.132.77 - - [17/Apr/2026:00:21:16 +0330] "GET /wp-content/plugins/jet-engine/assets/lib/jet-plugins/jet-plugins.js?ver=1.1.0 HTTP/2" 200 2190 "https://rozbano.com/new-model-summer-evening-blues/" "Mozilla/5.0 (Linux; Android 10; K) AppleWebKit/537.36 (KHTML, like Gecko) Chrome/145.0.0.0 Mobile Safari/537.36"
5.123.132.77 - - [17/Apr/2026:00:21:16 +0330] "GET /wp-content/plugins/jet-engine/assets/js/frontend.js?ver=3.7.10 HTTP/2" 200 15312 "https://rozbano.com/new-model-summer-evening-blues/" "Mozilla/5.0 (Linux; Android 10; K) AppleWebKit/537.36 (KHTML, like Gecko) Chrome/145.0.0.0 Mobile Safari/537.36"
5.123.132.77 - - [17/Apr/2026:00:21:16 +0330] "GET /wp-content/plugins/elementor-pro/assets/js/webpack-pro.runtime.min.js?ver=3.32.3 HTTP/2" 200 2622 "https://rozbano.com/new-model-summer-evening-blues/" "Mozilla/5.0 (Linux; Android 10; K) AppleWebKit/537.36 (KHTML, like Gecko) Chrome/145.0.0.0 Mobile Safari/537.36"
5.123.132.77 - - [17/Apr/2026:00:21:16 +0330] "GET /wp-includes/js/dist/hooks.min.js?ver=dd5603f07f9220ed27f1 HTTP/2" 200 1852 "https://rozbano.com/new-model-summer-evening-blues/" "Mozilla/5.0 (Linux; Android 10; K) AppleWebKit/537.36 (KHTML, like Gecko) Chrome/145.0.0.0 Mobile Safari/537.36"
5.123.132.77 - - [17/Apr/2026:00:21:16 +0330] "GET /wp-includes/js/dist/i18n.min.js?ver=c26c3dc7bed366793375 HTTP/2" 200 2119 "https://rozbano.com/new-model-summer-evening-blues/" "Mozilla/5.0 (Linux; Android 10; K) AppleWebKit/537.36 (KHTML, like Gecko) Chrome/145.0.0.0 Mobile Safari/537.36"
5.123.132.77 - - [17/Apr/2026:00:21:16 +0330] "GET /wp-content/plugins/elementor-pro/assets/js/frontend.min.js?ver=3.32.3 HTTP/2" 200 6321 "https://rozbano.com/new-model-summer-evening-blues/" "Mozilla/5.0 (Linux; Android 10; K) AppleWebKit/537.36 (KHTML, like Gecko) Chrome/145.0.0.0 Mobile Safari/537.36"
5.123.132.77 - - [17/Apr/2026:00:21:16 +0330] "GET /wp-content/plugins/elementor-pro/assets/js/elements-handlers.min.js?ver=3.32.3 HTTP/2" 200 10180 "https://rozbano.com/new-model-summer-evening-blues/" "Mozilla/5.0 (Linux; Android 10; K) AppleWebKit/537.36 (KHTML, like Gecko) Chrome/145.0.0.0 Mobile Safari/537.36"
5.123.132.77 - - [17/Apr/2026:00:21:16 +0330] "GET /wp-content/uploads/2025/12/IRANSansXFaNum-Regular.woff2 HTTP/2" 200 27012 "https://rozbano.com/wp-content/uploads/elementor/css/post-53138.css?ver=1776365957" "Mozilla/5.0 (Linux; Android 10; K) AppleWebKit/537.36 (KHTML, like Gecko) Chrome/145.0.0.0 Mobile Safari/537.36"
5.123.132.77 - - [17/Apr/2026:00:21:16 +0330] "GET /wp-content/uploads/2025/12/IRANSansXFaNum-Medium.woff2 HTTP/2" 200 28060 "https://rozbano.com/wp-content/uploads/elementor/css/post-53138.css?ver=1776365957" "Mozilla/5.0 (Linux; Android 10; K) AppleWebKit/537.36 (KHTML, like Gecko) Chrome/145.0.0.0 Mobile Safari/537.36"
5.123.132.77 - - [17/Apr/2026:00:21:16 +0330] "GET /wp-content/plugins/elementor/assets/lib/swiper/v8/swiper.min.js?ver=8.4.5 HTTP/2" 200 38152 "https://rozbano.com/new-model-summer-evening-blues/" "Mozilla/5.0 (Linux; Android 10; K) AppleWebKit/537.36 (KHTML, like Gecko) Chrome/145.0.0.0 Mobile Safari/537.36"
5.123.132.77 - - [17/Apr/2026:00:21:16 +0330] "GET /wp-content/uploads/2025/05/Rozbano-Logo-Web-Nima-new.webp HTTP/2" 200 2430 "https://rozbano.com/new-model-summer-evening-blues/" "Mozilla/5.0 (Linux; Android 10; K) AppleWebKit/537.36 (KHTML, like Gecko) Chrome/145.0.0.0 Mobile Safari/537.36"
5.123.132.77 - - [17/Apr/2026:00:21:16 +0330] "GET /wp-content/uploads/2025/10/Crochet-Kitchen-Napkin-Holder-Free-Tutorial.webp HTTP/2" 200 31990 "https://rozbano.com/new-model-summer-evening-blues/" "Mozilla/5.0 (Linux; Android 10; K) AppleWebKit/537.36 (KHTML, like Gecko) Chrome/145.0.0.0 Mobile Safari/537.36"
5.123.132.77 - - [17/Apr/2026:00:21:16 +0330] "GET /wp-content/uploads/2025/10/Autumn-Kaftan-Sewing-Tutorial-at-Home.webp HTTP/2" 200 22110 "https://rozbano.com/new-model-summer-evening-blues/" "Mozilla/5.0 (Linux; Android 10; K) AppleWebKit/537.36 (KHTML, like Gecko) Chrome/145.0.0.0 Mobile Safari/537.36"
5.123.132.77 - - [17/Apr/2026:00:21:16 +0330] "GET /wp-content/uploads/2025/10/Free-tutorial-sew-versatile-organizer-01.webp HTTP/2" 200 21366 "https://rozbano.com/new-model-summer-evening-blues/" "Mozilla/5.0 (Linux; Android 10; K) AppleWebKit/537.36 (KHTML, like Gecko) Chrome/145.0.0.0 Mobile Safari/537.36"
5.123.132.77 - - [17/Apr/2026:00:21:16 +0330] "GET /wp-content/uploads/2025/05/rozbano-02-8.jpg HTTP/2" 200 21591 "https://rozbano.com/new-model-summer-evening-blues/" "Mozilla/5.0 (Linux; Android 10; K) AppleWebKit/537.36 (KHTML, like Gecko) Chrome/145.0.0.0 Mobile Safari/537.36"
5.123.132.77 - - [17/Apr/2026:00:21:16 +0330] "GET /wp-content/uploads/2025/05/Coffee20mask-01.jpg HTTP/2" 200 12368 "https://rozbano.com/new-model-summer-evening-blues/" "Mozilla/5.0 (Linux; Android 10; K) AppleWebKit/537.36 (KHTML, like Gecko) Chrome/145.0.0.0 Mobile Safari/537.36"
5.123.132.77 - - [17/Apr/2026:00:21:16 +0330] "GET /wp-content/uploads/2025/05/rozbano-404-17-1.jpg HTTP/2" 200 36316 "https://rozbano.com/new-model-summer-evening-blues/" "Mozilla/5.0 (Linux; Android 10; K) AppleWebKit/537.36 (KHTML, like Gecko) Chrome/145.0.0.0 Mobile Safari/537.36"
5.123.132.77 - - [17/Apr/2026:00:21:16 +0330] "GET /wp-content/uploads/2025/05/rozbano-201-18.jpg HTTP/2" 200 19717 "https://rozbano.com/new-model-summer-evening-blues/" "Mozilla/5.0 (Linux; Android 10; K) AppleWebKit/537.36 (KHTML, like Gecko) Chrome/145.0.0.0 Mobile Safari/537.36"
5.123.132.77 - - [17/Apr/2026:00:21:16 +0330] "GET /wp-content/uploads/2025/05/Panda20bag20texture-06.jpg HTTP/2" 200 8689 "https://rozbano.com/new-model-summer-evening-blues/" "Mozilla/5.0 (Linux; Android 10; K) AppleWebKit/537.36 (KHTML, like Gecko) Chrome/145.0.0.0 Mobile Safari/537.36"
5.123.132.77 - - [17/Apr/2026:00:21:16 +0330] "GET /wp-content/uploads/2025/05/Special-avocado-salad-01-compressor.jpg HTTP/2" 200 21549 "https://rozbano.com/new-model-summer-evening-blues/" "Mozilla/5.0 (Linux; Android 10; K) AppleWebKit/537.36 (KHTML, like Gecko) Chrome/145.0.0.0 Mobile Safari/537.36"
5.123.132.77 - - [17/Apr/2026:00:21:16 +0330] "GET /wp-includes/js/comment-reply.min.js?ver=6.9.4 HTTP/2" 200 1247 "https://rozbano.com/new-model-summer-evening-blues/" "Mozilla/5.0 (Linux; Android 10; K) AppleWebKit/537.36 (KHTML, like Gecko) Chrome/145.0.0.0 Mobile Safari/537.36"
5.123.132.77 - - [17/Apr/2026:00:21:16 +0330] "GET /wp-content/uploads/2025/10/Free-crochet-tutorial-for-fall-hat-01.webp HTTP/2" 200 72884 "https://rozbano.com/new-model-summer-evening-blues/" "Mozilla/5.0 (Linux; Android 10; K) AppleWebKit/537.36 (KHTML, like Gecko) Chrome/145.0.0.0 Mobile Safari/537.36"
5.123.132.77 - - [17/Apr/2026:00:21:16 +0330] "GET /wp-content/uploads/2025/11/free-crochet-candy-bath-towel-tutorial-01.webp HTTP/2" 200 34422 "https://rozbano.com/new-model-summer-evening-blues/" "Mozilla/5.0 (Linux; Android 10; K) AppleWebKit/537.36 (KHTML, like Gecko) Chrome/145.0.0.0 Mobile Safari/537.36"
5.123.132.77 - - [17/Apr/2026:00:21:16 +0330] "GET /wp-content/uploads/2025/12/IRANSansXFaNum-Bold.woff2 HTTP/2" 200 28036 "https://rozbano.com/wp-content/uploads/elementor/css/post-53138.css?ver=1776365957" "Mozilla/5.0 (Linux; Android 10; K) AppleWebKit/537.36 (KHTML, like Gecko) Chrome/145.0.0.0 Mobile Safari/537.36"
5.123.132.77 - - [17/Apr/2026:00:21:16 +0330] "GET /wp-content/uploads/2025/12/IRANSansXFaNum-Black.woff2 HTTP/2" 200 26796 "https://rozbano.com/wp-content/uploads/elementor/css/post-53138.css?ver=1776365957" "Mozilla/5.0 (Linux; Android 10; K) AppleWebKit/537.36 (KHTML, like Gecko) Chrome/145.0.0.0 Mobile Safari/537.36"
5.123.132.77 - - [17/Apr/2026:00:21:16 +0330] "GET /wp-content/uploads/2025/10/tutorial-sew-versatile-organizer-with-little-fabric-01.webp HTTP/2" 200 64330 "https://rozbano.com/new-model-summer-evening-blues/" "Mozilla/5.0 (Linux; Android 10; K) AppleWebKit/537.36 (KHTML, like Gecko) Chrome/145.0.0.0 Mobile Safari/537.36"
5.123.132.77 - - [17/Apr/2026:00:21:16 +0330] "GET /wp-content/plugins/elementor/assets/js/shared-frontend-handlers.4c8abccc3e268b0767b2.bundle.min.js HTTP/2" 200 2542 "https://rozbano.com/new-model-summer-evening-blues/" "Mozilla/5.0 (Linux; Android 10; K) AppleWebKit/537.36 (KHTML, like Gecko) Chrome/145.0.0.0 Mobile Safari/537.36"
5.123.132.77 - - [17/Apr/2026:00:21:16 +0330] "GET /wp-content/plugins/elementor-pro/assets/js/share-buttons.63d984f8c96d1e053bc0.bundle.min.js HTTP/2" 200 690 "https://rozbano.com/new-model-summer-evening-blues/" "Mozilla/5.0 (Linux; Android 10; K) AppleWebKit/537.36 (KHTML, like Gecko) Chrome/145.0.0.0 Mobile Safari/537.36"
5.123.132.77 - - [17/Apr/2026:00:21:17 +0330] "GET /wp-content/plugins/elementor-pro/assets/js/nav-menu.0edc0c22e9f3101552ed.bundle.min.js HTTP/2" 200 1758 "https://rozbano.com/new-model-summer-evening-blues/" "Mozilla/5.0 (Linux; Android 10; K) AppleWebKit/537.36 (KHTML, like Gecko) Chrome/145.0.0.0 Mobile Safari/537.36"
5.123.132.77 - - [17/Apr/2026:00:21:17 +0330] "GET /wp-content/plugins/elementor/assets/lib/share-link/share-link.min.js?ver=3.32.3 HTTP/2" 200 1072 "https://rozbano.com/new-model-summer-evening-blues/" "Mozilla/5.0 (Linux; Android 10; K) AppleWebKit/537.36 (KHTML, like Gecko) Chrome/145.0.0.0 Mobile Safari/537.36"
5.123.132.77 - - [17/Apr/2026:00:21:17 +0330] "GET /wp-includes/js/wp-emoji-release.min.js?ver=6.9.4 HTTP/2" 200 4949 "https://rozbano.com/new-model-summer-evening-blues/" "Mozilla/5.0 (Linux; Android 10; K) AppleWebKit/537.36 (KHTML, like Gecko) Chrome/145.0.0.0 Mobile Safari/537.36"
103.75.126.223 - - [17/Apr/2026:00:21:15 +0330] "GET /demo/vendor/phpunit/phpunit/src/Util/PHP/eval-stdin.php HTTP/1.0" 404 56166 "-" "libredtail-http"
66.249.70.38 - - [17/Apr/2026:00:21:17 +0330] "GET /page/5/?search=%D9%86%D9%81%DB%8C%D8%B3%D9%87+%D8%B1%D9%88%D8%B4%D9%86&nocache=1766342881 HTTP/1.1" 200 28006 "-" "Mozilla/5.0 (Linux; Android 6.0.1; Nexus 5X Build/MMB29P) AppleWebKit/537.36 (KHTML, like Gecko) Chrome/146.0.7680.177 Mobile Safari/537.36 (compatible; Googlebot/2.1; +http://www.google.com/bot.html)"
66.249.70.38 - - [17/Apr/2026:00:21:18 +0330] "GET /page/3/?search=search_term_string&nocache=1765869727 HTTP/1.1" 200 29175 "-" "Mozilla/5.0 (Linux; Android 6.0.1; Nexus 5X Build/MMB29P) AppleWebKit/537.36 (KHTML, like Gecko) Chrome/146.0.7680.177 Mobile Safari/537.36 (compatible; Googlebot/2.1; +http://www.google.com/bot.html)"
5.123.132.77 - - [17/Apr/2026:00:21:19 +0330] "GET /wp-content/uploads/2016/07/new-model-summer-evening-blues-03.webp HTTP/2" 200 50238 "https://rozbano.com/new-model-summer-evening-blues/" "Mozilla/5.0 (Linux; Android 10; K) AppleWebKit/537.36 (KHTML, like Gecko) Chrome/145.0.0.0 Mobile Safari/537.36"
5.123.132.77 - - [17/Apr/2026:00:21:22 +0330] "GET /wp-content/uploads/2016/07/new-model-summer-evening-blues-04.webp HTTP/2" 200 89134 "https://rozbano.com/new-model-summer-evening-blues/" "Mozilla/5.0 (Linux; Android 10; K) AppleWebKit/537.36 (KHTML, like Gecko) Chrome/145.0.0.0 Mobile Safari/537.36"
5.123.132.77 - - [17/Apr/2026:00:21:23 +0330] "GET /wp-content/uploads/2016/07/new-model-summer-evening-blues-05.webp HTTP/2" 200 56634 "https://rozbano.com/new-model-summer-evening-blues/" "Mozilla/5.0 (Linux; Android 10; K) AppleWebKit/537.36 (KHTML, like Gecko) Chrome/145.0.0.0 Mobile Safari/537.36"
103.75.126.223 - - [17/Apr/2026:00:21:22 +0330] "GET /crm/vendor/phpunit/phpunit/src/Util/PHP/eval-stdin.php HTTP/1.0" 301 0 "-" "libredtail-http"
86.55.246.218 - - [17/Apr/2026:00:21:23 +0330] "GET /the-texture-of-the-girls-sarong HTTP/2" 301 20 "https://zarebin.ir/" "Mozilla/5.0 (iPhone; CPU iPhone OS 18_5 like Mac OS X) AppleWebKit/605.1.15 (KHTML, like Gecko) Version/18.5 Mobile/15E148 Safari/604.1"
103.75.126.223 - - [17/Apr/2026:00:21:24 +0330] "GET /crm/vendor/phpunit/phpunit/src/Util/PHP/eval-stdin.php HTTP/1.0" 404 56165 "-" "libredtail-http"
5.123.132.77 - - [17/Apr/2026:00:21:27 +0330] "GET /wp-content/uploads/2016/07/new-model-summer-evening-blues-06.webp HTTP/2" 200 89778 "https://rozbano.com/new-model-summer-evening-blues/" "Mozilla/5.0 (Linux; Android 10; K) AppleWebKit/537.36 (KHTML, like Gecko) Chrome/145.0.0.0 Mobile Safari/537.36"
86.55.246.218 - - [17/Apr/2026:00:21:24 +0330] "GET /the-texture-of-the-girls-sarong/ HTTP/2" 200 33081 "https://zarebin.ir/" "Mozilla/5.0 (iPhone; CPU iPhone OS 18_5 like Mac OS X) AppleWebKit/605.1.15 (KHTML, like Gecko) Version/18.5 Mobile/15E148 Safari/604.1"
86.55.246.218 - - [17/Apr/2026:00:21:28 +0330] "GET /wp-content/uploads/2025/05/Wet20chocolate20cake20recipe-01.webp HTTP/2" 200 12396 "https://rozbano.com/the-texture-of-the-girls-sarong/" "Mozilla/5.0 (iPhone; CPU iPhone OS 18_5 like Mac OS X) AppleWebKit/605.1.15 (KHTML, like Gecko) Version/18.5 Mobile/15E148 Safari/604.1"
86.55.246.218 - - [17/Apr/2026:00:21:28 +0330] "GET /wp-content/uploads/2025/05/rozbano-664-1-1.jpg HTTP/2" 200 32720 "https://rozbano.com/the-texture-of-the-girls-sarong/" "Mozilla/5.0 (iPhone; CPU iPhone OS 18_5 like Mac OS X) AppleWebKit/605.1.15 (KHTML, like Gecko) Version/18.5 Mobile/15E148 Safari/604.1"
86.55.246.218 - - [17/Apr/2026:00:21:28 +0330] "GET /wp-content/uploads/2025/05/The20texture20of20the20girls20sarong-01.jpg HTTP/2" 200 11928 "https://rozbano.com/the-texture-of-the-girls-sarong/" "Mozilla/5.0 (iPhone; CPU iPhone OS 18_5 like Mac OS X) AppleWebKit/605.1.15 (KHTML, like Gecko) Version/18.5 Mobile/15E148 Safari/604.1"
86.55.246.218 - - [17/Apr/2026:00:21:28 +0330] "GET /wp-content/uploads/2025/05/Learn20how20to20design20airline20uniforms-01.jpg HTTP/2" 200 8425 "https://rozbano.com/the-texture-of-the-girls-sarong/" "Mozilla/5.0 (iPhone; CPU iPhone OS 18_5 like Mac OS X) AppleWebKit/605.1.15 (KHTML, like Gecko) Version/18.5 Mobile/15E148 Safari/604.1"
86.55.246.218 - - [17/Apr/2026:00:21:28 +0330] "GET /wp-content/uploads/2025/05/Location20Scissors20Felt-24.jpg HTTP/2" 200 7714 "https://rozbano.com/the-texture-of-the-girls-sarong/" "Mozilla/5.0 (iPhone; CPU iPhone OS 18_5 like Mac OS X) AppleWebKit/605.1.15 (KHTML, like Gecko) Version/18.5 Mobile/15E148 Safari/604.1"
86.55.246.218 - - [17/Apr/2026:00:21:28 +0330] "GET /wp-content/uploads/2025/05/rozbano-158-3-1.jpg HTTP/2" 200 13572 "https://rozbano.com/the-texture-of-the-girls-sarong/" "Mozilla/5.0 (iPhone; CPU iPhone OS 18_5 like Mac OS X) AppleWebKit/605.1.15 (KHTML, like Gecko) Version/18.5 Mobile/15E148 Safari/604.1"
86.55.246.218 - - [17/Apr/2026:00:21:28 +0330] "GET /wp-content/uploads/2025/05/Blues20Women20crocheted-26.jpg HTTP/2" 200 16539 "https://rozbano.com/the-texture-of-the-girls-sarong/" "Mozilla/5.0 (iPhone; CPU iPhone OS 18_5 like Mac OS X) AppleWebKit/605.1.15 (KHTML, like Gecko) Version/18.5 Mobile/15E148 Safari/604.1"
66.249.70.38 - - [17/Apr/2026:00:20:23 +0330] "GET /products/detail/51160917 HTTP/1.1" 200 27919 "-" "Mozilla/5.0 (Linux; Android 6.0.1; Nexus 5X Build/MMB29P) AppleWebKit/537.36 (KHTML, like Gecko) Chrome/146.0.7680.177 Mobile Safari/537.36 (compatible; GoogleOther)"
103.75.126.223 - - [17/Apr/2026:00:20:23 +0330] "GET /www/vendor/phpunit/phpunit/src/Util/PHP/eval-stdin.php HTTP/1.0" 404 56165 "-" "libredtail-http"
66.249.70.32 - - [17/Apr/2026:00:20:28 +0330] "GET /?lsesi=nonce&esi=eyJhY3Rpb24iOiJlbGVtZW50b3ItcHJvLWZyb250ZW5kIiwiX2xzX3NpbGVuY2UiOnRydWV9&_hash=53888cd5c92e80866434c90c40d9a34f&nocache=1775019795 HTTP/1.1" 200 29206 "-" "Mozilla/5.0 (Linux; Android 6.0.1; Nexus 5X Build/MMB29P) AppleWebKit/537.36 (KHTML, like Gecko) Chrome/146.0.7680.177 Mobile Safari/537.36 (compatible; Googlebot/2.1; +http://www.google.com/bot.html)"
66.249.70.38 - - [17/Apr/2026:00:20:29 +0330] "GET /page/501/?nocache=1774230914 HTTP/1.1" 200 31721 "-" "Mozilla/5.0 (Linux; Android 6.0.1; Nexus 5X Build/MMB29P) AppleWebKit/537.36 (KHTML, like Gecko) Chrome/146.0.7680.177 Mobile Safari/537.36 (compatible; Googlebot/2.1; +http://www.google.com/bot.html)"
66.249.70.39 - - [17/Apr/2026:00:20:31 +0330] "GET /page/509/?search=search_term_string&nocache=1773685494 HTTP/1.1" 200 26948 "-" "Mozilla/5.0 (Linux; Android 6.0.1; Nexus 5X Build/MMB29P) AppleWebKit/537.36 (KHTML, like Gecko) Chrome/146.0.7680.177 Mobile Safari/537.36 (compatible; Googlebot/2.1; +http://www.google.com/bot.html)"
202.46.62.94 - - [17/Apr/2026:00:20:38 +0330] "GET /wp-content/uploads/2025/05/rozbano-271-7-2.jpg HTTP/2" 200 47879 "-" "Mozilla/5.0 (Windows NT 10.0; Win64; x64) AppleWebKit/537.36 (KHTML, like Gecko) Chrome/133.0.6943.141 Safari/537.36"
103.75.126.223 - - [17/Apr/2026:00:20:42 +0330] "GET /ws/ec/vendor/phpunit/phpunit/src/Util/PHP/eval-stdin.php HTTP/1.0" 301 0 "-" "libredtail-http"
54.236.1.54 - - [17/Apr/2026:00:20:47 +0330] "GET /flower-table.html HTTP/1.1" 301 20 "-" "Mozilla/5.0 (compatible; Pinterestbot/1.0; +http://www.pinterest.com/bot.html)"
66.249.70.38 - - [17/Apr/2026:00:20:48 +0330] "GET /page/24/?nocache=1774792311 HTTP/1.1" 200 30192 "-" "Mozilla/5.0 (Linux; Android 6.0.1; Nexus 5X Build/MMB29P) AppleWebKit/537.36 (KHTML, like Gecko) Chrome/146.0.7680.177 Mobile Safari/537.36 (compatible; Googlebot/2.1; +http://www.google.com/bot.html)"
62.60.201.135 - - [17/Apr/2026:00:21:02 +0330] "POST /wp-cron.php?doing_wp_cron=1776372662.2626149654388427734375 HTTP/1.1" 200 20 "-" "WordPress/6.9.4; https://rozbano.com"
103.75.126.223 - - [17/Apr/2026:00:21:08 +0330] "GET /api/vendor/phpunit/phpunit/src/Util/PHP/eval-stdin.php HTTP/1.0" 301 0 "-" "libredtail-http"
66.249.70.38 - - [17/Apr/2026:00:21:10 +0330] "GET /?search=search_term_string&nocache=1766691195 HTTP/1.1" 200 28336 "-" "Mozilla/5.0 (Linux; Android 6.0.1; Nexus 5X Build/MMB29P) AppleWebKit/537.36 (KHTML, like Gecko) Chrome/146.0.7680.177 Mobile Safari/537.36 (compatible; GoogleOther)"
66.249.70.32 - - [17/Apr/2026:00:21:26 +0330] "GET /page/506/?search=search_term_string&nocache=1765773495 HTTP/1.1" 200 29990 "-" "Mozilla/5.0 (Linux; Android 6.0.1; Nexus 5X Build/MMB29P) AppleWebKit/537.36 (KHTML, like Gecko) Chrome/146.0.7680.177 Mobile Safari/537.36 (compatible; Googlebot/2.1; +http://www.google.com/bot.html)"
66.249.70.32 - - [17/Apr/2026:00:21:30 +0330] "GET /page/502/?search=search_term_string&nocache=1766083147 HTTP/1.1" 200 27401 "-" "Mozilla/5.0 (Linux; Android 6.0.1; Nexus 5X Build/MMB29P) AppleWebKit/537.36 (KHTML, like Gecko) Chrome/146.0.7680.177 Mobile Safari/537.36 (compatible; Googlebot/2.1; +http://www.google.com/bot.html)"
20.15.133.184 - - [17/Apr/2026:00:21:33 +0330] "GET /coconut-home.html HTTP/2" 200 29175 "-" "Mozilla/5.0 AppleWebKit/537.36 (KHTML, like Gecko; compatible; bingbot/2.0; +http://www.bing.com/bingbot.htm) Chrome/116.0.1938.76 Safari/537.36"
86.55.246.218 - - [17/Apr/2026:00:21:28 +0330] "GET /wp-content/uploads/2025/05/The20texture20of20the20girls20sarong.jpg HTTP/2" 200 41792 "https://rozbano.com/the-texture-of-the-girls-sarong/" "Mozilla/5.0 (iPhone; CPU iPhone OS 18_5 like Mac OS X) AppleWebKit/605.1.15 (KHTML, like Gecko) Version/18.5 Mobile/15E148 Safari/604.1"
5.123.132.77 - - [17/Apr/2026:00:21:29 +0330] "GET /wp-content/uploads/2016/07/new-model-summer-evening-blues-07.webp HTTP/2" 200 43744 "https://rozbano.com/new-model-summer-evening-blues/" "Mozilla/5.0 (Linux; Android 10; K) AppleWebKit/537.36 (KHTML, like Gecko) Chrome/145.0.0.0 Mobile Safari/537.36"
66.249.70.39 - - [17/Apr/2026:00:21:29 +0330] "GET /page/502/?search=search_term_string&nocache=1765950975 HTTP/1.1" 200 29276 "-" "Mozilla/5.0 (Linux; Android 6.0.1; Nexus 5X Build/MMB29P) AppleWebKit/537.36 (KHTML, like Gecko) Chrome/146.0.7680.177 Mobile Safari/537.36 (compatible; Googlebot/2.1; +http://www.google.com/bot.html)"
5.123.132.77 - - [17/Apr/2026:00:21:31 +0330] "GET /wp-content/uploads/2016/07/new-model-summer-evening-blues-08.webp HTTP/2" 200 101362 "https://rozbano.com/new-model-summer-evening-blues/" "Mozilla/5.0 (Linux; Android 10; K) AppleWebKit/537.36 (KHTML, like Gecko) Chrome/145.0.0.0 Mobile Safari/537.36"
5.123.132.77 - - [17/Apr/2026:00:21:32 +0330] "GET /wp-content/uploads/2016/07/new-model-summer-evening-blues-09.webp HTTP/2" 200 90950 "https://rozbano.com/new-model-summer-evening-blues/" "Mozilla/5.0 (Linux; Android 10; K) AppleWebKit/537.36 (KHTML, like Gecko) Chrome/145.0.0.0 Mobile Safari/537.36"
66.249.70.39 - - [17/Apr/2026:00:21:32 +0330] "GET /page/505/?search=search_term_string&nocache=1766693414 HTTP/1.1" 200 28249 "-" "Mozilla/5.0 (Linux; Android 6.0.1; Nexus 5X Build/MMB29P) AppleWebKit/537.36 (KHTML, like Gecko) Chrome/146.0.7680.177 Mobile Safari/537.36 (compatible; Googlebot/2.1; +http://www.google.com/bot.html)"
202.46.62.72 - - [17/Apr/2026:00:21:29 +0330] "GET /tag/%D9%85%D8%AF%D9%84-%D9%87%D8%A7%DB%8C-%D8%A2%D8%B1%D8%A7%DB%8C%D8%B4-%D8%AF%D8%B1-%D8%AC%D8%B4%D9%86%D9%88%D8%A7%D8%B1%D9%87-%DA%A9%D9%86-%D8%AC%D8%B0%D8%A7%D8%A8/ HTTP/2" 200 28620 "-" "Mozilla/5.0 (Windows NT 10.0; Win64; x64) AppleWebKit/537.36 (KHTML, like Gecko) Chrome/133.0.6943.141 Safari/537.36"
66.249.70.39 - - [17/Apr/2026:00:21:34 +0330] "GET /page/6/?search=search_term_string&nocache=1766455775 HTTP/1.1" 200 27666 "-" "Mozilla/5.0 (Linux; Android 6.0.1; Nexus 5X Build/MMB29P) AppleWebKit/537.36 (KHTML, like Gecko) Chrome/146.0.7680.177 Mobile Safari/537.36 (compatible; Googlebot/2.1; +http://www.google.com/bot.html)"
86.55.246.218 - - [17/Apr/2026:00:21:33 +0330] "POST /the-texture-of-the-girls-sarong/?nocache=1776372687 HTTP/2" 200 4912 "https://rozbano.com/the-texture-of-the-girls-sarong/" "Mozilla/5.0 (iPhone; CPU iPhone OS 18_5 like Mac OS X) AppleWebKit/605.1.15 (KHTML, like Gecko) Version/18.5 Mobile/15E148 Safari/604.1"
66.249.70.39 - - [17/Apr/2026:00:21:37 +0330] "GET /page/21/?lsesi=nonce&esi=eyJhY3Rpb24iOiJlbGVtZW50b3ItcHJvLWZyb250ZW5kIiwiX2xzX3NpbGVuY2UiOnRydWV9&_hash=53888cd5c92e80866434c90c40d9a34f&nocache=1774077685 HTTP/1.1" 200 27520 "-" "Mozilla/5.0 (Linux; Android 6.0.1; Nexus 5X Build/MMB29P) AppleWebKit/537.36 (KHTML, like Gecko) Chrome/146.0.7680.177 Mobile Safari/537.36 (compatible; Googlebot/2.1; +http://www.google.com/bot.html)"
66.249.70.33 - - [17/Apr/2026:00:21:37 +0330] "GET /page/3/?search=search_term_string&nocache=1765922284 HTTP/1.1" 200 28108 "-" "Mozilla/5.0 (Linux; Android 6.0.1; Nexus 5X Build/MMB29P) AppleWebKit/537.36 (KHTML, like Gecko) Chrome/146.0.7680.177 Mobile Safari/537.36 (compatible; Googlebot/2.1; +http://www.google.com/bot.html)"
103.75.126.223 - - [17/Apr/2026:00:21:38 +0330] "GET /blog/vendor/phpunit/phpunit/src/Util/PHP/eval-stdin.php HTTP/1.0" 301 0 "-" "libredtail-http"
66.249.70.39 - - [17/Apr/2026:00:21:40 +0330] "GET /page/504/?search=search_term_string&nocache=1766271144 HTTP/1.1" 200 28740 "-" "Mozilla/5.0 (Linux; Android 6.0.1; Nexus 5X Build/MMB29P) AppleWebKit/537.36 (KHTML, like Gecko) Chrome/146.0.7680.177 Mobile Safari/537.36 (compatible; Googlebot/2.1; +http://www.google.com/bot.html)"
5.123.132.77 - - [17/Apr/2026:00:21:41 +0330] "POST /new-model-summer-evening-blues/?nocache=1776372675 HTTP/2" 200 4938 "https://rozbano.com/new-model-summer-evening-blues/" "Mozilla/5.0 (Linux; Android 10; K) AppleWebKit/537.36 (KHTML, like Gecko) Chrome/145.0.0.0 Mobile Safari/537.36"
5.123.132.77 - - [17/Apr/2026:00:21:43 +0330] "GET /wp-content/uploads/2026/03/perfume-buying-guide-tips-05.webp HTTP/2" 200 20800 "https://rozbano.com/new-model-summer-evening-blues/" "Mozilla/5.0 (Linux; Android 10; K) AppleWebKit/537.36 (KHTML, like Gecko) Chrome/145.0.0.0 Mobile Safari/537.36"
5.123.132.77 - - [17/Apr/2026:00:21:43 +0330] "GET /wp-content/uploads/2026/02/Tips-for-a-timeless-stylish-style-03.webp HTTP/2" 200 30104 "https://rozbano.com/new-model-summer-evening-blues/" "Mozilla/5.0 (Linux; Android 10; K) AppleWebKit/537.36 (KHTML, like Gecko) Chrome/145.0.0.0 Mobile Safari/537.36"
5.123.132.77 - - [17/Apr/2026:00:21:43 +0330] "GET /wp-content/uploads/2026/02/What-does-the-Van-Cleef-bracelet-symbolize-03.webp HTTP/2" 200 8132 "https://rozbano.com/new-model-summer-evening-blues/" "Mozilla/5.0 (Linux; Android 10; K) AppleWebKit/537.36 (KHTML, like Gecko) Chrome/145.0.0.0 Mobile Safari/537.36"
5.123.132.77 - - [17/Apr/2026:00:21:43 +0330] "GET /wp-content/uploads/2026/02/What-should-we-buy-for-our-spouse-Nowruz-gift-03.webp HTTP/2" 200 23366 "https://rozbano.com/new-model-summer-evening-blues/" "Mozilla/5.0 (Linux; Android 10; K) AppleWebKit/537.36 (KHTML, like Gecko) Chrome/145.0.0.0 Mobile Safari/537.36"
5.123.132.77 - - [17/Apr/2026:00:21:43 +0330] "GET /wp-content/uploads/2026/01/Secrets-choosing-and-caring-for-underwear-02.webp HTTP/2" 200 7194 "https://rozbano.com/new-model-summer-evening-blues/" "Mozilla/5.0 (Linux; Android 10; K) AppleWebKit/537.36 (KHTML, like Gecko) Chrome/145.0.0.0 Mobile Safari/537.36"
5.123.132.77 - - [17/Apr/2026:00:21:43 +0330] "GET /wp-content/uploads/2026/01/giving-perfume-and-cologne-gifts-cause-separation-02.webp HTTP/2" 200 14802 "https://rozbano.com/new-model-summer-evening-blues/" "Mozilla/5.0 (Linux; Android 10; K) AppleWebKit/537.36 (KHTML, like Gecko) Chrome/145.0.0.0 Mobile Safari/537.36"
5.123.132.77 - - [17/Apr/2026:00:21:43 +0330] "GET /wp-content/uploads/2025/12/How-to-make-leather-shoes-03.webp HTTP/2" 200 15504 "https://rozbano.com/new-model-summer-evening-blues/" "Mozilla/5.0 (Linux; Android 10; K) AppleWebKit/537.36 (KHTML, like Gecko) Chrome/145.0.0.0 Mobile Safari/537.36"
5.123.132.77 - - [17/Apr/2026:00:21:43 +0330] "GET /wp-content/uploads/2026/01/difference-between-womens-and-mens-underwear-03.webp HTTP/2" 200 33556 "https://rozbano.com/new-model-summer-evening-blues/" "Mozilla/5.0 (Linux; Android 10; K) AppleWebKit/537.36 (KHTML, like Gecko) Chrome/145.0.0.0 Mobile Safari/537.36"
