185.170.167.18 - - [17/Apr/2026:00:12:19 +0330] "GET /cat/%D8%A2%D9%85%D9%88%D8%B2%D8%B4-%D8%A2%D8%B1%D8%A7%DB%8C%D8%B4-%D9%88-%D8%B2%DB%8C%D8%A8%D8%A7%DB%8C%DB%8C/%D9%86%DA%A9%D8%A7%D8%AA-%D8%B2%DB%8C%D8%A8%D8%A7%DB%8C%DB%8C-%D9%88-%D8%A2%D8%B1%D8%A7%DB%8C%D8%B4%DB%8C/page/6/ HTTP/1.1" 200 37189 "-" "Mozilla/5.0 (compatible; BacklinksExtendedBot)"
66.249.70.39 - - [17/Apr/2026:00:12:26 +0330] "GET /page/506/?search=search_term_string&nocache=1765562583 HTTP/1.1" 200 29396 "-" "Mozilla/5.0 (Linux; Android 6.0.1; Nexus 5X Build/MMB29P) AppleWebKit/537.36 (KHTML, like Gecko) Chrome/146.0.7680.177 Mobile Safari/537.36 (compatible; Googlebot/2.1; +http://www.google.com/bot.html)"
202.46.62.75 - - [17/Apr/2026:00:12:25 +0330] "GET /tag/%D9%BE%D8%AE%D8%AA-%D8%AF%D9%84%D9%85%D9%87-%D8%A8%D8%A7%D8%AF%D9%85%D8%AC%D8%A7%D9%86/ HTTP/2" 200 28443 "-" "Mozilla/5.0 (Windows NT 10.0; Win64; x64) AppleWebKit/537.36 (KHTML, like Gecko) Chrome/133.0.6943.141 Safari/537.36"
66.249.70.39 - - [17/Apr/2026:00:12:29 +0330] "GET /page/506/?search=search_term_string&nocache=1766453491 HTTP/1.1" 200 29164 "-" "Mozilla/5.0 (Linux; Android 6.0.1; Nexus 5X Build/MMB29P) AppleWebKit/537.36 (KHTML, like Gecko) Chrome/146.0.7680.177 Mobile Safari/537.36 (compatible; Googlebot/2.1; +http://www.google.com/bot.html)"
66.249.70.39 - - [17/Apr/2026:00:12:31 +0330] "GET /page/8/?search=search_term_string&nocache=1766300070 HTTP/1.1" 200 28326 "-" "Mozilla/5.0 (Linux; Android 6.0.1; Nexus 5X Build/MMB29P) AppleWebKit/537.36 (KHTML, like Gecko) Chrome/146.0.7680.177 Mobile Safari/537.36 (compatible; Googlebot/2.1; +http://www.google.com/bot.html)"
17.22.245.195 - - [17/Apr/2026:00:12:28 +0330] "POST /tag/%D8%A8%DB%8C%D9%88%DA%AF%D8%B1%D8%A7%D9%81%DB%8C-%D9%88-%DA%AF%D8%A7%D9%84%D8%B1%DB%8C-%D8%AA%D8%B5%D8%A7%D9%88%DB%8C%D8%B1/page/9/?nocache=1776371818 HTTP/1.1" 200 5974 "https://rozbano.com/tag/%D8%A8%DB%8C%D9%88%DA%AF%D8%B1%D8%A7%D9%81%DB%8C-%D9%88-%DA%AF%D8%A7%D9%84%D8%B1%DB%8C-%D8%AA%D8%B5%D8%A7%D9%88%DB%8C%D8%B1/page/9/" "Mozilla/5.0 (Macintosh; Intel Mac OS X 10_15_7) AppleWebKit/605.1.15 (KHTML, like Gecko) Version/17.4 Safari/605.1.15 (Applebot/0.1; +http://www.apple.com/go/applebot)"
2.147.248.155 - - [17/Apr/2026:00:12:32 +0330] "GET /pleating-the-fabric-for-the-skirt-tutorial/ HTTP/2" 200 33383 "-" "Mozilla/5.0 (Linux; Android 12; SAMSUNG SM-A125F) AppleWebKit/537.36 (KHTML, like Gecko) SamsungBrowser/23.0 Chrome/115.0.0.0 Mobile Safari/537.36"
2.147.248.155 - - [17/Apr/2026:00:12:36 +0330] "GET /wp-includes/css/dist/block-library/style-rtl.min.css?ver=6.9.4 HTTP/2" 200 14838 "https://rozbano.com/pleating-the-fabric-for-the-skirt-tutorial/" "Mozilla/5.0 (Linux; Android 12; SAMSUNG SM-A125F) AppleWebKit/537.36 (KHTML, like Gecko) SamsungBrowser/23.0 Chrome/115.0.0.0 Mobile Safari/537.36"
2.147.248.155 - - [17/Apr/2026:00:12:36 +0330] "GET /wp-content/plugins/jet-engine/assets/css/frontend.css?ver=3.7.10 HTTP/2" 200 8353 "https://rozbano.com/pleating-the-fabric-for-the-skirt-tutorial/" "Mozilla/5.0 (Linux; Android 12; SAMSUNG SM-A125F) AppleWebKit/537.36 (KHTML, like Gecko) SamsungBrowser/23.0 Chrome/115.0.0.0 Mobile Safari/537.36"
2.147.248.155 - - [17/Apr/2026:00:12:36 +0330] "GET /wp-content/themes/hello-elementor/style.css?ver=6.9.4 HTTP/2" 200 561 "https://rozbano.com/pleating-the-fabric-for-the-skirt-tutorial/" "Mozilla/5.0 (Linux; Android 12; SAMSUNG SM-A125F) AppleWebKit/537.36 (KHTML, like Gecko) SamsungBrowser/23.0 Chrome/115.0.0.0 Mobile Safari/537.36"
2.147.248.155 - - [17/Apr/2026:00:12:36 +0330] "GET /wp-content/plugins/elementor/assets/css/frontend-rtl.min.css?ver=3.32.3 HTTP/2" 200 6537 "https://rozbano.com/pleating-the-fabric-for-the-skirt-tutorial/" "Mozilla/5.0 (Linux; Android 12; SAMSUNG SM-A125F) AppleWebKit/537.36 (KHTML, like Gecko) SamsungBrowser/23.0 Chrome/115.0.0.0 Mobile Safari/537.36"
2.147.248.155 - - [17/Apr/2026:00:12:36 +0330] "GET /wp-content/plugins/elementor/assets/css/widget-image-rtl.min.css?ver=3.32.3 HTTP/2" 200 119 "https://rozbano.com/pleating-the-fabric-for-the-skirt-tutorial/" "Mozilla/5.0 (Linux; Android 12; SAMSUNG SM-A125F) AppleWebKit/537.36 (KHTML, like Gecko) SamsungBrowser/23.0 Chrome/115.0.0.0 Mobile Safari/537.36"
2.147.248.155 - - [17/Apr/2026:00:12:36 +0330] "GET /wp-content/plugins/elementor/assets/css/widget-social-icons-rtl.min.css?ver=3.32.3 HTTP/2" 200 1069 "https://rozbano.com/pleating-the-fabric-for-the-skirt-tutorial/" "Mozilla/5.0 (Linux; Android 12; SAMSUNG SM-A125F) AppleWebKit/537.36 (KHTML, like Gecko) SamsungBrowser/23.0 Chrome/115.0.0.0 Mobile Safari/537.36"
2.147.248.155 - - [17/Apr/2026:00:12:36 +0330] "GET /wp-content/plugins/elementor/assets/css/conditionals/apple-webkit.min.css?ver=3.32.3 HTTP/2" 200 472 "https://rozbano.com/pleating-the-fabric-for-the-skirt-tutorial/" "Mozilla/5.0 (Linux; Android 12; SAMSUNG SM-A125F) AppleWebKit/537.36 (KHTML, like Gecko) SamsungBrowser/23.0 Chrome/115.0.0.0 Mobile Safari/537.36"
2.147.248.155 - - [17/Apr/2026:00:12:36 +0330] "GET /wp-content/plugins/elementor-pro/assets/css/modules/sticky.min.css?ver=3.32.3 HTTP/2" 200 162 "https://rozbano.com/pleating-the-fabric-for-the-skirt-tutorial/" "Mozilla/5.0 (Linux; Android 12; SAMSUNG SM-A125F) AppleWebKit/537.36 (KHTML, like Gecko) SamsungBrowser/23.0 Chrome/115.0.0.0 Mobile Safari/537.36"
2.147.248.155 - - [17/Apr/2026:00:12:36 +0330] "GET /wp-content/plugins/elementor/assets/css/widget-heading-rtl.min.css?ver=3.32.3 HTTP/2" 200 154 "https://rozbano.com/pleating-the-fabric-for-the-skirt-tutorial/" "Mozilla/5.0 (Linux; Android 12; SAMSUNG SM-A125F) AppleWebKit/537.36 (KHTML, like Gecko) SamsungBrowser/23.0 Chrome/115.0.0.0 Mobile Safari/537.36"
2.147.248.155 - - [17/Apr/2026:00:12:36 +0330] "GET /wp-content/plugins/elementor/assets/css/widget-icon-box-rtl.min.css?ver=3.32.3 HTTP/2" 200 422 "https://rozbano.com/pleating-the-fabric-for-the-skirt-tutorial/" "Mozilla/5.0 (Linux; Android 12; SAMSUNG SM-A125F) AppleWebKit/537.36 (KHTML, like Gecko) SamsungBrowser/23.0 Chrome/115.0.0.0 Mobile Safari/537.36"
2.147.248.155 - - [17/Apr/2026:00:12:36 +0330] "GET /wp-content/plugins/elementor/assets/lib/swiper/v8/css/swiper.min.css?ver=8.4.5 HTTP/2" 200 4248 "https://rozbano.com/pleating-the-fabric-for-the-skirt-tutorial/" "Mozilla/5.0 (Linux; Android 12; SAMSUNG SM-A125F) AppleWebKit/537.36 (KHTML, like Gecko) SamsungBrowser/23.0 Chrome/115.0.0.0 Mobile Safari/537.36"
2.147.248.155 - - [17/Apr/2026:00:12:36 +0330] "GET /wp-content/plugins/elementor/assets/css/conditionals/e-swiper.min.css?ver=3.32.3 HTTP/2" 200 699 "https://rozbano.com/pleating-the-fabric-for-the-skirt-tutorial/" "Mozilla/5.0 (Linux; Android 12; SAMSUNG SM-A125F) AppleWebKit/537.36 (KHTML, like Gecko) SamsungBrowser/23.0 Chrome/115.0.0.0 Mobile Safari/537.36"
2.147.248.155 - - [17/Apr/2026:00:12:36 +0330] "GET /wp-content/plugins/elementor-pro/assets/css/widget-post-info-rtl.min.css?ver=3.32.3 HTTP/2" 200 165 "https://rozbano.com/pleating-the-fabric-for-the-skirt-tutorial/" "Mozilla/5.0 (Linux; Android 12; SAMSUNG SM-A125F) AppleWebKit/537.36 (KHTML, like Gecko) SamsungBrowser/23.0 Chrome/115.0.0.0 Mobile Safari/537.36"
2.147.248.155 - - [17/Apr/2026:00:12:36 +0330] "GET /wp-content/plugins/elementor/assets/css/widget-icon-list-rtl.min.css?ver=3.32.3 HTTP/2" 200 963 "https://rozbano.com/pleating-the-fabric-for-the-skirt-tutorial/" "Mozilla/5.0 (Linux; Android 12; SAMSUNG SM-A125F) AppleWebKit/537.36 (KHTML, like Gecko) SamsungBrowser/23.0 Chrome/115.0.0.0 Mobile Safari/537.36"
2.147.248.155 - - [17/Apr/2026:00:12:36 +0330] "GET /wp-content/plugins/elementor-pro/assets/css/widget-share-buttons-rtl.min.css?ver=3.32.3 HTTP/2" 200 2144 "https://rozbano.com/pleating-the-fabric-for-the-skirt-tutorial/" "Mozilla/5.0 (Linux; Android 12; SAMSUNG SM-A125F) AppleWebKit/537.36 (KHTML, like Gecko) SamsungBrowser/23.0 Chrome/115.0.0.0 Mobile Safari/537.36"
2.147.248.155 - - [17/Apr/2026:00:12:36 +0330] "GET /wp-content/plugins/elementor-pro/assets/css/widget-post-navigation-rtl.min.css?ver=3.32.3 HTTP/2" 200 494 "https://rozbano.com/pleating-the-fabric-for-the-skirt-tutorial/" "Mozilla/5.0 (Linux; Android 12; SAMSUNG SM-A125F) AppleWebKit/537.36 (KHTML, like Gecko) SamsungBrowser/23.0 Chrome/115.0.0.0 Mobile Safari/537.36"
2.147.248.155 - - [17/Apr/2026:00:12:36 +0330] "GET /wp-content/uploads/elementor/css/post-53138.css?ver=1776365957 HTTP/2" 200 3019 "https://rozbano.com/pleating-the-fabric-for-the-skirt-tutorial/" "Mozilla/5.0 (Linux; Android 12; SAMSUNG SM-A125F) AppleWebKit/537.36 (KHTML, like Gecko) SamsungBrowser/23.0 Chrome/115.0.0.0 Mobile Safari/537.36"
2.147.248.155 - - [17/Apr/2026:00:12:36 +0330] "GET /wp-content/uploads/elementor/css/post-53143.css?ver=1776365957 HTTP/2" 200 462 "https://rozbano.com/pleating-the-fabric-for-the-skirt-tutorial/" "Mozilla/5.0 (Linux; Android 12; SAMSUNG SM-A125F) AppleWebKit/537.36 (KHTML, like Gecko) SamsungBrowser/23.0 Chrome/115.0.0.0 Mobile Safari/537.36"
2.147.248.155 - - [17/Apr/2026:00:12:36 +0330] "GET /wp-content/uploads/elementor/css/post-53145.css?ver=1776365957 HTTP/2" 200 1694 "https://rozbano.com/pleating-the-fabric-for-the-skirt-tutorial/" "Mozilla/5.0 (Linux; Android 12; SAMSUNG SM-A125F) AppleWebKit/537.36 (KHTML, like Gecko) SamsungBrowser/23.0 Chrome/115.0.0.0 Mobile Safari/537.36"
2.147.248.155 - - [17/Apr/2026:00:12:36 +0330] "GET /wp-content/uploads/elementor/css/post-53177.css?ver=1776365957 HTTP/2" 200 440 "https://rozbano.com/pleating-the-fabric-for-the-skirt-tutorial/" "Mozilla/5.0 (Linux; Android 12; SAMSUNG SM-A125F) AppleWebKit/537.36 (KHTML, like Gecko) SamsungBrowser/23.0 Chrome/115.0.0.0 Mobile Safari/537.36"
2.147.248.155 - - [17/Apr/2026:00:12:36 +0330] "GET /wp-content/uploads/elementor/css/post-53178.css?ver=1776365957 HTTP/2" 200 415 "https://rozbano.com/pleating-the-fabric-for-the-skirt-tutorial/" "Mozilla/5.0 (Linux; Android 12; SAMSUNG SM-A125F) AppleWebKit/537.36 (KHTML, like Gecko) SamsungBrowser/23.0 Chrome/115.0.0.0 Mobile Safari/537.36"
2.147.248.155 - - [17/Apr/2026:00:12:36 +0330] "GET /wp-content/uploads/elementor/css/post-53316.css?ver=1776365957 HTTP/2" 200 418 "https://rozbano.com/pleating-the-fabric-for-the-skirt-tutorial/" "Mozilla/5.0 (Linux; Android 12; SAMSUNG SM-A125F) AppleWebKit/537.36 (KHTML, like Gecko) SamsungBrowser/23.0 Chrome/115.0.0.0 Mobile Safari/537.36"
2.147.248.155 - - [17/Apr/2026:00:12:36 +0330] "GET /wp-content/uploads/elementor/css/post-53157.css?ver=1776365962 HTTP/2" 200 2256 "https://rozbano.com/pleating-the-fabric-for-the-skirt-tutorial/" "Mozilla/5.0 (Linux; Android 12; SAMSUNG SM-A125F) AppleWebKit/537.36 (KHTML, like Gecko) SamsungBrowser/23.0 Chrome/115.0.0.0 Mobile Safari/537.36"
2.147.248.155 - - [17/Apr/2026:00:12:36 +0330] "GET /wp-content/uploads/elementor/css/post-53179.css?ver=1776365962 HTTP/2" 200 523 "https://rozbano.com/pleating-the-fabric-for-the-skirt-tutorial/" "Mozilla/5.0 (Linux; Android 12; SAMSUNG SM-A125F) AppleWebKit/537.36 (KHTML, like Gecko) SamsungBrowser/23.0 Chrome/115.0.0.0 Mobile Safari/537.36"
2.147.248.155 - - [17/Apr/2026:00:12:36 +0330] "GET /wp-content/plugins/elementor-pro/abzarwp/fonts/all/css/fonts.css?ver=123456 HTTP/2" 200 2919 "https://rozbano.com/pleating-the-fabric-for-the-skirt-tutorial/" "Mozilla/5.0 (Linux; Android 12; SAMSUNG SM-A125F) AppleWebKit/537.36 (KHTML, like Gecko) SamsungBrowser/23.0 Chrome/115.0.0.0 Mobile Safari/537.36"
2.147.248.155 - - [17/Apr/2026:00:12:36 +0330] "GET /wp-content/uploads/elementor/css/post-53149.css?ver=1776365962 HTTP/2" 200 1333 "https://rozbano.com/pleating-the-fabric-for-the-skirt-tutorial/" "Mozilla/5.0 (Linux; Android 12; SAMSUNG SM-A125F) AppleWebKit/537.36 (KHTML, like Gecko) SamsungBrowser/23.0 Chrome/115.0.0.0 Mobile Safari/537.36"
2.147.248.155 - - [17/Apr/2026:00:12:36 +0330] "GET /wp-content/uploads/elementor/css/post-53181.css?ver=1776365963 HTTP/2" 200 413 "https://rozbano.com/pleating-the-fabric-for-the-skirt-tutorial/" "Mozilla/5.0 (Linux; Android 12; SAMSUNG SM-A125F) AppleWebKit/537.36 (KHTML, like Gecko) SamsungBrowser/23.0 Chrome/115.0.0.0 Mobile Safari/537.36"
2.147.248.155 - - [17/Apr/2026:00:12:36 +0330] "GET /wp-content/uploads/elementor/css/post-53234.css?ver=1776365963 HTTP/2" 200 414 "https://rozbano.com/pleating-the-fabric-for-the-skirt-tutorial/" "Mozilla/5.0 (Linux; Android 12; SAMSUNG SM-A125F) AppleWebKit/537.36 (KHTML, like Gecko) SamsungBrowser/23.0 Chrome/115.0.0.0 Mobile Safari/537.36"
2.147.248.155 - - [17/Apr/2026:00:12:36 +0330] "GET /wp-content/uploads/elementor/css/post-53180.css?ver=1776365963 HTTP/2" 200 636 "https://rozbano.com/pleating-the-fabric-for-the-skirt-tutorial/" "Mozilla/5.0 (Linux; Android 12; SAMSUNG SM-A125F) AppleWebKit/537.36 (KHTML, like Gecko) SamsungBrowser/23.0 Chrome/115.0.0.0 Mobile Safari/537.36"
2.147.248.155 - - [17/Apr/2026:00:12:36 +0330] "GET /wp-content/plugins/elementor-pro/assets/css/widget-nav-menu-rtl.min.css?ver=3.32.3 HTTP/2" 200 3246 "https://rozbano.com/pleating-the-fabric-for-the-skirt-tutorial/" "Mozilla/5.0 (Linux; Android 12; SAMSUNG SM-A125F) AppleWebKit/537.36 (KHTML, like Gecko) SamsungBrowser/23.0 Chrome/115.0.0.0 Mobile Safari/537.36"
2.147.248.155 - - [17/Apr/2026:00:12:36 +0330] "GET /wp-content/plugins/elementor-pro/assets/css/conditionals/ribbon.min.css?ver=3.32.3 HTTP/2" 200 250 "https://rozbano.com/pleating-the-fabric-for-the-skirt-tutorial/" "Mozilla/5.0 (Linux; Android 12; SAMSUNG SM-A125F) AppleWebKit/537.36 (KHTML, like Gecko) SamsungBrowser/23.0 Chrome/115.0.0.0 Mobile Safari/537.36"
2.147.248.155 - - [17/Apr/2026:00:12:36 +0330] "GET /wp-content/plugins/elementor-pro/assets/css/widget-call-to-action-rtl.min.css?ver=3.32.3 HTTP/2" 200 1211 "https://rozbano.com/pleating-the-fabric-for-the-skirt-tutorial/" "Mozilla/5.0 (Linux; Android 12; SAMSUNG SM-A125F) AppleWebKit/537.36 (KHTML, like Gecko) SamsungBrowser/23.0 Chrome/115.0.0.0 Mobile Safari/537.36"
2.147.248.155 - - [17/Apr/2026:00:12:36 +0330] "GET /wp-content/plugins/elementor-pro/assets/css/conditionals/transitions.min.css?ver=3.32.3 HTTP/2" 200 599 "https://rozbano.com/pleating-the-fabric-for-the-skirt-tutorial/" "Mozilla/5.0 (Linux; Android 12; SAMSUNG SM-A125F) AppleWebKit/537.36 (KHTML, like Gecko) SamsungBrowser/23.0 Chrome/115.0.0.0 Mobile Safari/537.36"
2.147.248.155 - - [17/Apr/2026:00:12:36 +0330] "GET /wp-includes/js/jquery/jquery.min.js?ver=3.7.1 HTTP/2" 200 29744 "https://rozbano.com/pleating-the-fabric-for-the-skirt-tutorial/" "Mozilla/5.0 (Linux; Android 12; SAMSUNG SM-A125F) AppleWebKit/537.36 (KHTML, like Gecko) SamsungBrowser/23.0 Chrome/115.0.0.0 Mobile Safari/537.36"
2.147.248.155 - - [17/Apr/2026:00:12:36 +0330] "GET /wp-includes/js/jquery/jquery-migrate.min.js?ver=3.4.1 HTTP/2" 200 4678 "https://rozbano.com/pleating-the-fabric-for-the-skirt-tutorial/" "Mozilla/5.0 (Linux; Android 12; SAMSUNG SM-A125F) AppleWebKit/537.36 (KHTML, like Gecko) SamsungBrowser/23.0 Chrome/115.0.0.0 Mobile Safari/537.36"
2.147.248.155 - - [17/Apr/2026:00:12:36 +0330] "GET /wp-content/uploads/2025/05/Pleating20the20fabric20for20the20skirt20tutorial-01.webp HTTP/2" 200 10582 "https://rozbano.com/pleating-the-fabric-for-the-skirt-tutorial/" "Mozilla/5.0 (Linux; Android 12; SAMSUNG SM-A125F) AppleWebKit/537.36 (KHTML, like Gecko) SamsungBrowser/23.0 Chrome/115.0.0.0 Mobile Safari/537.36"
2.147.248.155 - - [17/Apr/2026:00:12:36 +0330] "GET /wp-content/plugins/elementor/assets/js/webpack.runtime.min.js?ver=3.32.3 HTTP/2" 200 2320 "https://rozbano.com/pleating-the-fabric-for-the-skirt-tutorial/" "Mozilla/5.0 (Linux; Android 12; SAMSUNG SM-A125F) AppleWebKit/537.36 (KHTML, like Gecko) SamsungBrowser/23.0 Chrome/115.0.0.0 Mobile Safari/537.36"
2.147.248.155 - - [17/Apr/2026:00:12:36 +0330] "GET /wp-content/plugins/elementor/assets/js/frontend-modules.min.js?ver=3.32.3 HTTP/2" 200 17962 "https://rozbano.com/pleating-the-fabric-for-the-skirt-tutorial/" "Mozilla/5.0 (Linux; Android 12; SAMSUNG SM-A125F) AppleWebKit/537.36 (KHTML, like Gecko) SamsungBrowser/23.0 Chrome/115.0.0.0 Mobile Safari/537.36"
2.147.248.155 - - [17/Apr/2026:00:12:37 +0330] "GET /wp-includes/js/jquery/ui/core.min.js?ver=1.13.3 HTTP/2" 200 6812 "https://rozbano.com/pleating-the-fabric-for-the-skirt-tutorial/" "Mozilla/5.0 (Linux; Android 12; SAMSUNG SM-A125F) AppleWebKit/537.36 (KHTML, like Gecko) SamsungBrowser/23.0 Chrome/115.0.0.0 Mobile Safari/537.36"
2.147.248.155 - - [17/Apr/2026:00:12:37 +0330] "GET /wp-content/plugins/elementor/assets/js/frontend.min.js?ver=3.32.3 HTTP/2" 200 10165 "https://rozbano.com/pleating-the-fabric-for-the-skirt-tutorial/" "Mozilla/5.0 (Linux; Android 12; SAMSUNG SM-A125F) AppleWebKit/537.36 (KHTML, like Gecko) SamsungBrowser/23.0 Chrome/115.0.0.0 Mobile Safari/537.36"
2.147.248.155 - - [17/Apr/2026:00:12:37 +0330] "GET /wp-content/plugins/elementor-pro/assets/lib/sticky/jquery.sticky.min.js?ver=3.32.3 HTTP/2" 200 1442 "https://rozbano.com/pleating-the-fabric-for-the-skirt-tutorial/" "Mozilla/5.0 (Linux; Android 12; SAMSUNG SM-A125F) AppleWebKit/537.36 (KHTML, like Gecko) SamsungBrowser/23.0 Chrome/115.0.0.0 Mobile Safari/537.36"
2.147.248.155 - - [17/Apr/2026:00:12:37 +0330] "GET /wp-content/plugins/elementor/assets/lib/swiper/v8/swiper.min.js?ver=8.4.5 HTTP/2" 200 38152 "https://rozbano.com/pleating-the-fabric-for-the-skirt-tutorial/" "Mozilla/5.0 (Linux; Android 12; SAMSUNG SM-A125F) AppleWebKit/537.36 (KHTML, like Gecko) SamsungBrowser/23.0 Chrome/115.0.0.0 Mobile Safari/537.36"
2.147.248.155 - - [17/Apr/2026:00:12:37 +0330] "GET /wp-content/plugins/elementor-pro/assets/lib/smartmenus/jquery.smartmenus.min.js?ver=1.2.1 HTTP/2" 200 6867 "https://rozbano.com/pleating-the-fabric-for-the-skirt-tutorial/" "Mozilla/5.0 (Linux; Android 12; SAMSUNG SM-A125F) AppleWebKit/537.36 (KHTML, like Gecko) SamsungBrowser/23.0 Chrome/115.0.0.0 Mobile Safari/537.36"
2.147.248.155 - - [17/Apr/2026:00:12:37 +0330] "GET /wp-content/plugins/jet-engine/assets/lib/jet-plugins/jet-plugins.js?ver=1.1.0 HTTP/2" 200 2190 "https://rozbano.com/pleating-the-fabric-for-the-skirt-tutorial/" "Mozilla/5.0 (Linux; Android 12; SAMSUNG SM-A125F) AppleWebKit/537.36 (KHTML, like Gecko) SamsungBrowser/23.0 Chrome/115.0.0.0 Mobile Safari/537.36"
2.147.248.155 - - [17/Apr/2026:00:12:37 +0330] "GET /wp-content/plugins/jet-engine/assets/js/frontend.js?ver=3.7.10 HTTP/2" 200 15312 "https://rozbano.com/pleating-the-fabric-for-the-skirt-tutorial/" "Mozilla/5.0 (Linux; Android 12; SAMSUNG SM-A125F) AppleWebKit/537.36 (KHTML, like Gecko) SamsungBrowser/23.0 Chrome/115.0.0.0 Mobile Safari/537.36"
2.147.248.155 - - [17/Apr/2026:00:12:37 +0330] "GET /wp-content/plugins/elementor-pro/assets/js/webpack-pro.runtime.min.js?ver=3.32.3 HTTP/2" 200 2622 "https://rozbano.com/pleating-the-fabric-for-the-skirt-tutorial/" "Mozilla/5.0 (Linux; Android 12; SAMSUNG SM-A125F) AppleWebKit/537.36 (KHTML, like Gecko) SamsungBrowser/23.0 Chrome/115.0.0.0 Mobile Safari/537.36"
2.147.248.155 - - [17/Apr/2026:00:12:37 +0330] "GET /wp-includes/js/dist/hooks.min.js?ver=dd5603f07f9220ed27f1 HTTP/2" 200 1852 "https://rozbano.com/pleating-the-fabric-for-the-skirt-tutorial/" "Mozilla/5.0 (Linux; Android 12; SAMSUNG SM-A125F) AppleWebKit/537.36 (KHTML, like Gecko) SamsungBrowser/23.0 Chrome/115.0.0.0 Mobile Safari/537.36"
2.147.248.155 - - [17/Apr/2026:00:12:37 +0330] "GET /wp-includes/js/dist/i18n.min.js?ver=c26c3dc7bed366793375 HTTP/2" 200 2119 "https://rozbano.com/pleating-the-fabric-for-the-skirt-tutorial/" "Mozilla/5.0 (Linux; Android 12; SAMSUNG SM-A125F) AppleWebKit/537.36 (KHTML, like Gecko) SamsungBrowser/23.0 Chrome/115.0.0.0 Mobile Safari/537.36"
2.147.248.155 - - [17/Apr/2026:00:12:37 +0330] "GET /wp-content/plugins/elementor-pro/assets/js/frontend.min.js?ver=3.32.3 HTTP/2" 200 6321 "https://rozbano.com/pleating-the-fabric-for-the-skirt-tutorial/" "Mozilla/5.0 (Linux; Android 12; SAMSUNG SM-A125F) AppleWebKit/537.36 (KHTML, like Gecko) SamsungBrowser/23.0 Chrome/115.0.0.0 Mobile Safari/537.36"
2.147.248.155 - - [17/Apr/2026:00:12:37 +0330] "GET /wp-content/plugins/elementor-pro/assets/js/elements-handlers.min.js?ver=3.32.3 HTTP/2" 200 10180 "https://rozbano.com/pleating-the-fabric-for-the-skirt-tutorial/" "Mozilla/5.0 (Linux; Android 12; SAMSUNG SM-A125F) AppleWebKit/537.36 (KHTML, like Gecko) SamsungBrowser/23.0 Chrome/115.0.0.0 Mobile Safari/537.36"
2.147.248.155 - - [17/Apr/2026:00:12:37 +0330] "GET /wp-content/uploads/2025/05/Rozbano-Logo-Web-Nima-new.webp HTTP/2" 200 2430 "https://rozbano.com/pleating-the-fabric-for-the-skirt-tutorial/" "Mozilla/5.0 (Linux; Android 12; SAMSUNG SM-A125F) AppleWebKit/537.36 (KHTML, like Gecko) SamsungBrowser/23.0 Chrome/115.0.0.0 Mobile Safari/537.36"
2.147.248.155 - - [17/Apr/2026:00:12:37 +0330] "GET /wp-content/uploads/2025/10/Free-crochet-tutorial-for-fall-hat-01-150x150.webp HTTP/2" 200 9544 "https://rozbano.com/pleating-the-fabric-for-the-skirt-tutorial/" "Mozilla/5.0 (Linux; Android 12; SAMSUNG SM-A125F) AppleWebKit/537.36 (KHTML, like Gecko) SamsungBrowser/23.0 Chrome/115.0.0.0 Mobile Safari/537.36"
2.147.248.155 - - [17/Apr/2026:00:12:37 +0330] "GET /wp-content/uploads/2025/11/free-crochet-candy-bath-towel-tutorial-01-150x150.webp HTTP/2" 200 5848 "https://rozbano.com/pleating-the-fabric-for-the-skirt-tutorial/" "Mozilla/5.0 (Linux; Android 12; SAMSUNG SM-A125F) AppleWebKit/537.36 (KHTML, like Gecko) SamsungBrowser/23.0 Chrome/115.0.0.0 Mobile Safari/537.36"
2.147.248.155 - - [17/Apr/2026:00:12:37 +0330] "GET /wp-content/uploads/2025/10/Crochet-Kitchen-Napkin-Holder-Free-Tutorial-150x150.webp HTTP/2" 200 5200 "https://rozbano.com/pleating-the-fabric-for-the-skirt-tutorial/" "Mozilla/5.0 (Linux; Android 12; SAMSUNG SM-A125F) AppleWebKit/537.36 (KHTML, like Gecko) SamsungBrowser/23.0 Chrome/115.0.0.0 Mobile Safari/537.36"
2.147.248.155 - - [17/Apr/2026:00:12:37 +0330] "GET /wp-content/uploads/2025/10/Autumn-Kaftan-Sewing-Tutorial-at-Home-150x150.webp HTTP/2" 200 5616 "https://rozbano.com/pleating-the-fabric-for-the-skirt-tutorial/" "Mozilla/5.0 (Linux; Android 12; SAMSUNG SM-A125F) AppleWebKit/537.36 (KHTML, like Gecko) SamsungBrowser/23.0 Chrome/115.0.0.0 Mobile Safari/537.36"
2.147.248.155 - - [17/Apr/2026:00:12:37 +0330] "GET /wp-content/uploads/2025/10/Free-tutorial-sew-versatile-organizer-01-150x150.webp HTTP/2" 200 3474 "https://rozbano.com/pleating-the-fabric-for-the-skirt-tutorial/" "Mozilla/5.0 (Linux; Android 12; SAMSUNG SM-A125F) AppleWebKit/537.36 (KHTML, like Gecko) SamsungBrowser/23.0 Chrome/115.0.0.0 Mobile Safari/537.36"
2.147.248.155 - - [17/Apr/2026:00:12:37 +0330] "GET /wp-content/uploads/2025/10/tutorial-sew-versatile-organizer-with-little-fabric-01-150x150.webp HTTP/2" 200 8812 "https://rozbano.com/pleating-the-fabric-for-the-skirt-tutorial/" "Mozilla/5.0 (Linux; Android 12; SAMSUNG SM-A125F) AppleWebKit/537.36 (KHTML, like Gecko) SamsungBrowser/23.0 Chrome/115.0.0.0 Mobile Safari/537.36"
2.147.248.155 - - [17/Apr/2026:00:12:37 +0330] "GET /wp-content/uploads/2025/12/Women-driving-heavy-machinery-02-150x150.webp HTTP/2" 200 6180 "https://rozbano.com/pleating-the-fabric-for-the-skirt-tutorial/" "Mozilla/5.0 (Linux; Android 12; SAMSUNG SM-A125F) AppleWebKit/537.36 (KHTML, like Gecko) SamsungBrowser/23.0 Chrome/115.0.0.0 Mobile Safari/537.36"
2.147.248.155 - - [17/Apr/2026:00:12:37 +0330] "GET /wp-content/uploads/2025/05/rozbano-462-2-150x139.jpg HTTP/2" 200 15308 "https://rozbano.com/pleating-the-fabric-for-the-skirt-tutorial/" "Mozilla/5.0 (Linux; Android 12; SAMSUNG SM-A125F) AppleWebKit/537.36 (KHTML, like Gecko) SamsungBrowser/23.0 Chrome/115.0.0.0 Mobile Safari/537.36"
2.147.248.155 - - [17/Apr/2026:00:12:37 +0330] "GET /wp-content/uploads/2025/05/rozbano-49-8-150x150.jpg HTTP/2" 200 10857 "https://rozbano.com/pleating-the-fabric-for-the-skirt-tutorial/" "Mozilla/5.0 (Linux; Android 12; SAMSUNG SM-A125F) AppleWebKit/537.36 (KHTML, like Gecko) SamsungBrowser/23.0 Chrome/115.0.0.0 Mobile Safari/537.36"
2.147.248.155 - - [17/Apr/2026:00:12:37 +0330] "GET /wp-content/uploads/2025/05/crochet20hooded20sweatshirt20tutorial-01-150x139.jpg HTTP/2" 200 6596 "https://rozbano.com/pleating-the-fabric-for-the-skirt-tutorial/" "Mozilla/5.0 (Linux; Android 12; SAMSUNG SM-A125F) AppleWebKit/537.36 (KHTML, like Gecko) SamsungBrowser/23.0 Chrome/115.0.0.0 Mobile Safari/537.36"
2.147.248.155 - - [17/Apr/2026:00:12:37 +0330] "GET /wp-content/uploads/2025/05/rozbano-263-1-2-150x150.jpg HTTP/2" 200 6621 "https://rozbano.com/pleating-the-fabric-for-the-skirt-tutorial/" "Mozilla/5.0 (Linux; Android 12; SAMSUNG SM-A125F) AppleWebKit/537.36 (KHTML, like Gecko) SamsungBrowser/23.0 Chrome/115.0.0.0 Mobile Safari/537.36"
2.147.248.155 - - [17/Apr/2026:00:12:37 +0330] "GET /wp-content/uploads/2025/05/rozbano-258-16-150x150.jpg HTTP/2" 200 10229 "https://rozbano.com/pleating-the-fabric-for-the-skirt-tutorial/" "Mozilla/5.0 (Linux; Android 12; SAMSUNG SM-A125F) AppleWebKit/537.36 (KHTML, like Gecko) SamsungBrowser/23.0 Chrome/115.0.0.0 Mobile Safari/537.36"
2.147.248.155 - - [17/Apr/2026:00:12:37 +0330] "GET /wp-content/uploads/2025/05/Pleating20the20fabric20for20the20skirt20tutorial.webp HTTP/2" 200 31566 "https://rozbano.com/pleating-the-fabric-for-the-skirt-tutorial/" "Mozilla/5.0 (Linux; Android 12; SAMSUNG SM-A125F) AppleWebKit/537.36 (KHTML, like Gecko) SamsungBrowser/23.0 Chrome/115.0.0.0 Mobile Safari/537.36"
17.22.245.159 - - [17/Apr/2026:00:12:24 +0330] "POST /tag/%D8%A8%DB%8C%D9%88%DA%AF%D8%B1%D8%A7%D9%81%DB%8C-%D9%88-%DA%AF%D8%A7%D9%84%D8%B1%DB%8C-%D8%AA%D8%B5%D8%A7%D9%88%DB%8C%D8%B1/page/9/?nocache=1776371818 HTTP/1.1" 200 4392 "https://rozbano.com/tag/%D8%A8%DB%8C%D9%88%DA%AF%D8%B1%D8%A7%D9%81%DB%8C-%D9%88-%DA%AF%D8%A7%D9%84%D8%B1%DB%8C-%D8%AA%D8%B5%D8%A7%D9%88%DB%8C%D8%B1/page/9/" "Mozilla/5.0 (Macintosh; Intel Mac OS X 10_15_7) AppleWebKit/605.1.15 (KHTML, like Gecko) Version/17.4 Safari/605.1.15 (Applebot/0.1; +http://www.apple.com/go/applebot)"
17.22.237.90 - - [17/Apr/2026:00:12:25 +0330] "POST /tag/%D8%A8%DB%8C%D9%88%DA%AF%D8%B1%D8%A7%D9%81%DB%8C-%D9%88-%DA%AF%D8%A7%D9%84%D8%B1%DB%8C-%D8%AA%D8%B5%D8%A7%D9%88%DB%8C%D8%B1/page/9/?nocache=1776371818 HTTP/1.1" 200 4365 "https://rozbano.com/tag/%D8%A8%DB%8C%D9%88%DA%AF%D8%B1%D8%A7%D9%81%DB%8C-%D9%88-%DA%AF%D8%A7%D9%84%D8%B1%DB%8C-%D8%AA%D8%B5%D8%A7%D9%88%DB%8C%D8%B1/page/9/" "Mozilla/5.0 (Macintosh; Intel Mac OS X 10_15_7) AppleWebKit/605.1.15 (KHTML, like Gecko) Version/17.4 Safari/605.1.15 (Applebot/0.1; +http://www.apple.com/go/applebot)"
66.249.70.32 - - [17/Apr/2026:00:12:27 +0330] "GET /page/506/?search=search_term_string&nocache=1765846363 HTTP/1.1" 200 27600 "-" "Mozilla/5.0 (Linux; Android 6.0.1; Nexus 5X Build/MMB29P) AppleWebKit/537.36 (KHTML, like Gecko) Chrome/146.0.7680.177 Mobile Safari/537.36 (compatible; Googlebot/2.1; +http://www.google.com/bot.html)"
66.249.70.32 - - [17/Apr/2026:00:12:29 +0330] "GET /page/3/?search=search_term_string&nocache=1766414855 HTTP/1.1" 200 27223 "-" "Mozilla/5.0 (Linux; Android 6.0.1; Nexus 5X Build/MMB29P) AppleWebKit/537.36 (KHTML, like Gecko) Chrome/146.0.7680.177 Mobile Safari/537.36 (compatible; Googlebot/2.1; +http://www.google.com/bot.html)"
86.55.246.218 - - [17/Apr/2026:00:12:30 +0330] "GET /crochet-sundress-texture.html HTTP/2" 200 0 "https://zarebin.ir/" "Mozilla/5.0 (iPhone; CPU iPhone OS 18_5 like Mac OS X) AppleWebKit/605.1.15 (KHTML, like Gecko) Version/18.5 Mobile/15E148 Safari/604.1"
66.249.70.32 - - [17/Apr/2026:00:12:31 +0330] "GET /?p=30919143754000 HTTP/1.1" 200 28837 "-" "Mozilla/5.0 (Linux; Android 6.0.1; Nexus 5X Build/MMB29P) AppleWebKit/537.36 (KHTML, like Gecko) Chrome/146.0.7680.177 Mobile Safari/537.36 (compatible; Googlebot/2.1; +http://www.google.com/bot.html)"
86.55.246.218 - - [17/Apr/2026:00:12:31 +0330] "GET /crochet-sundress-texture.html HTTP/2" 301 20 "https://zarebin.ir/" "Mozilla/5.0 (iPhone; CPU iPhone OS 18_5 like Mac OS X) AppleWebKit/605.1.15 (KHTML, like Gecko) Version/18.5 Mobile/15E148 Safari/604.1"
66.249.70.32 - - [17/Apr/2026:00:12:35 +0330] "GET /page/183/?search=%D8%A8%DB%8C%D8%AA%D8%A7+%D8%B3%D8%AD%D8%B1%D8%AE%DB%8C%D8%B2&nocache=1766751387 HTTP/1.1" 200 27155 "-" "Mozilla/5.0 (Linux; Android 6.0.1; Nexus 5X Build/MMB29P) AppleWebKit/537.36 (KHTML, like Gecko) Chrome/146.0.7680.177 Mobile Safari/537.36 (compatible; Googlebot/2.1; +http://www.google.com/bot.html)"
202.46.62.44 - - [17/Apr/2026:00:12:35 +0330] "POST /tag/%D9%BE%D8%AE%D8%AA-%D8%AF%D9%84%D9%85%D9%87-%D8%A8%D8%A7%D8%AF%D9%85%D8%AC%D8%A7%D9%86/?nocache=1776372148 HTTP/1.1" 200 4394 "https://rozbano.com/tag/%D9%BE%D8%AE%D8%AA-%D8%AF%D9%84%D9%85%D9%87-%D8%A8%D8%A7%D8%AF%D9%85%D8%AC%D8%A7%D9%86/" "Mozilla/5.0 (Windows NT 10.0; Win64; x64) AppleWebKit/537.36 (KHTML, like Gecko) Chrome/133.0.6943.141 Safari/537.36"
202.46.62.48 - - [17/Apr/2026:00:12:35 +0330] "POST /tag/%D9%BE%D8%AE%D8%AA-%D8%AF%D9%84%D9%85%D9%87-%D8%A8%D8%A7%D8%AF%D9%85%D8%AC%D8%A7%D9%86/?nocache=1776372148 HTTP/1.1" 200 4409 "https://rozbano.com/tag/%D9%BE%D8%AE%D8%AA-%D8%AF%D9%84%D9%85%D9%87-%D8%A8%D8%A7%D8%AF%D9%85%D8%AC%D8%A7%D9%86/" "Mozilla/5.0 (Windows NT 10.0; Win64; x64) AppleWebKit/537.36 (KHTML, like Gecko) Chrome/133.0.6943.141 Safari/537.36"
2.147.248.155 - - [17/Apr/2026:00:12:37 +0330] "GET /wp-includes/js/comment-reply.min.js?ver=6.9.4 HTTP/2" 200 1247 "https://rozbano.com/pleating-the-fabric-for-the-skirt-tutorial/" "Mozilla/5.0 (Linux; Android 12; SAMSUNG SM-A125F) AppleWebKit/537.36 (KHTML, like Gecko) SamsungBrowser/23.0 Chrome/115.0.0.0 Mobile Safari/537.36"
2.147.248.155 - - [17/Apr/2026:00:12:37 +0330] "GET /wp-content/uploads/2025/12/IRANSansXFaNum-Medium.woff2 HTTP/2" 200 28060 "https://rozbano.com/wp-content/uploads/elementor/css/post-53138.css?ver=1776365957" "Mozilla/5.0 (Linux; Android 12; SAMSUNG SM-A125F) AppleWebKit/537.36 (KHTML, like Gecko) SamsungBrowser/23.0 Chrome/115.0.0.0 Mobile Safari/537.36"
2.147.248.155 - - [17/Apr/2026:00:12:37 +0330] "GET /wp-content/uploads/2025/12/IRANSansXFaNum-Regular.woff2 HTTP/2" 200 27012 "https://rozbano.com/wp-content/uploads/elementor/css/post-53138.css?ver=1776365957" "Mozilla/5.0 (Linux; Android 12; SAMSUNG SM-A125F) AppleWebKit/537.36 (KHTML, like Gecko) SamsungBrowser/23.0 Chrome/115.0.0.0 Mobile Safari/537.36"
2.147.248.155 - - [17/Apr/2026:00:12:37 +0330] "GET /wp-content/uploads/2025/12/IRANSansXFaNum-Bold.woff2 HTTP/2" 200 28036 "https://rozbano.com/wp-content/uploads/elementor/css/post-53138.css?ver=1776365957" "Mozilla/5.0 (Linux; Android 12; SAMSUNG SM-A125F) AppleWebKit/537.36 (KHTML, like Gecko) SamsungBrowser/23.0 Chrome/115.0.0.0 Mobile Safari/537.36"
2.147.248.155 - - [17/Apr/2026:00:12:37 +0330] "GET /wp-content/uploads/2025/12/IRANSansXFaNum-Black.woff2 HTTP/2" 200 26796 "https://rozbano.com/wp-content/uploads/elementor/css/post-53138.css?ver=1776365957" "Mozilla/5.0 (Linux; Android 12; SAMSUNG SM-A125F) AppleWebKit/537.36 (KHTML, like Gecko) SamsungBrowser/23.0 Chrome/115.0.0.0 Mobile Safari/537.36"
202.46.62.83 - - [17/Apr/2026:00:12:36 +0330] "GET /tag/%D8%AF%D8%B1%D9%85%D8%A7%D9%86-%D8%A7%D8%B3%D8%AA%D8%B1%D8%B3/feed/ HTTP/1.1" 200 4585 "-" "Mozilla/5.0 (Windows NT 10.0; Win64; x64) AppleWebKit/537.36 (KHTML, like Gecko) Chrome/133.0.6943.141 Safari/537.36"
66.249.70.33 - - [17/Apr/2026:00:12:38 +0330] "GET /page/8/?search=search_term_string&nocache=1767352347 HTTP/1.1" 200 27758 "-" "Mozilla/5.0 (Linux; Android 6.0.1; Nexus 5X Build/MMB29P) AppleWebKit/537.36 (KHTML, like Gecko) Chrome/146.0.7680.177 Mobile Safari/537.36 (compatible; Googlebot/2.1; +http://www.google.com/bot.html)"
2.147.248.155 - - [17/Apr/2026:00:12:39 +0330] "GET /wp-content/plugins/elementor/assets/js/shared-frontend-handlers.4c8abccc3e268b0767b2.bundle.min.js HTTP/2" 200 2542 "https://rozbano.com/pleating-the-fabric-for-the-skirt-tutorial/" "Mozilla/5.0 (Linux; Android 12; SAMSUNG SM-A125F) AppleWebKit/537.36 (KHTML, like Gecko) SamsungBrowser/23.0 Chrome/115.0.0.0 Mobile Safari/537.36"
2.147.248.155 - - [17/Apr/2026:00:12:39 +0330] "GET /wp-content/plugins/elementor-pro/assets/js/share-buttons.63d984f8c96d1e053bc0.bundle.min.js HTTP/2" 200 690 "https://rozbano.com/pleating-the-fabric-for-the-skirt-tutorial/" "Mozilla/5.0 (Linux; Android 12; SAMSUNG SM-A125F) AppleWebKit/537.36 (KHTML, like Gecko) SamsungBrowser/23.0 Chrome/115.0.0.0 Mobile Safari/537.36"
2.147.248.155 - - [17/Apr/2026:00:12:39 +0330] "GET /wp-content/plugins/elementor-pro/assets/js/nav-menu.0edc0c22e9f3101552ed.bundle.min.js HTTP/2" 200 1758 "https://rozbano.com/pleating-the-fabric-for-the-skirt-tutorial/" "Mozilla/5.0 (Linux; Android 12; SAMSUNG SM-A125F) AppleWebKit/537.36 (KHTML, like Gecko) SamsungBrowser/23.0 Chrome/115.0.0.0 Mobile Safari/537.36"
2.147.248.155 - - [17/Apr/2026:00:12:40 +0330] "GET /wp-includes/js/wp-emoji-release.min.js?ver=6.9.4 HTTP/2" 200 4949 "https://rozbano.com/pleating-the-fabric-for-the-skirt-tutorial/" "Mozilla/5.0 (Linux; Android 12; SAMSUNG SM-A125F) AppleWebKit/537.36 (KHTML, like Gecko) SamsungBrowser/23.0 Chrome/115.0.0.0 Mobile Safari/537.36"
2.147.248.155 - - [17/Apr/2026:00:12:40 +0330] "GET /wp-content/plugins/elementor/assets/lib/share-link/share-link.min.js?ver=3.32.3 HTTP/2" 200 1072 "https://rozbano.com/pleating-the-fabric-for-the-skirt-tutorial/" "Mozilla/5.0 (Linux; Android 12; SAMSUNG SM-A125F) AppleWebKit/537.36 (KHTML, like Gecko) SamsungBrowser/23.0 Chrome/115.0.0.0 Mobile Safari/537.36"
82.13.78.180 - - [17/Apr/2026:00:12:36 +0330] "GET /nobody-biography-of-soroush-lashkari-hichkas/ HTTP/2" 200 36809 "-" "Mozilla/5.0 (Macintosh; Intel Mac OS X 10_11_1) AppleWebKit/601.2.4 (KHTML, like Gecko) Version/9.0.1 Safari/601.2.4 facebookexternalhit/1.1 Facebot Twitterbot/1.0"
2.147.248.155 - - [17/Apr/2026:00:12:41 +0330] "GET /wp-content/uploads/2025/06/cropped-Rozbano-Nima-fav-ico-192x192.webp HTTP/2" 200 6374 "https://rozbano.com/pleating-the-fabric-for-the-skirt-tutorial/" "Mozilla/5.0 (Linux; Android 12; SAMSUNG SM-A125F) AppleWebKit/537.36 (KHTML, like Gecko) SamsungBrowser/23.0 Chrome/115.0.0.0 Mobile Safari/537.36"
2.147.248.155 - - [17/Apr/2026:00:12:41 +0330] "GET /wp-content/uploads/2025/06/cropped-Rozbano-Nima-fav-ico-180x180.webp HTTP/2" 200 6122 "https://rozbano.com/pleating-the-fabric-for-the-skirt-tutorial/" "Mozilla/5.0 (Linux; Android 12; SAMSUNG SM-A125F) AppleWebKit/537.36 (KHTML, like Gecko) SamsungBrowser/23.0 Chrome/115.0.0.0 Mobile Safari/537.36"
66.249.70.33 - - [17/Apr/2026:00:12:42 +0330] "GET /page/506/?search=search_term_string&nocache=1766490231 HTTP/1.1" 200 27785 "-" "Mozilla/5.0 (Linux; Android 6.0.1; Nexus 5X Build/MMB29P) AppleWebKit/537.36 (KHTML, like Gecko) Chrome/146.0.7680.177 Mobile Safari/537.36 (compatible; Googlebot/2.1; +http://www.google.com/bot.html)"
66.249.70.38 - - [17/Apr/2026:00:12:44 +0330] "GET /page/506/?search=search_term_string&nocache=1766414855 HTTP/1.1" 200 28384 "-" "Mozilla/5.0 (Linux; Android 6.0.1; Nexus 5X Build/MMB29P) AppleWebKit/537.36 (KHTML, like Gecko) Chrome/146.0.7680.177 Mobile Safari/537.36 (compatible; Googlebot/2.1; +http://www.google.com/bot.html)"
66.249.70.33 - - [17/Apr/2026:00:12:46 +0330] "GET /page/506/?search=search_term_string&nocache=1766754413 HTTP/1.1" 200 31380 "-" "Mozilla/5.0 (Linux; Android 6.0.1; Nexus 5X Build/MMB29P) AppleWebKit/537.36 (KHTML, like Gecko) Chrome/146.0.7680.177 Mobile Safari/537.36 (compatible; Googlebot/2.1; +http://www.google.com/bot.html)"
66.249.70.33 - - [17/Apr/2026:00:12:48 +0330] "GET /page/500/?nocache=1765768938 HTTP/1.1" 200 26916 "-" "Mozilla/5.0 (Linux; Android 6.0.1; Nexus 5X Build/MMB29P) AppleWebKit/537.36 (KHTML, like Gecko) Chrome/146.0.7680.177 Mobile Safari/537.36 (compatible; Googlebot/2.1; +http://www.google.com/bot.html)"
66.249.70.38 - - [17/Apr/2026:00:12:49 +0330] "GET /page/505/?search=search_term_string&nocache=1765944411 HTTP/1.1" 200 27554 "-" "Mozilla/5.0 (Linux; Android 6.0.1; Nexus 5X Build/MMB29P) AppleWebKit/537.36 (KHTML, like Gecko) Chrome/146.0.7680.177 Mobile Safari/537.36 (compatible; Googlebot/2.1; +http://www.google.com/bot.html)"
2.147.248.155 - - [17/Apr/2026:00:12:47 +0330] "POST /pleating-the-fabric-for-the-skirt-tutorial/?nocache=1776372156 HTTP/2" 200 4917 "https://rozbano.com/pleating-the-fabric-for-the-skirt-tutorial/" "Mozilla/5.0 (Linux; Android 12; SAMSUNG SM-A125F) AppleWebKit/537.36 (KHTML, like Gecko) SamsungBrowser/23.0 Chrome/115.0.0.0 Mobile Safari/537.36"
2.147.248.155 - - [17/Apr/2026:00:12:49 +0330] "GET /wp-content/uploads/2026/04/crochet-flower-scrubber-tutorial-02.webp HTTP/2" 200 21788 "https://rozbano.com/pleating-the-fabric-for-the-skirt-tutorial/" "Mozilla/5.0 (Linux; Android 12; SAMSUNG SM-A125F) AppleWebKit/537.36 (KHTML, like Gecko) SamsungBrowser/23.0 Chrome/115.0.0.0 Mobile Safari/537.36"
2.147.248.155 - - [17/Apr/2026:00:12:49 +0330] "GET /wp-content/uploads/2026/04/tie-hat-knitting-tutorial-03.webp HTTP/2" 200 9874 "https://rozbano.com/pleating-the-fabric-for-the-skirt-tutorial/" "Mozilla/5.0 (Linux; Android 12; SAMSUNG SM-A125F) AppleWebKit/537.36 (KHTML, like Gecko) SamsungBrowser/23.0 Chrome/115.0.0.0 Mobile Safari/537.36"
66.249.70.32 - - [17/Apr/2026:00:12:12 +0330] "GET /page/4/?search=search_term_string&nocache=1767243946 HTTP/1.1" 200 27694 "-" "Mozilla/5.0 (Linux; Android 6.0.1; Nexus 5X Build/MMB29P) AppleWebKit/537.36 (KHTML, like Gecko) Chrome/146.0.7680.177 Mobile Safari/537.36 (compatible; Googlebot/2.1; +http://www.google.com/bot.html)"
66.249.70.32 - - [17/Apr/2026:00:12:24 +0330] "GET /page/506/?search=%D8%AA%DB%8C%D9%86%D8%A7+%D8%A2%D8%AE%D9%88%D9%86%D8%AF%D8%AA%D8%A8%D8%A7%D8%B1&nocache=1766504536 HTTP/1.1" 200 29859 "-" "Mozilla/5.0 (Linux; Android 6.0.1; Nexus 5X Build/MMB29P) AppleWebKit/537.36 (KHTML, like Gecko) Chrome/146.0.7680.177 Mobile Safari/537.36 (compatible; Googlebot/2.1; +http://www.google.com/bot.html)"
66.249.70.32 - - [17/Apr/2026:00:12:26 +0330] "GET /page/5/?nocache=1765780339 HTTP/1.1" 200 27625 "-" "Mozilla/5.0 (Linux; Android 6.0.1; Nexus 5X Build/MMB29P) AppleWebKit/537.36 (KHTML, like Gecko) Chrome/146.0.7680.177 Mobile Safari/537.36 (compatible; Googlebot/2.1; +http://www.google.com/bot.html)"
66.249.70.38 - - [17/Apr/2026:00:12:30 +0330] "GET /page/500/?nocache=1766407839 HTTP/1.1" 200 27944 "-" "Mozilla/5.0 (Linux; Android 6.0.1; Nexus 5X Build/MMB29P) AppleWebKit/537.36 (KHTML, like Gecko) Chrome/146.0.7680.177 Mobile Safari/537.36 (compatible; Googlebot/2.1; +http://www.google.com/bot.html)"
46.232.250.32 - - [17/Apr/2026:00:12:36 +0330] "GET /wp-content/uploads/elementor/css/post-53138.css?ver=1776365957 HTTP/1.1" 200 11390 "-" "Mozilla/5.0 (Windows NT 10.0; Win64; x64; rv:148.0) Gecko/20100101 Firefox/148.0"
202.46.62.6 - - [17/Apr/2026:00:12:35 +0330] "POST /tag/%D9%BE%D8%AE%D8%AA-%D8%AF%D9%84%D9%85%D9%87-%D8%A8%D8%A7%D8%AF%D9%85%D8%AC%D8%A7%D9%86/?nocache=1776372148 HTTP/1.1" 200 4367 "https://rozbano.com/tag/%D9%BE%D8%AE%D8%AA-%D8%AF%D9%84%D9%85%D9%87-%D8%A8%D8%A7%D8%AF%D9%85%D8%AC%D8%A7%D9%86/" "Mozilla/5.0 (Windows NT 10.0; Win64; x64) AppleWebKit/537.36 (KHTML, like Gecko) Chrome/133.0.6943.141 Safari/537.36"
66.249.70.38 - - [17/Apr/2026:00:12:55 +0330] "GET /page/2/?search=search_term_string&nocache=1766414855 HTTP/1.1" 200 27576 "-" "Mozilla/5.0 (Linux; Android 6.0.1; Nexus 5X Build/MMB29P) AppleWebKit/537.36 (KHTML, like Gecko) Chrome/146.0.7680.177 Mobile Safari/537.36 (compatible; Googlebot/2.1; +http://www.google.com/bot.html)"
66.249.70.39 - - [17/Apr/2026:00:12:57 +0330] "GET /page/505/?search=search_term_string&nocache=1766720429 HTTP/1.1" 200 29707 "-" "Mozilla/5.0 (Linux; Android 6.0.1; Nexus 5X Build/MMB29P) AppleWebKit/537.36 (KHTML, like Gecko) Chrome/146.0.7680.177 Mobile Safari/537.36 (compatible; Googlebot/2.1; +http://www.google.com/bot.html)"
52.167.144.213 - - [17/Apr/2026:00:12:59 +0330] "GET /wp-content/plugins/jet-engine/assets/css/frontend.css HTTP/2" 200 8353 "https://rozbano.com/highlighted-knit-weave-training" "Mozilla/5.0 AppleWebKit/537.36 (KHTML, like Gecko; compatible; bingbot/2.0; +http://www.bing.com/bingbot.htm) Chrome/136.0.0.0 Safari/537.36 AppleWebKit/537.36 (KHTML, like Gecko; compatible; bingbot/2.0; +http://www.bing.com/bingbot.htm) Chrome/116.0.1938.76 Safari/537.36"
52.167.144.213 - - [17/Apr/2026:00:12:59 +0330] "GET /wp-content/uploads/elementor/css/post-53149.css HTTP/2" 200 1333 "https://rozbano.com/highlighted-knit-weave-training" "Mozilla/5.0 AppleWebKit/537.36 (KHTML, like Gecko; compatible; bingbot/2.0; +http://www.bing.com/bingbot.htm) Chrome/136.0.0.0 Safari/537.36 AppleWebKit/537.36 (KHTML, like Gecko; compatible; bingbot/2.0; +http://www.bing.com/bingbot.htm) Chrome/116.0.1938.76 Safari/537.36"
52.167.144.213 - - [17/Apr/2026:00:13:00 +0330] "GET /wp-content/plugins/elementor/assets/css/widget-icon-list-rtl.min.css HTTP/2" 200 963 "https://rozbano.com/highlighted-knit-weave-training" "Mozilla/5.0 AppleWebKit/537.36 (KHTML, like Gecko; compatible; bingbot/2.0; +http://www.bing.com/bingbot.htm) Chrome/136.0.0.0 Safari/537.36 AppleWebKit/537.36 (KHTML, like Gecko; compatible; bingbot/2.0; +http://www.bing.com/bingbot.htm) Chrome/116.0.1938.76 Safari/537.36"
66.249.70.39 - - [17/Apr/2026:00:12:33 +0330] "GET /page/506/?search=%D8%AA%DB%8C%D9%86%D8%A7+%D8%A2%D8%AE%D9%88%D9%86%D8%AF%D8%AA%D8%A8%D8%A7%D8%B1&nocache=1766453427 HTTP/1.1" 200 28052 "-" "Mozilla/5.0 (Linux; Android 6.0.1; Nexus 5X Build/MMB29P) AppleWebKit/537.36 (KHTML, like Gecko) Chrome/146.0.7680.177 Mobile Safari/537.36 (compatible; Googlebot/2.1; +http://www.google.com/bot.html)"
82.13.78.180 - - [17/Apr/2026:00:12:36 +0330] "GET /favicon.ico HTTP/2" 404 796 "-" "NetworkingExtension/8624.1.16.10.6 Network/5812.102.3 iOS/26.4.1"
82.13.78.180 - - [17/Apr/2026:00:12:36 +0330] "GET /apple-touch-icon.png HTTP/2" 404 14059 "-" "NetworkingExtension/8624.1.16.10.6 Network/5812.102.3 iOS/26.4.1"
82.13.78.180 - - [17/Apr/2026:00:12:36 +0330] "GET /apple-touch-icon-precomposed.png HTTP/2" 404 14066 "-" "NetworkingExtension/8624.1.16.10.6 Network/5812.102.3 iOS/26.4.1"
66.249.70.39 - - [17/Apr/2026:00:12:40 +0330] "GET /page/4/?search=search_term_string&nocache=1766401595 HTTP/1.1" 200 27562 "-" "Mozilla/5.0 (Linux; Android 6.0.1; Nexus 5X Build/MMB29P) AppleWebKit/537.36 (KHTML, like Gecko) Chrome/146.0.7680.177 Mobile Safari/537.36 (compatible; Googlebot/2.1; +http://www.google.com/bot.html)"
82.13.78.180 - - [17/Apr/2026:00:12:41 +0330] "GET /wp-content/uploads/2016/06/nobody-biography-of-soroush-lashkari-hichkas-08.webp HTTP/2" 200 14010 "-" "NetworkingExtension/8624.1.16.10.6 Network/5812.102.3 iOS/26.4.1"
82.13.78.180 - - [17/Apr/2026:00:12:41 +0330] "GET /wp-content/uploads/2016/06/nobody-biography-of-soroush-lashkari-hichkas-08.webp HTTP/2" 200 14010 "-" "NetworkingExtension/8624.1.16.10.6 Network/5812.102.3 iOS/26.4.1"
82.13.78.180 - - [17/Apr/2026:00:12:41 +0330] "GET /wp-content/uploads/2016/06/nobody-biography-of-soroush-lashkari-hichkas-07.webp HTTP/2" 200 30508 "-" "NetworkingExtension/8624.1.16.10.6 Network/5812.102.3 iOS/26.4.1"
82.13.78.180 - - [17/Apr/2026:00:12:41 +0330] "GET /wp-content/uploads/2016/06/nobody-biography-of-soroush-lashkari-hichkas-06.webp HTTP/2" 200 26560 "-" "NetworkingExtension/8624.1.16.10.6 Network/5812.102.3 iOS/26.4.1"
82.13.78.180 - - [17/Apr/2026:00:12:41 +0330] "GET /wp-content/uploads/2025/06/cropped-Rozbano-Nima-fav-ico-32x32.webp HTTP/2" 200 904 "-" "NetworkingExtension/8624.1.16.10.6 Network/5812.102.3 iOS/26.4.1"
82.13.78.180 - - [17/Apr/2026:00:12:41 +0330] "GET /wp-content/uploads/2025/06/cropped-Rozbano-Nima-fav-ico-192x192.webp HTTP/2" 200 6374 "-" "NetworkingExtension/8624.1.16.10.6 Network/5812.102.3 iOS/26.4.1"
82.13.78.180 - - [17/Apr/2026:00:12:41 +0330] "GET /wp-content/uploads/2025/06/cropped-Rozbano-Nima-fav-ico-180x180.webp HTTP/2" 200 6122 "-" "NetworkingExtension/8624.1.16.10.6 Network/5812.102.3 iOS/26.4.1"
66.249.70.38 - - [17/Apr/2026:00:12:41 +0330] "GET /?p=9778763151903 HTTP/1.1" 200 28646 "-" "Mozilla/5.0 (Linux; Android 6.0.1; Nexus 5X Build/MMB29P) AppleWebKit/537.36 (KHTML, like Gecko) Chrome/146.0.7680.177 Mobile Safari/537.36 (compatible; GoogleOther)"
66.249.70.33 - - [17/Apr/2026:00:12:44 +0330] "GET /?p=87957166258800 HTTP/1.1" 200 27489 "-" "Mozilla/5.0 (Linux; Android 6.0.1; Nexus 5X Build/MMB29P) AppleWebKit/537.36 (KHTML, like Gecko) Chrome/146.0.7680.177 Mobile Safari/537.36 (compatible; GoogleOther)"
66.249.70.33 - - [17/Apr/2026:00:12:46 +0330] "GET /?p=57143140626504 HTTP/1.1" 200 27620 "-" "Mozilla/5.0 (Linux; Android 6.0.1; Nexus 5X Build/MMB29P) AppleWebKit/537.36 (KHTML, like Gecko) Chrome/146.0.7680.177 Mobile Safari/537.36 (compatible; GoogleOther)"
47.128.49.214 - - [17/Apr/2026:00:12:49 +0330] "GET /2020/02/11/ HTTP/2" 403 20 "-" "Mozilla/5.0 (Linux; Android 5.0) AppleWebKit/537.36 (KHTML, like Gecko) Mobile Safari/537.36 (compatible; Bytespider; spider-feedback@bytedance.com)"
66.249.70.34 - - [17/Apr/2026:00:12:53 +0330] "GET /page/507/?search=search_term_string&nocache=1766633749 HTTP/1.1" 200 29734 "-" "Mozilla/5.0 (Linux; Android 6.0.1; Nexus 5X Build/MMB29P) AppleWebKit/537.36 (KHTML, like Gecko) Chrome/146.0.7680.177 Mobile Safari/537.36 (compatible; Googlebot/2.1; +http://www.google.com/bot.html)"
52.167.144.213 - - [17/Apr/2026:00:13:00 +0330] "GET /homemade-winnie-cake-recipe HTTP/2" 200 30103 "-" "Mozilla/5.0 AppleWebKit/537.36 (KHTML, like Gecko; compatible; bingbot/2.0; +http://www.bing.com/bingbot.htm) Chrome/116.0.1938.76 Safari/537.36"
52.167.144.213 - - [17/Apr/2026:00:13:01 +0330] "GET /wp-content/plugins/elementor/assets/css/conditionals/e-swiper.min.css HTTP/2" 200 699 "https://rozbano.com/highlighted-knit-weave-training" "Mozilla/5.0 AppleWebKit/537.36 (KHTML, like Gecko; compatible; bingbot/2.0; +http://www.bing.com/bingbot.htm) Chrome/136.0.0.0 Safari/537.36 AppleWebKit/537.36 (KHTML, like Gecko; compatible; bingbot/2.0; +http://www.bing.com/bingbot.htm) Chrome/116.0.1938.76 Safari/537.36"
66.249.70.39 - - [17/Apr/2026:00:13:01 +0330] "GET /page/510/?search=search_term_string&nocache=1766300070 HTTP/1.1" 200 27417 "-" "Mozilla/5.0 (Linux; Android 6.0.1; Nexus 5X Build/MMB29P) AppleWebKit/537.36 (KHTML, like Gecko) Chrome/146.0.7680.177 Mobile Safari/537.36 (compatible; Googlebot/2.1; +http://www.google.com/bot.html)"
52.167.144.213 - - [17/Apr/2026:00:13:02 +0330] "GET /wp-content/plugins/elementor/assets/css/widget-icon-box-rtl.min.css HTTP/2" 200 422 "https://rozbano.com/highlighted-knit-weave-training" "Mozilla/5.0 AppleWebKit/537.36 (KHTML, like Gecko; compatible; bingbot/2.0; +http://www.bing.com/bingbot.htm) Chrome/136.0.0.0 Safari/537.36 AppleWebKit/537.36 (KHTML, like Gecko; compatible; bingbot/2.0; +http://www.bing.com/bingbot.htm) Chrome/116.0.1938.76 Safari/537.36"
52.167.144.213 - - [17/Apr/2026:00:13:02 +0330] "GET /wp-content/uploads/elementor/css/post-53234.css HTTP/2" 200 414 "https://rozbano.com/highlighted-knit-weave-training" "Mozilla/5.0 AppleWebKit/537.36 (KHTML, like Gecko; compatible; bingbot/2.0; +http://www.bing.com/bingbot.htm) Chrome/136.0.0.0 Safari/537.36 AppleWebKit/537.36 (KHTML, like Gecko; compatible; bingbot/2.0; +http://www.bing.com/bingbot.htm) Chrome/116.0.1938.76 Safari/537.36"
52.167.144.213 - - [17/Apr/2026:00:13:03 +0330] "GET /wp-content/plugins/elementor-pro/assets/css/widget-call-to-action-rtl.min.css HTTP/2" 200 1211 "https://rozbano.com/highlighted-knit-weave-training" "Mozilla/5.0 AppleWebKit/537.36 (KHTML, like Gecko; compatible; bingbot/2.0; +http://www.bing.com/bingbot.htm) Chrome/136.0.0.0 Safari/537.36 AppleWebKit/537.36 (KHTML, like Gecko; compatible; bingbot/2.0; +http://www.bing.com/bingbot.htm) Chrome/116.0.1938.76 Safari/537.36"
52.167.144.213 - - [17/Apr/2026:00:13:03 +0330] "GET /wp-content/plugins/elementor/assets/css/widget-social-icons-rtl.min.css HTTP/2" 200 1069 "https://rozbano.com/highlighted-knit-weave-training" "Mozilla/5.0 AppleWebKit/537.36 (KHTML, like Gecko; compatible; bingbot/2.0; +http://www.bing.com/bingbot.htm) Chrome/136.0.0.0 Safari/537.36 AppleWebKit/537.36 (KHTML, like Gecko; compatible; bingbot/2.0; +http://www.bing.com/bingbot.htm) Chrome/116.0.1938.76 Safari/537.36"
52.167.144.213 - - [17/Apr/2026:00:13:04 +0330] "GET /wp-content/plugins/elementor/assets/css/widget-image-rtl.min.css HTTP/2" 200 119 "https://rozbano.com/highlighted-knit-weave-training" "Mozilla/5.0 AppleWebKit/537.36 (KHTML, like Gecko; compatible; bingbot/2.0; +http://www.bing.com/bingbot.htm) Chrome/136.0.0.0 Safari/537.36 AppleWebKit/537.36 (KHTML, like Gecko; compatible; bingbot/2.0; +http://www.bing.com/bingbot.htm) Chrome/116.0.1938.76 Safari/537.36"
52.167.144.213 - - [17/Apr/2026:00:13:04 +0330] "GET /wp-content/plugins/elementor-pro/assets/css/widget-nav-menu-rtl.min.css HTTP/2" 200 3246 "https://rozbano.com/highlighted-knit-weave-training" "Mozilla/5.0 AppleWebKit/537.36 (KHTML, like Gecko; compatible; bingbot/2.0; +http://www.bing.com/bingbot.htm) Chrome/136.0.0.0 Safari/537.36 AppleWebKit/537.36 (KHTML, like Gecko; compatible; bingbot/2.0; +http://www.bing.com/bingbot.htm) Chrome/116.0.1938.76 Safari/537.36"
86.55.246.218 - - [17/Apr/2026:00:13:03 +0330] "GET /crochet-sundress-texture HTTP/2" 301 20 "https://zarebin.ir/" "Mozilla/5.0 (iPhone; CPU iPhone OS 18_5 like Mac OS X) AppleWebKit/605.1.15 (KHTML, like Gecko) Version/18.5 Mobile/15E148 Safari/604.1"
52.167.144.213 - - [17/Apr/2026:00:13:05 +0330] "GET /wp-content/plugins/elementor/assets/css/widget-heading-rtl.min.css HTTP/2" 200 154 "https://rozbano.com/highlighted-knit-weave-training" "Mozilla/5.0 AppleWebKit/537.36 (KHTML, like Gecko; compatible; bingbot/2.0; +http://www.bing.com/bingbot.htm) Chrome/136.0.0.0 Safari/537.36 AppleWebKit/537.36 (KHTML, like Gecko; compatible; bingbot/2.0; +http://www.bing.com/bingbot.htm) Chrome/116.0.1938.76 Safari/537.36"
66.249.70.32 - - [17/Apr/2026:00:13:06 +0330] "GET /page/502/?search=search_term_string&nocache=1765807275 HTTP/1.1" 200 29063 "-" "Mozilla/5.0 (Linux; Android 6.0.1; Nexus 5X Build/MMB29P) AppleWebKit/537.36 (KHTML, like Gecko) Chrome/146.0.7680.177 Mobile Safari/537.36 (compatible; Googlebot/2.1; +http://www.google.com/bot.html)"
