83.120.12.158 - - [17/Apr/2026:00:15:04 +0330] "GET /wp-content/plugins/elementor-pro/assets/css/widget-call-to-action-rtl.min.css?ver=3.32.3 HTTP/2" 200 1211 "https://rozbano.com/making-turtle-felt-dolls/" "Mozilla/5.0 (Linux; Android 13; 23129RAA4G Build/TKQ1.221114.001; wv) AppleWebKit/537.36 (KHTML, like Gecko) 4.0 Chrome/145.0.7632.79 Mobile Safari/537.36; bw4"
83.120.12.158 - - [17/Apr/2026:00:15:04 +0330] "GET /wp-content/plugins/elementor-pro/assets/css/conditionals/transitions.min.css?ver=3.32.3 HTTP/2" 200 599 "https://rozbano.com/making-turtle-felt-dolls/" "Mozilla/5.0 (Linux; Android 13; 23129RAA4G Build/TKQ1.221114.001; wv) AppleWebKit/537.36 (KHTML, like Gecko) 4.0 Chrome/145.0.7632.79 Mobile Safari/537.36; bw4"
83.120.12.158 - - [17/Apr/2026:00:15:04 +0330] "GET /wp-includes/js/jquery/jquery.min.js?ver=3.7.1 HTTP/2" 200 29744 "https://rozbano.com/making-turtle-felt-dolls/" "Mozilla/5.0 (Linux; Android 13; 23129RAA4G Build/TKQ1.221114.001; wv) AppleWebKit/537.36 (KHTML, like Gecko) 4.0 Chrome/145.0.7632.79 Mobile Safari/537.36; bw4"
83.120.12.158 - - [17/Apr/2026:00:15:04 +0330] "GET /wp-includes/js/jquery/jquery-migrate.min.js?ver=3.4.1 HTTP/2" 200 4678 "https://rozbano.com/making-turtle-felt-dolls/" "Mozilla/5.0 (Linux; Android 13; 23129RAA4G Build/TKQ1.221114.001; wv) AppleWebKit/537.36 (KHTML, like Gecko) 4.0 Chrome/145.0.7632.79 Mobile Safari/537.36; bw4"
83.120.12.158 - - [17/Apr/2026:00:15:04 +0330] "GET /wp-content/uploads/2025/05/Making20Turtle20Felt20Dolls-40.jpg HTTP/2" 200 150160 "https://rozbano.com/making-turtle-felt-dolls/" "Mozilla/5.0 (Linux; Android 13; 23129RAA4G Build/TKQ1.221114.001; wv) AppleWebKit/537.36 (KHTML, like Gecko) 4.0 Chrome/145.0.7632.79 Mobile Safari/537.36; bw4"
83.120.12.158 - - [17/Apr/2026:00:15:05 +0330] "GET /wp-content/uploads/2025/05/Making20Turtle20Felt20Dolls-42.jpg HTTP/2" 200 14217 "https://rozbano.com/making-turtle-felt-dolls/" "Mozilla/5.0 (Linux; Android 13; 23129RAA4G Build/TKQ1.221114.001; wv) AppleWebKit/537.36 (KHTML, like Gecko) 4.0 Chrome/145.0.7632.79 Mobile Safari/537.36; bw4"
83.120.12.158 - - [17/Apr/2026:00:15:05 +0330] "GET /wp-content/uploads/2025/05/Making20Turtle20Felt20Dolls.jpg HTTP/2" 200 34299 "https://rozbano.com/making-turtle-felt-dolls/" "Mozilla/5.0 (Linux; Android 13; 23129RAA4G Build/TKQ1.221114.001; wv) AppleWebKit/537.36 (KHTML, like Gecko) 4.0 Chrome/145.0.7632.79 Mobile Safari/537.36; bw4"
83.120.12.158 - - [17/Apr/2026:00:15:05 +0330] "GET /wp-content/uploads/2025/05/Making20Turtle20Felt20Dolls-01.jpg HTTP/2" 200 57674 "https://rozbano.com/making-turtle-felt-dolls/" "Mozilla/5.0 (Linux; Android 13; 23129RAA4G Build/TKQ1.221114.001; wv) AppleWebKit/537.36 (KHTML, like Gecko) 4.0 Chrome/145.0.7632.79 Mobile Safari/537.36; bw4"
83.120.12.158 - - [17/Apr/2026:00:15:05 +0330] "GET /wp-content/uploads/2025/05/Making20Turtle20Felt20Dolls-02.jpg HTTP/2" 200 86146 "https://rozbano.com/making-turtle-felt-dolls/" "Mozilla/5.0 (Linux; Android 13; 23129RAA4G Build/TKQ1.221114.001; wv) AppleWebKit/537.36 (KHTML, like Gecko) 4.0 Chrome/145.0.7632.79 Mobile Safari/537.36; bw4"
83.120.214.74 - - [17/Apr/2026:00:14:42 +0330] "GET /wp-content/uploads/2025/05/rozbano-12-9.jpg HTTP/2" 200 20562 "https://rozbano.com/shoulder-open-dress-pattern/" "Mozilla/5.0 (Linux; Android 14; 23129RAA4G Build/UKQ1.231207.002; wv) AppleWebKit/537.36 (KHTML, like Gecko) 4.0 Chrome/145.0.7632.80 Mobile Safari/537.36; bw4"
83.120.214.74 - - [17/Apr/2026:00:14:42 +0330] "GET /wp-content/uploads/2025/05/rozbano-224-1-2.jpg HTTP/2" 200 17306 "https://rozbano.com/shoulder-open-dress-pattern/" "Mozilla/5.0 (Linux; Android 14; 23129RAA4G Build/UKQ1.231207.002; wv) AppleWebKit/537.36 (KHTML, like Gecko) 4.0 Chrome/145.0.7632.80 Mobile Safari/537.36; bw4"
83.120.214.74 - - [17/Apr/2026:00:14:42 +0330] "GET /wp-content/uploads/2025/05/Shoulder20open20dress20pattern-01.jpg HTTP/2" 200 45333 "https://rozbano.com/shoulder-open-dress-pattern/" "Mozilla/5.0 (Linux; Android 14; 23129RAA4G Build/UKQ1.231207.002; wv) AppleWebKit/537.36 (KHTML, like Gecko) 4.0 Chrome/145.0.7632.80 Mobile Safari/537.36; bw4"
83.120.214.74 - - [17/Apr/2026:00:14:42 +0330] "GET /wp-includes/js/comment-reply.min.js?ver=6.9.4 HTTP/2" 200 1247 "https://rozbano.com/shoulder-open-dress-pattern/" "Mozilla/5.0 (Linux; Android 14; 23129RAA4G Build/UKQ1.231207.002; wv) AppleWebKit/537.36 (KHTML, like Gecko) 4.0 Chrome/145.0.7632.80 Mobile Safari/537.36; bw4"
83.120.214.74 - - [17/Apr/2026:00:14:42 +0330] "GET /wp-content/plugins/elementor/assets/js/shared-frontend-handlers.4c8abccc3e268b0767b2.bundle.min.js HTTP/2" 200 2542 "https://rozbano.com/shoulder-open-dress-pattern/" "Mozilla/5.0 (Linux; Android 14; 23129RAA4G Build/UKQ1.231207.002; wv) AppleWebKit/537.36 (KHTML, like Gecko) 4.0 Chrome/145.0.7632.80 Mobile Safari/537.36; bw4"
83.120.214.74 - - [17/Apr/2026:00:14:43 +0330] "GET /wp-content/plugins/elementor-pro/assets/js/share-buttons.63d984f8c96d1e053bc0.bundle.min.js HTTP/2" 200 690 "https://rozbano.com/shoulder-open-dress-pattern/" "Mozilla/5.0 (Linux; Android 14; 23129RAA4G Build/UKQ1.231207.002; wv) AppleWebKit/537.36 (KHTML, like Gecko) 4.0 Chrome/145.0.7632.80 Mobile Safari/537.36; bw4"
83.120.214.74 - - [17/Apr/2026:00:14:43 +0330] "GET /wp-content/plugins/elementor-pro/assets/js/nav-menu.0edc0c22e9f3101552ed.bundle.min.js HTTP/2" 200 1758 "https://rozbano.com/shoulder-open-dress-pattern/" "Mozilla/5.0 (Linux; Android 14; 23129RAA4G Build/UKQ1.231207.002; wv) AppleWebKit/537.36 (KHTML, like Gecko) 4.0 Chrome/145.0.7632.80 Mobile Safari/537.36; bw4"
83.120.214.74 - - [17/Apr/2026:00:14:43 +0330] "GET /wp-includes/js/wp-emoji-release.min.js?ver=6.9.4 HTTP/2" 200 4949 "https://rozbano.com/shoulder-open-dress-pattern/" "Mozilla/5.0 (Linux; Android 14; 23129RAA4G Build/UKQ1.231207.002; wv) AppleWebKit/537.36 (KHTML, like Gecko) 4.0 Chrome/145.0.7632.80 Mobile Safari/537.36; bw4"
83.120.214.74 - - [17/Apr/2026:00:14:43 +0330] "GET /wp-content/plugins/elementor/assets/lib/share-link/share-link.min.js?ver=3.32.3 HTTP/2" 200 1072 "https://rozbano.com/shoulder-open-dress-pattern/" "Mozilla/5.0 (Linux; Android 14; 23129RAA4G Build/UKQ1.231207.002; wv) AppleWebKit/537.36 (KHTML, like Gecko) 4.0 Chrome/145.0.7632.80 Mobile Safari/537.36; bw4"
66.249.70.38 - - [17/Apr/2026:00:14:44 +0330] "GET /page/4/?search=search_term_string&nocache=1766326976 HTTP/1.1" 200 30881 "-" "Mozilla/5.0 (Linux; Android 6.0.1; Nexus 5X Build/MMB29P) AppleWebKit/537.36 (KHTML, like Gecko) Chrome/146.0.7680.177 Mobile Safari/537.36 (compatible; Googlebot/2.1; +http://www.google.com/bot.html)"
66.249.70.35 - - [17/Apr/2026:00:14:58 +0330] "GET /page/506/?search=search_term_string&nocache=1766409791 HTTP/1.1" 200 28214 "-" "Mozilla/5.0 (Linux; Android 6.0.1; Nexus 5X Build/MMB29P) AppleWebKit/537.36 (KHTML, like Gecko) Chrome/146.0.7680.177 Mobile Safari/537.36 (compatible; Googlebot/2.1; +http://www.google.com/bot.html)"
83.120.12.158 - - [17/Apr/2026:00:15:06 +0330] "GET /wp-content/plugins/elementor/assets/js/webpack.runtime.min.js?ver=3.32.3 HTTP/2" 200 2320 "https://rozbano.com/making-turtle-felt-dolls/" "Mozilla/5.0 (Linux; Android 13; 23129RAA4G Build/TKQ1.221114.001; wv) AppleWebKit/537.36 (KHTML, like Gecko) 4.0 Chrome/145.0.7632.79 Mobile Safari/537.36; bw4"
83.120.12.158 - - [17/Apr/2026:00:15:06 +0330] "GET /wp-content/uploads/2025/12/IRANSansXFaNum-Medium.woff2 HTTP/2" 200 28060 "https://rozbano.com/wp-content/uploads/elementor/css/post-53138.css?ver=1776365957" "Mozilla/5.0 (Linux; Android 13; 23129RAA4G Build/TKQ1.221114.001; wv) AppleWebKit/537.36 (KHTML, like Gecko) 4.0 Chrome/145.0.7632.79 Mobile Safari/537.36; bw4"
83.120.12.158 - - [17/Apr/2026:00:15:06 +0330] "GET /wp-content/uploads/2025/12/IRANSansXFaNum-Regular.woff2 HTTP/2" 200 27012 "https://rozbano.com/wp-content/uploads/elementor/css/post-53138.css?ver=1776365957" "Mozilla/5.0 (Linux; Android 13; 23129RAA4G Build/TKQ1.221114.001; wv) AppleWebKit/537.36 (KHTML, like Gecko) 4.0 Chrome/145.0.7632.79 Mobile Safari/537.36; bw4"
83.120.12.158 - - [17/Apr/2026:00:15:06 +0330] "GET /wp-content/uploads/2025/12/IRANSansXFaNum-Black.woff2 HTTP/2" 200 26796 "https://rozbano.com/wp-content/uploads/elementor/css/post-53138.css?ver=1776365957" "Mozilla/5.0 (Linux; Android 13; 23129RAA4G Build/TKQ1.221114.001; wv) AppleWebKit/537.36 (KHTML, like Gecko) 4.0 Chrome/145.0.7632.79 Mobile Safari/537.36; bw4"
83.120.12.158 - - [17/Apr/2026:00:15:06 +0330] "GET /wp-content/uploads/2025/12/IRANSansXFaNum-Bold.woff2 HTTP/2" 200 28036 "https://rozbano.com/wp-content/uploads/elementor/css/post-53138.css?ver=1776365957" "Mozilla/5.0 (Linux; Android 13; 23129RAA4G Build/TKQ1.221114.001; wv) AppleWebKit/537.36 (KHTML, like Gecko) 4.0 Chrome/145.0.7632.79 Mobile Safari/537.36; bw4"
83.120.12.158 - - [17/Apr/2026:00:15:06 +0330] "GET /wp-content/uploads/2025/05/Rozbano-Logo-Web-Nima-new.webp HTTP/2" 200 2430 "https://rozbano.com/making-turtle-felt-dolls/" "Mozilla/5.0 (Linux; Android 13; 23129RAA4G Build/TKQ1.221114.001; wv) AppleWebKit/537.36 (KHTML, like Gecko) 4.0 Chrome/145.0.7632.79 Mobile Safari/537.36; bw4"
83.120.12.158 - - [17/Apr/2026:00:15:07 +0330] "GET /wp-content/plugins/elementor/assets/js/frontend-modules.min.js?ver=3.32.3 HTTP/2" 200 17962 "https://rozbano.com/making-turtle-felt-dolls/" "Mozilla/5.0 (Linux; Android 13; 23129RAA4G Build/TKQ1.221114.001; wv) AppleWebKit/537.36 (KHTML, like Gecko) 4.0 Chrome/145.0.7632.79 Mobile Safari/537.36; bw4"
83.120.12.158 - - [17/Apr/2026:00:15:07 +0330] "GET /wp-includes/js/jquery/ui/core.min.js?ver=1.13.3 HTTP/2" 200 6812 "https://rozbano.com/making-turtle-felt-dolls/" "Mozilla/5.0 (Linux; Android 13; 23129RAA4G Build/TKQ1.221114.001; wv) AppleWebKit/537.36 (KHTML, like Gecko) 4.0 Chrome/145.0.7632.79 Mobile Safari/537.36; bw4"
83.120.12.158 - - [17/Apr/2026:00:15:07 +0330] "GET /wp-content/plugins/elementor/assets/js/frontend.min.js?ver=3.32.3 HTTP/2" 200 10165 "https://rozbano.com/making-turtle-felt-dolls/" "Mozilla/5.0 (Linux; Android 13; 23129RAA4G Build/TKQ1.221114.001; wv) AppleWebKit/537.36 (KHTML, like Gecko) 4.0 Chrome/145.0.7632.79 Mobile Safari/537.36; bw4"
83.120.12.158 - - [17/Apr/2026:00:15:07 +0330] "GET /wp-content/plugins/elementor-pro/assets/lib/sticky/jquery.sticky.min.js?ver=3.32.3 HTTP/2" 200 1442 "https://rozbano.com/making-turtle-felt-dolls/" "Mozilla/5.0 (Linux; Android 13; 23129RAA4G Build/TKQ1.221114.001; wv) AppleWebKit/537.36 (KHTML, like Gecko) 4.0 Chrome/145.0.7632.79 Mobile Safari/537.36; bw4"
83.120.12.158 - - [17/Apr/2026:00:15:07 +0330] "GET /wp-content/plugins/elementor/assets/lib/swiper/v8/swiper.min.js?ver=8.4.5 HTTP/2" 200 38152 "https://rozbano.com/making-turtle-felt-dolls/" "Mozilla/5.0 (Linux; Android 13; 23129RAA4G Build/TKQ1.221114.001; wv) AppleWebKit/537.36 (KHTML, like Gecko) 4.0 Chrome/145.0.7632.79 Mobile Safari/537.36; bw4"
130.255.223.237 - - [17/Apr/2026:00:15:02 +0330] "GET /wp-content/uploads/2025/07/Free-angel-pendant-sewing-tutorial-02-150x150.webp HTTP/2" 200 6000 "https://rozbano.com/crochet-stylish-and-simple-tissue-paper-cover-tutorial/" "Mozilla/5.0 (Linux; Android 12; SM-A125F Build/SP1A.210812.016; wv) AppleWebKit/537.36 (KHTML, like Gecko) 4.0 Chrome/145.0.7632.79 Mobile Safari/537.36; bw4"
130.255.223.237 - - [17/Apr/2026:00:15:02 +0330] "GET /wp-content/uploads/2025/05/rozbano-71-8-150x150.jpg HTTP/2" 200 7951 "https://rozbano.com/crochet-stylish-and-simple-tissue-paper-cover-tutorial/" "Mozilla/5.0 (Linux; Android 12; SM-A125F Build/SP1A.210812.016; wv) AppleWebKit/537.36 (KHTML, like Gecko) 4.0 Chrome/145.0.7632.79 Mobile Safari/537.36; bw4"
130.255.223.237 - - [17/Apr/2026:00:15:02 +0330] "GET /wp-content/uploads/2025/05/rozbano-53-16-150x148.jpg HTTP/2" 200 3500 "https://rozbano.com/crochet-stylish-and-simple-tissue-paper-cover-tutorial/" "Mozilla/5.0 (Linux; Android 12; SM-A125F Build/SP1A.210812.016; wv) AppleWebKit/537.36 (KHTML, like Gecko) 4.0 Chrome/145.0.7632.79 Mobile Safari/537.36; bw4"
66.249.70.32 - - [17/Apr/2026:00:15:04 +0330] "GET /?p=5402071891109 HTTP/1.1" 200 27789 "-" "Mozilla/5.0 (Linux; Android 6.0.1; Nexus 5X Build/MMB29P) AppleWebKit/537.36 (KHTML, like Gecko) Chrome/146.0.7680.177 Mobile Safari/537.36 (compatible; GoogleOther)"
130.255.223.237 - - [17/Apr/2026:00:15:05 +0330] "GET /wp-content/uploads/2025/05/3D20texture20for20baby-03-150x139.jpg HTTP/2" 200 5527 "https://rozbano.com/crochet-stylish-and-simple-tissue-paper-cover-tutorial/" "Mozilla/5.0 (Linux; Android 12; SM-A125F Build/SP1A.210812.016; wv) AppleWebKit/537.36 (KHTML, like Gecko) 4.0 Chrome/145.0.7632.79 Mobile Safari/537.36; bw4"
130.255.223.237 - - [17/Apr/2026:00:15:05 +0330] "GET /wp-content/uploads/2025/05/rozbano-757-1-150x139.jpg HTTP/2" 200 7438 "https://rozbano.com/crochet-stylish-and-simple-tissue-paper-cover-tutorial/" "Mozilla/5.0 (Linux; Android 12; SM-A125F Build/SP1A.210812.016; wv) AppleWebKit/537.36 (KHTML, like Gecko) 4.0 Chrome/145.0.7632.79 Mobile Safari/537.36; bw4"
130.255.223.237 - - [17/Apr/2026:00:15:05 +0330] "GET /wp-includes/js/comment-reply.min.js?ver=6.9.4 HTTP/2" 200 1247 "https://rozbano.com/crochet-stylish-and-simple-tissue-paper-cover-tutorial/" "Mozilla/5.0 (Linux; Android 12; SM-A125F Build/SP1A.210812.016; wv) AppleWebKit/537.36 (KHTML, like Gecko) 4.0 Chrome/145.0.7632.79 Mobile Safari/537.36; bw4"
130.255.223.237 - - [17/Apr/2026:00:15:05 +0330] "GET /wp-content/plugins/elementor/assets/js/shared-frontend-handlers.4c8abccc3e268b0767b2.bundle.min.js HTTP/2" 200 2542 "https://rozbano.com/crochet-stylish-and-simple-tissue-paper-cover-tutorial/" "Mozilla/5.0 (Linux; Android 12; SM-A125F Build/SP1A.210812.016; wv) AppleWebKit/537.36 (KHTML, like Gecko) 4.0 Chrome/145.0.7632.79 Mobile Safari/537.36; bw4"
130.255.223.237 - - [17/Apr/2026:00:15:05 +0330] "GET /wp-content/plugins/elementor-pro/assets/js/share-buttons.63d984f8c96d1e053bc0.bundle.min.js HTTP/2" 200 690 "https://rozbano.com/crochet-stylish-and-simple-tissue-paper-cover-tutorial/" "Mozilla/5.0 (Linux; Android 12; SM-A125F Build/SP1A.210812.016; wv) AppleWebKit/537.36 (KHTML, like Gecko) 4.0 Chrome/145.0.7632.79 Mobile Safari/537.36; bw4"
130.255.223.237 - - [17/Apr/2026:00:15:07 +0330] "GET /wp-content/plugins/elementor-pro/assets/js/nav-menu.0edc0c22e9f3101552ed.bundle.min.js HTTP/2" 200 1758 "https://rozbano.com/crochet-stylish-and-simple-tissue-paper-cover-tutorial/" "Mozilla/5.0 (Linux; Android 12; SM-A125F Build/SP1A.210812.016; wv) AppleWebKit/537.36 (KHTML, like Gecko) 4.0 Chrome/145.0.7632.79 Mobile Safari/537.36; bw4"
130.255.223.237 - - [17/Apr/2026:00:15:07 +0330] "GET /wp-includes/js/wp-emoji-release.min.js?ver=6.9.4 HTTP/2" 200 4949 "https://rozbano.com/crochet-stylish-and-simple-tissue-paper-cover-tutorial/" "Mozilla/5.0 (Linux; Android 12; SM-A125F Build/SP1A.210812.016; wv) AppleWebKit/537.36 (KHTML, like Gecko) 4.0 Chrome/145.0.7632.79 Mobile Safari/537.36; bw4"
83.120.12.158 - - [17/Apr/2026:00:15:07 +0330] "GET /wp-content/plugins/elementor-pro/assets/lib/smartmenus/jquery.smartmenus.min.js?ver=1.2.1 HTTP/2" 200 6867 "https://rozbano.com/making-turtle-felt-dolls/" "Mozilla/5.0 (Linux; Android 13; 23129RAA4G Build/TKQ1.221114.001; wv) AppleWebKit/537.36 (KHTML, like Gecko) 4.0 Chrome/145.0.7632.79 Mobile Safari/537.36; bw4"
83.120.12.158 - - [17/Apr/2026:00:15:08 +0330] "GET /wp-content/plugins/jet-engine/assets/lib/jet-plugins/jet-plugins.js?ver=1.1.0 HTTP/2" 200 2190 "https://rozbano.com/making-turtle-felt-dolls/" "Mozilla/5.0 (Linux; Android 13; 23129RAA4G Build/TKQ1.221114.001; wv) AppleWebKit/537.36 (KHTML, like Gecko) 4.0 Chrome/145.0.7632.79 Mobile Safari/537.36; bw4"
83.120.12.158 - - [17/Apr/2026:00:15:08 +0330] "GET /wp-content/plugins/jet-engine/assets/js/frontend.js?ver=3.7.10 HTTP/2" 200 15312 "https://rozbano.com/making-turtle-felt-dolls/" "Mozilla/5.0 (Linux; Android 13; 23129RAA4G Build/TKQ1.221114.001; wv) AppleWebKit/537.36 (KHTML, like Gecko) 4.0 Chrome/145.0.7632.79 Mobile Safari/537.36; bw4"
83.120.12.158 - - [17/Apr/2026:00:15:08 +0330] "GET /wp-content/plugins/elementor-pro/assets/js/webpack-pro.runtime.min.js?ver=3.32.3 HTTP/2" 200 2622 "https://rozbano.com/making-turtle-felt-dolls/" "Mozilla/5.0 (Linux; Android 13; 23129RAA4G Build/TKQ1.221114.001; wv) AppleWebKit/537.36 (KHTML, like Gecko) 4.0 Chrome/145.0.7632.79 Mobile Safari/537.36; bw4"
83.120.12.158 - - [17/Apr/2026:00:15:08 +0330] "GET /wp-includes/js/dist/hooks.min.js?ver=dd5603f07f9220ed27f1 HTTP/2" 200 1852 "https://rozbano.com/making-turtle-felt-dolls/" "Mozilla/5.0 (Linux; Android 13; 23129RAA4G Build/TKQ1.221114.001; wv) AppleWebKit/537.36 (KHTML, like Gecko) 4.0 Chrome/145.0.7632.79 Mobile Safari/537.36; bw4"
83.120.12.158 - - [17/Apr/2026:00:15:08 +0330] "GET /wp-includes/js/dist/i18n.min.js?ver=c26c3dc7bed366793375 HTTP/2" 200 2119 "https://rozbano.com/making-turtle-felt-dolls/" "Mozilla/5.0 (Linux; Android 13; 23129RAA4G Build/TKQ1.221114.001; wv) AppleWebKit/537.36 (KHTML, like Gecko) 4.0 Chrome/145.0.7632.79 Mobile Safari/537.36; bw4"
83.120.12.158 - - [17/Apr/2026:00:15:08 +0330] "GET /wp-content/plugins/elementor-pro/assets/js/frontend.min.js?ver=3.32.3 HTTP/2" 200 6321 "https://rozbano.com/making-turtle-felt-dolls/" "Mozilla/5.0 (Linux; Android 13; 23129RAA4G Build/TKQ1.221114.001; wv) AppleWebKit/537.36 (KHTML, like Gecko) 4.0 Chrome/145.0.7632.79 Mobile Safari/537.36; bw4"
83.120.12.158 - - [17/Apr/2026:00:15:08 +0330] "GET /wp-content/plugins/elementor-pro/assets/js/elements-handlers.min.js?ver=3.32.3 HTTP/2" 200 10180 "https://rozbano.com/making-turtle-felt-dolls/" "Mozilla/5.0 (Linux; Android 13; 23129RAA4G Build/TKQ1.221114.001; wv) AppleWebKit/537.36 (KHTML, like Gecko) 4.0 Chrome/145.0.7632.79 Mobile Safari/537.36; bw4"
83.120.12.158 - - [17/Apr/2026:00:15:08 +0330] "GET /wp-content/uploads/2025/10/Free-crochet-tutorial-for-fall-hat-01.webp HTTP/2" 200 72884 "https://rozbano.com/making-turtle-felt-dolls/" "Mozilla/5.0 (Linux; Android 13; 23129RAA4G Build/TKQ1.221114.001; wv) AppleWebKit/537.36 (KHTML, like Gecko) 4.0 Chrome/145.0.7632.79 Mobile Safari/537.36; bw4"
83.120.12.158 - - [17/Apr/2026:00:15:08 +0330] "GET /wp-content/uploads/2025/11/free-crochet-candy-bath-towel-tutorial-01.webp HTTP/2" 200 34422 "https://rozbano.com/making-turtle-felt-dolls/" "Mozilla/5.0 (Linux; Android 13; 23129RAA4G Build/TKQ1.221114.001; wv) AppleWebKit/537.36 (KHTML, like Gecko) 4.0 Chrome/145.0.7632.79 Mobile Safari/537.36; bw4"
83.120.12.158 - - [17/Apr/2026:00:15:08 +0330] "GET /wp-content/uploads/2025/10/Crochet-Kitchen-Napkin-Holder-Free-Tutorial.webp HTTP/2" 200 31990 "https://rozbano.com/making-turtle-felt-dolls/" "Mozilla/5.0 (Linux; Android 13; 23129RAA4G Build/TKQ1.221114.001; wv) AppleWebKit/537.36 (KHTML, like Gecko) 4.0 Chrome/145.0.7632.79 Mobile Safari/537.36; bw4"
66.249.70.38 - - [17/Apr/2026:00:15:08 +0330] "GET /page/27/?search=search_term_string&nocache=1766753281 HTTP/1.1" 200 27268 "-" "Mozilla/5.0 (Linux; Android 6.0.1; Nexus 5X Build/MMB29P) AppleWebKit/537.36 (KHTML, like Gecko) Chrome/146.0.7680.177 Mobile Safari/537.36 (compatible; Googlebot/2.1; +http://www.google.com/bot.html)"
83.120.12.158 - - [17/Apr/2026:00:15:09 +0330] "GET /wp-content/uploads/2025/10/Autumn-Kaftan-Sewing-Tutorial-at-Home.webp HTTP/2" 200 22110 "https://rozbano.com/making-turtle-felt-dolls/" "Mozilla/5.0 (Linux; Android 13; 23129RAA4G Build/TKQ1.221114.001; wv) AppleWebKit/537.36 (KHTML, like Gecko) 4.0 Chrome/145.0.7632.79 Mobile Safari/537.36; bw4"
83.120.12.158 - - [17/Apr/2026:00:15:09 +0330] "GET /wp-content/uploads/2025/10/Free-tutorial-sew-versatile-organizer-01.webp HTTP/2" 200 21366 "https://rozbano.com/making-turtle-felt-dolls/" "Mozilla/5.0 (Linux; Android 13; 23129RAA4G Build/TKQ1.221114.001; wv) AppleWebKit/537.36 (KHTML, like Gecko) 4.0 Chrome/145.0.7632.79 Mobile Safari/537.36; bw4"
83.120.12.158 - - [17/Apr/2026:00:15:09 +0330] "GET /wp-content/uploads/2025/10/tutorial-sew-versatile-organizer-with-little-fabric-01.webp HTTP/2" 200 64330 "https://rozbano.com/making-turtle-felt-dolls/" "Mozilla/5.0 (Linux; Android 13; 23129RAA4G Build/TKQ1.221114.001; wv) AppleWebKit/537.36 (KHTML, like Gecko) 4.0 Chrome/145.0.7632.79 Mobile Safari/537.36; bw4"
83.120.12.158 - - [17/Apr/2026:00:15:09 +0330] "GET /wp-content/uploads/2016/06/plants-suitable-for-modern-homes-06.webp HTTP/2" 200 55280 "https://rozbano.com/making-turtle-felt-dolls/" "Mozilla/5.0 (Linux; Android 13; 23129RAA4G Build/TKQ1.221114.001; wv) AppleWebKit/537.36 (KHTML, like Gecko) 4.0 Chrome/145.0.7632.79 Mobile Safari/537.36; bw4"
83.120.12.158 - - [17/Apr/2026:00:15:09 +0330] "GET /wp-content/uploads/2025/05/rozbano-354-7.jpg HTTP/2" 200 20556 "https://rozbano.com/making-turtle-felt-dolls/" "Mozilla/5.0 (Linux; Android 13; 23129RAA4G Build/TKQ1.221114.001; wv) AppleWebKit/537.36 (KHTML, like Gecko) 4.0 Chrome/145.0.7632.79 Mobile Safari/537.36; bw4"
83.120.12.158 - - [17/Apr/2026:00:15:09 +0330] "GET /wp-content/uploads/2025/05/rozbano-74-6-300x211.jpg HTTP/2" 200 18539 "https://rozbano.com/making-turtle-felt-dolls/" "Mozilla/5.0 (Linux; Android 13; 23129RAA4G Build/TKQ1.221114.001; wv) AppleWebKit/537.36 (KHTML, like Gecko) 4.0 Chrome/145.0.7632.79 Mobile Safari/537.36; bw4"
83.120.12.158 - - [17/Apr/2026:00:15:10 +0330] "GET /wp-content/uploads/2025/05/rozbano-81-20.jpg HTTP/2" 200 11382 "https://rozbano.com/making-turtle-felt-dolls/" "Mozilla/5.0 (Linux; Android 13; 23129RAA4G Build/TKQ1.221114.001; wv) AppleWebKit/537.36 (KHTML, like Gecko) 4.0 Chrome/145.0.7632.79 Mobile Safari/537.36; bw4"
83.120.12.158 - - [17/Apr/2026:00:15:10 +0330] "GET /wp-content/uploads/2025/05/rozbano-162-10-245x300.jpg HTTP/2" 200 27168 "https://rozbano.com/making-turtle-felt-dolls/" "Mozilla/5.0 (Linux; Android 13; 23129RAA4G Build/TKQ1.221114.001; wv) AppleWebKit/537.36 (KHTML, like Gecko) 4.0 Chrome/145.0.7632.79 Mobile Safari/537.36; bw4"
83.120.12.158 - - [17/Apr/2026:00:15:10 +0330] "GET /wp-content/uploads/2025/05/rozbano-133-4-1-300x219.jpg HTTP/2" 200 16226 "https://rozbano.com/making-turtle-felt-dolls/" "Mozilla/5.0 (Linux; Android 13; 23129RAA4G Build/TKQ1.221114.001; wv) AppleWebKit/537.36 (KHTML, like Gecko) 4.0 Chrome/145.0.7632.79 Mobile Safari/537.36; bw4"
83.120.12.158 - - [17/Apr/2026:00:15:10 +0330] "GET /wp-content/uploads/2025/05/Making20Turtle20Felt20Dolls-04.jpg HTTP/2" 200 69890 "https://rozbano.com/making-turtle-felt-dolls/" "Mozilla/5.0 (Linux; Android 13; 23129RAA4G Build/TKQ1.221114.001; wv) AppleWebKit/537.36 (KHTML, like Gecko) 4.0 Chrome/145.0.7632.79 Mobile Safari/537.36; bw4"
66.249.70.32 - - [17/Apr/2026:00:14:25 +0330] "GET /page/6/?search=search_term_string&nocache=1766504284 HTTP/1.1" 200 31575 "-" "Mozilla/5.0 (Linux; Android 6.0.1; Nexus 5X Build/MMB29P) AppleWebKit/537.36 (KHTML, like Gecko) Chrome/146.0.7680.177 Mobile Safari/537.36 (compatible; Googlebot/2.1; +http://www.google.com/bot.html)"
66.249.70.32 - - [17/Apr/2026:00:14:26 +0330] "GET /page/506/?search=search_term_string&nocache=1766737849 HTTP/1.1" 200 28844 "-" "Mozilla/5.0 (Linux; Android 6.0.1; Nexus 5X Build/MMB29P) AppleWebKit/537.36 (KHTML, like Gecko) Chrome/146.0.7680.177 Mobile Safari/537.36 (compatible; Googlebot/2.1; +http://www.google.com/bot.html)"
66.249.70.38 - - [17/Apr/2026:00:14:27 +0330] "GET /page/2/?search=search_term_string&nocache=1765807338 HTTP/1.1" 200 29685 "-" "Mozilla/5.0 (Linux; Android 6.0.1; Nexus 5X Build/MMB29P) AppleWebKit/537.36 (KHTML, like Gecko) Chrome/146.0.7680.177 Mobile Safari/537.36 (compatible; Googlebot/2.1; +http://www.google.com/bot.html)"
66.249.70.32 - - [17/Apr/2026:00:14:32 +0330] "GET /?p=08225195397004 HTTP/1.1" 200 28680 "-" "Mozilla/5.0 (Linux; Android 6.0.1; Nexus 5X Build/MMB29P) AppleWebKit/537.36 (KHTML, like Gecko) Chrome/146.0.7680.177 Mobile Safari/537.36 (compatible; Googlebot/2.1; +http://www.google.com/bot.html)"
66.249.70.32 - - [17/Apr/2026:00:14:32 +0330] "GET /page/3/?search=search_term_string&nocache=1765918428 HTTP/1.1" 200 27546 "-" "Mozilla/5.0 (Linux; Android 6.0.1; Nexus 5X Build/MMB29P) AppleWebKit/537.36 (KHTML, like Gecko) Chrome/146.0.7680.177 Mobile Safari/537.36 (compatible; Googlebot/2.1; +http://www.google.com/bot.html)"
66.249.70.32 - - [17/Apr/2026:00:14:34 +0330] "GET /page/506/?search=search_term_string&nocache=1765812041 HTTP/1.1" 200 27666 "-" "Mozilla/5.0 (Linux; Android 6.0.1; Nexus 5X Build/MMB29P) AppleWebKit/537.36 (KHTML, like Gecko) Chrome/146.0.7680.177 Mobile Safari/537.36 (compatible; Googlebot/2.1; +http://www.google.com/bot.html)"
66.249.70.39 - - [17/Apr/2026:00:14:37 +0330] "GET /products/detail/203016220 HTTP/1.1" 200 30018 "-" "Mozilla/5.0 (Linux; Android 6.0.1; Nexus 5X Build/MMB29P) AppleWebKit/537.36 (KHTML, like Gecko) Chrome/146.0.7680.177 Mobile Safari/537.36 (compatible; Googlebot/2.1; +http://www.google.com/bot.html)"
66.249.70.32 - - [17/Apr/2026:00:14:42 +0330] "GET /page/506/?search=search_term_string&nocache=1765565178 HTTP/1.1" 200 28183 "-" "Mozilla/5.0 (Linux; Android 6.0.1; Nexus 5X Build/MMB29P) AppleWebKit/537.36 (KHTML, like Gecko) Chrome/146.0.7680.177 Mobile Safari/537.36 (compatible; Googlebot/2.1; +http://www.google.com/bot.html)"
66.249.70.33 - - [17/Apr/2026:00:14:52 +0330] "GET /page/2/?search=search_term_string&nocache=1766498628 HTTP/1.1" 200 28260 "-" "Mozilla/5.0 (Linux; Android 6.0.1; Nexus 5X Build/MMB29P) AppleWebKit/537.36 (KHTML, like Gecko) Chrome/146.0.7680.177 Mobile Safari/537.36 (compatible; Googlebot/2.1; +http://www.google.com/bot.html)"
66.249.70.38 - - [17/Apr/2026:00:14:54 +0330] "GET /?p=8950736253701 HTTP/1.1" 200 28088 "-" "Mozilla/5.0 (Linux; Android 6.0.1; Nexus 5X Build/MMB29P) AppleWebKit/537.36 (KHTML, like Gecko) Chrome/146.0.7680.177 Mobile Safari/537.36 (compatible; Googlebot/2.1; +http://www.google.com/bot.html)"
66.249.70.33 - - [17/Apr/2026:00:15:07 +0330] "GET /page/506/?search=search_term_string&nocache=1766340672 HTTP/1.1" 200 29477 "-" "Mozilla/5.0 (Linux; Android 6.0.1; Nexus 5X Build/MMB29P) AppleWebKit/537.36 (KHTML, like Gecko) Chrome/146.0.7680.177 Mobile Safari/537.36 (compatible; Googlebot/2.1; +http://www.google.com/bot.html)"
66.249.70.39 - - [17/Apr/2026:00:15:11 +0330] "GET /page/70/ HTTP/1.1" 200 27620 "-" "Mozilla/5.0 (Linux; Android 6.0.1; Nexus 5X Build/MMB29P) AppleWebKit/537.36 (KHTML, like Gecko) Chrome/146.0.7680.177 Mobile Safari/537.36 (compatible; Googlebot/2.1; +http://www.google.com/bot.html)"
83.120.12.158 - - [17/Apr/2026:00:15:10 +0330] "GET /wp-content/uploads/2025/05/Making20Turtle20Felt20Dolls-05.jpg HTTP/2" 200 66643 "https://rozbano.com/making-turtle-felt-dolls/" "Mozilla/5.0 (Linux; Android 13; 23129RAA4G Build/TKQ1.221114.001; wv) AppleWebKit/537.36 (KHTML, like Gecko) 4.0 Chrome/145.0.7632.79 Mobile Safari/537.36; bw4"
83.120.12.158 - - [17/Apr/2026:00:15:10 +0330] "GET /wp-content/uploads/2025/05/Making20Turtle20Felt20Dolls-06.jpg HTTP/2" 200 71854 "https://rozbano.com/making-turtle-felt-dolls/" "Mozilla/5.0 (Linux; Android 13; 23129RAA4G Build/TKQ1.221114.001; wv) AppleWebKit/537.36 (KHTML, like Gecko) 4.0 Chrome/145.0.7632.79 Mobile Safari/537.36; bw4"
83.120.12.158 - - [17/Apr/2026:00:15:10 +0330] "GET /wp-content/uploads/2025/05/Making20Turtle20Felt20Dolls-07.jpg HTTP/2" 200 74038 "https://rozbano.com/making-turtle-felt-dolls/" "Mozilla/5.0 (Linux; Android 13; 23129RAA4G Build/TKQ1.221114.001; wv) AppleWebKit/537.36 (KHTML, like Gecko) 4.0 Chrome/145.0.7632.79 Mobile Safari/537.36; bw4"
83.120.12.158 - - [17/Apr/2026:00:15:10 +0330] "GET /wp-content/uploads/2025/05/Making20Turtle20Felt20Dolls-08.jpg HTTP/2" 200 57313 "https://rozbano.com/making-turtle-felt-dolls/" "Mozilla/5.0 (Linux; Android 13; 23129RAA4G Build/TKQ1.221114.001; wv) AppleWebKit/537.36 (KHTML, like Gecko) 4.0 Chrome/145.0.7632.79 Mobile Safari/537.36; bw4"
83.120.12.158 - - [17/Apr/2026:00:15:10 +0330] "GET /wp-content/uploads/2025/05/Making20Turtle20Felt20Dolls-10.jpg HTTP/2" 200 66279 "https://rozbano.com/making-turtle-felt-dolls/" "Mozilla/5.0 (Linux; Android 13; 23129RAA4G Build/TKQ1.221114.001; wv) AppleWebKit/537.36 (KHTML, like Gecko) 4.0 Chrome/145.0.7632.79 Mobile Safari/537.36; bw4"
83.120.12.158 - - [17/Apr/2026:00:15:11 +0330] "GET /wp-content/uploads/2025/05/Making20Turtle20Felt20Dolls-11.jpg HTTP/2" 200 68712 "https://rozbano.com/making-turtle-felt-dolls/" "Mozilla/5.0 (Linux; Android 13; 23129RAA4G Build/TKQ1.221114.001; wv) AppleWebKit/537.36 (KHTML, like Gecko) 4.0 Chrome/145.0.7632.79 Mobile Safari/537.36; bw4"
83.120.12.158 - - [17/Apr/2026:00:15:11 +0330] "GET /wp-content/uploads/2025/05/Making20Turtle20Felt20Dolls-13.jpg HTTP/2" 200 71985 "https://rozbano.com/making-turtle-felt-dolls/" "Mozilla/5.0 (Linux; Android 13; 23129RAA4G Build/TKQ1.221114.001; wv) AppleWebKit/537.36 (KHTML, like Gecko) 4.0 Chrome/145.0.7632.79 Mobile Safari/537.36; bw4"
83.120.12.158 - - [17/Apr/2026:00:15:11 +0330] "GET /wp-content/uploads/2025/05/Making20Turtle20Felt20Dolls-14.jpg HTTP/2" 200 56729 "https://rozbano.com/making-turtle-felt-dolls/" "Mozilla/5.0 (Linux; Android 13; 23129RAA4G Build/TKQ1.221114.001; wv) AppleWebKit/537.36 (KHTML, like Gecko) 4.0 Chrome/145.0.7632.79 Mobile Safari/537.36; bw4"
83.120.12.158 - - [17/Apr/2026:00:15:11 +0330] "GET /wp-content/uploads/2025/05/Making20Turtle20Felt20Dolls-15.jpg HTTP/2" 200 61646 "https://rozbano.com/making-turtle-felt-dolls/" "Mozilla/5.0 (Linux; Android 13; 23129RAA4G Build/TKQ1.221114.001; wv) AppleWebKit/537.36 (KHTML, like Gecko) 4.0 Chrome/145.0.7632.79 Mobile Safari/537.36; bw4"
83.120.12.158 - - [17/Apr/2026:00:15:12 +0330] "GET /wp-content/uploads/2025/05/Making20Turtle20Felt20Dolls-16.jpg HTTP/2" 200 59528 "https://rozbano.com/making-turtle-felt-dolls/" "Mozilla/5.0 (Linux; Android 13; 23129RAA4G Build/TKQ1.221114.001; wv) AppleWebKit/537.36 (KHTML, like Gecko) 4.0 Chrome/145.0.7632.79 Mobile Safari/537.36; bw4"
83.120.12.158 - - [17/Apr/2026:00:15:12 +0330] "GET /wp-content/uploads/2025/05/Making20Turtle20Felt20Dolls-18.jpg HTTP/2" 200 71164 "https://rozbano.com/making-turtle-felt-dolls/" "Mozilla/5.0 (Linux; Android 13; 23129RAA4G Build/TKQ1.221114.001; wv) AppleWebKit/537.36 (KHTML, like Gecko) 4.0 Chrome/145.0.7632.79 Mobile Safari/537.36; bw4"
83.120.12.158 - - [17/Apr/2026:00:15:12 +0330] "GET /wp-content/uploads/2025/05/Making20Turtle20Felt20Dolls-23.jpg HTTP/2" 200 73721 "https://rozbano.com/making-turtle-felt-dolls/" "Mozilla/5.0 (Linux; Android 13; 23129RAA4G Build/TKQ1.221114.001; wv) AppleWebKit/537.36 (KHTML, like Gecko) 4.0 Chrome/145.0.7632.79 Mobile Safari/537.36; bw4"
66.249.70.38 - - [17/Apr/2026:00:15:11 +0330] "GET /page/506/?search=search_term_string&nocache=1765867179 HTTP/1.1" 200 29014 "-" "Mozilla/5.0 (Linux; Android 6.0.1; Nexus 5X Build/MMB29P) AppleWebKit/537.36 (KHTML, like Gecko) Chrome/146.0.7680.177 Mobile Safari/537.36 (compatible; Googlebot/2.1; +http://www.google.com/bot.html)"
83.120.12.158 - - [17/Apr/2026:00:15:12 +0330] "GET /wp-content/uploads/2025/05/Making20Turtle20Felt20Dolls-22.jpg HTTP/2" 200 71725 "https://rozbano.com/making-turtle-felt-dolls/" "Mozilla/5.0 (Linux; Android 13; 23129RAA4G Build/TKQ1.221114.001; wv) AppleWebKit/537.36 (KHTML, like Gecko) 4.0 Chrome/145.0.7632.79 Mobile Safari/537.36; bw4"
83.120.12.158 - - [17/Apr/2026:00:15:12 +0330] "GET /wp-content/uploads/2025/05/Making20Turtle20Felt20Dolls-21.jpg HTTP/2" 200 73376 "https://rozbano.com/making-turtle-felt-dolls/" "Mozilla/5.0 (Linux; Android 13; 23129RAA4G Build/TKQ1.221114.001; wv) AppleWebKit/537.36 (KHTML, like Gecko) 4.0 Chrome/145.0.7632.79 Mobile Safari/537.36; bw4"
83.120.12.158 - - [17/Apr/2026:00:15:12 +0330] "GET /wp-content/uploads/2025/05/Making20Turtle20Felt20Dolls-25.jpg HTTP/2" 200 78589 "https://rozbano.com/making-turtle-felt-dolls/" "Mozilla/5.0 (Linux; Android 13; 23129RAA4G Build/TKQ1.221114.001; wv) AppleWebKit/537.36 (KHTML, like Gecko) 4.0 Chrome/145.0.7632.79 Mobile Safari/537.36; bw4"
83.120.12.158 - - [17/Apr/2026:00:15:13 +0330] "GET /wp-content/uploads/2025/05/Making20Turtle20Felt20Dolls-26.jpg HTTP/2" 200 81480 "https://rozbano.com/making-turtle-felt-dolls/" "Mozilla/5.0 (Linux; Android 13; 23129RAA4G Build/TKQ1.221114.001; wv) AppleWebKit/537.36 (KHTML, like Gecko) 4.0 Chrome/145.0.7632.79 Mobile Safari/537.36; bw4"
83.120.12.158 - - [17/Apr/2026:00:15:13 +0330] "GET /wp-content/uploads/2025/05/Making20Turtle20Felt20Dolls-27.jpg HTTP/2" 200 84460 "https://rozbano.com/making-turtle-felt-dolls/" "Mozilla/5.0 (Linux; Android 13; 23129RAA4G Build/TKQ1.221114.001; wv) AppleWebKit/537.36 (KHTML, like Gecko) 4.0 Chrome/145.0.7632.79 Mobile Safari/537.36; bw4"
83.120.12.158 - - [17/Apr/2026:00:15:13 +0330] "GET /wp-content/uploads/2025/05/Making20Turtle20Felt20Dolls-28.jpg HTTP/2" 200 78150 "https://rozbano.com/making-turtle-felt-dolls/" "Mozilla/5.0 (Linux; Android 13; 23129RAA4G Build/TKQ1.221114.001; wv) AppleWebKit/537.36 (KHTML, like Gecko) 4.0 Chrome/145.0.7632.79 Mobile Safari/537.36; bw4"
83.120.12.158 - - [17/Apr/2026:00:15:13 +0330] "GET /wp-content/uploads/2025/05/Making20Turtle20Felt20Dolls-29.jpg HTTP/2" 200 71811 "https://rozbano.com/making-turtle-felt-dolls/" "Mozilla/5.0 (Linux; Android 13; 23129RAA4G Build/TKQ1.221114.001; wv) AppleWebKit/537.36 (KHTML, like Gecko) 4.0 Chrome/145.0.7632.79 Mobile Safari/537.36; bw4"
83.120.12.158 - - [17/Apr/2026:00:15:13 +0330] "GET /wp-content/uploads/2025/05/Making20Turtle20Felt20Dolls-30.jpg HTTP/2" 200 75448 "https://rozbano.com/making-turtle-felt-dolls/" "Mozilla/5.0 (Linux; Android 13; 23129RAA4G Build/TKQ1.221114.001; wv) AppleWebKit/537.36 (KHTML, like Gecko) 4.0 Chrome/145.0.7632.79 Mobile Safari/537.36; bw4"
83.120.12.158 - - [17/Apr/2026:00:15:13 +0330] "GET /wp-content/uploads/2025/05/Making20Turtle20Felt20Dolls-33.jpg HTTP/2" 200 70471 "https://rozbano.com/making-turtle-felt-dolls/" "Mozilla/5.0 (Linux; Android 13; 23129RAA4G Build/TKQ1.221114.001; wv) AppleWebKit/537.36 (KHTML, like Gecko) 4.0 Chrome/145.0.7632.79 Mobile Safari/537.36; bw4"
83.120.12.158 - - [17/Apr/2026:00:15:13 +0330] "GET /wp-content/uploads/2025/05/Making20Turtle20Felt20Dolls-34.jpg HTTP/2" 200 73654 "https://rozbano.com/making-turtle-felt-dolls/" "Mozilla/5.0 (Linux; Android 13; 23129RAA4G Build/TKQ1.221114.001; wv) AppleWebKit/537.36 (KHTML, like Gecko) 4.0 Chrome/145.0.7632.79 Mobile Safari/537.36; bw4"
83.120.12.158 - - [17/Apr/2026:00:15:13 +0330] "GET /wp-content/uploads/2025/05/Making20Turtle20Felt20Dolls-35.jpg HTTP/2" 200 65978 "https://rozbano.com/making-turtle-felt-dolls/" "Mozilla/5.0 (Linux; Android 13; 23129RAA4G Build/TKQ1.221114.001; wv) AppleWebKit/537.36 (KHTML, like Gecko) 4.0 Chrome/145.0.7632.79 Mobile Safari/537.36; bw4"
83.120.12.158 - - [17/Apr/2026:00:15:13 +0330] "GET /wp-content/uploads/2025/05/Making20Turtle20Felt20Dolls-36.jpg HTTP/2" 200 71547 "https://rozbano.com/making-turtle-felt-dolls/" "Mozilla/5.0 (Linux; Android 13; 23129RAA4G Build/TKQ1.221114.001; wv) AppleWebKit/537.36 (KHTML, like Gecko) 4.0 Chrome/145.0.7632.79 Mobile Safari/537.36; bw4"
83.120.12.158 - - [17/Apr/2026:00:15:14 +0330] "GET /wp-content/uploads/2025/05/Making20Turtle20Felt20Dolls-37.jpg HTTP/2" 200 67985 "https://rozbano.com/making-turtle-felt-dolls/" "Mozilla/5.0 (Linux; Android 13; 23129RAA4G Build/TKQ1.221114.001; wv) AppleWebKit/537.36 (KHTML, like Gecko) 4.0 Chrome/145.0.7632.79 Mobile Safari/537.36; bw4"
83.120.12.158 - - [17/Apr/2026:00:15:14 +0330] "GET /wp-content/uploads/2025/05/Making20Turtle20Felt20Dolls-38.jpg HTTP/2" 200 62853 "https://rozbano.com/making-turtle-felt-dolls/" "Mozilla/5.0 (Linux; Android 13; 23129RAA4G Build/TKQ1.221114.001; wv) AppleWebKit/537.36 (KHTML, like Gecko) 4.0 Chrome/145.0.7632.79 Mobile Safari/537.36; bw4"
83.120.12.158 - - [17/Apr/2026:00:15:14 +0330] "GET /wp-content/uploads/2025/05/Making20Turtle20Felt20Dolls-39.jpg HTTP/2" 200 61569 "https://rozbano.com/making-turtle-felt-dolls/" "Mozilla/5.0 (Linux; Android 13; 23129RAA4G Build/TKQ1.221114.001; wv) AppleWebKit/537.36 (KHTML, like Gecko) 4.0 Chrome/145.0.7632.79 Mobile Safari/537.36; bw4"
83.120.12.158 - - [17/Apr/2026:00:15:14 +0330] "GET /wp-includes/js/comment-reply.min.js?ver=6.9.4 HTTP/2" 200 1247 "https://rozbano.com/making-turtle-felt-dolls/" "Mozilla/5.0 (Linux; Android 13; 23129RAA4G Build/TKQ1.221114.001; wv) AppleWebKit/537.36 (KHTML, like Gecko) 4.0 Chrome/145.0.7632.79 Mobile Safari/537.36; bw4"
83.120.12.158 - - [17/Apr/2026:00:15:14 +0330] "GET /wp-content/plugins/elementor/assets/js/shared-frontend-handlers.4c8abccc3e268b0767b2.bundle.min.js HTTP/2" 200 2542 "https://rozbano.com/making-turtle-felt-dolls/" "Mozilla/5.0 (Linux; Android 13; 23129RAA4G Build/TKQ1.221114.001; wv) AppleWebKit/537.36 (KHTML, like Gecko) 4.0 Chrome/145.0.7632.79 Mobile Safari/537.36; bw4"
83.120.12.158 - - [17/Apr/2026:00:15:14 +0330] "GET /wp-content/plugins/elementor-pro/assets/js/share-buttons.63d984f8c96d1e053bc0.bundle.min.js HTTP/2" 200 690 "https://rozbano.com/making-turtle-felt-dolls/" "Mozilla/5.0 (Linux; Android 13; 23129RAA4G Build/TKQ1.221114.001; wv) AppleWebKit/537.36 (KHTML, like Gecko) 4.0 Chrome/145.0.7632.79 Mobile Safari/537.36; bw4"
83.120.12.158 - - [17/Apr/2026:00:15:14 +0330] "GET /wp-content/plugins/elementor-pro/assets/js/nav-menu.0edc0c22e9f3101552ed.bundle.min.js HTTP/2" 200 1758 "https://rozbano.com/making-turtle-felt-dolls/" "Mozilla/5.0 (Linux; Android 13; 23129RAA4G Build/TKQ1.221114.001; wv) AppleWebKit/537.36 (KHTML, like Gecko) 4.0 Chrome/145.0.7632.79 Mobile Safari/537.36; bw4"
83.120.12.158 - - [17/Apr/2026:00:15:14 +0330] "GET /wp-includes/js/wp-emoji-release.min.js?ver=6.9.4 HTTP/2" 200 4949 "https://rozbano.com/making-turtle-felt-dolls/" "Mozilla/5.0 (Linux; Android 13; 23129RAA4G Build/TKQ1.221114.001; wv) AppleWebKit/537.36 (KHTML, like Gecko) 4.0 Chrome/145.0.7632.79 Mobile Safari/537.36; bw4"
130.255.223.237 - - [17/Apr/2026:00:15:08 +0330] "GET /wp-content/plugins/elementor/assets/lib/share-link/share-link.min.js?ver=3.32.3 HTTP/2" 200 1072 "https://rozbano.com/crochet-stylish-and-simple-tissue-paper-cover-tutorial/" "Mozilla/5.0 (Linux; Android 12; SM-A125F Build/SP1A.210812.016; wv) AppleWebKit/537.36 (KHTML, like Gecko) 4.0 Chrome/145.0.7632.79 Mobile Safari/537.36; bw4"
66.249.70.39 - - [17/Apr/2026:00:15:10 +0330] "GET /page/506/?search=search_term_string&nocache=1766039929 HTTP/1.1" 200 28313 "-" "Mozilla/5.0 (Linux; Android 6.0.1; Nexus 5X Build/MMB29P) AppleWebKit/537.36 (KHTML, like Gecko) Chrome/146.0.7680.177 Mobile Safari/537.36 (compatible; Googlebot/2.1; +http://www.google.com/bot.html)"
130.255.223.237 - - [17/Apr/2026:00:15:07 +0330] "GET / HTTP/2" 200 37679 "https://rozbano.com/crochet-stylish-and-simple-tissue-paper-cover-tutorial/" "Mozilla/5.0 (Linux; Android 12; SM-A125F Build/SP1A.210812.016; wv) AppleWebKit/537.36 (KHTML, like Gecko) Version/4.0 Chrome/145.0.7632.79 Mobile Safari/537.36"
66.249.70.39 - - [17/Apr/2026:00:15:14 +0330] "GET /page/4/?search=search_term_string&nocache=1765850157 HTTP/1.1" 200 28425 "-" "Mozilla/5.0 (Linux; Android 6.0.1; Nexus 5X Build/MMB29P) AppleWebKit/537.36 (KHTML, like Gecko) Chrome/146.0.7680.177 Mobile Safari/537.36 (compatible; Googlebot/2.1; +http://www.google.com/bot.html)"
130.255.223.237 - - [17/Apr/2026:00:15:16 +0330] "GET /wp-content/plugins/elementor-pro/assets/css/widget-loop-common-rtl.min.css?ver=3.32.3 HTTP/2" 200 119 "https://rozbano.com/" "Mozilla/5.0 (Linux; Android 12; SM-A125F Build/SP1A.210812.016; wv) AppleWebKit/537.36 (KHTML, like Gecko) 4.0 Chrome/145.0.7632.79 Mobile Safari/537.36; bw4"
130.255.223.237 - - [17/Apr/2026:00:15:16 +0330] "GET /wp-content/plugins/elementor-pro/assets/css/widget-loop-grid-rtl.min.css?ver=3.32.3 HTTP/2" 200 1116 "https://rozbano.com/" "Mozilla/5.0 (Linux; Android 12; SM-A125F Build/SP1A.210812.016; wv) AppleWebKit/537.36 (KHTML, like Gecko) 4.0 Chrome/145.0.7632.79 Mobile Safari/537.36; bw4"
130.255.223.237 - - [17/Apr/2026:00:15:16 +0330] "GET /wp-content/uploads/elementor/css/post-53230.css?ver=1776366055 HTTP/2" 200 883 "https://rozbano.com/" "Mozilla/5.0 (Linux; Android 12; SM-A125F Build/SP1A.210812.016; wv) AppleWebKit/537.36 (KHTML, like Gecko) 4.0 Chrome/145.0.7632.79 Mobile Safari/537.36; bw4"
130.255.223.237 - - [17/Apr/2026:00:15:16 +0330] "GET /wp-content/uploads/2026/04/tiramisu-recipe-original.webp HTTP/2" 200 22500 "https://rozbano.com/" "Mozilla/5.0 (Linux; Android 12; SM-A125F Build/SP1A.210812.016; wv) AppleWebKit/537.36 (KHTML, like Gecko) 4.0 Chrome/145.0.7632.79 Mobile Safari/537.36; bw4"
130.255.223.237 - - [17/Apr/2026:00:15:16 +0330] "GET /wp-content/uploads/2026/04/crochet-flower-scrubber-tutorial-02.webp HTTP/2" 200 21788 "https://rozbano.com/" "Mozilla/5.0 (Linux; Android 12; SM-A125F Build/SP1A.210812.016; wv) AppleWebKit/537.36 (KHTML, like Gecko) 4.0 Chrome/145.0.7632.79 Mobile Safari/537.36; bw4"
130.255.223.237 - - [17/Apr/2026:00:15:16 +0330] "GET /wp-content/uploads/2026/04/tie-hat-knitting-tutorial-03.webp HTTP/2" 200 9874 "https://rozbano.com/" "Mozilla/5.0 (Linux; Android 12; SM-A125F Build/SP1A.210812.016; wv) AppleWebKit/537.36 (KHTML, like Gecko) 4.0 Chrome/145.0.7632.79 Mobile Safari/537.36; bw4"
130.255.223.237 - - [17/Apr/2026:00:15:16 +0330] "GET /wp-content/uploads/2026/04/crochet-flower-scrubby-tutorial.webp HTTP/2" 200 25296 "https://rozbano.com/" "Mozilla/5.0 (Linux; Android 12; SM-A125F Build/SP1A.210812.016; wv) AppleWebKit/537.36 (KHTML, like Gecko) 4.0 Chrome/145.0.7632.79 Mobile Safari/537.36; bw4"
130.255.223.237 - - [17/Apr/2026:00:15:16 +0330] "GET /wp-content/uploads/2026/03/steering-wheel-cover-crochet-tutorial-01.webp HTTP/2" 200 29978 "https://rozbano.com/" "Mozilla/5.0 (Linux; Android 12; SM-A125F Build/SP1A.210812.016; wv) AppleWebKit/537.36 (KHTML, like Gecko) 4.0 Chrome/145.0.7632.79 Mobile Safari/537.36; bw4"
130.255.223.237 - - [17/Apr/2026:00:15:16 +0330] "GET /wp-includes/js/imagesloaded.min.js?ver=5.0.0 HTTP/2" 200 1687 "https://rozbano.com/" "Mozilla/5.0 (Linux; Android 12; SM-A125F Build/SP1A.210812.016; wv) AppleWebKit/537.36 (KHTML, like Gecko) 4.0 Chrome/145.0.7632.79 Mobile Safari/537.36; bw4"
130.255.223.237 - - [17/Apr/2026:00:15:16 +0330] "GET /wp-content/uploads/2025/05/rozbano-105-8-125x150.jpg HTTP/2" 200 5188 "https://rozbano.com/" "Mozilla/5.0 (Linux; Android 12; SM-A125F Build/SP1A.210812.016; wv) AppleWebKit/537.36 (KHTML, like Gecko) 4.0 Chrome/145.0.7632.79 Mobile Safari/537.36; bw4"
130.255.223.237 - - [17/Apr/2026:00:15:16 +0330] "GET /wp-content/uploads/2025/05/The20texture20of20the20cloak20jacket-01-150x139.jpg HTTP/2" 200 5961 "https://rozbano.com/" "Mozilla/5.0 (Linux; Android 12; SM-A125F Build/SP1A.210812.016; wv) AppleWebKit/537.36 (KHTML, like Gecko) 4.0 Chrome/145.0.7632.79 Mobile Safari/537.36; bw4"
130.255.223.237 - - [17/Apr/2026:00:15:16 +0330] "GET /wp-content/uploads/2025/05/rzbano-296-26-125x150.jpg HTTP/2" 200 7357 "https://rozbano.com/" "Mozilla/5.0 (Linux; Android 12; SM-A125F Build/SP1A.210812.016; wv) AppleWebKit/537.36 (KHTML, like Gecko) 4.0 Chrome/145.0.7632.79 Mobile Safari/537.36; bw4"
130.255.223.237 - - [17/Apr/2026:00:15:16 +0330] "GET /wp-content/uploads/2025/05/Gerbera20Daisy20Felt20Flower-13-150x139.jpg HTTP/2" 200 5646 "https://rozbano.com/" "Mozilla/5.0 (Linux; Android 12; SM-A125F Build/SP1A.210812.016; wv) AppleWebKit/537.36 (KHTML, like Gecko) 4.0 Chrome/145.0.7632.79 Mobile Safari/537.36; bw4"
130.255.223.237 - - [17/Apr/2026:00:15:16 +0330] "GET /wp-content/uploads/2025/05/rozbano-147-17-150x150.jpg HTTP/2" 200 5287 "https://rozbano.com/" "Mozilla/5.0 (Linux; Android 12; SM-A125F Build/SP1A.210812.016; wv) AppleWebKit/537.36 (KHTML, like Gecko) 4.0 Chrome/145.0.7632.79 Mobile Safari/537.36; bw4"
130.255.223.237 - - [17/Apr/2026:00:15:17 +0330] "GET /wp-content/uploads/2026/03/easy-biscuit-cream-recipe-01.webp HTTP/2" 200 25148 "https://rozbano.com/" "Mozilla/5.0 (Linux; Android 12; SM-A125F Build/SP1A.210812.016; wv) AppleWebKit/537.36 (KHTML, like Gecko) 4.0 Chrome/145.0.7632.79 Mobile Safari/537.36; bw4"
130.255.223.237 - - [17/Apr/2026:00:15:17 +0330] "GET /wp-content/uploads/2025/05/Girly20fantasy20scarf-10-150x139.jpg HTTP/2" 200 6078 "https://rozbano.com/" "Mozilla/5.0 (Linux; Android 12; SM-A125F Build/SP1A.210812.016; wv) AppleWebKit/537.36 (KHTML, like Gecko) 4.0 Chrome/145.0.7632.79 Mobile Safari/537.36; bw4"
130.255.223.237 - - [17/Apr/2026:00:15:17 +0330] "GET /wp-content/uploads/2026/03/kefir-health-benefits-homemade-kefir-07.webp HTTP/2" 200 17352 "https://rozbano.com/" "Mozilla/5.0 (Linux; Android 12; SM-A125F Build/SP1A.210812.016; wv) AppleWebKit/537.36 (KHTML, like Gecko) 4.0 Chrome/145.0.7632.79 Mobile Safari/537.36; bw4"
130.255.223.237 - - [17/Apr/2026:00:15:17 +0330] "GET /wp-content/uploads/2026/02/Free-size-sewing-blowing-tutorial-at-home-02.webp HTTP/2" 200 28700 "https://rozbano.com/" "Mozilla/5.0 (Linux; Android 12; SM-A125F Build/SP1A.210812.016; wv) AppleWebKit/537.36 (KHTML, like Gecko) 4.0 Chrome/145.0.7632.79 Mobile Safari/537.36; bw4"
130.255.223.237 - - [17/Apr/2026:00:15:17 +0330] "GET /wp-content/uploads/2026/03/perfume-buying-guide-tips-05.webp HTTP/2" 200 20800 "https://rozbano.com/" "Mozilla/5.0 (Linux; Android 12; SM-A125F Build/SP1A.210812.016; wv) AppleWebKit/537.36 (KHTML, like Gecko) 4.0 Chrome/145.0.7632.79 Mobile Safari/537.36; bw4"
130.255.223.237 - - [17/Apr/2026:00:15:17 +0330] "GET /wp-content/uploads/2026/02/Free-tutorial-crochet-triple-crochet-pattern.webp HTTP/2" 200 53318 "https://rozbano.com/" "Mozilla/5.0 (Linux; Android 12; SM-A125F Build/SP1A.210812.016; wv) AppleWebKit/537.36 (KHTML, like Gecko) 4.0 Chrome/145.0.7632.79 Mobile Safari/537.36; bw4"
37.63.231.254 - - [17/Apr/2026:00:15:05 +0330] "POST /free-tutorial-sewing-womens-comfortable-pants/?nocache=1776372223 HTTP/2" 200 4908 "https://rozbano.com/free-tutorial-sewing-womens-comfortable-pants/" "Mozilla/5.0 (Linux; Android 13; SM-A127F Build/TP1A.220624.014; wv) AppleWebKit/537.36 (KHTML, like Gecko) 4.0 Chrome/145.0.7632.120 Mobile Safari/537.36; bw4"
37.63.231.254 - - [17/Apr/2026:00:15:07 +0330] "GET /wp-content/uploads/2026/04/crochet-flower-scrubber-tutorial-02.webp HTTP/2" 200 21788 "https://rozbano.com/free-tutorial-sewing-womens-comfortable-pants/" "Mozilla/5.0 (Linux; Android 13; SM-A127F Build/TP1A.220624.014; wv) AppleWebKit/537.36 (KHTML, like Gecko) 4.0 Chrome/145.0.7632.120 Mobile Safari/537.36; bw4"
37.63.231.254 - - [17/Apr/2026:00:15:07 +0330] "GET /wp-content/uploads/2026/03/steering-wheel-cover-crochet-tutorial-01.webp HTTP/2" 200 29978 "https://rozbano.com/free-tutorial-sewing-womens-comfortable-pants/" "Mozilla/5.0 (Linux; Android 13; SM-A127F Build/TP1A.220624.014; wv) AppleWebKit/537.36 (KHTML, like Gecko) 4.0 Chrome/145.0.7632.120 Mobile Safari/537.36; bw4"
37.63.231.254 - - [17/Apr/2026:00:15:07 +0330] "GET /wp-content/uploads/2026/04/tie-hat-knitting-tutorial-03.webp HTTP/2" 200 9874 "https://rozbano.com/free-tutorial-sewing-womens-comfortable-pants/" "Mozilla/5.0 (Linux; Android 13; SM-A127F Build/TP1A.220624.014; wv) AppleWebKit/537.36 (KHTML, like Gecko) 4.0 Chrome/145.0.7632.120 Mobile Safari/537.36; bw4"
37.63.231.254 - - [17/Apr/2026:00:15:07 +0330] "GET /wp-content/uploads/2026/02/Free-tutorial-sewing-coat-with-lace-combination-04.webp HTTP/2" 200 26780 "https://rozbano.com/free-tutorial-sewing-womens-comfortable-pants/" "Mozilla/5.0 (Linux; Android 13; SM-A127F Build/TP1A.220624.014; wv) AppleWebKit/537.36 (KHTML, like Gecko) 4.0 Chrome/145.0.7632.120 Mobile Safari/537.36; bw4"
37.63.231.254 - - [17/Apr/2026:00:15:07 +0330] "GET /wp-content/uploads/2026/02/Free-tutorial-crochet-beautiful-flower.webp HTTP/2" 200 32450 "https://rozbano.com/free-tutorial-sewing-womens-comfortable-pants/" "Mozilla/5.0 (Linux; Android 13; SM-A127F Build/TP1A.220624.014; wv) AppleWebKit/537.36 (KHTML, like Gecko) 4.0 Chrome/145.0.7632.120 Mobile Safari/537.36; bw4"
37.63.231.254 - - [17/Apr/2026:00:15:07 +0330] "GET /wp-content/uploads/2026/02/Free-tutorial-crochet-triple-crochet-pattern.webp HTTP/2" 200 53318 "https://rozbano.com/free-tutorial-sewing-womens-comfortable-pants/" "Mozilla/5.0 (Linux; Android 13; SM-A127F Build/TP1A.220624.014; wv) AppleWebKit/537.36 (KHTML, like Gecko) 4.0 Chrome/145.0.7632.120 Mobile Safari/537.36; bw4"
37.63.231.254 - - [17/Apr/2026:00:15:07 +0330] "GET /wp-content/uploads/2026/04/crochet-flower-scrubby-tutorial.webp HTTP/2" 200 25296 "https://rozbano.com/free-tutorial-sewing-womens-comfortable-pants/" "Mozilla/5.0 (Linux; Android 13; SM-A127F Build/TP1A.220624.014; wv) AppleWebKit/537.36 (KHTML, like Gecko) 4.0 Chrome/145.0.7632.120 Mobile Safari/537.36; bw4"
37.63.231.254 - - [17/Apr/2026:00:15:07 +0330] "GET /wp-content/uploads/2026/02/Free-size-sewing-blowing-tutorial-at-home-02.webp HTTP/2" 200 28700 "https://rozbano.com/free-tutorial-sewing-womens-comfortable-pants/" "Mozilla/5.0 (Linux; Android 13; SM-A127F Build/TP1A.220624.014; wv) AppleWebKit/537.36 (KHTML, like Gecko) 4.0 Chrome/145.0.7632.120 Mobile Safari/537.36; bw4"
37.63.231.254 - - [17/Apr/2026:00:15:04 +0330] "GET /tag/%d8%a2%d9%85%d9%88%d8%b2%d8%b4-%d8%af%d9%88%d8%ae%d8%aa-%d8%b4%d9%84%d9%88%d8%a7%d8%b1-%d8%b2%d9%86%d8%a7%d9%86%d9%87/ HTTP/2" 200 30352 "https://rozbano.com/free-tutorial-sewing-womens-comfortable-pants/" "Mozilla/5.0 (Linux; Android 13; SM-A127F Build/TP1A.220624.014; wv) AppleWebKit/537.36 (KHTML, like Gecko) Version/4.0 Chrome/145.0.7632.120 Mobile Safari/537.36"
83.123.225.70 - - [17/Apr/2026:00:15:14 +0330] "GET /free-sunflower-keychain-knitting-tutorial/ HTTP/2" 200 35085 "https://zarebin.ir/" "Mozilla/5.0 (Linux; Android 11; SM-A207F Build/RP1A.200720.012; wv) AppleWebKit/537.36 (KHTML, like Gecko) 4.0 Chrome/144.0.7559.132 Mobile Safari/537.36; bw4"
83.123.225.70 - - [17/Apr/2026:00:15:18 +0330] "GET /wp-includes/css/dist/block-library/style-rtl.min.css?ver=6.9.4 HTTP/2" 200 14838 "https://rozbano.com/free-sunflower-keychain-knitting-tutorial/" "Mozilla/5.0 (Linux; Android 11; SM-A207F Build/RP1A.200720.012; wv) AppleWebKit/537.36 (KHTML, like Gecko) 4.0 Chrome/144.0.7559.132 Mobile Safari/537.36; bw4"
