66.249.70.39 - - [17/Apr/2026:00:35:21 +0330] "GET /page/507/?search=search_term_string&nocache=1766309124 HTTP/1.1" 200 29165 "-" "Mozilla/5.0 (Linux; Android 6.0.1; Nexus 5X Build/MMB29P) AppleWebKit/537.36 (KHTML, like Gecko) Chrome/146.0.7680.177 Mobile Safari/537.36 (compatible; Googlebot/2.1; +http://www.google.com/bot.html)"
66.249.70.32 - - [17/Apr/2026:00:35:25 +0330] "GET /page/9/?search=search_term_string&nocache=1765945861 HTTP/1.1" 200 28284 "-" "Mozilla/5.0 (Linux; Android 6.0.1; Nexus 5X Build/MMB29P) AppleWebKit/537.36 (KHTML, like Gecko) Chrome/146.0.7680.177 Mobile Safari/537.36 (compatible; Googlebot/2.1; +http://www.google.com/bot.html)"
66.249.70.32 - - [17/Apr/2026:00:35:29 +0330] "GET /page/503/?search=search_term_string&nocache=1766693242 HTTP/1.1" 200 27918 "-" "Mozilla/5.0 (Linux; Android 6.0.1; Nexus 5X Build/MMB29P) AppleWebKit/537.36 (KHTML, like Gecko) Chrome/146.0.7680.177 Mobile Safari/537.36 (compatible; Googlebot/2.1; +http://www.google.com/bot.html)"
66.249.70.32 - - [17/Apr/2026:00:35:31 +0330] "GET /page/506/?search=search_term_string&nocache=1765568274 HTTP/1.1" 200 27421 "-" "Mozilla/5.0 (Linux; Android 6.0.1; Nexus 5X Build/MMB29P) AppleWebKit/537.36 (KHTML, like Gecko) Chrome/146.0.7680.177 Mobile Safari/537.36 (compatible; Googlebot/2.1; +http://www.google.com/bot.html)"
66.249.70.33 - - [17/Apr/2026:00:35:33 +0330] "GET /page/504/?search=search_term_string&nocache=1765774074 HTTP/1.1" 200 28673 "-" "Mozilla/5.0 (Linux; Android 6.0.1; Nexus 5X Build/MMB29P) AppleWebKit/537.36 (KHTML, like Gecko) Chrome/146.0.7680.177 Mobile Safari/537.36 (compatible; Googlebot/2.1; +http://www.google.com/bot.html)"
66.249.70.39 - - [17/Apr/2026:00:35:38 +0330] "GET /?p=3723582662802 HTTP/1.1" 200 27942 "-" "Mozilla/5.0 (Linux; Android 6.0.1; Nexus 5X Build/MMB29P) AppleWebKit/537.36 (KHTML, like Gecko) Chrome/146.0.7680.177 Mobile Safari/537.36 (compatible; GoogleOther)"
202.46.62.40 - - [17/Apr/2026:00:35:41 +0330] "GET /tag/%D8%A2%D8%AB%D8%A7%D8%B1-%D8%A2%D9%86%D8%AC%D9%84%DB%8C%D9%86%D8%A7-%D8%AC%D9%88%D9%84%DB%8C/ HTTP/1.1" 200 28541 "-" "Mozilla/5.0 (Windows NT 10.0; Win64; x64) AppleWebKit/537.36 (KHTML, like Gecko) Chrome/133.0.6943.141 Safari/537.36"
66.249.70.34 - - [17/Apr/2026:00:35:45 +0330] "GET /page/508/?search=search_term_string&nocache=1766421274 HTTP/1.1" 200 28357 "-" "Mozilla/5.0 (Linux; Android 6.0.1; Nexus 5X Build/MMB29P) AppleWebKit/537.36 (KHTML, like Gecko) Chrome/146.0.7680.177 Mobile Safari/537.36 (compatible; Googlebot/2.1; +http://www.google.com/bot.html)"
5.119.54.193 - - [17/Apr/2026:00:35:44 +0330] "POST /weaving-blues/?nocache=1776373536 HTTP/2" 200 4897 "https://rozbano.com/weaving-blues/" "Mozilla/5.0 (Linux; Android 10; K) AppleWebKit/537.36 (KHTML, like Gecko) Chrome/145.0.0.0 Mobile Safari/537.36"
5.119.54.193 - - [17/Apr/2026:00:35:46 +0330] "GET /wp-content/uploads/2026/04/crochet-flower-scrubber-tutorial-02.webp HTTP/2" 200 21788 "https://rozbano.com/weaving-blues/" "Mozilla/5.0 (Linux; Android 10; K) AppleWebKit/537.36 (KHTML, like Gecko) Chrome/145.0.0.0 Mobile Safari/537.36"
5.119.54.193 - - [17/Apr/2026:00:35:46 +0330] "GET /wp-content/uploads/2026/04/tie-hat-knitting-tutorial-03.webp HTTP/2" 200 9874 "https://rozbano.com/weaving-blues/" "Mozilla/5.0 (Linux; Android 10; K) AppleWebKit/537.36 (KHTML, like Gecko) Chrome/145.0.0.0 Mobile Safari/537.36"
5.119.54.193 - - [17/Apr/2026:00:35:46 +0330] "GET /wp-content/uploads/2026/04/crochet-flower-scrubby-tutorial.webp HTTP/2" 200 25296 "https://rozbano.com/weaving-blues/" "Mozilla/5.0 (Linux; Android 10; K) AppleWebKit/537.36 (KHTML, like Gecko) Chrome/145.0.0.0 Mobile Safari/537.36"
5.119.54.193 - - [17/Apr/2026:00:35:46 +0330] "GET /wp-content/uploads/2026/03/steering-wheel-cover-crochet-tutorial-01.webp HTTP/2" 200 29978 "https://rozbano.com/weaving-blues/" "Mozilla/5.0 (Linux; Android 10; K) AppleWebKit/537.36 (KHTML, like Gecko) Chrome/145.0.0.0 Mobile Safari/537.36"
5.119.54.193 - - [17/Apr/2026:00:35:46 +0330] "GET /wp-content/uploads/2026/02/Free-size-sewing-blowing-tutorial-at-home-02.webp HTTP/2" 200 28700 "https://rozbano.com/weaving-blues/" "Mozilla/5.0 (Linux; Android 10; K) AppleWebKit/537.36 (KHTML, like Gecko) Chrome/145.0.0.0 Mobile Safari/537.36"
5.119.54.193 - - [17/Apr/2026:00:35:46 +0330] "GET /wp-content/uploads/2026/02/Free-tutorial-crochet-triple-crochet-pattern.webp HTTP/2" 200 53318 "https://rozbano.com/weaving-blues/" "Mozilla/5.0 (Linux; Android 10; K) AppleWebKit/537.36 (KHTML, like Gecko) Chrome/145.0.0.0 Mobile Safari/537.36"
5.119.54.193 - - [17/Apr/2026:00:35:46 +0330] "GET /wp-content/uploads/2026/02/Free-tutorial-sewing-coat-with-lace-combination-04.webp HTTP/2" 200 26780 "https://rozbano.com/weaving-blues/" "Mozilla/5.0 (Linux; Android 10; K) AppleWebKit/537.36 (KHTML, like Gecko) Chrome/145.0.0.0 Mobile Safari/537.36"
5.119.54.193 - - [17/Apr/2026:00:35:46 +0330] "GET /wp-content/uploads/2026/02/Free-tutorial-crochet-beautiful-flower.webp HTTP/2" 200 32450 "https://rozbano.com/weaving-blues/" "Mozilla/5.0 (Linux; Android 10; K) AppleWebKit/537.36 (KHTML, like Gecko) Chrome/145.0.0.0 Mobile Safari/537.36"
66.249.70.34 - - [17/Apr/2026:00:35:46 +0330] "GET /page/13/?lsesi=nonce&esi=eyJhY3Rpb24iOiJlbGVtZW50b3ItY29udmVyc2lvbi1jZW50ZXItY2xpY2siLCJfbHNfc2lsZW5jZSI6dHJ1ZX0%3D&_hash=4e5a269b394525a8b135ae76e765e728&nocache=1767222412 HTTP/1.1" 200 29694 "-" "Mozilla/5.0 (Linux; Android 6.0.1; Nexus 5X Build/MMB29P) AppleWebKit/537.36 (KHTML, like Gecko) Chrome/146.0.7680.177 Mobile Safari/537.36 (compatible; Googlebot/2.1; +http://www.google.com/bot.html)"
66.249.70.38 - - [17/Apr/2026:00:35:24 +0330] "GET /page/4/?search=search_term_string&nocache=1766520705 HTTP/1.1" 200 28112 "-" "Mozilla/5.0 (Linux; Android 6.0.1; Nexus 5X Build/MMB29P) AppleWebKit/537.36 (KHTML, like Gecko) Chrome/146.0.7680.177 Mobile Safari/537.36 (compatible; Googlebot/2.1; +http://www.google.com/bot.html)"
66.249.70.38 - - [17/Apr/2026:00:35:24 +0330] "GET /?p=89028227741500 HTTP/1.1" 200 27596 "-" "Mozilla/5.0 (Linux; Android 6.0.1; Nexus 5X Build/MMB29P) AppleWebKit/537.36 (KHTML, like Gecko) Chrome/146.0.7680.177 Mobile Safari/537.36 (compatible; GoogleOther)"
66.249.70.38 - - [17/Apr/2026:00:35:26 +0330] "GET /?p=3099980856902 HTTP/1.1" 200 27695 "-" "Mozilla/5.0 (Linux; Android 6.0.1; Nexus 5X Build/MMB29P) AppleWebKit/537.36 (KHTML, like Gecko) Chrome/146.0.7680.177 Mobile Safari/537.36 (compatible; GoogleOther)"
37.254.80.58 - - [17/Apr/2026:00:35:23 +0330] "GET /free-tutorial-crochet-triple-crochet-pattern/ HTTP/2" 200 38198 "https://rozbano.com/knitted-handle-in-the-shape-of-a-flower-tutorial/" "Mozilla/5.0 (Linux; Android 10; K) AppleWebKit/537.36 (KHTML, like Gecko) Chrome/138.0.0.0 Mobile Safari/537.36"
37.254.80.58 - - [17/Apr/2026:00:35:27 +0330] "GET /free-tutorial-crochet-beautiful-flower/ HTTP/2" 200 37148 "https://rozbano.com/knitted-handle-in-the-shape-of-a-flower-tutorial/" "Mozilla/5.0 (Linux; Android 10; K) AppleWebKit/537.36 (KHTML, like Gecko) Chrome/138.0.0.0 Mobile Safari/537.36"
66.249.70.39 - - [17/Apr/2026:00:35:35 +0330] "GET /page/2/?search=search_term_string&nocache=1766251877 HTTP/1.1" 200 30462 "-" "Mozilla/5.0 (Linux; Android 6.0.1; Nexus 5X Build/MMB29P) AppleWebKit/537.36 (KHTML, like Gecko) Chrome/146.0.7680.177 Mobile Safari/537.36 (compatible; Googlebot/2.1; +http://www.google.com/bot.html)"
37.254.80.58 - - [17/Apr/2026:00:35:32 +0330] "GET /cat/%d8%a2%d9%85%d9%88%d8%b2%d8%b4-%d9%87%d9%86%d8%b1%d9%87%d8%a7%db%8c-%d8%af%d8%b3%d8%aa%db%8c/ HTTP/2" 200 36317 "https://rozbano.com/knitted-handle-in-the-shape-of-a-flower-tutorial/" "Mozilla/5.0 (Linux; Android 10; K) AppleWebKit/537.36 (KHTML, like Gecko) Chrome/138.0.0.0 Mobile Safari/537.36"
66.249.70.39 - - [17/Apr/2026:00:35:37 +0330] "GET /page/7/?search=search_term_string&nocache=1766738523 HTTP/1.1" 200 29695 "-" "Mozilla/5.0 (Linux; Android 6.0.1; Nexus 5X Build/MMB29P) AppleWebKit/537.36 (KHTML, like Gecko) Chrome/146.0.7680.177 Mobile Safari/537.36 (compatible; Googlebot/2.1; +http://www.google.com/bot.html)"
37.254.80.58 - - [17/Apr/2026:00:35:37 +0330] "GET /free-size-sewing-blowing-tutorial-at-home/ HTTP/2" 200 37940 "https://rozbano.com/knitted-handle-in-the-shape-of-a-flower-tutorial/" "Mozilla/5.0 (Linux; Android 10; K) AppleWebKit/537.36 (KHTML, like Gecko) Chrome/138.0.0.0 Mobile Safari/537.36"
66.249.70.32 - - [17/Apr/2026:00:35:42 +0330] "GET /page/3/?search=search_term_string&nocache=1766481329 HTTP/1.1" 200 28696 "-" "Mozilla/5.0 (Linux; Android 6.0.1; Nexus 5X Build/MMB29P) AppleWebKit/537.36 (KHTML, like Gecko) Chrome/146.0.7680.177 Mobile Safari/537.36 (compatible; Googlebot/2.1; +http://www.google.com/bot.html)"
66.249.70.32 - - [17/Apr/2026:00:35:44 +0330] "GET /page/2/?search=search_term_string&nocache=1766727902 HTTP/1.1" 200 28134 "-" "Mozilla/5.0 (Linux; Android 6.0.1; Nexus 5X Build/MMB29P) AppleWebKit/537.36 (KHTML, like Gecko) Chrome/146.0.7680.177 Mobile Safari/537.36 (compatible; Googlebot/2.1; +http://www.google.com/bot.html)"
37.254.80.58 - - [17/Apr/2026:00:35:41 +0330] "GET /crochet-flower-scrubby-tutorial/ HTTP/2" 200 35216 "https://rozbano.com/knitted-handle-in-the-shape-of-a-flower-tutorial/" "Mozilla/5.0 (Linux; Android 10; K) AppleWebKit/537.36 (KHTML, like Gecko) Chrome/138.0.0.0 Mobile Safari/537.36"
66.249.70.32 - - [17/Apr/2026:00:35:45 +0330] "GET /page/52/?nocache=1766204215 HTTP/1.1" 200 29222 "-" "Mozilla/5.0 (Linux; Android 6.0.1; Nexus 5X Build/MMB29P) AppleWebKit/537.36 (KHTML, like Gecko) Chrome/146.0.7680.177 Mobile Safari/537.36 (compatible; Googlebot/2.1; +http://www.google.com/bot.html)"
202.46.62.45 - - [17/Apr/2026:00:35:47 +0330] "POST /tag/%D8%A2%D8%AB%D8%A7%D8%B1-%D8%A2%D9%86%D8%AC%D9%84%DB%8C%D9%86%D8%A7-%D8%AC%D9%88%D9%84%DB%8C/?nocache=1776373544 HTTP/1.1" 200 5973 "https://rozbano.com/tag/%D8%A2%D8%AB%D8%A7%D8%B1-%D8%A2%D9%86%D8%AC%D9%84%DB%8C%D9%86%D8%A7-%D8%AC%D9%88%D9%84%DB%8C/" "Mozilla/5.0 (Windows NT 10.0; Win64; x64) AppleWebKit/537.36 (KHTML, like Gecko) Chrome/133.0.6943.141 Safari/537.36"
5.119.54.193 - - [17/Apr/2026:00:35:44 +0330] "GET /cat/%d8%b3%d9%84%d8%a7%d9%85%d8%aa-%d9%88-%d8%af%d8%b1%d9%85%d8%a7%d9%86/ HTTP/2" 200 37445 "https://rozbano.com/weaving-blues/" "Mozilla/5.0 (Linux; Android 10; K) AppleWebKit/537.36 (KHTML, like Gecko) Chrome/145.0.0.0 Mobile Safari/537.36"
66.249.70.34 - - [17/Apr/2026:00:35:51 +0330] "GET /?search=search_term_string&nocache=1766341980 HTTP/1.1" 200 29904 "-" "Mozilla/5.0 (Linux; Android 6.0.1; Nexus 5X Build/MMB29P) AppleWebKit/537.36 (KHTML, like Gecko) Chrome/146.0.7680.177 Mobile Safari/537.36 (compatible; Googlebot/2.1; +http://www.google.com/bot.html)"
2.183.140.124 - - [17/Apr/2026:00:35:49 +0330] "GET /free-tutorial-sewing-fancy-teapot-lid/ HTTP/2" 200 35491 "https://www.google.com/" "Mozilla/5.0 (Linux; Android 10; K) AppleWebKit/537.36 (KHTML, like Gecko) Chrome/146.0.0.0 Mobile Safari/537.36"
2.183.140.124 - - [17/Apr/2026:00:35:53 +0330] "GET /wp-includes/css/dist/block-library/style-rtl.min.css?ver=6.9.4 HTTP/2" 200 14838 "https://rozbano.com/free-tutorial-sewing-fancy-teapot-lid/" "Mozilla/5.0 (Linux; Android 10; K) AppleWebKit/537.36 (KHTML, like Gecko) Chrome/146.0.0.0 Mobile Safari/537.36"
2.183.140.124 - - [17/Apr/2026:00:35:54 +0330] "GET /wp-content/plugins/jet-engine/assets/css/frontend.css?ver=3.7.10 HTTP/2" 200 8353 "https://rozbano.com/free-tutorial-sewing-fancy-teapot-lid/" "Mozilla/5.0 (Linux; Android 10; K) AppleWebKit/537.36 (KHTML, like Gecko) Chrome/146.0.0.0 Mobile Safari/537.36"
2.183.140.124 - - [17/Apr/2026:00:35:54 +0330] "GET /wp-content/themes/hello-elementor/style.css?ver=6.9.4 HTTP/2" 200 561 "https://rozbano.com/free-tutorial-sewing-fancy-teapot-lid/" "Mozilla/5.0 (Linux; Android 10; K) AppleWebKit/537.36 (KHTML, like Gecko) Chrome/146.0.0.0 Mobile Safari/537.36"
2.183.140.124 - - [17/Apr/2026:00:35:54 +0330] "GET /wp-content/plugins/elementor/assets/css/frontend-rtl.min.css?ver=3.32.3 HTTP/2" 200 6537 "https://rozbano.com/free-tutorial-sewing-fancy-teapot-lid/" "Mozilla/5.0 (Linux; Android 10; K) AppleWebKit/537.36 (KHTML, like Gecko) Chrome/146.0.0.0 Mobile Safari/537.36"
2.183.140.124 - - [17/Apr/2026:00:35:54 +0330] "GET /wp-content/plugins/elementor/assets/css/widget-image-rtl.min.css?ver=3.32.3 HTTP/2" 200 119 "https://rozbano.com/free-tutorial-sewing-fancy-teapot-lid/" "Mozilla/5.0 (Linux; Android 10; K) AppleWebKit/537.36 (KHTML, like Gecko) Chrome/146.0.0.0 Mobile Safari/537.36"
2.183.140.124 - - [17/Apr/2026:00:35:54 +0330] "GET /wp-content/plugins/elementor/assets/css/widget-social-icons-rtl.min.css?ver=3.32.3 HTTP/2" 200 1069 "https://rozbano.com/free-tutorial-sewing-fancy-teapot-lid/" "Mozilla/5.0 (Linux; Android 10; K) AppleWebKit/537.36 (KHTML, like Gecko) Chrome/146.0.0.0 Mobile Safari/537.36"
2.183.140.124 - - [17/Apr/2026:00:35:54 +0330] "GET /wp-content/plugins/elementor/assets/css/conditionals/apple-webkit.min.css?ver=3.32.3 HTTP/2" 200 472 "https://rozbano.com/free-tutorial-sewing-fancy-teapot-lid/" "Mozilla/5.0 (Linux; Android 10; K) AppleWebKit/537.36 (KHTML, like Gecko) Chrome/146.0.0.0 Mobile Safari/537.36"
2.183.140.124 - - [17/Apr/2026:00:35:54 +0330] "GET /wp-content/plugins/elementor-pro/assets/css/modules/sticky.min.css?ver=3.32.3 HTTP/2" 200 162 "https://rozbano.com/free-tutorial-sewing-fancy-teapot-lid/" "Mozilla/5.0 (Linux; Android 10; K) AppleWebKit/537.36 (KHTML, like Gecko) Chrome/146.0.0.0 Mobile Safari/537.36"
2.183.140.124 - - [17/Apr/2026:00:35:54 +0330] "GET /wp-content/plugins/elementor/assets/css/widget-heading-rtl.min.css?ver=3.32.3 HTTP/2" 200 154 "https://rozbano.com/free-tutorial-sewing-fancy-teapot-lid/" "Mozilla/5.0 (Linux; Android 10; K) AppleWebKit/537.36 (KHTML, like Gecko) Chrome/146.0.0.0 Mobile Safari/537.36"
2.183.140.124 - - [17/Apr/2026:00:35:54 +0330] "GET /wp-content/plugins/elementor/assets/css/widget-icon-box-rtl.min.css?ver=3.32.3 HTTP/2" 200 422 "https://rozbano.com/free-tutorial-sewing-fancy-teapot-lid/" "Mozilla/5.0 (Linux; Android 10; K) AppleWebKit/537.36 (KHTML, like Gecko) Chrome/146.0.0.0 Mobile Safari/537.36"
2.183.140.124 - - [17/Apr/2026:00:35:54 +0330] "GET /wp-content/plugins/elementor/assets/lib/swiper/v8/css/swiper.min.css?ver=8.4.5 HTTP/2" 200 4248 "https://rozbano.com/free-tutorial-sewing-fancy-teapot-lid/" "Mozilla/5.0 (Linux; Android 10; K) AppleWebKit/537.36 (KHTML, like Gecko) Chrome/146.0.0.0 Mobile Safari/537.36"
2.183.140.124 - - [17/Apr/2026:00:35:54 +0330] "GET /wp-content/plugins/elementor/assets/css/conditionals/e-swiper.min.css?ver=3.32.3 HTTP/2" 200 699 "https://rozbano.com/free-tutorial-sewing-fancy-teapot-lid/" "Mozilla/5.0 (Linux; Android 10; K) AppleWebKit/537.36 (KHTML, like Gecko) Chrome/146.0.0.0 Mobile Safari/537.36"
2.183.140.124 - - [17/Apr/2026:00:35:54 +0330] "GET /wp-content/plugins/elementor-pro/assets/css/widget-post-info-rtl.min.css?ver=3.32.3 HTTP/2" 200 165 "https://rozbano.com/free-tutorial-sewing-fancy-teapot-lid/" "Mozilla/5.0 (Linux; Android 10; K) AppleWebKit/537.36 (KHTML, like Gecko) Chrome/146.0.0.0 Mobile Safari/537.36"
2.183.140.124 - - [17/Apr/2026:00:35:54 +0330] "GET /wp-content/plugins/elementor/assets/css/widget-icon-list-rtl.min.css?ver=3.32.3 HTTP/2" 200 963 "https://rozbano.com/free-tutorial-sewing-fancy-teapot-lid/" "Mozilla/5.0 (Linux; Android 10; K) AppleWebKit/537.36 (KHTML, like Gecko) Chrome/146.0.0.0 Mobile Safari/537.36"
2.183.140.124 - - [17/Apr/2026:00:35:54 +0330] "GET /wp-content/plugins/elementor-pro/assets/css/widget-share-buttons-rtl.min.css?ver=3.32.3 HTTP/2" 200 2144 "https://rozbano.com/free-tutorial-sewing-fancy-teapot-lid/" "Mozilla/5.0 (Linux; Android 10; K) AppleWebKit/537.36 (KHTML, like Gecko) Chrome/146.0.0.0 Mobile Safari/537.36"
2.183.140.124 - - [17/Apr/2026:00:35:54 +0330] "GET /wp-content/plugins/elementor-pro/assets/css/widget-post-navigation-rtl.min.css?ver=3.32.3 HTTP/2" 200 494 "https://rozbano.com/free-tutorial-sewing-fancy-teapot-lid/" "Mozilla/5.0 (Linux; Android 10; K) AppleWebKit/537.36 (KHTML, like Gecko) Chrome/146.0.0.0 Mobile Safari/537.36"
2.183.140.124 - - [17/Apr/2026:00:35:54 +0330] "GET /wp-content/uploads/elementor/css/post-53138.css?ver=1776365957 HTTP/2" 200 3019 "https://rozbano.com/free-tutorial-sewing-fancy-teapot-lid/" "Mozilla/5.0 (Linux; Android 10; K) AppleWebKit/537.36 (KHTML, like Gecko) Chrome/146.0.0.0 Mobile Safari/537.36"
2.183.140.124 - - [17/Apr/2026:00:35:54 +0330] "GET /wp-content/uploads/elementor/css/post-53143.css?ver=1776365957 HTTP/2" 200 462 "https://rozbano.com/free-tutorial-sewing-fancy-teapot-lid/" "Mozilla/5.0 (Linux; Android 10; K) AppleWebKit/537.36 (KHTML, like Gecko) Chrome/146.0.0.0 Mobile Safari/537.36"
2.183.140.124 - - [17/Apr/2026:00:35:54 +0330] "GET /wp-content/uploads/elementor/css/post-53145.css?ver=1776365957 HTTP/2" 200 1694 "https://rozbano.com/free-tutorial-sewing-fancy-teapot-lid/" "Mozilla/5.0 (Linux; Android 10; K) AppleWebKit/537.36 (KHTML, like Gecko) Chrome/146.0.0.0 Mobile Safari/537.36"
2.183.140.124 - - [17/Apr/2026:00:35:54 +0330] "GET /wp-content/uploads/elementor/css/post-53177.css?ver=1776365957 HTTP/2" 200 440 "https://rozbano.com/free-tutorial-sewing-fancy-teapot-lid/" "Mozilla/5.0 (Linux; Android 10; K) AppleWebKit/537.36 (KHTML, like Gecko) Chrome/146.0.0.0 Mobile Safari/537.36"
2.183.140.124 - - [17/Apr/2026:00:35:54 +0330] "GET /wp-content/uploads/elementor/css/post-53178.css?ver=1776365957 HTTP/2" 200 415 "https://rozbano.com/free-tutorial-sewing-fancy-teapot-lid/" "Mozilla/5.0 (Linux; Android 10; K) AppleWebKit/537.36 (KHTML, like Gecko) Chrome/146.0.0.0 Mobile Safari/537.36"
2.183.140.124 - - [17/Apr/2026:00:35:54 +0330] "GET /wp-content/uploads/elementor/css/post-53316.css?ver=1776365957 HTTP/2" 200 418 "https://rozbano.com/free-tutorial-sewing-fancy-teapot-lid/" "Mozilla/5.0 (Linux; Android 10; K) AppleWebKit/537.36 (KHTML, like Gecko) Chrome/146.0.0.0 Mobile Safari/537.36"
2.183.140.124 - - [17/Apr/2026:00:35:54 +0330] "GET /wp-content/uploads/elementor/css/post-53157.css?ver=1776365962 HTTP/2" 200 2256 "https://rozbano.com/free-tutorial-sewing-fancy-teapot-lid/" "Mozilla/5.0 (Linux; Android 10; K) AppleWebKit/537.36 (KHTML, like Gecko) Chrome/146.0.0.0 Mobile Safari/537.36"
2.183.140.124 - - [17/Apr/2026:00:35:54 +0330] "GET /wp-content/uploads/elementor/css/post-53179.css?ver=1776365962 HTTP/2" 200 523 "https://rozbano.com/free-tutorial-sewing-fancy-teapot-lid/" "Mozilla/5.0 (Linux; Android 10; K) AppleWebKit/537.36 (KHTML, like Gecko) Chrome/146.0.0.0 Mobile Safari/537.36"
2.183.140.124 - - [17/Apr/2026:00:35:54 +0330] "GET /wp-content/plugins/elementor-pro/abzarwp/fonts/all/css/fonts.css?ver=123456 HTTP/2" 200 2919 "https://rozbano.com/free-tutorial-sewing-fancy-teapot-lid/" "Mozilla/5.0 (Linux; Android 10; K) AppleWebKit/537.36 (KHTML, like Gecko) Chrome/146.0.0.0 Mobile Safari/537.36"
2.183.140.124 - - [17/Apr/2026:00:35:54 +0330] "GET /wp-content/uploads/elementor/css/post-53149.css?ver=1776365962 HTTP/2" 200 1333 "https://rozbano.com/free-tutorial-sewing-fancy-teapot-lid/" "Mozilla/5.0 (Linux; Android 10; K) AppleWebKit/537.36 (KHTML, like Gecko) Chrome/146.0.0.0 Mobile Safari/537.36"
2.183.140.124 - - [17/Apr/2026:00:35:54 +0330] "GET /wp-content/uploads/elementor/css/post-53181.css?ver=1776365963 HTTP/2" 200 413 "https://rozbano.com/free-tutorial-sewing-fancy-teapot-lid/" "Mozilla/5.0 (Linux; Android 10; K) AppleWebKit/537.36 (KHTML, like Gecko) Chrome/146.0.0.0 Mobile Safari/537.36"
2.183.140.124 - - [17/Apr/2026:00:35:54 +0330] "GET /wp-content/uploads/elementor/css/post-53234.css?ver=1776365963 HTTP/2" 200 414 "https://rozbano.com/free-tutorial-sewing-fancy-teapot-lid/" "Mozilla/5.0 (Linux; Android 10; K) AppleWebKit/537.36 (KHTML, like Gecko) Chrome/146.0.0.0 Mobile Safari/537.36"
2.183.140.124 - - [17/Apr/2026:00:35:54 +0330] "GET /wp-content/uploads/elementor/css/post-53180.css?ver=1776365963 HTTP/2" 200 636 "https://rozbano.com/free-tutorial-sewing-fancy-teapot-lid/" "Mozilla/5.0 (Linux; Android 10; K) AppleWebKit/537.36 (KHTML, like Gecko) Chrome/146.0.0.0 Mobile Safari/537.36"
2.183.140.124 - - [17/Apr/2026:00:35:54 +0330] "GET /wp-content/plugins/elementor-pro/assets/css/widget-nav-menu-rtl.min.css?ver=3.32.3 HTTP/2" 200 3246 "https://rozbano.com/free-tutorial-sewing-fancy-teapot-lid/" "Mozilla/5.0 (Linux; Android 10; K) AppleWebKit/537.36 (KHTML, like Gecko) Chrome/146.0.0.0 Mobile Safari/537.36"
2.183.140.124 - - [17/Apr/2026:00:35:54 +0330] "GET /wp-content/plugins/elementor-pro/assets/css/conditionals/ribbon.min.css?ver=3.32.3 HTTP/2" 200 250 "https://rozbano.com/free-tutorial-sewing-fancy-teapot-lid/" "Mozilla/5.0 (Linux; Android 10; K) AppleWebKit/537.36 (KHTML, like Gecko) Chrome/146.0.0.0 Mobile Safari/537.36"
2.183.140.124 - - [17/Apr/2026:00:35:54 +0330] "GET /wp-content/plugins/elementor-pro/assets/css/widget-call-to-action-rtl.min.css?ver=3.32.3 HTTP/2" 200 1211 "https://rozbano.com/free-tutorial-sewing-fancy-teapot-lid/" "Mozilla/5.0 (Linux; Android 10; K) AppleWebKit/537.36 (KHTML, like Gecko) Chrome/146.0.0.0 Mobile Safari/537.36"
2.183.140.124 - - [17/Apr/2026:00:35:54 +0330] "GET /wp-content/plugins/elementor-pro/assets/css/conditionals/transitions.min.css?ver=3.32.3 HTTP/2" 200 599 "https://rozbano.com/free-tutorial-sewing-fancy-teapot-lid/" "Mozilla/5.0 (Linux; Android 10; K) AppleWebKit/537.36 (KHTML, like Gecko) Chrome/146.0.0.0 Mobile Safari/537.36"
2.183.140.124 - - [17/Apr/2026:00:35:54 +0330] "GET /wp-includes/js/jquery/jquery.min.js?ver=3.7.1 HTTP/2" 200 29744 "https://rozbano.com/free-tutorial-sewing-fancy-teapot-lid/" "Mozilla/5.0 (Linux; Android 10; K) AppleWebKit/537.36 (KHTML, like Gecko) Chrome/146.0.0.0 Mobile Safari/537.36"
2.183.140.124 - - [17/Apr/2026:00:35:54 +0330] "GET /wp-includes/js/jquery/jquery-migrate.min.js?ver=3.4.1 HTTP/2" 200 4678 "https://rozbano.com/free-tutorial-sewing-fancy-teapot-lid/" "Mozilla/5.0 (Linux; Android 10; K) AppleWebKit/537.36 (KHTML, like Gecko) Chrome/146.0.0.0 Mobile Safari/537.36"
2.183.140.124 - - [17/Apr/2026:00:35:54 +0330] "GET /wp-content/uploads/2026/01/Free-tutorial-sewing-fancy-teapot-lid-01.webp HTTP/2" 200 55462 "https://rozbano.com/free-tutorial-sewing-fancy-teapot-lid/" "Mozilla/5.0 (Linux; Android 10; K) AppleWebKit/537.36 (KHTML, like Gecko) Chrome/146.0.0.0 Mobile Safari/537.36"
2.183.140.124 - - [17/Apr/2026:00:35:54 +0330] "GET /wp-content/uploads/2026/01/Free-tutorial-sewing-fancy-teapot-lid.webp HTTP/2" 200 41496 "https://rozbano.com/free-tutorial-sewing-fancy-teapot-lid/" "Mozilla/5.0 (Linux; Android 10; K) AppleWebKit/537.36 (KHTML, like Gecko) Chrome/146.0.0.0 Mobile Safari/537.36"
2.183.140.124 - - [17/Apr/2026:00:35:54 +0330] "GET /wp-content/plugins/elementor/assets/js/webpack.runtime.min.js?ver=3.32.3 HTTP/2" 200 2320 "https://rozbano.com/free-tutorial-sewing-fancy-teapot-lid/" "Mozilla/5.0 (Linux; Android 10; K) AppleWebKit/537.36 (KHTML, like Gecko) Chrome/146.0.0.0 Mobile Safari/537.36"
2.183.140.124 - - [17/Apr/2026:00:35:54 +0330] "GET /wp-content/plugins/elementor/assets/js/frontend-modules.min.js?ver=3.32.3 HTTP/2" 200 17962 "https://rozbano.com/free-tutorial-sewing-fancy-teapot-lid/" "Mozilla/5.0 (Linux; Android 10; K) AppleWebKit/537.36 (KHTML, like Gecko) Chrome/146.0.0.0 Mobile Safari/537.36"
2.183.140.124 - - [17/Apr/2026:00:35:54 +0330] "GET /wp-includes/js/jquery/ui/core.min.js?ver=1.13.3 HTTP/2" 200 6812 "https://rozbano.com/free-tutorial-sewing-fancy-teapot-lid/" "Mozilla/5.0 (Linux; Android 10; K) AppleWebKit/537.36 (KHTML, like Gecko) Chrome/146.0.0.0 Mobile Safari/537.36"
2.183.140.124 - - [17/Apr/2026:00:35:54 +0330] "GET /wp-content/plugins/elementor/assets/js/frontend.min.js?ver=3.32.3 HTTP/2" 200 10165 "https://rozbano.com/free-tutorial-sewing-fancy-teapot-lid/" "Mozilla/5.0 (Linux; Android 10; K) AppleWebKit/537.36 (KHTML, like Gecko) Chrome/146.0.0.0 Mobile Safari/537.36"
2.183.140.124 - - [17/Apr/2026:00:35:54 +0330] "GET /wp-content/plugins/elementor-pro/assets/lib/sticky/jquery.sticky.min.js?ver=3.32.3 HTTP/2" 200 1442 "https://rozbano.com/free-tutorial-sewing-fancy-teapot-lid/" "Mozilla/5.0 (Linux; Android 10; K) AppleWebKit/537.36 (KHTML, like Gecko) Chrome/146.0.0.0 Mobile Safari/537.36"
2.183.140.124 - - [17/Apr/2026:00:35:54 +0330] "GET /wp-content/plugins/elementor/assets/lib/swiper/v8/swiper.min.js?ver=8.4.5 HTTP/2" 200 38152 "https://rozbano.com/free-tutorial-sewing-fancy-teapot-lid/" "Mozilla/5.0 (Linux; Android 10; K) AppleWebKit/537.36 (KHTML, like Gecko) Chrome/146.0.0.0 Mobile Safari/537.36"
2.183.140.124 - - [17/Apr/2026:00:35:54 +0330] "GET /wp-content/plugins/elementor-pro/assets/lib/smartmenus/jquery.smartmenus.min.js?ver=1.2.1 HTTP/2" 200 6867 "https://rozbano.com/free-tutorial-sewing-fancy-teapot-lid/" "Mozilla/5.0 (Linux; Android 10; K) AppleWebKit/537.36 (KHTML, like Gecko) Chrome/146.0.0.0 Mobile Safari/537.36"
2.183.140.124 - - [17/Apr/2026:00:35:54 +0330] "GET /wp-content/plugins/jet-engine/assets/lib/jet-plugins/jet-plugins.js?ver=1.1.0 HTTP/2" 200 2190 "https://rozbano.com/free-tutorial-sewing-fancy-teapot-lid/" "Mozilla/5.0 (Linux; Android 10; K) AppleWebKit/537.36 (KHTML, like Gecko) Chrome/146.0.0.0 Mobile Safari/537.36"
2.183.140.124 - - [17/Apr/2026:00:35:54 +0330] "GET /wp-content/plugins/jet-engine/assets/js/frontend.js?ver=3.7.10 HTTP/2" 200 15312 "https://rozbano.com/free-tutorial-sewing-fancy-teapot-lid/" "Mozilla/5.0 (Linux; Android 10; K) AppleWebKit/537.36 (KHTML, like Gecko) Chrome/146.0.0.0 Mobile Safari/537.36"
2.183.140.124 - - [17/Apr/2026:00:35:54 +0330] "GET /wp-content/plugins/elementor-pro/assets/js/webpack-pro.runtime.min.js?ver=3.32.3 HTTP/2" 200 2622 "https://rozbano.com/free-tutorial-sewing-fancy-teapot-lid/" "Mozilla/5.0 (Linux; Android 10; K) AppleWebKit/537.36 (KHTML, like Gecko) Chrome/146.0.0.0 Mobile Safari/537.36"
2.183.140.124 - - [17/Apr/2026:00:35:54 +0330] "GET /wp-includes/js/dist/hooks.min.js?ver=dd5603f07f9220ed27f1 HTTP/2" 200 1852 "https://rozbano.com/free-tutorial-sewing-fancy-teapot-lid/" "Mozilla/5.0 (Linux; Android 10; K) AppleWebKit/537.36 (KHTML, like Gecko) Chrome/146.0.0.0 Mobile Safari/537.36"
2.183.140.124 - - [17/Apr/2026:00:35:54 +0330] "GET /wp-includes/js/dist/i18n.min.js?ver=c26c3dc7bed366793375 HTTP/2" 200 2119 "https://rozbano.com/free-tutorial-sewing-fancy-teapot-lid/" "Mozilla/5.0 (Linux; Android 10; K) AppleWebKit/537.36 (KHTML, like Gecko) Chrome/146.0.0.0 Mobile Safari/537.36"
2.183.140.124 - - [17/Apr/2026:00:35:54 +0330] "GET /wp-content/plugins/elementor-pro/assets/js/frontend.min.js?ver=3.32.3 HTTP/2" 200 6321 "https://rozbano.com/free-tutorial-sewing-fancy-teapot-lid/" "Mozilla/5.0 (Linux; Android 10; K) AppleWebKit/537.36 (KHTML, like Gecko) Chrome/146.0.0.0 Mobile Safari/537.36"
2.183.140.124 - - [17/Apr/2026:00:35:54 +0330] "GET /wp-content/plugins/elementor-pro/assets/js/elements-handlers.min.js?ver=3.32.3 HTTP/2" 200 10180 "https://rozbano.com/free-tutorial-sewing-fancy-teapot-lid/" "Mozilla/5.0 (Linux; Android 10; K) AppleWebKit/537.36 (KHTML, like Gecko) Chrome/146.0.0.0 Mobile Safari/537.36"
2.183.140.124 - - [17/Apr/2026:00:35:54 +0330] "GET /wp-content/uploads/2025/05/Rozbano-Logo-Web-Nima-new.webp HTTP/2" 200 2430 "https://rozbano.com/free-tutorial-sewing-fancy-teapot-lid/" "Mozilla/5.0 (Linux; Android 10; K) AppleWebKit/537.36 (KHTML, like Gecko) Chrome/146.0.0.0 Mobile Safari/537.36"
2.183.140.124 - - [17/Apr/2026:00:35:54 +0330] "GET /wp-content/uploads/2025/10/Free-crochet-tutorial-for-fall-hat-01.webp HTTP/2" 200 72884 "https://rozbano.com/free-tutorial-sewing-fancy-teapot-lid/" "Mozilla/5.0 (Linux; Android 10; K) AppleWebKit/537.36 (KHTML, like Gecko) Chrome/146.0.0.0 Mobile Safari/537.36"
2.183.140.124 - - [17/Apr/2026:00:35:54 +0330] "GET /wp-content/uploads/2025/11/free-crochet-candy-bath-towel-tutorial-01.webp HTTP/2" 200 34422 "https://rozbano.com/free-tutorial-sewing-fancy-teapot-lid/" "Mozilla/5.0 (Linux; Android 10; K) AppleWebKit/537.36 (KHTML, like Gecko) Chrome/146.0.0.0 Mobile Safari/537.36"
2.183.140.124 - - [17/Apr/2026:00:35:54 +0330] "GET /wp-content/uploads/2025/10/Crochet-Kitchen-Napkin-Holder-Free-Tutorial.webp HTTP/2" 200 31990 "https://rozbano.com/free-tutorial-sewing-fancy-teapot-lid/" "Mozilla/5.0 (Linux; Android 10; K) AppleWebKit/537.36 (KHTML, like Gecko) Chrome/146.0.0.0 Mobile Safari/537.36"
2.183.140.124 - - [17/Apr/2026:00:35:54 +0330] "GET /wp-content/uploads/2025/10/Autumn-Kaftan-Sewing-Tutorial-at-Home.webp HTTP/2" 200 22110 "https://rozbano.com/free-tutorial-sewing-fancy-teapot-lid/" "Mozilla/5.0 (Linux; Android 10; K) AppleWebKit/537.36 (KHTML, like Gecko) Chrome/146.0.0.0 Mobile Safari/537.36"
2.183.140.124 - - [17/Apr/2026:00:35:54 +0330] "GET /wp-content/uploads/2025/10/Free-tutorial-sew-versatile-organizer-01.webp HTTP/2" 200 21366 "https://rozbano.com/free-tutorial-sewing-fancy-teapot-lid/" "Mozilla/5.0 (Linux; Android 10; K) AppleWebKit/537.36 (KHTML, like Gecko) Chrome/146.0.0.0 Mobile Safari/537.36"
2.183.140.124 - - [17/Apr/2026:00:35:54 +0330] "GET /wp-content/uploads/2025/10/tutorial-sew-versatile-organizer-with-little-fabric-01.webp HTTP/2" 200 64330 "https://rozbano.com/free-tutorial-sewing-fancy-teapot-lid/" "Mozilla/5.0 (Linux; Android 10; K) AppleWebKit/537.36 (KHTML, like Gecko) Chrome/146.0.0.0 Mobile Safari/537.36"
2.183.140.124 - - [17/Apr/2026:00:35:54 +0330] "GET /wp-content/uploads/2025/12/IRANSansXFaNum-Medium.woff2 HTTP/2" 200 28060 "https://rozbano.com/wp-content/uploads/elementor/css/post-53138.css?ver=1776365957" "Mozilla/5.0 (Linux; Android 10; K) AppleWebKit/537.36 (KHTML, like Gecko) Chrome/146.0.0.0 Mobile Safari/537.36"
2.183.140.124 - - [17/Apr/2026:00:35:54 +0330] "GET /wp-content/uploads/2025/12/IRANSansXFaNum-Regular.woff2 HTTP/2" 200 27012 "https://rozbano.com/wp-content/uploads/elementor/css/post-53138.css?ver=1776365957" "Mozilla/5.0 (Linux; Android 10; K) AppleWebKit/537.36 (KHTML, like Gecko) Chrome/146.0.0.0 Mobile Safari/537.36"
2.183.140.124 - - [17/Apr/2026:00:35:54 +0330] "GET /wp-content/uploads/2025/12/IRANSansXFaNum-Bold.woff2 HTTP/2" 200 28036 "https://rozbano.com/wp-content/uploads/elementor/css/post-53138.css?ver=1776365957" "Mozilla/5.0 (Linux; Android 10; K) AppleWebKit/537.36 (KHTML, like Gecko) Chrome/146.0.0.0 Mobile Safari/537.36"
2.183.140.124 - - [17/Apr/2026:00:35:54 +0330] "GET /wp-content/uploads/2025/12/IRANSansXFaNum-Black.woff2 HTTP/2" 200 26796 "https://rozbano.com/wp-content/uploads/elementor/css/post-53138.css?ver=1776365957" "Mozilla/5.0 (Linux; Android 10; K) AppleWebKit/537.36 (KHTML, like Gecko) Chrome/146.0.0.0 Mobile Safari/537.36"
2.183.140.124 - - [17/Apr/2026:00:35:54 +0330] "GET /wp-content/uploads/2025/05/rozbano-158-1-2.jpg HTTP/2" 200 23806 "https://rozbano.com/free-tutorial-sewing-fancy-teapot-lid/" "Mozilla/5.0 (Linux; Android 10; K) AppleWebKit/537.36 (KHTML, like Gecko) Chrome/146.0.0.0 Mobile Safari/537.36"
2.183.140.124 - - [17/Apr/2026:00:35:54 +0330] "GET /wp-content/uploads/2025/05/Womens20scarf20and20hat20weave-03.jpg HTTP/2" 200 13681 "https://rozbano.com/free-tutorial-sewing-fancy-teapot-lid/" "Mozilla/5.0 (Linux; Android 10; K) AppleWebKit/537.36 (KHTML, like Gecko) Chrome/146.0.0.0 Mobile Safari/537.36"
2.183.140.124 - - [17/Apr/2026:00:35:54 +0330] "GET /wp-content/uploads/2025/05/rozbano-168-21.jpg HTTP/2" 200 12142 "https://rozbano.com/free-tutorial-sewing-fancy-teapot-lid/" "Mozilla/5.0 (Linux; Android 10; K) AppleWebKit/537.36 (KHTML, like Gecko) Chrome/146.0.0.0 Mobile Safari/537.36"
2.183.140.124 - - [17/Apr/2026:00:35:54 +0330] "GET /wp-content/uploads/2025/05/How20to20use20lip20tint20on20the20cheek-04.webp HTTP/2" 200 6930 "https://rozbano.com/free-tutorial-sewing-fancy-teapot-lid/" "Mozilla/5.0 (Linux; Android 10; K) AppleWebKit/537.36 (KHTML, like Gecko) Chrome/146.0.0.0 Mobile Safari/537.36"
2.183.140.124 - - [17/Apr/2026:00:35:54 +0330] "GET /wp-content/uploads/2025/05/rozbano-404-17-1.jpg HTTP/2" 200 36316 "https://rozbano.com/free-tutorial-sewing-fancy-teapot-lid/" "Mozilla/5.0 (Linux; Android 10; K) AppleWebKit/537.36 (KHTML, like Gecko) Chrome/146.0.0.0 Mobile Safari/537.36"
2.183.140.124 - - [17/Apr/2026:00:35:54 +0330] "GET /wp-includes/js/comment-reply.min.js?ver=6.9.4 HTTP/2" 200 1247 "https://rozbano.com/free-tutorial-sewing-fancy-teapot-lid/" "Mozilla/5.0 (Linux; Android 10; K) AppleWebKit/537.36 (KHTML, like Gecko) Chrome/146.0.0.0 Mobile Safari/537.36"
2.183.140.124 - - [17/Apr/2026:00:35:54 +0330] "GET /wp-content/uploads/2025/12/Free-tutorial-sewing-pocket-handkerchief-covers-01.webp HTTP/2" 200 35576 "https://rozbano.com/free-tutorial-sewing-fancy-teapot-lid/" "Mozilla/5.0 (Linux; Android 10; K) AppleWebKit/537.36 (KHTML, like Gecko) Chrome/146.0.0.0 Mobile Safari/537.36"
54.236.1.52 - - [17/Apr/2026:00:35:11 +0330] "GET /cat/21/Knitwear-Training.html/ HTTP/1.1" 200 25641 "-" "Mozilla/5.0 (compatible; Pinterestbot/1.0; +http://www.pinterest.com/bot.html)"
17.22.245.24 - - [17/Apr/2026:00:35:19 +0330] "POST /tag/%D8%A7%D8%B3%D8%AA%DB%8C%DA%A9-%D8%AA%D9%86%D8%AF%D8%B1%D9%84%D9%88%DB%8C%D9%86/?nocache=1776373058 HTTP/1.1" 200 5974 "https://rozbano.com/tag/%D8%A7%D8%B3%D8%AA%DB%8C%DA%A9-%D8%AA%D9%86%D8%AF%D8%B1%D9%84%D9%88%DB%8C%D9%86/" "Mozilla/5.0 (Macintosh; Intel Mac OS X 10_15_7) AppleWebKit/605.1.15 (KHTML, like Gecko) Version/17.4 Safari/605.1.15 (Applebot/0.1; +http://www.apple.com/go/applebot)"
66.249.70.39 - - [17/Apr/2026:00:35:21 +0330] "GET /page/7/?nocache=1766308410 HTTP/1.1" 200 29511 "-" "Mozilla/5.0 (Linux; Android 6.0.1; Nexus 5X Build/MMB29P) AppleWebKit/537.36 (KHTML, like Gecko) Chrome/146.0.7680.177 Mobile Safari/537.36 (compatible; Googlebot/2.1; +http://www.google.com/bot.html)"
193.105.234.89 - - [17/Apr/2026:00:35:20 +0330] "GET /products/detail/14401644 HTTP/1.1" 301 20 "https://www.rozbano.com/" "Mozilla/5.0 (Windows NT 6.1; Win64; x64; rv:91.0) Gecko/20100101 Firefox/91.0"
66.249.70.32 - - [17/Apr/2026:00:35:36 +0330] "GET /?p=28578135534201 HTTP/1.1" 200 29673 "-" "Mozilla/5.0 (Linux; Android 6.0.1; Nexus 5X Build/MMB29P) AppleWebKit/537.36 (KHTML, like Gecko) Chrome/146.0.7680.177 Mobile Safari/537.36 (compatible; GoogleOther)"
66.249.70.38 - - [17/Apr/2026:00:35:40 +0330] "GET /page/2/?search=search_term_string&nocache=1766692813 HTTP/1.1" 200 29283 "-" "Mozilla/5.0 (Linux; Android 6.0.1; Nexus 5X Build/MMB29P) AppleWebKit/537.36 (KHTML, like Gecko) Chrome/146.0.7680.177 Mobile Safari/537.36 (compatible; Googlebot/2.1; +http://www.google.com/bot.html)"
202.46.62.67 - - [17/Apr/2026:00:35:43 +0330] "GET /?p=12274 HTTP/1.1" 301 20 "-" "Mozilla/5.0 (Windows NT 10.0; Win64; x64) AppleWebKit/537.36 (KHTML, like Gecko) Chrome/133.0.6943.141 Safari/537.36"
202.46.62.91 - - [17/Apr/2026:00:35:45 +0330] "GET /bridal-bouquet-with-ribbons/ HTTP/1.1" 200 34091 "-" "Mozilla/5.0 (Windows NT 10.0; Win64; x64) AppleWebKit/537.36 (KHTML, like Gecko) Chrome/133.0.6943.141 Safari/537.36"
66.249.70.39 - - [17/Apr/2026:00:35:48 +0330] "GET /page/6/?search=%D8%A8%DB%8C%D8%AA%D8%A7+%D8%B3%D8%AD%D8%B1%D8%AE%DB%8C%D8%B2&nocache=1766424188 HTTP/1.1" 200 29769 "-" "Mozilla/5.0 (Linux; Android 6.0.1; Nexus 5X Build/MMB29P) AppleWebKit/537.36 (KHTML, like Gecko) Chrome/146.0.7680.177 Mobile Safari/537.36 (compatible; Googlebot/2.1; +http://www.google.com/bot.html)"
66.249.70.38 - - [17/Apr/2026:00:35:55 +0330] "GET /page/505/?search=search_term_string&nocache=1766688200 HTTP/1.1" 200 30479 "-" "Mozilla/5.0 (Linux; Android 6.0.1; Nexus 5X Build/MMB29P) AppleWebKit/537.36 (KHTML, like Gecko) Chrome/146.0.7680.177 Mobile Safari/537.36 (compatible; Googlebot/2.1; +http://www.google.com/bot.html)"
66.249.70.38 - - [17/Apr/2026:00:35:56 +0330] "GET /page/501/?search=search_term_string&nocache=1766299246 HTTP/1.1" 200 28194 "-" "Mozilla/5.0 (Linux; Android 6.0.1; Nexus 5X Build/MMB29P) AppleWebKit/537.36 (KHTML, like Gecko) Chrome/146.0.7680.177 Mobile Safari/537.36 (compatible; Googlebot/2.1; +http://www.google.com/bot.html)"
66.249.70.39 - - [17/Apr/2026:00:35:57 +0330] "GET /?p=3099980856902 HTTP/1.1" 200 27695 "-" "Mozilla/5.0 (Linux; Android 6.0.1; Nexus 5X Build/MMB29P) AppleWebKit/537.36 (KHTML, like Gecko) Chrome/146.0.7680.177 Mobile Safari/537.36 (compatible; Googlebot/2.1; +http://www.google.com/bot.html)"
202.46.62.100 - - [17/Apr/2026:00:36:01 +0330] "GET /wp-content/uploads/2025/05/rozbano-664-7.jpg HTTP/1.1" 200 36909 "https://rozbano.com/bridal-bouquet-with-ribbons/" "Mozilla/5.0 (Windows NT 10.0; Win64; x64) AppleWebKit/537.36 (KHTML, like Gecko) Chrome/133.0.6943.141 Safari/537.36"
202.46.62.111 - - [17/Apr/2026:00:36:01 +0330] "GET /wp-content/uploads/2025/05/rozbano-664-2.jpg HTTP/1.1" 200 34444 "https://rozbano.com/bridal-bouquet-with-ribbons/" "Mozilla/5.0 (Windows NT 10.0; Win64; x64) AppleWebKit/537.36 (KHTML, like Gecko) Chrome/133.0.6943.141 Safari/537.36"
37.254.80.58 - - [17/Apr/2026:00:35:45 +0330] "GET /knitted-zigzag-model-tutorial/ HTTP/2" 200 33020 "https://rozbano.com/knitted-handle-in-the-shape-of-a-flower-tutorial/" "Mozilla/5.0 (Linux; Android 10; K) AppleWebKit/537.36 (KHTML, like Gecko) Chrome/138.0.0.0 Mobile Safari/537.36"
202.46.62.44 - - [17/Apr/2026:00:35:53 +0330] "GET /?p=12274 HTTP/1.1" 301 20 "-" "Mozilla/5.0 (Windows NT 10.0; Win64; x64) AppleWebKit/537.36 (KHTML, like Gecko) Chrome/133.0.6943.141 Safari/537.36"
66.249.70.38 - - [17/Apr/2026:00:35:57 +0330] "GET /page/5/?search=%D8%A8%DB%8C%D8%AA%D8%A7%20%D8%B3%D8%AD%D8%B1%D8%AE%DB%8C%D8%B2&nocache=1766408875 HTTP/1.1" 200 28833 "-" "Mozilla/5.0 (Linux; Android 6.0.1; Nexus 5X Build/MMB29P) AppleWebKit/537.36 (KHTML, like Gecko) Chrome/146.0.7680.177 Mobile Safari/537.36 (compatible; Googlebot/2.1; +http://www.google.com/bot.html)"
202.46.62.82 - - [17/Apr/2026:00:36:01 +0330] "GET /wp-content/uploads/2025/05/rozbano-385-4-150x139.jpg HTTP/1.1" 200 7471 "https://rozbano.com/bridal-bouquet-with-ribbons/" "Mozilla/5.0 (Windows NT 10.0; Win64; x64) AppleWebKit/537.36 (KHTML, like Gecko) Chrome/133.0.6943.141 Safari/537.36"
66.249.70.32 - - [17/Apr/2026:00:36:01 +0330] "GET /page/3/?search=search_term_string&nocache=1766125538 HTTP/1.1" 200 30261 "-" "Mozilla/5.0 (Linux; Android 6.0.1; Nexus 5X Build/MMB29P) AppleWebKit/537.36 (KHTML, like Gecko) Chrome/146.0.7680.177 Mobile Safari/537.36 (compatible; Googlebot/2.1; +http://www.google.com/bot.html)"
202.46.62.72 - - [17/Apr/2026:00:36:01 +0330] "GET /wp-content/uploads/2025/05/rozbano-664-5.jpg HTTP/1.1" 200 195915 "https://rozbano.com/bridal-bouquet-with-ribbons/" "Mozilla/5.0 (Windows NT 10.0; Win64; x64) AppleWebKit/537.36 (KHTML, like Gecko) Chrome/133.0.6943.141 Safari/537.36"
202.46.62.14 - - [17/Apr/2026:00:36:01 +0330] "GET /wp-content/uploads/2025/05/rozbano-664.jpg HTTP/1.1" 200 68526 "https://rozbano.com/bridal-bouquet-with-ribbons/" "Mozilla/5.0 (Windows NT 10.0; Win64; x64) AppleWebKit/537.36 (KHTML, like Gecko) Chrome/133.0.6943.141 Safari/537.36"
66.249.70.35 - - [17/Apr/2026:00:36:02 +0330] "GET /page/506/?search=%D8%A8%DB%8C%D8%AA%D8%A7+%D8%B3%D8%AD%D8%B1%D8%AE%DB%8C%D8%B2&nocache=1766424188 HTTP/1.1" 200 27689 "-" "Mozilla/5.0 (Linux; Android 6.0.1; Nexus 5X Build/MMB29P) AppleWebKit/537.36 (KHTML, like Gecko) Chrome/146.0.7680.177 Mobile Safari/537.36 (compatible; Googlebot/2.1; +http://www.google.com/bot.html)"
66.249.70.32 - - [17/Apr/2026:00:36:03 +0330] "GET /page/508/?search=search_term_string&nocache=1766503107 HTTP/1.1" 200 29147 "-" "Mozilla/5.0 (Linux; Android 6.0.1; Nexus 5X Build/MMB29P) AppleWebKit/537.36 (KHTML, like Gecko) Chrome/146.0.7680.177 Mobile Safari/537.36 (compatible; Googlebot/2.1; +http://www.google.com/bot.html)"
66.249.70.33 - - [17/Apr/2026:00:36:08 +0330] "GET /page/2/?search=%D8%A8%DB%8C%D8%AA%D8%A7+%D8%B3%D8%AD%D8%B1%D8%AE%DB%8C%D8%B2&nocache=1765879114 HTTP/1.1" 200 27422 "-" "Mozilla/5.0 (Linux; Android 6.0.1; Nexus 5X Build/MMB29P) AppleWebKit/537.36 (KHTML, like Gecko) Chrome/146.0.7680.177 Mobile Safari/537.36 (compatible; Googlebot/2.1; +http://www.google.com/bot.html)"
66.249.70.33 - - [17/Apr/2026:00:36:09 +0330] "GET /page/32/?nocache=1766358615 HTTP/1.1" 200 27985 "-" "Mozilla/5.0 (Linux; Android 6.0.1; Nexus 5X Build/MMB29P) AppleWebKit/537.36 (KHTML, like Gecko) Chrome/146.0.7680.177 Mobile Safari/537.36 (compatible; Googlebot/2.1; +http://www.google.com/bot.html)"
66.249.70.33 - - [17/Apr/2026:00:36:11 +0330] "GET /page/4/?search=search_term_string&nocache=1766031739 HTTP/1.1" 200 28917 "-" "Mozilla/5.0 (Linux; Android 6.0.1; Nexus 5X Build/MMB29P) AppleWebKit/537.36 (KHTML, like Gecko) Chrome/146.0.7680.177 Mobile Safari/537.36 (compatible; Googlebot/2.1; +http://www.google.com/bot.html)"
2.183.140.124 - - [17/Apr/2026:00:35:54 +0330] "GET /wp-content/plugins/elementor/assets/js/shared-frontend-handlers.4c8abccc3e268b0767b2.bundle.min.js HTTP/2" 200 2542 "https://rozbano.com/free-tutorial-sewing-fancy-teapot-lid/" "Mozilla/5.0 (Linux; Android 10; K) AppleWebKit/537.36 (KHTML, like Gecko) Chrome/146.0.0.0 Mobile Safari/537.36"
2.183.140.124 - - [17/Apr/2026:00:35:54 +0330] "GET /wp-content/plugins/elementor-pro/assets/js/share-buttons.63d984f8c96d1e053bc0.bundle.min.js HTTP/2" 200 690 "https://rozbano.com/free-tutorial-sewing-fancy-teapot-lid/" "Mozilla/5.0 (Linux; Android 10; K) AppleWebKit/537.36 (KHTML, like Gecko) Chrome/146.0.0.0 Mobile Safari/537.36"
2.183.140.124 - - [17/Apr/2026:00:35:54 +0330] "GET /wp-content/plugins/elementor-pro/assets/js/nav-menu.0edc0c22e9f3101552ed.bundle.min.js HTTP/2" 200 1758 "https://rozbano.com/free-tutorial-sewing-fancy-teapot-lid/" "Mozilla/5.0 (Linux; Android 10; K) AppleWebKit/537.36 (KHTML, like Gecko) Chrome/146.0.0.0 Mobile Safari/537.36"
2.183.140.124 - - [17/Apr/2026:00:35:54 +0330] "GET /wp-content/plugins/elementor/assets/lib/share-link/share-link.min.js?ver=3.32.3 HTTP/2" 200 1072 "https://rozbano.com/free-tutorial-sewing-fancy-teapot-lid/" "Mozilla/5.0 (Linux; Android 10; K) AppleWebKit/537.36 (KHTML, like Gecko) Chrome/146.0.0.0 Mobile Safari/537.36"
2.183.140.124 - - [17/Apr/2026:00:35:54 +0330] "GET /wp-includes/js/wp-emoji-release.min.js?ver=6.9.4 HTTP/2" 200 4949 "https://rozbano.com/free-tutorial-sewing-fancy-teapot-lid/" "Mozilla/5.0 (Linux; Android 10; K) AppleWebKit/537.36 (KHTML, like Gecko) Chrome/146.0.0.0 Mobile Safari/537.36"
202.46.62.82 - - [17/Apr/2026:00:36:02 +0330] "GET /wp-content/uploads/2025/05/rozbano-664-16.jpg HTTP/1.1" 200 38069 "https://rozbano.com/bridal-bouquet-with-ribbons/" "Mozilla/5.0 (Windows NT 10.0; Win64; x64) AppleWebKit/537.36 (KHTML, like Gecko) Chrome/133.0.6943.141 Safari/537.36"
202.46.62.72 - - [17/Apr/2026:00:36:02 +0330] "GET /wp-content/uploads/2025/05/rozbano-664-12.jpg HTTP/1.1" 200 53133 "https://rozbano.com/bridal-bouquet-with-ribbons/" "Mozilla/5.0 (Windows NT 10.0; Win64; x64) AppleWebKit/537.36 (KHTML, like Gecko) Chrome/133.0.6943.141 Safari/537.36"
202.46.62.15 - - [17/Apr/2026:00:36:02 +0330] "GET /wp-content/uploads/2025/05/Knitting20weaving20model20tutorial-01-150x139.jpg HTTP/1.1" 200 7890 "https://rozbano.com/bridal-bouquet-with-ribbons/" "Mozilla/5.0 (Windows NT 10.0; Win64; x64) AppleWebKit/537.36 (KHTML, like Gecko) Chrome/133.0.6943.141 Safari/537.36"
202.46.62.6 - - [17/Apr/2026:00:36:03 +0330] "GET /wp-content/uploads/2025/05/rozbano-664-10.jpg HTTP/1.1" 200 56434 "https://rozbano.com/bridal-bouquet-with-ribbons/" "Mozilla/5.0 (Windows NT 10.0; Win64; x64) AppleWebKit/537.36 (KHTML, like Gecko) Chrome/133.0.6943.141 Safari/537.36"
202.46.62.63 - - [17/Apr/2026:00:36:04 +0330] "GET /wp-content/uploads/2025/05/rozbano-40-4-150x101.jpg HTTP/1.1" 200 5199 "https://rozbano.com/bridal-bouquet-with-ribbons/" "Mozilla/5.0 (Windows NT 10.0; Win64; x64) AppleWebKit/537.36 (KHTML, like Gecko) Chrome/133.0.6943.141 Safari/537.36"
202.46.62.100 - - [17/Apr/2026:00:36:05 +0330] "GET /wp-content/uploads/2025/05/rozbano-664-17.jpg HTTP/1.1" 200 74947 "https://rozbano.com/bridal-bouquet-with-ribbons/" "Mozilla/5.0 (Windows NT 10.0; Win64; x64) AppleWebKit/537.36 (KHTML, like Gecko) Chrome/133.0.6943.141 Safari/537.36"
66.249.70.38 - - [17/Apr/2026:00:36:05 +0330] "GET /page/2/?search=search_term_string&nocache=1765803106 HTTP/1.1" 200 27687 "-" "Mozilla/5.0 (Linux; Android 6.0.1; Nexus 5X Build/MMB29P) AppleWebKit/537.36 (KHTML, like Gecko) Chrome/146.0.7680.177 Mobile Safari/537.36 (compatible; Googlebot/2.1; +http://www.google.com/bot.html)"
66.249.70.32 - - [17/Apr/2026:00:36:10 +0330] "GET /?p=9577056903000 HTTP/1.1" 200 27738 "-" "Mozilla/5.0 (Linux; Android 6.0.1; Nexus 5X Build/MMB29P) AppleWebKit/537.36 (KHTML, like Gecko) Chrome/146.0.7680.177 Mobile Safari/537.36 (compatible; GoogleOther)"
2.183.140.124 - - [17/Apr/2026:00:36:12 +0330] "POST /free-tutorial-sewing-fancy-teapot-lid/?nocache=1776373552 HTTP/2" 200 4903 "https://rozbano.com/free-tutorial-sewing-fancy-teapot-lid/" "Mozilla/5.0 (Linux; Android 10; K) AppleWebKit/537.36 (KHTML, like Gecko) Chrome/146.0.0.0 Mobile Safari/537.36"
66.249.70.32 - - [17/Apr/2026:00:36:14 +0330] "GET /page/506/?search=search_term_string&nocache=1765886178 HTTP/1.1" 200 27946 "-" "Mozilla/5.0 (Linux; Android 6.0.1; Nexus 5X Build/MMB29P) AppleWebKit/537.36 (KHTML, like Gecko) Chrome/146.0.7680.177 Mobile Safari/537.36 (compatible; Googlebot/2.1; +http://www.google.com/bot.html)"
2.183.140.124 - - [17/Apr/2026:00:36:15 +0330] "GET /wp-content/uploads/2026/04/crochet-flower-scrubber-tutorial-02.webp HTTP/2" 200 21788 "https://rozbano.com/free-tutorial-sewing-fancy-teapot-lid/" "Mozilla/5.0 (Linux; Android 10; K) AppleWebKit/537.36 (KHTML, like Gecko) Chrome/146.0.0.0 Mobile Safari/537.36"
2.183.140.124 - - [17/Apr/2026:00:36:15 +0330] "GET /wp-content/uploads/2026/04/tie-hat-knitting-tutorial-03.webp HTTP/2" 200 9874 "https://rozbano.com/free-tutorial-sewing-fancy-teapot-lid/" "Mozilla/5.0 (Linux; Android 10; K) AppleWebKit/537.36 (KHTML, like Gecko) Chrome/146.0.0.0 Mobile Safari/537.36"
2.183.140.124 - - [17/Apr/2026:00:36:15 +0330] "GET /wp-content/uploads/2026/04/crochet-flower-scrubby-tutorial.webp HTTP/2" 200 25296 "https://rozbano.com/free-tutorial-sewing-fancy-teapot-lid/" "Mozilla/5.0 (Linux; Android 10; K) AppleWebKit/537.36 (KHTML, like Gecko) Chrome/146.0.0.0 Mobile Safari/537.36"
2.183.140.124 - - [17/Apr/2026:00:36:15 +0330] "GET /wp-content/uploads/2026/03/steering-wheel-cover-crochet-tutorial-01.webp HTTP/2" 200 29978 "https://rozbano.com/free-tutorial-sewing-fancy-teapot-lid/" "Mozilla/5.0 (Linux; Android 10; K) AppleWebKit/537.36 (KHTML, like Gecko) Chrome/146.0.0.0 Mobile Safari/537.36"
2.183.140.124 - - [17/Apr/2026:00:36:15 +0330] "GET /wp-content/uploads/2026/02/Free-size-sewing-blowing-tutorial-at-home-02.webp HTTP/2" 200 28700 "https://rozbano.com/free-tutorial-sewing-fancy-teapot-lid/" "Mozilla/5.0 (Linux; Android 10; K) AppleWebKit/537.36 (KHTML, like Gecko) Chrome/146.0.0.0 Mobile Safari/537.36"
2.183.140.124 - - [17/Apr/2026:00:36:15 +0330] "GET /wp-content/uploads/2026/02/Free-tutorial-crochet-triple-crochet-pattern.webp HTTP/2" 200 53318 "https://rozbano.com/free-tutorial-sewing-fancy-teapot-lid/" "Mozilla/5.0 (Linux; Android 10; K) AppleWebKit/537.36 (KHTML, like Gecko) Chrome/146.0.0.0 Mobile Safari/537.36"
2.183.140.124 - - [17/Apr/2026:00:36:15 +0330] "GET /wp-content/uploads/2026/02/Free-tutorial-sewing-coat-with-lace-combination-04.webp HTTP/2" 200 26780 "https://rozbano.com/free-tutorial-sewing-fancy-teapot-lid/" "Mozilla/5.0 (Linux; Android 10; K) AppleWebKit/537.36 (KHTML, like Gecko) Chrome/146.0.0.0 Mobile Safari/537.36"
2.183.140.124 - - [17/Apr/2026:00:36:15 +0330] "GET /wp-content/uploads/2026/02/Free-tutorial-crochet-beautiful-flower.webp HTTP/2" 200 32450 "https://rozbano.com/free-tutorial-sewing-fancy-teapot-lid/" "Mozilla/5.0 (Linux; Android 10; K) AppleWebKit/537.36 (KHTML, like Gecko) Chrome/146.0.0.0 Mobile Safari/537.36"
2.183.140.124 - - [17/Apr/2026:00:36:13 +0330] "GET /tag/%da%a9%d8%b3%d8%a8-%d8%af%d8%b1%d8%a2%d9%85%d8%af-%d8%af%d8%b1-%d8%ae%d8%a7%d9%86%d9%87/ HTTP/2" 200 0 "https://rozbano.com/free-tutorial-sewing-fancy-teapot-lid/" "Mozilla/5.0 (Linux; Android 10; K) AppleWebKit/537.36 (KHTML, like Gecko) Chrome/146.0.0.0 Mobile Safari/537.36"
66.249.70.38 - - [17/Apr/2026:00:36:15 +0330] "GET /page/2/?search=%D8%A8%DB%8C%D8%AA%D8%A7+%D8%B3%D8%AD%D8%B1%D8%AE%DB%8C%D8%B2&nocache=1766556153 HTTP/1.1" 200 27354 "-" "Mozilla/5.0 (Linux; Android 6.0.1; Nexus 5X Build/MMB29P) AppleWebKit/537.36 (KHTML, like Gecko) Chrome/146.0.7680.177 Mobile Safari/537.36 (compatible; Googlebot/2.1; +http://www.google.com/bot.html)"
66.249.70.35 - - [17/Apr/2026:00:35:47 +0330] "GET /page/504/?search=%D8%A8%DB%8C%D8%AA%D8%A7+%D8%B3%D8%AD%D8%B1%D8%AE%DB%8C%D8%B2&nocache=1766247656 HTTP/1.1" 200 29004 "-" "Mozilla/5.0 (Linux; Android 6.0.1; Nexus 5X Build/MMB29P) AppleWebKit/537.36 (KHTML, like Gecko) Chrome/146.0.7680.177 Mobile Safari/537.36 (compatible; Googlebot/2.1; +http://www.google.com/bot.html)"
66.249.70.36 - - [17/Apr/2026:00:35:50 +0330] "GET /page/506/?search=search_term_string&nocache=1765860151 HTTP/1.1" 200 27443 "-" "Mozilla/5.0 (Linux; Android 6.0.1; Nexus 5X Build/MMB29P) AppleWebKit/537.36 (KHTML, like Gecko) Chrome/146.0.7680.177 Mobile Safari/537.36 (compatible; Googlebot/2.1; +http://www.google.com/bot.html)"
66.249.70.35 - - [17/Apr/2026:00:35:52 +0330] "GET /page/506/?search=search_term_string&nocache=1765939359 HTTP/1.1" 200 28220 "-" "Mozilla/5.0 (Linux; Android 6.0.1; Nexus 5X Build/MMB29P) AppleWebKit/537.36 (KHTML, like Gecko) Chrome/146.0.7680.177 Mobile Safari/537.36 (compatible; Googlebot/2.1; +http://www.google.com/bot.html)"
202.46.62.83 - - [17/Apr/2026:00:35:56 +0330] "GET /bridal-bouquet-with-ribbons/ HTTP/1.1" 200 34043 "-" "Mozilla/5.0 (Windows NT 10.0; Win64; x64) AppleWebKit/537.36 (KHTML, like Gecko) Chrome/133.0.6943.141 Safari/537.36"
