5.126.72.96 - - [17/Apr/2026:00:19:02 +0330] "GET /wp-content/uploads/2025/10/Free-tutorial-sew-versatile-organizer-01-150x150.webp HTTP/2" 200 3474 "https://rozbano.com/free-tutorial-crochet-sunflower-motif/" "Mozilla/5.0 (Linux; Android 14; SM-A065F Build/UP1A.231005.007; wv) AppleWebKit/537.36 (KHTML, like Gecko) 4.0 Chrome/145.0.7632.79 Mobile Safari/537.36; bw4"
5.126.72.96 - - [17/Apr/2026:00:19:02 +0330] "GET /wp-content/uploads/2025/10/tutorial-sew-versatile-organizer-with-little-fabric-01-150x150.webp HTTP/2" 200 8812 "https://rozbano.com/free-tutorial-crochet-sunflower-motif/" "Mozilla/5.0 (Linux; Android 14; SM-A065F Build/UP1A.231005.007; wv) AppleWebKit/537.36 (KHTML, like Gecko) 4.0 Chrome/145.0.7632.79 Mobile Safari/537.36; bw4"
5.126.72.96 - - [17/Apr/2026:00:19:02 +0330] "GET /wp-content/uploads/2025/05/rozbano-293-8-150x113.jpg HTTP/2" 200 5241 "https://rozbano.com/free-tutorial-crochet-sunflower-motif/" "Mozilla/5.0 (Linux; Android 14; SM-A065F Build/UP1A.231005.007; wv) AppleWebKit/537.36 (KHTML, like Gecko) 4.0 Chrome/145.0.7632.79 Mobile Safari/537.36; bw4"
5.126.72.96 - - [17/Apr/2026:00:19:02 +0330] "GET /wp-content/uploads/2025/05/rozbano-46-17-150x121.jpg HTTP/2" 200 11011 "https://rozbano.com/free-tutorial-crochet-sunflower-motif/" "Mozilla/5.0 (Linux; Android 14; SM-A065F Build/UP1A.231005.007; wv) AppleWebKit/537.36 (KHTML, like Gecko) 4.0 Chrome/145.0.7632.79 Mobile Safari/537.36; bw4"
5.126.72.96 - - [17/Apr/2026:00:19:02 +0330] "GET /wp-content/uploads/2025/05/rozbano-144-150x102.jpg HTTP/2" 200 4137 "https://rozbano.com/free-tutorial-crochet-sunflower-motif/" "Mozilla/5.0 (Linux; Android 14; SM-A065F Build/UP1A.231005.007; wv) AppleWebKit/537.36 (KHTML, like Gecko) 4.0 Chrome/145.0.7632.79 Mobile Safari/537.36; bw4"
5.126.72.96 - - [17/Apr/2026:00:19:02 +0330] "GET /wp-content/uploads/2025/09/Free-tutorial-beautiful-lipped-doll-chick-at-home-01-150x150.webp HTTP/2" 200 4976 "https://rozbano.com/free-tutorial-crochet-sunflower-motif/" "Mozilla/5.0 (Linux; Android 14; SM-A065F Build/UP1A.231005.007; wv) AppleWebKit/537.36 (KHTML, like Gecko) 4.0 Chrome/145.0.7632.79 Mobile Safari/537.36; bw4"
5.126.72.96 - - [17/Apr/2026:00:19:02 +0330] "GET /wp-content/uploads/2025/05/Beautiful20hexagonal20motif20texture-02-150x139.jpg HTTP/2" 200 5902 "https://rozbano.com/free-tutorial-crochet-sunflower-motif/" "Mozilla/5.0 (Linux; Android 14; SM-A065F Build/UP1A.231005.007; wv) AppleWebKit/537.36 (KHTML, like Gecko) 4.0 Chrome/145.0.7632.79 Mobile Safari/537.36; bw4"
5.126.72.96 - - [17/Apr/2026:00:19:02 +0330] "GET /wp-content/uploads/2025/05/rozbano-825-1-150x139.jpg HTTP/2" 200 6964 "https://rozbano.com/free-tutorial-crochet-sunflower-motif/" "Mozilla/5.0 (Linux; Android 14; SM-A065F Build/UP1A.231005.007; wv) AppleWebKit/537.36 (KHTML, like Gecko) 4.0 Chrome/145.0.7632.79 Mobile Safari/537.36; bw4"
5.126.72.96 - - [17/Apr/2026:00:19:02 +0330] "GET /wp-includes/js/comment-reply.min.js?ver=6.9.4 HTTP/2" 200 1247 "https://rozbano.com/free-tutorial-crochet-sunflower-motif/" "Mozilla/5.0 (Linux; Android 14; SM-A065F Build/UP1A.231005.007; wv) AppleWebKit/537.36 (KHTML, like Gecko) 4.0 Chrome/145.0.7632.79 Mobile Safari/537.36; bw4"
5.126.72.96 - - [17/Apr/2026:00:19:02 +0330] "GET /wp-content/uploads/2025/12/IRANSansXFaNum-Medium.woff2 HTTP/2" 200 28060 "https://rozbano.com/wp-content/uploads/elementor/css/post-53138.css?ver=1776365957" "Mozilla/5.0 (Linux; Android 14; SM-A065F Build/UP1A.231005.007; wv) AppleWebKit/537.36 (KHTML, like Gecko) 4.0 Chrome/145.0.7632.79 Mobile Safari/537.36; bw4"
5.126.72.96 - - [17/Apr/2026:00:19:02 +0330] "GET /wp-content/uploads/2025/12/IRANSansXFaNum-Regular.woff2 HTTP/2" 200 27012 "https://rozbano.com/wp-content/uploads/elementor/css/post-53138.css?ver=1776365957" "Mozilla/5.0 (Linux; Android 14; SM-A065F Build/UP1A.231005.007; wv) AppleWebKit/537.36 (KHTML, like Gecko) 4.0 Chrome/145.0.7632.79 Mobile Safari/537.36; bw4"
5.126.72.96 - - [17/Apr/2026:00:19:02 +0330] "GET /wp-content/uploads/2025/12/IRANSansXFaNum-Bold.woff2 HTTP/2" 200 28036 "https://rozbano.com/wp-content/uploads/elementor/css/post-53138.css?ver=1776365957" "Mozilla/5.0 (Linux; Android 14; SM-A065F Build/UP1A.231005.007; wv) AppleWebKit/537.36 (KHTML, like Gecko) 4.0 Chrome/145.0.7632.79 Mobile Safari/537.36; bw4"
5.126.72.96 - - [17/Apr/2026:00:19:02 +0330] "GET /wp-content/uploads/2025/12/IRANSansXFaNum-Black.woff2 HTTP/2" 200 26796 "https://rozbano.com/wp-content/uploads/elementor/css/post-53138.css?ver=1776365957" "Mozilla/5.0 (Linux; Android 14; SM-A065F Build/UP1A.231005.007; wv) AppleWebKit/537.36 (KHTML, like Gecko) 4.0 Chrome/145.0.7632.79 Mobile Safari/537.36; bw4"
5.126.72.96 - - [17/Apr/2026:00:19:03 +0330] "GET /wp-content/plugins/elementor/assets/js/shared-frontend-handlers.4c8abccc3e268b0767b2.bundle.min.js HTTP/2" 200 2542 "https://rozbano.com/free-tutorial-crochet-sunflower-motif/" "Mozilla/5.0 (Linux; Android 14; SM-A065F Build/UP1A.231005.007; wv) AppleWebKit/537.36 (KHTML, like Gecko) 4.0 Chrome/145.0.7632.79 Mobile Safari/537.36; bw4"
5.126.72.96 - - [17/Apr/2026:00:19:03 +0330] "GET /wp-content/plugins/elementor-pro/assets/js/share-buttons.63d984f8c96d1e053bc0.bundle.min.js HTTP/2" 200 690 "https://rozbano.com/free-tutorial-crochet-sunflower-motif/" "Mozilla/5.0 (Linux; Android 14; SM-A065F Build/UP1A.231005.007; wv) AppleWebKit/537.36 (KHTML, like Gecko) 4.0 Chrome/145.0.7632.79 Mobile Safari/537.36; bw4"
66.249.70.33 - - [17/Apr/2026:00:18:09 +0330] "GET /products/detail/119192816 HTTP/1.1" 200 28177 "-" "Mozilla/5.0 (Linux; Android 6.0.1; Nexus 5X Build/MMB29P) AppleWebKit/537.36 (KHTML, like Gecko) Chrome/146.0.7680.177 Mobile Safari/537.36 (compatible; Googlebot/2.1; +http://www.google.com/bot.html)"
185.191.171.15 - - [17/Apr/2026:00:18:28 +0330] "GET /page/479/?search=%D8%B1%D8%B2%2B%D8%B1%D8%B6%D9%88%DB%8C HTTP/1.1" 403 20 "-" "Mozilla/5.0 (compatible; SemrushBot/7~bl; +http://www.semrush.com/bot.html)"
66.249.70.38 - - [17/Apr/2026:00:18:38 +0330] "GET /page/508/?search=search_term_string&nocache=1765521759 HTTP/1.1" 200 29885 "-" "Mozilla/5.0 (Linux; Android 6.0.1; Nexus 5X Build/MMB29P) AppleWebKit/537.36 (KHTML, like Gecko) Chrome/146.0.7680.177 Mobile Safari/537.36 (compatible; Googlebot/2.1; +http://www.google.com/bot.html)"
66.249.70.39 - - [17/Apr/2026:00:18:39 +0330] "GET /page/506/?search=search_term_string&nocache=1766376209 HTTP/1.1" 200 28846 "-" "Mozilla/5.0 (Linux; Android 6.0.1; Nexus 5X Build/MMB29P) AppleWebKit/537.36 (KHTML, like Gecko) Chrome/146.0.7680.177 Mobile Safari/537.36 (compatible; Googlebot/2.1; +http://www.google.com/bot.html)"
66.249.70.38 - - [17/Apr/2026:00:18:41 +0330] "GET /page/3/?search=search_term_string&nocache=1766274485 HTTP/1.1" 200 29328 "-" "Mozilla/5.0 (Linux; Android 6.0.1; Nexus 5X Build/MMB29P) AppleWebKit/537.36 (KHTML, like Gecko) Chrome/146.0.7680.177 Mobile Safari/537.36 (compatible; Googlebot/2.1; +http://www.google.com/bot.html)"
66.249.70.38 - - [17/Apr/2026:00:18:43 +0330] "GET /page/3/?search=search_term_string&nocache=1765778548 HTTP/1.1" 200 29851 "-" "Mozilla/5.0 (Linux; Android 6.0.1; Nexus 5X Build/MMB29P) AppleWebKit/537.36 (KHTML, like Gecko) Chrome/146.0.7680.177 Mobile Safari/537.36 (compatible; Googlebot/2.1; +http://www.google.com/bot.html)"
66.249.70.39 - - [17/Apr/2026:00:18:44 +0330] "GET /products/detail/133563220%20%20%20%20%20%20%20%20%20%20%20%20%20%20%20%20%20%20%20%20%20%20%20%20%20%20%20%20%20%20%20%20class= HTTP/1.1" 200 29026 "-" "Mozilla/5.0 (Linux; Android 6.0.1; Nexus 5X Build/MMB29P) AppleWebKit/537.36 (KHTML, like Gecko) Chrome/146.0.7680.177 Mobile Safari/537.36 (compatible; Googlebot/2.1; +http://www.google.com/bot.html)"
66.249.70.38 - - [17/Apr/2026:00:18:47 +0330] "GET /page/11/?search=search_term_string&nocache=1766592743 HTTP/1.1" 200 28526 "-" "Mozilla/5.0 (Linux; Android 6.0.1; Nexus 5X Build/MMB29P) AppleWebKit/537.36 (KHTML, like Gecko) Chrome/146.0.7680.177 Mobile Safari/537.36 (compatible; Googlebot/2.1; +http://www.google.com/bot.html)"
66.249.70.39 - - [17/Apr/2026:00:18:47 +0330] "GET /?p=81002149205704 HTTP/1.1" 200 28015 "-" "Mozilla/5.0 (Linux; Android 6.0.1; Nexus 5X Build/MMB29P) AppleWebKit/537.36 (KHTML, like Gecko) Chrome/146.0.7680.177 Mobile Safari/537.36 (compatible; Googlebot/2.1; +http://www.google.com/bot.html)"
66.249.70.38 - - [17/Apr/2026:00:18:50 +0330] "GET /page/506/?search=search_term_string&nocache=1766346248 HTTP/1.1" 200 28334 "-" "Mozilla/5.0 (Linux; Android 6.0.1; Nexus 5X Build/MMB29P) AppleWebKit/537.36 (KHTML, like Gecko) Chrome/146.0.7680.177 Mobile Safari/537.36 (compatible; Googlebot/2.1; +http://www.google.com/bot.html)"
66.249.70.38 - - [17/Apr/2026:00:18:54 +0330] "GET /page/506/?search=search_term_string&nocache=1765834320 HTTP/1.1" 200 31007 "-" "Mozilla/5.0 (Linux; Android 6.0.1; Nexus 5X Build/MMB29P) AppleWebKit/537.36 (KHTML, like Gecko) Chrome/146.0.7680.177 Mobile Safari/537.36 (compatible; Googlebot/2.1; +http://www.google.com/bot.html)"
66.249.70.33 - - [17/Apr/2026:00:19:01 +0330] "GET /?p=49077130630106 HTTP/1.1" 200 27676 "-" "Mozilla/5.0 (Linux; Android 6.0.1; Nexus 5X Build/MMB29P) AppleWebKit/537.36 (KHTML, like Gecko) Chrome/146.0.7680.177 Mobile Safari/537.36 (compatible; GoogleOther)"
66.249.70.38 - - [17/Apr/2026:00:18:20 +0330] "GET /page/2/?search=search_term_string&nocache=1767238379 HTTP/1.1" 200 28630 "-" "Mozilla/5.0 (Linux; Android 6.0.1; Nexus 5X Build/MMB29P) AppleWebKit/537.36 (KHTML, like Gecko) Chrome/146.0.7680.177 Mobile Safari/537.36 (compatible; Googlebot/2.1; +http://www.google.com/bot.html)"
66.249.70.38 - - [17/Apr/2026:00:18:24 +0330] "GET /page/3/?search=search_term_string&nocache=1766693466 HTTP/1.1" 200 29012 "-" "Mozilla/5.0 (Linux; Android 6.0.1; Nexus 5X Build/MMB29P) AppleWebKit/537.36 (KHTML, like Gecko) Chrome/146.0.7680.177 Mobile Safari/537.36 (compatible; Googlebot/2.1; +http://www.google.com/bot.html)"
66.249.70.38 - - [17/Apr/2026:00:18:25 +0330] "GET /page/506/?search=search_term_string&nocache=1766043722 HTTP/1.1" 200 27663 "-" "Mozilla/5.0 (Linux; Android 6.0.1; Nexus 5X Build/MMB29P) AppleWebKit/537.36 (KHTML, like Gecko) Chrome/146.0.7680.177 Mobile Safari/537.36 (compatible; Googlebot/2.1; +http://www.google.com/bot.html)"
66.249.70.33 - - [17/Apr/2026:00:18:37 +0330] "GET /page/499/?nocache=1766365896 HTTP/1.1" 200 28488 "-" "Mozilla/5.0 (Linux; Android 6.0.1; Nexus 5X Build/MMB29P) AppleWebKit/537.36 (KHTML, like Gecko) Chrome/146.0.7680.177 Mobile Safari/537.36 (compatible; Googlebot/2.1; +http://www.google.com/bot.html)"
103.75.126.223 - - [17/Apr/2026:00:18:47 +0330] "POST /?%ADd+allow_url_include%3d1+%ADd+auto_prepend_file%3dphp://input HTTP/1.0" 200 352805 "-" "libredtail-http"
103.75.126.223 - - [17/Apr/2026:00:18:54 +0330] "GET /vendor/phpunit/phpunit/src/Util/PHP/eval-stdin.php HTTP/1.0" 301 0 "-" "libredtail-http"
103.75.126.223 - - [17/Apr/2026:00:19:00 +0330] "GET /vendor/phpunit/phpunit/Util/PHP/eval-stdin.php HTTP/1.0" 301 0 "-" "libredtail-http"
66.249.70.33 - - [17/Apr/2026:00:19:02 +0330] "GET /page/502/?search=search_term_string&nocache=1765493593 HTTP/1.1" 200 28501 "-" "Mozilla/5.0 (Linux; Android 6.0.1; Nexus 5X Build/MMB29P) AppleWebKit/537.36 (KHTML, like Gecko) Chrome/146.0.7680.177 Mobile Safari/537.36 (compatible; Googlebot/2.1; +http://www.google.com/bot.html)"
66.249.70.38 - - [17/Apr/2026:00:19:02 +0330] "GET /?p=96619238534200 HTTP/1.1" 200 27710 "-" "Mozilla/5.0 (Linux; Android 6.0.1; Nexus 5X Build/MMB29P) AppleWebKit/537.36 (KHTML, like Gecko) Chrome/146.0.7680.177 Mobile Safari/537.36 (compatible; Googlebot/2.1; +http://www.google.com/bot.html)"
66.249.70.33 - - [17/Apr/2026:00:19:03 +0330] "GET /?search=search_term_string&nocache=1766478769 HTTP/1.1" 200 27718 "-" "Mozilla/5.0 (Linux; Android 6.0.1; Nexus 5X Build/MMB29P) AppleWebKit/537.36 (KHTML, like Gecko) Chrome/146.0.7680.177 Mobile Safari/537.36 (compatible; Googlebot/2.1; +http://www.google.com/bot.html)"
66.249.70.33 - - [17/Apr/2026:00:19:03 +0330] "GET /?search=search_term_string&nocache=1766695143 HTTP/1.1" 200 29124 "-" "Mozilla/5.0 (Linux; Android 6.0.1; Nexus 5X Build/MMB29P) AppleWebKit/537.36 (KHTML, like Gecko) Chrome/146.0.7680.177 Mobile Safari/537.36 (compatible; Googlebot/2.1; +http://www.google.com/bot.html)"
66.249.70.33 - - [17/Apr/2026:00:19:08 +0330] "GET /page/505/?search=%D8%AA%DB%8C%D9%86%D8%A7+%D8%A2%D8%AE%D9%88%D9%86%D8%AF%D8%AA%D8%A8%D8%A7%D8%B1&nocache=1766529520 HTTP/1.1" 200 27696 "-" "Mozilla/5.0 (Linux; Android 6.0.1; Nexus 5X Build/MMB29P) AppleWebKit/537.36 (KHTML, like Gecko) Chrome/146.0.7680.177 Mobile Safari/537.36 (compatible; Googlebot/2.1; +http://www.google.com/bot.html)"
66.249.70.39 - - [17/Apr/2026:00:19:11 +0330] "GET /page/497/?nocache=1765765101 HTTP/1.1" 200 27637 "-" "Mozilla/5.0 (Linux; Android 6.0.1; Nexus 5X Build/MMB29P) AppleWebKit/537.36 (KHTML, like Gecko) Chrome/146.0.7680.177 Mobile Safari/537.36 (compatible; Googlebot/2.1; +http://www.google.com/bot.html)"
66.249.70.39 - - [17/Apr/2026:00:19:13 +0330] "GET /page/503/?search=search_term_string&nocache=1766452352 HTTP/1.1" 200 30014 "-" "Mozilla/5.0 (Linux; Android 6.0.1; Nexus 5X Build/MMB29P) AppleWebKit/537.36 (KHTML, like Gecko) Chrome/146.0.7680.177 Mobile Safari/537.36 (compatible; Googlebot/2.1; +http://www.google.com/bot.html)"
5.126.72.96 - - [17/Apr/2026:00:19:03 +0330] "GET /wp-content/plugins/elementor-pro/assets/js/nav-menu.0edc0c22e9f3101552ed.bundle.min.js HTTP/2" 200 1758 "https://rozbano.com/free-tutorial-crochet-sunflower-motif/" "Mozilla/5.0 (Linux; Android 14; SM-A065F Build/UP1A.231005.007; wv) AppleWebKit/537.36 (KHTML, like Gecko) 4.0 Chrome/145.0.7632.79 Mobile Safari/537.36; bw4"
5.126.72.96 - - [17/Apr/2026:00:19:03 +0330] "GET /wp-content/plugins/elementor/assets/lib/share-link/share-link.min.js?ver=3.32.3 HTTP/2" 200 1072 "https://rozbano.com/free-tutorial-crochet-sunflower-motif/" "Mozilla/5.0 (Linux; Android 14; SM-A065F Build/UP1A.231005.007; wv) AppleWebKit/537.36 (KHTML, like Gecko) 4.0 Chrome/145.0.7632.79 Mobile Safari/537.36; bw4"
5.126.72.96 - - [17/Apr/2026:00:19:03 +0330] "GET /wp-includes/js/wp-emoji-release.min.js?ver=6.9.4 HTTP/2" 200 4949 "https://rozbano.com/free-tutorial-crochet-sunflower-motif/" "Mozilla/5.0 (Linux; Android 14; SM-A065F Build/UP1A.231005.007; wv) AppleWebKit/537.36 (KHTML, like Gecko) 4.0 Chrome/145.0.7632.79 Mobile Safari/537.36; bw4"
66.249.70.32 - - [17/Apr/2026:00:19:07 +0330] "GET /?lsesi=nonce&esi=eyJhY3Rpb24iOiJlbGVtZW50b3ItcHJvLWZyb250ZW5kIiwiX2xzX3NpbGVuY2UiOnRydWV9&_hash=53888cd5c92e80866434c90c40d9a34f&nocache=1774869727 HTTP/1.1" 200 28656 "-" "Mozilla/5.0 (Linux; Android 6.0.1; Nexus 5X Build/MMB29P) AppleWebKit/537.36 (KHTML, like Gecko) Chrome/146.0.7680.177 Mobile Safari/537.36 (compatible; Googlebot/2.1; +http://www.google.com/bot.html)"
66.249.70.32 - - [17/Apr/2026:00:19:09 +0330] "GET /page/9/?search=search_term_string&nocache=1766438442 HTTP/1.1" 200 27835 "-" "Mozilla/5.0 (Linux; Android 6.0.1; Nexus 5X Build/MMB29P) AppleWebKit/537.36 (KHTML, like Gecko) Chrome/146.0.7680.177 Mobile Safari/537.36 (compatible; Googlebot/2.1; +http://www.google.com/bot.html)"
103.75.126.223 - - [17/Apr/2026:00:19:23 +0330] "GET /vendor/vendor/phpunit/phpunit/src/Util/PHP/eval-stdin.php HTTP/1.0" 404 56168 "-" "libredtail-http"
103.75.126.223 - - [17/Apr/2026:00:19:26 +0330] "GET /phpunit/phpunit/src/Util/PHP/eval-stdin.php HTTP/1.0" 301 0 "-" "libredtail-http"
5.126.72.96 - - [17/Apr/2026:00:19:26 +0330] "POST /free-tutorial-crochet-sunflower-motif/?nocache=1776372540 HTTP/2" 200 4903 "https://rozbano.com/free-tutorial-crochet-sunflower-motif/" "Mozilla/5.0 (Linux; Android 14; SM-A065F Build/UP1A.231005.007; wv) AppleWebKit/537.36 (KHTML, like Gecko) 4.0 Chrome/145.0.7632.79 Mobile Safari/537.36; bw4"
5.126.72.96 - - [17/Apr/2026:00:19:29 +0330] "GET /wp-content/uploads/2026/04/crochet-flower-scrubber-tutorial-02.webp HTTP/2" 200 21788 "https://rozbano.com/free-tutorial-crochet-sunflower-motif/" "Mozilla/5.0 (Linux; Android 14; SM-A065F Build/UP1A.231005.007; wv) AppleWebKit/537.36 (KHTML, like Gecko) 4.0 Chrome/145.0.7632.79 Mobile Safari/537.36; bw4"
5.126.72.96 - - [17/Apr/2026:00:19:29 +0330] "GET /wp-content/uploads/2026/04/tie-hat-knitting-tutorial-03.webp HTTP/2" 200 9874 "https://rozbano.com/free-tutorial-crochet-sunflower-motif/" "Mozilla/5.0 (Linux; Android 14; SM-A065F Build/UP1A.231005.007; wv) AppleWebKit/537.36 (KHTML, like Gecko) 4.0 Chrome/145.0.7632.79 Mobile Safari/537.36; bw4"
5.126.72.96 - - [17/Apr/2026:00:19:29 +0330] "GET /wp-content/uploads/2026/04/crochet-flower-scrubby-tutorial.webp HTTP/2" 200 25296 "https://rozbano.com/free-tutorial-crochet-sunflower-motif/" "Mozilla/5.0 (Linux; Android 14; SM-A065F Build/UP1A.231005.007; wv) AppleWebKit/537.36 (KHTML, like Gecko) 4.0 Chrome/145.0.7632.79 Mobile Safari/537.36; bw4"
5.126.72.96 - - [17/Apr/2026:00:19:29 +0330] "GET /wp-content/uploads/2026/03/steering-wheel-cover-crochet-tutorial-01.webp HTTP/2" 200 29978 "https://rozbano.com/free-tutorial-crochet-sunflower-motif/" "Mozilla/5.0 (Linux; Android 14; SM-A065F Build/UP1A.231005.007; wv) AppleWebKit/537.36 (KHTML, like Gecko) 4.0 Chrome/145.0.7632.79 Mobile Safari/537.36; bw4"
66.249.70.39 - - [17/Apr/2026:00:18:28 +0330] "GET /page/3/?search=search_term_string&nocache=1765889038 HTTP/1.1" 200 27525 "-" "Mozilla/5.0 (Linux; Android 6.0.1; Nexus 5X Build/MMB29P) AppleWebKit/537.36 (KHTML, like Gecko) Chrome/146.0.7680.177 Mobile Safari/537.36 (compatible; Googlebot/2.1; +http://www.google.com/bot.html)"
66.249.70.39 - - [17/Apr/2026:00:18:30 +0330] "GET /page/506/?search=search_term_string&nocache=1766363669 HTTP/1.1" 200 27874 "-" "Mozilla/5.0 (Linux; Android 6.0.1; Nexus 5X Build/MMB29P) AppleWebKit/537.36 (KHTML, like Gecko) Chrome/146.0.7680.177 Mobile Safari/537.36 (compatible; Googlebot/2.1; +http://www.google.com/bot.html)"
66.249.70.39 - - [17/Apr/2026:00:18:33 +0330] "GET /page/506/?search=search_term_string&nocache=1765795368 HTTP/1.1" 200 28152 "-" "Mozilla/5.0 (Linux; Android 6.0.1; Nexus 5X Build/MMB29P) AppleWebKit/537.36 (KHTML, like Gecko) Chrome/146.0.7680.177 Mobile Safari/537.36 (compatible; Googlebot/2.1; +http://www.google.com/bot.html)"
103.75.126.223 - - [17/Apr/2026:00:18:41 +0330] "POST /hello.world?%ADd+allow_url_include%3d1+%ADd+auto_prepend_file%3dphp://input HTTP/1.0" 301 0 "-" "libredtail-http"
66.249.70.34 - - [17/Apr/2026:00:18:52 +0330] "GET /?p=41818188139201 HTTP/1.1" 200 27250 "-" "Mozilla/5.0 (Linux; Android 6.0.1; Nexus 5X Build/MMB29P) AppleWebKit/537.36 (KHTML, like Gecko) Chrome/146.0.7680.177 Mobile Safari/537.36 (compatible; GoogleOther)"
103.75.126.223 - - [17/Apr/2026:00:18:56 +0330] "GET /vendor/phpunit/phpunit/src/Util/PHP/eval-stdin.php HTTP/1.0" 404 56161 "-" "libredtail-http"
66.249.70.32 - - [17/Apr/2026:00:18:59 +0330] "GET /crochet-screw-model-boy-hat-tutorial/?nocache=1776035283 HTTP/1.1" 200 27644 "-" "Mozilla/5.0 (Linux; Android 6.0.1; Nexus 5X Build/MMB29P) AppleWebKit/537.36 (KHTML, like Gecko) Chrome/146.0.7680.177 Mobile Safari/537.36 (compatible; Googlebot/2.1; +http://www.google.com/bot.html)"
103.75.126.223 - - [17/Apr/2026:00:19:02 +0330] "GET /vendor/phpunit/phpunit/Util/PHP/eval-stdin.php HTTP/1.0" 404 56157 "-" "libredtail-http"
103.75.126.223 - - [17/Apr/2026:00:19:05 +0330] "GET /vendor/phpunit/src/Util/PHP/eval-stdin.php HTTP/1.0" 301 0 "-" "libredtail-http"
202.46.62.94 - - [17/Apr/2026:00:19:08 +0330] "GET /wp-content/uploads/2025/05/Mouse20shoe20texture-08.jpg HTTP/2" 200 51225 "-" "Mozilla/5.0 (Windows NT 10.0; Win64; x64) AppleWebKit/537.36 (KHTML, like Gecko) Chrome/133.0.6943.141 Safari/537.36"
103.75.126.223 - - [17/Apr/2026:00:19:10 +0330] "GET /vendor/phpunit/Util/PHP/eval-stdin.php HTTP/1.0" 301 0 "-" "libredtail-http"
66.249.70.39 - - [17/Apr/2026:00:19:22 +0330] "GET /page/506/?search=search_term_string&nocache=1765963967 HTTP/1.1" 200 29263 "-" "Mozilla/5.0 (Linux; Android 6.0.1; Nexus 5X Build/MMB29P) AppleWebKit/537.36 (KHTML, like Gecko) Chrome/146.0.7680.177 Mobile Safari/537.36 (compatible; Googlebot/2.1; +http://www.google.com/bot.html)"
103.75.126.223 - - [17/Apr/2026:00:19:31 +0330] "GET /phpunit/phpunit/Util/PHP/eval-stdin.php HTTP/1.0" 301 0 "-" "libredtail-http"
66.249.70.38 - - [17/Apr/2026:00:19:32 +0330] "GET /?search=%D8%AA%DB%8C%D9%86%D8%A7+%D8%A2%D8%AE%D9%88%D9%86%D8%AF%D8%AA%D8%A8%D8%A7%D8%B1&nocache=1775926163 HTTP/1.1" 200 28859 "-" "Mozilla/5.0 (Linux; Android 6.0.1; Nexus 5X Build/MMB29P) AppleWebKit/537.36 (KHTML, like Gecko) Chrome/146.0.7680.177 Mobile Safari/537.36 (compatible; Googlebot/2.1; +http://www.google.com/bot.html)"
66.249.70.38 - - [17/Apr/2026:00:19:35 +0330] "GET /page/6/?search=search_term_string&nocache=1766649849 HTTP/1.1" 200 29888 "-" "Mozilla/5.0 (Linux; Android 6.0.1; Nexus 5X Build/MMB29P) AppleWebKit/537.36 (KHTML, like Gecko) Chrome/146.0.7680.177 Mobile Safari/537.36 (compatible; Googlebot/2.1; +http://www.google.com/bot.html)"
66.249.70.38 - - [17/Apr/2026:00:19:37 +0330] "GET /page/493/?search=search_term_string&nocache=1765870923 HTTP/1.1" 200 29851 "-" "Mozilla/5.0 (Linux; Android 6.0.1; Nexus 5X Build/MMB29P) AppleWebKit/537.36 (KHTML, like Gecko) Chrome/146.0.7680.177 Mobile Safari/537.36 (compatible; Googlebot/2.1; +http://www.google.com/bot.html)"
66.249.70.34 - - [17/Apr/2026:00:19:03 +0330] "GET /?p=33056180423401 HTTP/1.1" 200 28257 "-" "Mozilla/5.0 (Linux; Android 6.0.1; Nexus 5X Build/MMB29P) AppleWebKit/537.36 (KHTML, like Gecko) Chrome/146.0.7680.177 Mobile Safari/537.36 (compatible; Googlebot/2.1; +http://www.google.com/bot.html)"
103.75.126.223 - - [17/Apr/2026:00:19:07 +0330] "GET /vendor/phpunit/src/Util/PHP/eval-stdin.php HTTP/1.0" 404 56153 "-" "libredtail-http"
202.46.62.111 - - [17/Apr/2026:00:19:08 +0330] "GET /tag/%D8%A2%D9%85%D9%88%D8%B2%D8%B4-%D8%AA%D9%87%DB%8C%D9%87-%D8%A8%D8%B1%DB%8C%D9%88%D9%86%DB%8C-%D8%A8%D8%B1%DB%8C%D8%A7%D9%86%DB%8C-%D8%A7%D8%B5%D9%81%D9%87%D8%A7%D9%86/feed/ HTTP/2" 200 2236 "-" "Mozilla/5.0 (Windows NT 10.0; Win64; x64) AppleWebKit/537.36 (KHTML, like Gecko) Chrome/133.0.6943.141 Safari/537.36"
66.249.70.33 - - [17/Apr/2026:00:19:11 +0330] "GET /products/detail/55992775%20%20%20%20%20%20%20%20%20%20%20%20%20%20%20%20%20%20%20%20%20%20%20%20%20%20%20%20%20%20%20%20class= HTTP/1.1" 200 27624 "-" "Mozilla/5.0 (Linux; Android 6.0.1; Nexus 5X Build/MMB29P) AppleWebKit/537.36 (KHTML, like Gecko) Chrome/146.0.7680.177 Mobile Safari/537.36 (compatible; Googlebot/2.1; +http://www.google.com/bot.html)"
62.60.201.135 - - [17/Apr/2026:00:19:14 +0330] "POST /wp-cron.php?doing_wp_cron=1776372554.8768079280853271484375 HTTP/1.1" 200 20 "-" "WordPress/6.9.4; https://rozbano.com"
103.75.126.223 - - [17/Apr/2026:00:19:12 +0330] "GET /vendor/phpunit/Util/PHP/eval-stdin.php HTTP/1.0" 404 56149 "-" "libredtail-http"
103.75.126.223 - - [17/Apr/2026:00:19:15 +0330] "GET /vendor/phpunit/phpunit/LICENSE/eval-stdin.php HTTP/1.0" 301 0 "-" "libredtail-http"
66.249.70.38 - - [17/Apr/2026:00:19:20 +0330] "GET /page/8/?search=search_term_string&nocache=1766152567 HTTP/1.1" 200 31162 "-" "Mozilla/5.0 (Linux; Android 6.0.1; Nexus 5X Build/MMB29P) AppleWebKit/537.36 (KHTML, like Gecko) Chrome/146.0.7680.177 Mobile Safari/537.36 (compatible; Googlebot/2.1; +http://www.google.com/bot.html)"
66.249.70.38 - - [17/Apr/2026:00:19:25 +0330] "GET /page/503/?search=search_term_string&nocache=1766695920 HTTP/1.1" 200 29178 "-" "Mozilla/5.0 (Linux; Android 6.0.1; Nexus 5X Build/MMB29P) AppleWebKit/537.36 (KHTML, like Gecko) Chrome/146.0.7680.177 Mobile Safari/537.36 (compatible; Googlebot/2.1; +http://www.google.com/bot.html)"
66.249.70.32 - - [17/Apr/2026:00:19:25 +0330] "GET /princess-girl-dolls/ HTTP/1.1" 200 30899 "-" "Mozilla/5.0 (Linux; Android 6.0.1; Nexus 5X Build/MMB29P) AppleWebKit/537.36 (KHTML, like Gecko) Chrome/146.0.7680.177 Mobile Safari/537.36 (compatible; Googlebot/2.1; +http://www.google.com/bot.html)"
66.249.70.39 - - [17/Apr/2026:00:19:29 +0330] "GET /page/6/?search=search_term_string&nocache=1767265935 HTTP/1.1" 200 30017 "-" "Mozilla/5.0 (Linux; Android 6.0.1; Nexus 5X Build/MMB29P) AppleWebKit/537.36 (KHTML, like Gecko) Chrome/146.0.7680.177 Mobile Safari/537.36 (compatible; Googlebot/2.1; +http://www.google.com/bot.html)"
66.249.70.39 - - [17/Apr/2026:00:19:31 +0330] "GET /page/502/?search=search_term_string&nocache=1765910609 HTTP/1.1" 200 28577 "-" "Mozilla/5.0 (Linux; Android 6.0.1; Nexus 5X Build/MMB29P) AppleWebKit/537.36 (KHTML, like Gecko) Chrome/146.0.7680.177 Mobile Safari/537.36 (compatible; Googlebot/2.1; +http://www.google.com/bot.html)"
103.75.126.223 - - [17/Apr/2026:00:19:42 +0330] "GET /phpunit/Util/PHP/eval-stdin.php HTTP/1.0" 301 0 "-" "libredtail-http"
66.249.70.34 - - [17/Apr/2026:00:19:44 +0330] "GET /page/504/?search=search_term_string&nocache=1766052919 HTTP/1.1" 200 28387 "-" "Mozilla/5.0 (Linux; Android 6.0.1; Nexus 5X Build/MMB29P) AppleWebKit/537.36 (KHTML, like Gecko) Chrome/146.0.7680.177 Mobile Safari/537.36 (compatible; Googlebot/2.1; +http://www.google.com/bot.html)"
103.75.126.223 - - [17/Apr/2026:00:19:44 +0330] "GET /phpunit/Util/PHP/eval-stdin.php HTTP/1.0" 404 56142 "-" "libredtail-http"
103.75.126.223 - - [17/Apr/2026:00:19:18 +0330] "GET /vendor/phpunit/phpunit/LICENSE/eval-stdin.php HTTP/1.0" 404 56156 "-" "libredtail-http"
103.75.126.223 - - [17/Apr/2026:00:19:21 +0330] "GET /vendor/vendor/phpunit/phpunit/src/Util/PHP/eval-stdin.php HTTP/1.0" 301 0 "-" "libredtail-http"
66.249.70.32 - - [17/Apr/2026:00:19:27 +0330] "GET /page/8/?search=search_term_string&nocache=1765847225 HTTP/1.1" 200 29312 "-" "Mozilla/5.0 (Linux; Android 6.0.1; Nexus 5X Build/MMB29P) AppleWebKit/537.36 (KHTML, like Gecko) Chrome/146.0.7680.177 Mobile Safari/537.36 (compatible; Googlebot/2.1; +http://www.google.com/bot.html)"
103.75.126.223 - - [17/Apr/2026:00:19:28 +0330] "GET /phpunit/phpunit/src/Util/PHP/eval-stdin.php HTTP/1.0" 404 56154 "-" "libredtail-http"
66.249.70.39 - - [17/Apr/2026:00:19:29 +0330] "GET /?p=9570963825901 HTTP/1.1" 200 29758 "-" "Mozilla/5.0 (Linux; Android 6.0.1; Nexus 5X Build/MMB29P) AppleWebKit/537.36 (KHTML, like Gecko) Chrome/146.0.7680.177 Mobile Safari/537.36 (compatible; Googlebot/2.1; +http://www.google.com/bot.html)"
66.249.70.32 - - [17/Apr/2026:00:19:30 +0330] "GET /page/7/?search=search_term_string&nocache=1767265935 HTTP/1.1" 200 27263 "-" "Mozilla/5.0 (Linux; Android 6.0.1; Nexus 5X Build/MMB29P) AppleWebKit/537.36 (KHTML, like Gecko) Chrome/146.0.7680.177 Mobile Safari/537.36 (compatible; Googlebot/2.1; +http://www.google.com/bot.html)"
66.249.70.32 - - [17/Apr/2026:00:19:32 +0330] "GET /page/3/?search=search_term_string&nocache=1765847463 HTTP/1.1" 200 28493 "-" "Mozilla/5.0 (Linux; Android 6.0.1; Nexus 5X Build/MMB29P) AppleWebKit/537.36 (KHTML, like Gecko) Chrome/146.0.7680.177 Mobile Safari/537.36 (compatible; Googlebot/2.1; +http://www.google.com/bot.html)"
66.249.70.32 - - [17/Apr/2026:00:19:33 +0330] "GET /page/2/?search=search_term_string&nocache=1766719488 HTTP/1.1" 200 28051 "-" "Mozilla/5.0 (Linux; Android 6.0.1; Nexus 5X Build/MMB29P) AppleWebKit/537.36 (KHTML, like Gecko) Chrome/146.0.7680.177 Mobile Safari/537.36 (compatible; Googlebot/2.1; +http://www.google.com/bot.html)"
66.249.70.33 - - [17/Apr/2026:00:19:36 +0330] "GET /?p=1172649217203 HTTP/1.1" 200 28754 "-" "Mozilla/5.0 (Linux; Android 6.0.1; Nexus 5X Build/MMB29P) AppleWebKit/537.36 (KHTML, like Gecko) Chrome/146.0.7680.177 Mobile Safari/537.36 (compatible; GoogleOther)"
66.249.70.38 - - [17/Apr/2026:00:19:38 +0330] "GET /?p=7329172811703 HTTP/1.1" 200 31078 "-" "Mozilla/5.0 (Linux; Android 6.0.1; Nexus 5X Build/MMB29P) AppleWebKit/537.36 (KHTML, like Gecko) Chrome/146.0.7680.177 Mobile Safari/537.36 (compatible; GoogleOther)"
103.75.126.223 - - [17/Apr/2026:00:19:39 +0330] "GET /phpunit/src/Util/PHP/eval-stdin.php HTTP/1.0" 404 56146 "-" "libredtail-http"
66.249.70.39 - - [17/Apr/2026:00:19:42 +0330] "GET /page/500/?search=search_term_string&nocache=1765897455 HTTP/1.1" 200 28044 "-" "Mozilla/5.0 (Linux; Android 6.0.1; Nexus 5X Build/MMB29P) AppleWebKit/537.36 (KHTML, like Gecko) Chrome/146.0.7680.177 Mobile Safari/537.36 (compatible; Googlebot/2.1; +http://www.google.com/bot.html)"
66.249.70.39 - - [17/Apr/2026:00:19:48 +0330] "GET /page/504/?search=search_term_string&nocache=1766673392 HTTP/1.1" 200 28009 "-" "Mozilla/5.0 (Linux; Android 6.0.1; Nexus 5X Build/MMB29P) AppleWebKit/537.36 (KHTML, like Gecko) Chrome/146.0.7680.177 Mobile Safari/537.36 (compatible; Googlebot/2.1; +http://www.google.com/bot.html)"
66.249.70.38 - - [17/Apr/2026:00:19:50 +0330] "GET /page/506/?search=search_term_string&nocache=1766613604 HTTP/1.1" 200 27215 "-" "Mozilla/5.0 (Linux; Android 6.0.1; Nexus 5X Build/MMB29P) AppleWebKit/537.36 (KHTML, like Gecko) Chrome/146.0.7680.177 Mobile Safari/537.36 (compatible; Googlebot/2.1; +http://www.google.com/bot.html)"
103.75.126.223 - - [17/Apr/2026:00:19:49 +0330] "GET /lib/phpunit/phpunit/src/Util/PHP/eval-stdin.php HTTP/1.0" 404 56158 "-" "libredtail-http"
5.126.72.96 - - [17/Apr/2026:00:19:29 +0330] "GET /wp-content/uploads/2026/02/Free-size-sewing-blowing-tutorial-at-home-02.webp HTTP/2" 200 28700 "https://rozbano.com/free-tutorial-crochet-sunflower-motif/" "Mozilla/5.0 (Linux; Android 14; SM-A065F Build/UP1A.231005.007; wv) AppleWebKit/537.36 (KHTML, like Gecko) 4.0 Chrome/145.0.7632.79 Mobile Safari/537.36; bw4"
5.126.72.96 - - [17/Apr/2026:00:19:29 +0330] "GET /wp-content/uploads/2026/02/Free-tutorial-crochet-triple-crochet-pattern.webp HTTP/2" 200 53318 "https://rozbano.com/free-tutorial-crochet-sunflower-motif/" "Mozilla/5.0 (Linux; Android 14; SM-A065F Build/UP1A.231005.007; wv) AppleWebKit/537.36 (KHTML, like Gecko) 4.0 Chrome/145.0.7632.79 Mobile Safari/537.36; bw4"
5.126.72.96 - - [17/Apr/2026:00:19:29 +0330] "GET /wp-content/uploads/2026/02/Free-tutorial-sewing-coat-with-lace-combination-04.webp HTTP/2" 200 26780 "https://rozbano.com/free-tutorial-crochet-sunflower-motif/" "Mozilla/5.0 (Linux; Android 14; SM-A065F Build/UP1A.231005.007; wv) AppleWebKit/537.36 (KHTML, like Gecko) 4.0 Chrome/145.0.7632.79 Mobile Safari/537.36; bw4"
5.126.72.96 - - [17/Apr/2026:00:19:29 +0330] "GET /wp-content/uploads/2026/02/Free-tutorial-crochet-beautiful-flower.webp HTTP/2" 200 32450 "https://rozbano.com/free-tutorial-crochet-sunflower-motif/" "Mozilla/5.0 (Linux; Android 14; SM-A065F Build/UP1A.231005.007; wv) AppleWebKit/537.36 (KHTML, like Gecko) 4.0 Chrome/145.0.7632.79 Mobile Safari/537.36; bw4"
5.126.72.96 - - [17/Apr/2026:00:19:27 +0330] "POST /free-tutorial-crochet-sunflower-motif/?nocache=1776372540 HTTP/2" 200 5975 "https://rozbano.com/free-tutorial-crochet-sunflower-motif/" "Mozilla/5.0 (Linux; Android 14; SM-A065F Build/UP1A.231005.007; wv) AppleWebKit/537.36 (KHTML, like Gecko) 4.0 Chrome/145.0.7632.79 Mobile Safari/537.36; bw4"
5.126.72.96 - - [17/Apr/2026:00:19:29 +0330] "GET /wp-content/uploads/2025/12/icon-user-cm.webp HTTP/2" 200 2724 "https://rozbano.com/free-tutorial-crochet-sunflower-motif/" "Mozilla/5.0 (Linux; Android 14; SM-A065F Build/UP1A.231005.007; wv) AppleWebKit/537.36 (KHTML, like Gecko) 4.0 Chrome/145.0.7632.79 Mobile Safari/537.36; bw4"
5.126.72.96 - - [17/Apr/2026:00:19:27 +0330] "GET /free-crochet-candy-bath-towel-tutorial/ HTTP/2" 200 35487 "https://rozbano.com/free-tutorial-crochet-sunflower-motif/" "Mozilla/5.0 (Linux; Android 14; SM-A065F Build/UP1A.231005.007; wv) AppleWebKit/537.36 (KHTML, like Gecko) Version/4.0 Chrome/145.0.7632.79 Mobile Safari/537.36"
103.75.126.223 - - [17/Apr/2026:00:19:33 +0330] "GET /phpunit/phpunit/Util/PHP/eval-stdin.php HTTP/1.0" 404 56150 "-" "libredtail-http"
5.126.72.96 - - [17/Apr/2026:00:19:31 +0330] "GET / HTTP/2" 200 37763 "https://rozbano.com/free-tutorial-crochet-sunflower-motif/" "Mozilla/5.0 (Linux; Android 14; SM-A065F Build/UP1A.231005.007; wv) AppleWebKit/537.36 (KHTML, like Gecko) Version/4.0 Chrome/145.0.7632.79 Mobile Safari/537.36"
103.75.126.223 - - [17/Apr/2026:00:19:37 +0330] "GET /phpunit/src/Util/PHP/eval-stdin.php HTTP/1.0" 301 0 "-" "libredtail-http"
66.249.70.33 - - [17/Apr/2026:00:19:46 +0330] "GET /page/2/?search=search_term_string&nocache=1766690583 HTTP/1.1" 200 29177 "-" "Mozilla/5.0 (Linux; Android 6.0.1; Nexus 5X Build/MMB29P) AppleWebKit/537.36 (KHTML, like Gecko) Chrome/146.0.7680.177 Mobile Safari/537.36 (compatible; Googlebot/2.1; +http://www.google.com/bot.html)"
103.75.126.223 - - [17/Apr/2026:00:19:47 +0330] "GET /lib/phpunit/phpunit/src/Util/PHP/eval-stdin.php HTTP/1.0" 301 0 "-" "libredtail-http"
103.75.126.223 - - [17/Apr/2026:00:19:55 +0330] "GET /lib/phpunit/phpunit/Util/PHP/eval-stdin.php HTTP/1.0" 404 56154 "-" "libredtail-http"
66.249.70.39 - - [17/Apr/2026:00:19:59 +0330] "GET /page/488/?lsesi=nonce&esi=eyJhY3Rpb24iOiJlbGVtZW50b3ItcHJvLWZyb250ZW5kIiwiX2xzX3NpbGVuY2UiOnRydWV9&_hash=53888cd5c92e80866434c90c40d9a34f&nocache=1767283119 HTTP/1.1" 200 29290 "-" "Mozilla/5.0 (Linux; Android 6.0.1; Nexus 5X Build/MMB29P) AppleWebKit/537.36 (KHTML, like Gecko) Chrome/146.0.7680.177 Mobile Safari/537.36 (compatible; Googlebot/2.1; +http://www.google.com/bot.html)"
66.249.70.34 - - [17/Apr/2026:00:19:46 +0330] "GET /stylish-and-attractive-diet-salad-recipe/?nocache=1775079639 HTTP/1.1" 200 27791 "-" "Mozilla/5.0 (Linux; Android 6.0.1; Nexus 5X Build/MMB29P) AppleWebKit/537.36 (KHTML, like Gecko) Chrome/146.0.7680.177 Mobile Safari/537.36 (compatible; Googlebot/2.1; +http://www.google.com/bot.html)"
103.75.126.223 - - [17/Apr/2026:00:19:53 +0330] "GET /lib/phpunit/phpunit/Util/PHP/eval-stdin.php HTTP/1.0" 301 0 "-" "libredtail-http"
66.249.70.32 - - [17/Apr/2026:00:19:54 +0330] "GET /crochet-screw-model-boy-hat-tutorial/?nocache=1776025984 HTTP/1.1" 200 29277 "-" "Mozilla/5.0 (Linux; Android 6.0.1; Nexus 5X Build/MMB29P) AppleWebKit/537.36 (KHTML, like Gecko) Chrome/146.0.7680.177 Mobile Safari/537.36 (compatible; Googlebot/2.1; +http://www.google.com/bot.html)"
66.249.70.35 - - [17/Apr/2026:00:19:58 +0330] "GET /page/10/?nocache=1774231246 HTTP/1.1" 200 27961 "-" "Mozilla/5.0 (Linux; Android 6.0.1; Nexus 5X Build/MMB29P) AppleWebKit/537.36 (KHTML, like Gecko) Chrome/146.0.7680.177 Mobile Safari/537.36 (compatible; Googlebot/2.1; +http://www.google.com/bot.html)"
66.249.70.35 - - [17/Apr/2026:00:20:00 +0330] "GET /page/487/?lsesi=nonce&esi=eyJhY3Rpb24iOiJlbGVtZW50b3ItcHJvLWZyb250ZW5kIiwiX2xzX3NpbGVuY2UiOnRydWV9&_hash=53888cd5c92e80866434c90c40d9a34f&nocache=1774220633 HTTP/1.1" 200 28391 "-" "Mozilla/5.0 (Linux; Android 6.0.1; Nexus 5X Build/MMB29P) AppleWebKit/537.36 (KHTML, like Gecko) Chrome/146.0.7680.177 Mobile Safari/537.36 (compatible; Googlebot/2.1; +http://www.google.com/bot.html)"
66.249.70.33 - - [17/Apr/2026:00:20:10 +0330] "GET /page/507/?search=search_term_string&nocache=1765779557 HTTP/1.1" 200 29929 "-" "Mozilla/5.0 (Linux; Android 6.0.1; Nexus 5X Build/MMB29P) AppleWebKit/537.36 (KHTML, like Gecko) Chrome/146.0.7680.177 Mobile Safari/537.36 (compatible; Googlebot/2.1; +http://www.google.com/bot.html)"
103.75.126.223 - - [17/Apr/2026:00:20:10 +0330] "GET /lib/vendor/phpunit/phpunit/src/Util/PHP/eval-stdin.php HTTP/1.0" 301 0 "-" "libredtail-http"
66.249.70.32 - - [17/Apr/2026:00:20:11 +0330] "GET /page/2/?search=search_term_string&nocache=1766365493 HTTP/1.1" 200 27318 "-" "Mozilla/5.0 (Linux; Android 6.0.1; Nexus 5X Build/MMB29P) AppleWebKit/537.36 (KHTML, like Gecko) Chrome/146.0.7680.177 Mobile Safari/537.36 (compatible; Googlebot/2.1; +http://www.google.com/bot.html)"
66.249.70.32 - - [17/Apr/2026:00:20:13 +0330] "GET /page/511/?search=search_term_string&nocache=1773967964 HTTP/1.1" 200 27688 "-" "Mozilla/5.0 (Linux; Android 6.0.1; Nexus 5X Build/MMB29P) AppleWebKit/537.36 (KHTML, like Gecko) Chrome/146.0.7680.177 Mobile Safari/537.36 (compatible; Googlebot/2.1; +http://www.google.com/bot.html)"
66.249.70.32 - - [17/Apr/2026:00:20:15 +0330] "GET /page/503/?nocache=1774234369 HTTP/1.1" 200 28354 "-" "Mozilla/5.0 (Linux; Android 6.0.1; Nexus 5X Build/MMB29P) AppleWebKit/537.36 (KHTML, like Gecko) Chrome/146.0.7680.177 Mobile Safari/537.36 (compatible; Googlebot/2.1; +http://www.google.com/bot.html)"
66.249.70.38 - - [17/Apr/2026:00:20:18 +0330] "GET /page/6/?nocache=1773821338 HTTP/1.1" 200 27942 "-" "Mozilla/5.0 (Linux; Android 6.0.1; Nexus 5X Build/MMB29P) AppleWebKit/537.36 (KHTML, like Gecko) Chrome/146.0.7680.177 Mobile Safari/537.36 (compatible; Googlebot/2.1; +http://www.google.com/bot.html)"
103.75.126.223 - - [17/Apr/2026:00:20:18 +0330] "GET /laravel/vendor/phpunit/phpunit/src/Util/PHP/eval-stdin.php HTTP/1.0" 404 56169 "-" "libredtail-http"
66.249.70.38 - - [17/Apr/2026:00:20:20 +0330] "GET /page/503/?nocache=1774015696 HTTP/1.1" 200 27242 "-" "Mozilla/5.0 (Linux; Android 6.0.1; Nexus 5X Build/MMB29P) AppleWebKit/537.36 (KHTML, like Gecko) Chrome/146.0.7680.177 Mobile Safari/537.36 (compatible; Googlebot/2.1; +http://www.google.com/bot.html)"
91.107.140.88 - - [17/Apr/2026:00:20:21 +0330] "GET / HTTP/1.0" 301 20 "-" "Mozilla/5.0 AppleWebKit/537.36 (KHTML, like Gecko) Chrome/123.0.6312.86 Safari/537.36"
103.75.126.223 - - [17/Apr/2026:00:20:22 +0330] "GET /www/vendor/phpunit/phpunit/src/Util/PHP/eval-stdin.php HTTP/1.0" 301 0 "-" "libredtail-http"
66.249.70.39 - - [17/Apr/2026:00:19:52 +0330] "GET /page/12/?search=search_term_string&nocache=1766438442 HTTP/1.1" 200 28597 "-" "Mozilla/5.0 (Linux; Android 6.0.1; Nexus 5X Build/MMB29P) AppleWebKit/537.36 (KHTML, like Gecko) Chrome/146.0.7680.177 Mobile Safari/537.36 (compatible; Googlebot/2.1; +http://www.google.com/bot.html)"
66.249.70.38 - - [17/Apr/2026:00:19:53 +0330] "GET /page/5/?search=search_term_string&nocache=1766465088 HTTP/1.1" 200 27731 "-" "Mozilla/5.0 (Linux; Android 6.0.1; Nexus 5X Build/MMB29P) AppleWebKit/537.36 (KHTML, like Gecko) Chrome/146.0.7680.177 Mobile Safari/537.36 (compatible; Googlebot/2.1; +http://www.google.com/bot.html)"
103.75.126.223 - - [17/Apr/2026:00:20:03 +0330] "GET /lib/phpunit/Util/PHP/eval-stdin.php HTTP/1.0" 301 0 "-" "libredtail-http"
66.249.70.34 - - [17/Apr/2026:00:20:07 +0330] "GET /?search=search_term_string&nocache=1775002399 HTTP/1.1" 200 28334 "-" "Mozilla/5.0 (Linux; Android 6.0.1; Nexus 5X Build/MMB29P) AppleWebKit/537.36 (KHTML, like Gecko) Chrome/146.0.7680.177 Mobile Safari/537.36 (compatible; Googlebot/2.1; +http://www.google.com/bot.html)"
202.46.62.104 - - [17/Apr/2026:00:20:03 +0330] "GET /tag/%D8%AE%D8%A7%DA%AF%DB%8C%D9%86%D9%87-%DA%A9%D8%AF%D9%88-%D8%B3%D8%A8%D8%B2/ HTTP/1.1" 200 28651 "-" "Mozilla/5.0 (Windows NT 10.0; Win64; x64) AppleWebKit/537.36 (KHTML, like Gecko) Chrome/133.0.6943.141 Safari/537.36"
103.75.126.223 - - [17/Apr/2026:00:20:06 +0330] "GET /lib/phpunit/Util/PHP/eval-stdin.php HTTP/1.0" 404 56146 "-" "libredtail-http"
66.249.70.38 - - [17/Apr/2026:00:20:10 +0330] "GET /page/2/?search=search_term_string&nocache=1766365493 HTTP/1.1" 200 27318 "-" "Mozilla/5.0 (Linux; Android 6.0.1; Nexus 5X Build/MMB29P) AppleWebKit/537.36 (KHTML, like Gecko) Chrome/146.0.7680.177 Mobile Safari/537.36 (compatible; GoogleOther)"
202.46.62.97 - - [17/Apr/2026:00:20:21 +0330] "POST /tag/%D8%AE%D8%A7%DA%AF%DB%8C%D9%86%D9%87-%DA%A9%D8%AF%D9%88-%D8%B3%D8%A8%D8%B2/?nocache=1776372618 HTTP/1.1" 200 4392 "https://rozbano.com/tag/%D8%AE%D8%A7%DA%AF%DB%8C%D9%86%D9%87-%DA%A9%D8%AF%D9%88-%D8%B3%D8%A8%D8%B2/" "Mozilla/5.0 (Windows NT 10.0; Win64; x64) AppleWebKit/537.36 (KHTML, like Gecko) Chrome/133.0.6943.141 Safari/537.36"
5.125.21.150 - - [17/Apr/2026:00:20:25 +0330] "GET /crochet-charger-cord-cover-tutorial/ HTTP/2" 200 34998 "https://zarebin.ir/" "Mozilla/5.0 (iPhone; CPU iPhone OS 18_7 like Mac OS X) AppleWebKit/605.1.15 (KHTML, like Gecko) Version/26.2 Mobile/15E148 Safari/604.1"
5.125.21.150 - - [17/Apr/2026:00:20:28 +0330] "GET /wp-content/uploads/2025/05/rozbano-211-22.jpg HTTP/2" 200 18716 "https://rozbano.com/crochet-charger-cord-cover-tutorial/" "Mozilla/5.0 (iPhone; CPU iPhone OS 18_7 like Mac OS X) AppleWebKit/605.1.15 (KHTML, like Gecko) Version/26.2 Mobile/15E148 Safari/604.1"
5.125.21.150 - - [17/Apr/2026:00:20:28 +0330] "GET /wp-content/uploads/2025/05/rozbano-45-2-2-300x225.jpg HTTP/2" 200 13049 "https://rozbano.com/crochet-charger-cord-cover-tutorial/" "Mozilla/5.0 (iPhone; CPU iPhone OS 18_7 like Mac OS X) AppleWebKit/605.1.15 (KHTML, like Gecko) Version/26.2 Mobile/15E148 Safari/604.1"
5.125.21.150 - - [17/Apr/2026:00:20:28 +0330] "GET /wp-content/uploads/2025/05/rozbano-256-14-300x203.jpg HTTP/2" 200 21514 "https://rozbano.com/crochet-charger-cord-cover-tutorial/" "Mozilla/5.0 (iPhone; CPU iPhone OS 18_7 like Mac OS X) AppleWebKit/605.1.15 (KHTML, like Gecko) Version/26.2 Mobile/15E148 Safari/604.1"
5.125.21.150 - - [17/Apr/2026:00:20:28 +0330] "GET /wp-content/uploads/2025/05/rozbano-193-11-300x224.jpg HTTP/2" 200 19475 "https://rozbano.com/crochet-charger-cord-cover-tutorial/" "Mozilla/5.0 (iPhone; CPU iPhone OS 18_7 like Mac OS X) AppleWebKit/605.1.15 (KHTML, like Gecko) Version/26.2 Mobile/15E148 Safari/604.1"
5.125.21.150 - - [17/Apr/2026:00:20:28 +0330] "GET /wp-content/uploads/2025/05/Tutorial-Wee-Felt-Folk-06-compressor.jpg HTTP/2" 200 9602 "https://rozbano.com/crochet-charger-cord-cover-tutorial/" "Mozilla/5.0 (iPhone; CPU iPhone OS 18_7 like Mac OS X) AppleWebKit/605.1.15 (KHTML, like Gecko) Version/26.2 Mobile/15E148 Safari/604.1"
62.60.201.135 - - [17/Apr/2026:00:20:02 +0330] "POST /wp-cron.php?doing_wp_cron=1776372602.6762299537658691406250 HTTP/1.1" 200 20 "-" "WordPress/6.9.4; https://rozbano.com"
103.75.126.223 - - [17/Apr/2026:00:20:00 +0330] "GET /lib/phpunit/src/Util/PHP/eval-stdin.php HTTP/1.0" 404 56150 "-" "libredtail-http"
66.249.70.32 - - [17/Apr/2026:00:20:04 +0330] "GET /page/503/?nocache=1773884604 HTTP/1.1" 200 29810 "-" "Mozilla/5.0 (Linux; Android 6.0.1; Nexus 5X Build/MMB29P) AppleWebKit/537.36 (KHTML, like Gecko) Chrome/146.0.7680.177 Mobile Safari/537.36 (compatible; Googlebot/2.1; +http://www.google.com/bot.html)"
66.249.70.38 - - [17/Apr/2026:00:20:06 +0330] "GET /charming-sewing-shirts-for-women/?nocache=1775932052 HTTP/1.1" 200 28434 "-" "Mozilla/5.0 (Linux; Android 6.0.1; Nexus 5X Build/MMB29P) AppleWebKit/537.36 (KHTML, like Gecko) Chrome/146.0.7680.177 Mobile Safari/537.36 (compatible; Googlebot/2.1; +http://www.google.com/bot.html)"
66.249.70.34 - - [17/Apr/2026:00:20:08 +0330] "GET /?nocache=1775651211 HTTP/1.1" 200 27997 "-" "Mozilla/5.0 (Linux; Android 6.0.1; Nexus 5X Build/MMB29P) AppleWebKit/537.36 (KHTML, like Gecko) Chrome/146.0.7680.177 Mobile Safari/537.36 (compatible; Googlebot/2.1; +http://www.google.com/bot.html)"
66.249.70.39 - - [17/Apr/2026:00:20:17 +0330] "GET /?search=search_term_string&nocache=1774623817 HTTP/1.1" 200 27937 "-" "Mozilla/5.0 (Linux; Android 6.0.1; Nexus 5X Build/MMB29P) AppleWebKit/537.36 (KHTML, like Gecko) Chrome/146.0.7680.177 Mobile Safari/537.36 (compatible; Googlebot/2.1; +http://www.google.com/bot.html)"
66.249.70.38 - - [17/Apr/2026:00:20:18 +0330] "GET /page/7/?nocache=1774174433 HTTP/1.1" 200 29226 "-" "Mozilla/5.0 (Linux; Android 6.0.1; Nexus 5X Build/MMB29P) AppleWebKit/537.36 (KHTML, like Gecko) Chrome/146.0.7680.177 Mobile Safari/537.36 (compatible; Googlebot/2.1; +http://www.google.com/bot.html)"
202.46.62.8 - - [17/Apr/2026:00:20:16 +0330] "GET /tag/%D8%AE%D8%A7%DA%AF%DB%8C%D9%86%D9%87-%DA%A9%D8%AF%D9%88-%D8%B3%D8%A8%D8%B2/ HTTP/1.1" 200 28434 "-" "Mozilla/5.0 (Windows NT 10.0; Win64; x64) AppleWebKit/537.36 (KHTML, like Gecko) Chrome/133.0.6943.141 Safari/537.36"
66.249.70.39 - - [17/Apr/2026:00:20:20 +0330] "GET /?lsesi=nonce&esi=eyJhY3Rpb24iOiJlbGVtZW50b3ItcHJvLWZyb250ZW5kIiwiX2xzX3NpbGVuY2UiOnRydWV9&_hash=53888cd5c92e80866434c90c40d9a34f&nocache=1775194667 HTTP/1.1" 200 27878 "-" "Mozilla/5.0 (Linux; Android 6.0.1; Nexus 5X Build/MMB29P) AppleWebKit/537.36 (KHTML, like Gecko) Chrome/146.0.7680.177 Mobile Safari/537.36 (compatible; Googlebot/2.1; +http://www.google.com/bot.html)"
202.46.62.103 - - [17/Apr/2026:00:20:27 +0330] "POST /tag/%D8%AE%D8%A7%DA%AF%DB%8C%D9%86%D9%87-%DA%A9%D8%AF%D9%88-%D8%B3%D8%A8%D8%B2/?nocache=1776372618 HTTP/1.1" 500 800 "https://rozbano.com/tag/%D8%AE%D8%A7%DA%AF%DB%8C%D9%86%D9%87-%DA%A9%D8%AF%D9%88-%D8%B3%D8%A8%D8%B2/" "Mozilla/5.0 (Windows NT 10.0; Win64; x64) AppleWebKit/537.36 (KHTML, like Gecko) Chrome/133.0.6943.141 Safari/537.36"
66.249.70.32 - - [17/Apr/2026:00:20:27 +0330] "GET /page/7/?search=search_term_string&nocache=1773890720 HTTP/1.1" 200 28781 "-" "Mozilla/5.0 (Linux; Android 6.0.1; Nexus 5X Build/MMB29P) AppleWebKit/537.36 (KHTML, like Gecko) Chrome/146.0.7680.177 Mobile Safari/537.36 (compatible; Googlebot/2.1; +http://www.google.com/bot.html)"
103.75.126.223 - - [17/Apr/2026:00:20:29 +0330] "GET /ws/vendor/phpunit/phpunit/src/Util/PHP/eval-stdin.php HTTP/1.0" 404 56164 "-" "libredtail-http"
66.249.70.38 - - [17/Apr/2026:00:20:30 +0330] "GET /page/506/?search=search_term_string&nocache=1765644098 HTTP/1.1" 200 28430 "-" "Mozilla/5.0 (Linux; Android 6.0.1; Nexus 5X Build/MMB29P) AppleWebKit/537.36 (KHTML, like Gecko) Chrome/146.0.7680.177 Mobile Safari/537.36 (compatible; Googlebot/2.1; +http://www.google.com/bot.html)"
5.125.21.150 - - [17/Apr/2026:00:20:28 +0330] "GET /wp-content/uploads/2025/05/rozbano-200-9-201x300.jpg HTTP/2" 200 21064 "https://rozbano.com/crochet-charger-cord-cover-tutorial/" "Mozilla/5.0 (iPhone; CPU iPhone OS 18_7 like Mac OS X) AppleWebKit/605.1.15 (KHTML, like Gecko) Version/26.2 Mobile/15E148 Safari/604.1"
66.249.70.33 - - [17/Apr/2026:00:20:31 +0330] "GET /page/503/?search=%D8%B1%D8%B2+%D8%B1%D8%B6%D9%88%DB%8C&nocache=1766460670 HTTP/1.1" 200 27788 "-" "Mozilla/5.0 (Linux; Android 6.0.1; Nexus 5X Build/MMB29P) AppleWebKit/537.36 (KHTML, like Gecko) Chrome/146.0.7680.177 Mobile Safari/537.36 (compatible; Googlebot/2.1; +http://www.google.com/bot.html)"
103.75.126.223 - - [17/Apr/2026:00:20:32 +0330] "GET /yii/vendor/phpunit/phpunit/src/Util/PHP/eval-stdin.php HTTP/1.0" 301 0 "-" "libredtail-http"
66.249.70.32 - - [17/Apr/2026:00:20:34 +0330] "GET /page/503/?nocache=1774082128 HTTP/1.1" 200 28578 "-" "Mozilla/5.0 (Linux; Android 6.0.1; Nexus 5X Build/MMB29P) AppleWebKit/537.36 (KHTML, like Gecko) Chrome/146.0.7680.177 Mobile Safari/537.36 (compatible; GoogleOther)"
5.125.21.150 - - [17/Apr/2026:00:20:33 +0330] "POST /crochet-charger-cord-cover-tutorial/?nocache=1776372627 HTTP/2" 200 4911 "https://rozbano.com/crochet-charger-cord-cover-tutorial/" "Mozilla/5.0 (iPhone; CPU iPhone OS 18_7 like Mac OS X) AppleWebKit/605.1.15 (KHTML, like Gecko) Version/26.2 Mobile/15E148 Safari/604.1"
66.249.70.33 - - [17/Apr/2026:00:20:35 +0330] "GET /page/497/?nocache=1765953926 HTTP/1.1" 200 28056 "-" "Mozilla/5.0 (Linux; Android 6.0.1; Nexus 5X Build/MMB29P) AppleWebKit/537.36 (KHTML, like Gecko) Chrome/146.0.7680.177 Mobile Safari/537.36 (compatible; Googlebot/2.1; +http://www.google.com/bot.html)"
103.75.126.223 - - [17/Apr/2026:00:20:34 +0330] "GET /yii/vendor/phpunit/phpunit/src/Util/PHP/eval-stdin.php HTTP/1.0" 404 56165 "-" "libredtail-http"
66.249.70.34 - - [17/Apr/2026:00:20:41 +0330] "GET /page/4/?search=search_term_string&nocache=1765886947 HTTP/1.1" 200 31529 "-" "Mozilla/5.0 (Linux; Android 6.0.1; Nexus 5X Build/MMB29P) AppleWebKit/537.36 (KHTML, like Gecko) Chrome/146.0.7680.177 Mobile Safari/537.36 (compatible; Googlebot/2.1; +http://www.google.com/bot.html)"
2.145.148.77 - - [17/Apr/2026:00:20:42 +0330] "GET /simple-round-collar-texture.html HTTP/2" 301 20 "https://zarebin.ir/" "Mozilla/5.0 (Linux; Android 10; K) AppleWebKit/537.36 (KHTML, like Gecko) Chrome/145.0.0.0 Mobile Safari/537.36"
66.249.70.33 - - [17/Apr/2026:00:20:43 +0330] "GET /page/497/?nocache=1766265704 HTTP/1.1" 200 28164 "-" "Mozilla/5.0 (Linux; Android 6.0.1; Nexus 5X Build/MMB29P) AppleWebKit/537.36 (KHTML, like Gecko) Chrome/146.0.7680.177 Mobile Safari/537.36 (compatible; Googlebot/2.1; +http://www.google.com/bot.html)"
66.249.70.33 - - [17/Apr/2026:00:20:45 +0330] "GET /page/7/?search=search_term_string&nocache=1766595727 HTTP/1.1" 200 28313 "-" "Mozilla/5.0 (Linux; Android 6.0.1; Nexus 5X Build/MMB29P) AppleWebKit/537.36 (KHTML, like Gecko) Chrome/146.0.7680.177 Mobile Safari/537.36 (compatible; Googlebot/2.1; +http://www.google.com/bot.html)"
5.210.237.179 - - [17/Apr/2026:00:20:44 +0330] "GET /tag/%D8%A8%D8%A7%D9%81%D8%AA-%D9%84%DB%8C%D9%81/feed/ HTTP/2" 200 11075 "https://www.google.com/" "Mozilla/5.0 (Linux; Android 10; K) AppleWebKit/537.36 (KHTML, like Gecko) Chrome/144.0.0.0 Mobile Safari/537.36"
5.210.237.179 - - [17/Apr/2026:00:20:47 +0330] "GET /favicon.ico HTTP/2" 404 796 "https://rozbano.com/tag/%D8%A8%D8%A7%D9%81%D8%AA-%D9%84%DB%8C%D9%81/feed/" "Mozilla/5.0 (Linux; Android 10; K) AppleWebKit/537.36 (KHTML, like Gecko) Chrome/144.0.0.0 Mobile Safari/537.36"
103.75.126.223 - - [17/Apr/2026:00:20:47 +0330] "GET /V2/vendor/phpunit/phpunit/src/Util/PHP/eval-stdin.php HTTP/1.0" 301 0 "-" "libredtail-http"
47.128.49.194 - - [17/Apr/2026:00:20:49 +0330] "GET /2026/04/10/ HTTP/2" 403 20 "-" "Mozilla/5.0 (Linux; Android 5.0) AppleWebKit/537.36 (KHTML, like Gecko) Mobile Safari/537.36 (compatible; Bytespider; spider-feedback@bytedance.com)"
66.249.70.39 - - [17/Apr/2026:00:19:41 +0330] "GET /page/7/?search=search_term_string&nocache=1765827125 HTTP/1.1" 200 30227 "-" "Mozilla/5.0 (Linux; Android 6.0.1; Nexus 5X Build/MMB29P) AppleWebKit/537.36 (KHTML, like Gecko) Chrome/146.0.7680.177 Mobile Safari/537.36 (compatible; Googlebot/2.1; +http://www.google.com/bot.html)"
66.249.70.38 - - [17/Apr/2026:00:19:42 +0330] "GET /page/4/?search=search_term_string&nocache=1775309220 HTTP/1.1" 200 28619 "-" "Mozilla/5.0 (Linux; Android 6.0.1; Nexus 5X Build/MMB29P) AppleWebKit/537.36 (KHTML, like Gecko) Chrome/146.0.7680.177 Mobile Safari/537.36 (compatible; Googlebot/2.1; +http://www.google.com/bot.html)"
