5.115.239.169 - - [17/Apr/2026:00:11:50 +0330] "GET /wp-content/plugins/elementor/assets/css/widget-image-rtl.min.css?ver=3.32.3 HTTP/2" 200 119 "https://rozbano.com/crochet-lace-pattern/" "Mozilla/5.0 (iPhone; CPU iPhone OS 18_7 like Mac OS X) AppleWebKit/605.1.15 (KHTML, like Gecko) Version/26.0.1 Mobile/15E148 Safari/604.1"
5.115.239.169 - - [17/Apr/2026:00:11:50 +0330] "GET /wp-content/plugins/elementor/assets/css/widget-social-icons-rtl.min.css?ver=3.32.3 HTTP/2" 200 1069 "https://rozbano.com/crochet-lace-pattern/" "Mozilla/5.0 (iPhone; CPU iPhone OS 18_7 like Mac OS X) AppleWebKit/605.1.15 (KHTML, like Gecko) Version/26.0.1 Mobile/15E148 Safari/604.1"
5.115.239.169 - - [17/Apr/2026:00:11:50 +0330] "GET /wp-content/plugins/elementor/assets/css/conditionals/apple-webkit.min.css?ver=3.32.3 HTTP/2" 200 472 "https://rozbano.com/crochet-lace-pattern/" "Mozilla/5.0 (iPhone; CPU iPhone OS 18_7 like Mac OS X) AppleWebKit/605.1.15 (KHTML, like Gecko) Version/26.0.1 Mobile/15E148 Safari/604.1"
5.115.239.169 - - [17/Apr/2026:00:11:50 +0330] "GET /wp-content/plugins/elementor-pro/assets/css/modules/sticky.min.css?ver=3.32.3 HTTP/2" 200 162 "https://rozbano.com/crochet-lace-pattern/" "Mozilla/5.0 (iPhone; CPU iPhone OS 18_7 like Mac OS X) AppleWebKit/605.1.15 (KHTML, like Gecko) Version/26.0.1 Mobile/15E148 Safari/604.1"
5.115.239.169 - - [17/Apr/2026:00:11:50 +0330] "GET /wp-content/plugins/elementor/assets/css/widget-heading-rtl.min.css?ver=3.32.3 HTTP/2" 200 154 "https://rozbano.com/crochet-lace-pattern/" "Mozilla/5.0 (iPhone; CPU iPhone OS 18_7 like Mac OS X) AppleWebKit/605.1.15 (KHTML, like Gecko) Version/26.0.1 Mobile/15E148 Safari/604.1"
5.115.239.169 - - [17/Apr/2026:00:11:50 +0330] "GET /wp-content/plugins/elementor/assets/css/widget-icon-box-rtl.min.css?ver=3.32.3 HTTP/2" 200 422 "https://rozbano.com/crochet-lace-pattern/" "Mozilla/5.0 (iPhone; CPU iPhone OS 18_7 like Mac OS X) AppleWebKit/605.1.15 (KHTML, like Gecko) Version/26.0.1 Mobile/15E148 Safari/604.1"
5.115.239.169 - - [17/Apr/2026:00:11:50 +0330] "GET /wp-content/plugins/elementor/assets/lib/swiper/v8/css/swiper.min.css?ver=8.4.5 HTTP/2" 200 4248 "https://rozbano.com/crochet-lace-pattern/" "Mozilla/5.0 (iPhone; CPU iPhone OS 18_7 like Mac OS X) AppleWebKit/605.1.15 (KHTML, like Gecko) Version/26.0.1 Mobile/15E148 Safari/604.1"
5.115.239.169 - - [17/Apr/2026:00:11:50 +0330] "GET /wp-content/plugins/elementor/assets/css/conditionals/e-swiper.min.css?ver=3.32.3 HTTP/2" 200 699 "https://rozbano.com/crochet-lace-pattern/" "Mozilla/5.0 (iPhone; CPU iPhone OS 18_7 like Mac OS X) AppleWebKit/605.1.15 (KHTML, like Gecko) Version/26.0.1 Mobile/15E148 Safari/604.1"
5.115.239.169 - - [17/Apr/2026:00:11:50 +0330] "GET /wp-content/plugins/elementor-pro/assets/css/widget-post-info-rtl.min.css?ver=3.32.3 HTTP/2" 200 165 "https://rozbano.com/crochet-lace-pattern/" "Mozilla/5.0 (iPhone; CPU iPhone OS 18_7 like Mac OS X) AppleWebKit/605.1.15 (KHTML, like Gecko) Version/26.0.1 Mobile/15E148 Safari/604.1"
5.115.239.169 - - [17/Apr/2026:00:11:50 +0330] "GET /wp-content/plugins/elementor/assets/css/widget-icon-list-rtl.min.css?ver=3.32.3 HTTP/2" 200 963 "https://rozbano.com/crochet-lace-pattern/" "Mozilla/5.0 (iPhone; CPU iPhone OS 18_7 like Mac OS X) AppleWebKit/605.1.15 (KHTML, like Gecko) Version/26.0.1 Mobile/15E148 Safari/604.1"
5.115.239.169 - - [17/Apr/2026:00:11:50 +0330] "GET /wp-content/plugins/elementor-pro/assets/css/widget-share-buttons-rtl.min.css?ver=3.32.3 HTTP/2" 200 2144 "https://rozbano.com/crochet-lace-pattern/" "Mozilla/5.0 (iPhone; CPU iPhone OS 18_7 like Mac OS X) AppleWebKit/605.1.15 (KHTML, like Gecko) Version/26.0.1 Mobile/15E148 Safari/604.1"
5.115.239.169 - - [17/Apr/2026:00:11:50 +0330] "GET /wp-content/plugins/elementor-pro/assets/css/widget-post-navigation-rtl.min.css?ver=3.32.3 HTTP/2" 200 494 "https://rozbano.com/crochet-lace-pattern/" "Mozilla/5.0 (iPhone; CPU iPhone OS 18_7 like Mac OS X) AppleWebKit/605.1.15 (KHTML, like Gecko) Version/26.0.1 Mobile/15E148 Safari/604.1"
5.115.239.169 - - [17/Apr/2026:00:11:50 +0330] "GET /wp-content/uploads/elementor/css/post-53138.css?ver=1776365957 HTTP/2" 200 3019 "https://rozbano.com/crochet-lace-pattern/" "Mozilla/5.0 (iPhone; CPU iPhone OS 18_7 like Mac OS X) AppleWebKit/605.1.15 (KHTML, like Gecko) Version/26.0.1 Mobile/15E148 Safari/604.1"
5.115.239.169 - - [17/Apr/2026:00:11:50 +0330] "GET /wp-content/uploads/elementor/css/post-53143.css?ver=1776365957 HTTP/2" 200 462 "https://rozbano.com/crochet-lace-pattern/" "Mozilla/5.0 (iPhone; CPU iPhone OS 18_7 like Mac OS X) AppleWebKit/605.1.15 (KHTML, like Gecko) Version/26.0.1 Mobile/15E148 Safari/604.1"
5.115.239.169 - - [17/Apr/2026:00:11:50 +0330] "GET /wp-content/uploads/elementor/css/post-53145.css?ver=1776365957 HTTP/2" 200 1694 "https://rozbano.com/crochet-lace-pattern/" "Mozilla/5.0 (iPhone; CPU iPhone OS 18_7 like Mac OS X) AppleWebKit/605.1.15 (KHTML, like Gecko) Version/26.0.1 Mobile/15E148 Safari/604.1"
5.115.239.169 - - [17/Apr/2026:00:11:50 +0330] "GET /wp-content/uploads/elementor/css/post-53177.css?ver=1776365957 HTTP/2" 200 440 "https://rozbano.com/crochet-lace-pattern/" "Mozilla/5.0 (iPhone; CPU iPhone OS 18_7 like Mac OS X) AppleWebKit/605.1.15 (KHTML, like Gecko) Version/26.0.1 Mobile/15E148 Safari/604.1"
5.115.239.169 - - [17/Apr/2026:00:11:50 +0330] "GET /wp-content/uploads/elementor/css/post-53178.css?ver=1776365957 HTTP/2" 200 415 "https://rozbano.com/crochet-lace-pattern/" "Mozilla/5.0 (iPhone; CPU iPhone OS 18_7 like Mac OS X) AppleWebKit/605.1.15 (KHTML, like Gecko) Version/26.0.1 Mobile/15E148 Safari/604.1"
5.115.239.169 - - [17/Apr/2026:00:11:50 +0330] "GET /wp-content/uploads/elementor/css/post-53316.css?ver=1776365957 HTTP/2" 200 418 "https://rozbano.com/crochet-lace-pattern/" "Mozilla/5.0 (iPhone; CPU iPhone OS 18_7 like Mac OS X) AppleWebKit/605.1.15 (KHTML, like Gecko) Version/26.0.1 Mobile/15E148 Safari/604.1"
5.115.239.169 - - [17/Apr/2026:00:11:50 +0330] "GET /wp-content/uploads/elementor/css/post-53157.css?ver=1776365962 HTTP/2" 200 2256 "https://rozbano.com/crochet-lace-pattern/" "Mozilla/5.0 (iPhone; CPU iPhone OS 18_7 like Mac OS X) AppleWebKit/605.1.15 (KHTML, like Gecko) Version/26.0.1 Mobile/15E148 Safari/604.1"
5.115.239.169 - - [17/Apr/2026:00:11:50 +0330] "GET /wp-content/uploads/elementor/css/post-53179.css?ver=1776365962 HTTP/2" 200 523 "https://rozbano.com/crochet-lace-pattern/" "Mozilla/5.0 (iPhone; CPU iPhone OS 18_7 like Mac OS X) AppleWebKit/605.1.15 (KHTML, like Gecko) Version/26.0.1 Mobile/15E148 Safari/604.1"
5.115.239.169 - - [17/Apr/2026:00:11:50 +0330] "GET /wp-content/plugins/elementor-pro/abzarwp/fonts/all/css/fonts.css?ver=123456 HTTP/2" 200 2919 "https://rozbano.com/crochet-lace-pattern/" "Mozilla/5.0 (iPhone; CPU iPhone OS 18_7 like Mac OS X) AppleWebKit/605.1.15 (KHTML, like Gecko) Version/26.0.1 Mobile/15E148 Safari/604.1"
5.115.239.169 - - [17/Apr/2026:00:11:50 +0330] "GET /wp-includes/js/jquery/jquery.min.js?ver=3.7.1 HTTP/2" 200 29744 "https://rozbano.com/crochet-lace-pattern/" "Mozilla/5.0 (iPhone; CPU iPhone OS 18_7 like Mac OS X) AppleWebKit/605.1.15 (KHTML, like Gecko) Version/26.0.1 Mobile/15E148 Safari/604.1"
5.115.239.169 - - [17/Apr/2026:00:11:50 +0330] "GET /wp-includes/js/jquery/jquery-migrate.min.js?ver=3.4.1 HTTP/2" 200 4678 "https://rozbano.com/crochet-lace-pattern/" "Mozilla/5.0 (iPhone; CPU iPhone OS 18_7 like Mac OS X) AppleWebKit/605.1.15 (KHTML, like Gecko) Version/26.0.1 Mobile/15E148 Safari/604.1"
5.115.239.169 - - [17/Apr/2026:00:11:50 +0330] "GET /wp-content/uploads/elementor/css/post-53149.css?ver=1776365962 HTTP/2" 200 1333 "https://rozbano.com/crochet-lace-pattern/" "Mozilla/5.0 (iPhone; CPU iPhone OS 18_7 like Mac OS X) AppleWebKit/605.1.15 (KHTML, like Gecko) Version/26.0.1 Mobile/15E148 Safari/604.1"
5.115.239.169 - - [17/Apr/2026:00:11:50 +0330] "GET /wp-content/uploads/elementor/css/post-53181.css?ver=1776365963 HTTP/2" 200 413 "https://rozbano.com/crochet-lace-pattern/" "Mozilla/5.0 (iPhone; CPU iPhone OS 18_7 like Mac OS X) AppleWebKit/605.1.15 (KHTML, like Gecko) Version/26.0.1 Mobile/15E148 Safari/604.1"
5.115.239.169 - - [17/Apr/2026:00:11:50 +0330] "GET /wp-content/uploads/elementor/css/post-53234.css?ver=1776365963 HTTP/2" 200 414 "https://rozbano.com/crochet-lace-pattern/" "Mozilla/5.0 (iPhone; CPU iPhone OS 18_7 like Mac OS X) AppleWebKit/605.1.15 (KHTML, like Gecko) Version/26.0.1 Mobile/15E148 Safari/604.1"
5.115.239.169 - - [17/Apr/2026:00:11:50 +0330] "GET /wp-content/uploads/elementor/css/post-53180.css?ver=1776365963 HTTP/2" 200 636 "https://rozbano.com/crochet-lace-pattern/" "Mozilla/5.0 (iPhone; CPU iPhone OS 18_7 like Mac OS X) AppleWebKit/605.1.15 (KHTML, like Gecko) Version/26.0.1 Mobile/15E148 Safari/604.1"
5.115.239.169 - - [17/Apr/2026:00:11:50 +0330] "GET /wp-content/plugins/elementor-pro/assets/css/widget-nav-menu-rtl.min.css?ver=3.32.3 HTTP/2" 200 3246 "https://rozbano.com/crochet-lace-pattern/" "Mozilla/5.0 (iPhone; CPU iPhone OS 18_7 like Mac OS X) AppleWebKit/605.1.15 (KHTML, like Gecko) Version/26.0.1 Mobile/15E148 Safari/604.1"
5.115.239.169 - - [17/Apr/2026:00:11:50 +0330] "GET /wp-content/plugins/elementor-pro/assets/css/conditionals/ribbon.min.css?ver=3.32.3 HTTP/2" 200 250 "https://rozbano.com/crochet-lace-pattern/" "Mozilla/5.0 (iPhone; CPU iPhone OS 18_7 like Mac OS X) AppleWebKit/605.1.15 (KHTML, like Gecko) Version/26.0.1 Mobile/15E148 Safari/604.1"
5.115.239.169 - - [17/Apr/2026:00:11:50 +0330] "GET /wp-content/plugins/elementor-pro/assets/css/widget-call-to-action-rtl.min.css?ver=3.32.3 HTTP/2" 200 1211 "https://rozbano.com/crochet-lace-pattern/" "Mozilla/5.0 (iPhone; CPU iPhone OS 18_7 like Mac OS X) AppleWebKit/605.1.15 (KHTML, like Gecko) Version/26.0.1 Mobile/15E148 Safari/604.1"
5.115.239.169 - - [17/Apr/2026:00:11:50 +0330] "GET /wp-content/plugins/elementor-pro/assets/css/conditionals/transitions.min.css?ver=3.32.3 HTTP/2" 200 599 "https://rozbano.com/crochet-lace-pattern/" "Mozilla/5.0 (iPhone; CPU iPhone OS 18_7 like Mac OS X) AppleWebKit/605.1.15 (KHTML, like Gecko) Version/26.0.1 Mobile/15E148 Safari/604.1"
5.115.239.169 - - [17/Apr/2026:00:11:50 +0330] "GET /wp-content/uploads/2025/05/Crochet20lace20pattern-02.jpg HTTP/2" 200 21584 "https://rozbano.com/crochet-lace-pattern/" "Mozilla/5.0 (iPhone; CPU iPhone OS 18_7 like Mac OS X) AppleWebKit/605.1.15 (KHTML, like Gecko) Version/26.0.1 Mobile/15E148 Safari/604.1"
5.115.239.169 - - [17/Apr/2026:00:11:50 +0330] "GET /wp-content/plugins/elementor/assets/js/webpack.runtime.min.js?ver=3.32.3 HTTP/2" 200 2320 "https://rozbano.com/crochet-lace-pattern/" "Mozilla/5.0 (iPhone; CPU iPhone OS 18_7 like Mac OS X) AppleWebKit/605.1.15 (KHTML, like Gecko) Version/26.0.1 Mobile/15E148 Safari/604.1"
5.115.239.169 - - [17/Apr/2026:00:11:50 +0330] "GET /wp-content/plugins/elementor/assets/js/frontend-modules.min.js?ver=3.32.3 HTTP/2" 200 17962 "https://rozbano.com/crochet-lace-pattern/" "Mozilla/5.0 (iPhone; CPU iPhone OS 18_7 like Mac OS X) AppleWebKit/605.1.15 (KHTML, like Gecko) Version/26.0.1 Mobile/15E148 Safari/604.1"
5.115.239.169 - - [17/Apr/2026:00:11:50 +0330] "GET /wp-includes/js/jquery/ui/core.min.js?ver=1.13.3 HTTP/2" 200 6812 "https://rozbano.com/crochet-lace-pattern/" "Mozilla/5.0 (iPhone; CPU iPhone OS 18_7 like Mac OS X) AppleWebKit/605.1.15 (KHTML, like Gecko) Version/26.0.1 Mobile/15E148 Safari/604.1"
5.115.239.169 - - [17/Apr/2026:00:11:50 +0330] "GET /wp-content/plugins/elementor/assets/js/frontend.min.js?ver=3.32.3 HTTP/2" 200 10165 "https://rozbano.com/crochet-lace-pattern/" "Mozilla/5.0 (iPhone; CPU iPhone OS 18_7 like Mac OS X) AppleWebKit/605.1.15 (KHTML, like Gecko) Version/26.0.1 Mobile/15E148 Safari/604.1"
5.115.239.169 - - [17/Apr/2026:00:11:50 +0330] "GET /wp-content/plugins/elementor-pro/assets/lib/sticky/jquery.sticky.min.js?ver=3.32.3 HTTP/2" 200 1442 "https://rozbano.com/crochet-lace-pattern/" "Mozilla/5.0 (iPhone; CPU iPhone OS 18_7 like Mac OS X) AppleWebKit/605.1.15 (KHTML, like Gecko) Version/26.0.1 Mobile/15E148 Safari/604.1"
5.115.239.169 - - [17/Apr/2026:00:11:50 +0330] "GET /wp-content/plugins/elementor-pro/assets/lib/smartmenus/jquery.smartmenus.min.js?ver=1.2.1 HTTP/2" 200 6867 "https://rozbano.com/crochet-lace-pattern/" "Mozilla/5.0 (iPhone; CPU iPhone OS 18_7 like Mac OS X) AppleWebKit/605.1.15 (KHTML, like Gecko) Version/26.0.1 Mobile/15E148 Safari/604.1"
5.115.239.169 - - [17/Apr/2026:00:11:50 +0330] "GET /wp-content/plugins/jet-engine/assets/lib/jet-plugins/jet-plugins.js?ver=1.1.0 HTTP/2" 200 2190 "https://rozbano.com/crochet-lace-pattern/" "Mozilla/5.0 (iPhone; CPU iPhone OS 18_7 like Mac OS X) AppleWebKit/605.1.15 (KHTML, like Gecko) Version/26.0.1 Mobile/15E148 Safari/604.1"
5.115.239.169 - - [17/Apr/2026:00:11:50 +0330] "GET /wp-content/plugins/jet-engine/assets/js/frontend.js?ver=3.7.10 HTTP/2" 200 15312 "https://rozbano.com/crochet-lace-pattern/" "Mozilla/5.0 (iPhone; CPU iPhone OS 18_7 like Mac OS X) AppleWebKit/605.1.15 (KHTML, like Gecko) Version/26.0.1 Mobile/15E148 Safari/604.1"
5.115.239.169 - - [17/Apr/2026:00:11:50 +0330] "GET /wp-content/plugins/elementor-pro/assets/js/webpack-pro.runtime.min.js?ver=3.32.3 HTTP/2" 200 2622 "https://rozbano.com/crochet-lace-pattern/" "Mozilla/5.0 (iPhone; CPU iPhone OS 18_7 like Mac OS X) AppleWebKit/605.1.15 (KHTML, like Gecko) Version/26.0.1 Mobile/15E148 Safari/604.1"
5.115.239.169 - - [17/Apr/2026:00:11:50 +0330] "GET /wp-includes/js/dist/hooks.min.js?ver=dd5603f07f9220ed27f1 HTTP/2" 200 1852 "https://rozbano.com/crochet-lace-pattern/" "Mozilla/5.0 (iPhone; CPU iPhone OS 18_7 like Mac OS X) AppleWebKit/605.1.15 (KHTML, like Gecko) Version/26.0.1 Mobile/15E148 Safari/604.1"
5.115.239.169 - - [17/Apr/2026:00:11:50 +0330] "GET /wp-includes/js/dist/i18n.min.js?ver=c26c3dc7bed366793375 HTTP/2" 200 2119 "https://rozbano.com/crochet-lace-pattern/" "Mozilla/5.0 (iPhone; CPU iPhone OS 18_7 like Mac OS X) AppleWebKit/605.1.15 (KHTML, like Gecko) Version/26.0.1 Mobile/15E148 Safari/604.1"
5.115.239.169 - - [17/Apr/2026:00:11:50 +0330] "GET /wp-content/plugins/elementor-pro/assets/js/frontend.min.js?ver=3.32.3 HTTP/2" 200 6321 "https://rozbano.com/crochet-lace-pattern/" "Mozilla/5.0 (iPhone; CPU iPhone OS 18_7 like Mac OS X) AppleWebKit/605.1.15 (KHTML, like Gecko) Version/26.0.1 Mobile/15E148 Safari/604.1"
5.115.239.169 - - [17/Apr/2026:00:11:50 +0330] "GET /wp-content/plugins/elementor-pro/assets/js/elements-handlers.min.js?ver=3.32.3 HTTP/2" 200 10180 "https://rozbano.com/crochet-lace-pattern/" "Mozilla/5.0 (iPhone; CPU iPhone OS 18_7 like Mac OS X) AppleWebKit/605.1.15 (KHTML, like Gecko) Version/26.0.1 Mobile/15E148 Safari/604.1"
5.115.239.169 - - [17/Apr/2026:00:11:50 +0330] "GET /wp-content/plugins/elementor/assets/lib/swiper/v8/swiper.min.js?ver=8.4.5 HTTP/2" 200 38152 "https://rozbano.com/crochet-lace-pattern/" "Mozilla/5.0 (iPhone; CPU iPhone OS 18_7 like Mac OS X) AppleWebKit/605.1.15 (KHTML, like Gecko) Version/26.0.1 Mobile/15E148 Safari/604.1"
5.115.239.169 - - [17/Apr/2026:00:11:51 +0330] "GET /wp-content/uploads/2025/12/IRANSansXFaNum-Medium.woff2 HTTP/2" 200 28060 "https://rozbano.com/crochet-lace-pattern/" "Mozilla/5.0 (iPhone; CPU iPhone OS 18_7 like Mac OS X) AppleWebKit/605.1.15 (KHTML, like Gecko) Version/26.0.1 Mobile/15E148 Safari/604.1"
5.115.239.169 - - [17/Apr/2026:00:11:51 +0330] "GET /wp-content/uploads/2025/12/IRANSansXFaNum-Regular.woff2 HTTP/2" 200 27012 "https://rozbano.com/crochet-lace-pattern/" "Mozilla/5.0 (iPhone; CPU iPhone OS 18_7 like Mac OS X) AppleWebKit/605.1.15 (KHTML, like Gecko) Version/26.0.1 Mobile/15E148 Safari/604.1"
5.115.239.169 - - [17/Apr/2026:00:11:51 +0330] "GET /wp-content/uploads/2025/12/IRANSansXFaNum-Bold.woff2 HTTP/2" 200 28036 "https://rozbano.com/crochet-lace-pattern/" "Mozilla/5.0 (iPhone; CPU iPhone OS 18_7 like Mac OS X) AppleWebKit/605.1.15 (KHTML, like Gecko) Version/26.0.1 Mobile/15E148 Safari/604.1"
5.115.239.169 - - [17/Apr/2026:00:11:51 +0330] "GET /wp-content/uploads/2025/12/IRANSansXFaNum-Black.woff2 HTTP/2" 200 26796 "https://rozbano.com/crochet-lace-pattern/" "Mozilla/5.0 (iPhone; CPU iPhone OS 18_7 like Mac OS X) AppleWebKit/605.1.15 (KHTML, like Gecko) Version/26.0.1 Mobile/15E148 Safari/604.1"
5.124.153.53 - - [17/Apr/2026:00:11:50 +0330] "GET /wp-content/uploads/2025/10/tutorial-sew-versatile-organizer-with-little-fabric-01.webp HTTP/2" 200 64330 "https://rozbano.com/free-tutorial-sewing-fabric-box-at-home/" "Mozilla/5.0 (Linux; Android 10; MAR-LX1A Build/HUAWEIMAR-L21MEB; wv) AppleWebKit/537.36 (KHTML, like Gecko) 4.0 Chrome/145.0.7632.120 Mobile Safari/537.36; bw4"
5.124.153.53 - - [17/Apr/2026:00:11:50 +0330] "GET /wp-content/uploads/2025/05/rozbano-396-13.jpg HTTP/2" 200 28431 "https://rozbano.com/free-tutorial-sewing-fabric-box-at-home/" "Mozilla/5.0 (Linux; Android 10; MAR-LX1A Build/HUAWEIMAR-L21MEB; wv) AppleWebKit/537.36 (KHTML, like Gecko) 4.0 Chrome/145.0.7632.120 Mobile Safari/537.36; bw4"
5.124.153.53 - - [17/Apr/2026:00:11:50 +0330] "GET /wp-content/uploads/2025/05/knitted20Rabbit20bowl20tutorial-13.jpg HTTP/2" 200 9964 "https://rozbano.com/free-tutorial-sewing-fabric-box-at-home/" "Mozilla/5.0 (Linux; Android 10; MAR-LX1A Build/HUAWEIMAR-L21MEB; wv) AppleWebKit/537.36 (KHTML, like Gecko) 4.0 Chrome/145.0.7632.120 Mobile Safari/537.36; bw4"
5.124.153.53 - - [17/Apr/2026:00:11:50 +0330] "GET /wp-content/uploads/2025/05/Washing20machine20cover20sewing20tutorial-14.jpg HTTP/2" 200 9661 "https://rozbano.com/free-tutorial-sewing-fabric-box-at-home/" "Mozilla/5.0 (Linux; Android 10; MAR-LX1A Build/HUAWEIMAR-L21MEB; wv) AppleWebKit/537.36 (KHTML, like Gecko) 4.0 Chrome/145.0.7632.120 Mobile Safari/537.36; bw4"
5.124.153.53 - - [17/Apr/2026:00:11:50 +0330] "GET /wp-content/uploads/2025/05/rozbano-153-1.jpg HTTP/2" 200 24974 "https://rozbano.com/free-tutorial-sewing-fabric-box-at-home/" "Mozilla/5.0 (Linux; Android 10; MAR-LX1A Build/HUAWEIMAR-L21MEB; wv) AppleWebKit/537.36 (KHTML, like Gecko) 4.0 Chrome/145.0.7632.120 Mobile Safari/537.36; bw4"
5.124.153.53 - - [17/Apr/2026:00:11:50 +0330] "GET /wp-includes/js/comment-reply.min.js?ver=6.9.4 HTTP/2" 200 1247 "https://rozbano.com/free-tutorial-sewing-fabric-box-at-home/" "Mozilla/5.0 (Linux; Android 10; MAR-LX1A Build/HUAWEIMAR-L21MEB; wv) AppleWebKit/537.36 (KHTML, like Gecko) 4.0 Chrome/145.0.7632.120 Mobile Safari/537.36; bw4"
66.249.70.38 - - [17/Apr/2026:00:11:50 +0330] "GET /page/508/?search=%D9%86%D9%81%DB%8C%D8%B3%D9%87+%D8%B1%D9%88%D8%B4%D9%86&nocache=1765926054 HTTP/1.1" 200 29515 "-" "Mozilla/5.0 (Linux; Android 6.0.1; Nexus 5X Build/MMB29P) AppleWebKit/537.36 (KHTML, like Gecko) Chrome/146.0.7680.177 Mobile Safari/537.36 (compatible; Googlebot/2.1; +http://www.google.com/bot.html)"
5.124.153.53 - - [17/Apr/2026:00:11:50 +0330] "GET /wp-content/plugins/elementor/assets/js/shared-frontend-handlers.4c8abccc3e268b0767b2.bundle.min.js HTTP/2" 200 2542 "https://rozbano.com/free-tutorial-sewing-fabric-box-at-home/" "Mozilla/5.0 (Linux; Android 10; MAR-LX1A Build/HUAWEIMAR-L21MEB; wv) AppleWebKit/537.36 (KHTML, like Gecko) 4.0 Chrome/145.0.7632.120 Mobile Safari/537.36; bw4"
5.124.153.53 - - [17/Apr/2026:00:11:51 +0330] "GET /wp-content/plugins/elementor-pro/assets/js/share-buttons.63d984f8c96d1e053bc0.bundle.min.js HTTP/2" 200 690 "https://rozbano.com/free-tutorial-sewing-fabric-box-at-home/" "Mozilla/5.0 (Linux; Android 10; MAR-LX1A Build/HUAWEIMAR-L21MEB; wv) AppleWebKit/537.36 (KHTML, like Gecko) 4.0 Chrome/145.0.7632.120 Mobile Safari/537.36; bw4"
5.124.153.53 - - [17/Apr/2026:00:11:51 +0330] "GET /wp-content/plugins/elementor-pro/assets/js/nav-menu.0edc0c22e9f3101552ed.bundle.min.js HTTP/2" 200 1758 "https://rozbano.com/free-tutorial-sewing-fabric-box-at-home/" "Mozilla/5.0 (Linux; Android 10; MAR-LX1A Build/HUAWEIMAR-L21MEB; wv) AppleWebKit/537.36 (KHTML, like Gecko) 4.0 Chrome/145.0.7632.120 Mobile Safari/537.36; bw4"
5.124.153.53 - - [17/Apr/2026:00:11:51 +0330] "GET /wp-content/plugins/elementor/assets/lib/share-link/share-link.min.js?ver=3.32.3 HTTP/2" 200 1072 "https://rozbano.com/free-tutorial-sewing-fabric-box-at-home/" "Mozilla/5.0 (Linux; Android 10; MAR-LX1A Build/HUAWEIMAR-L21MEB; wv) AppleWebKit/537.36 (KHTML, like Gecko) 4.0 Chrome/145.0.7632.120 Mobile Safari/537.36; bw4"
5.115.239.169 - - [17/Apr/2026:00:11:51 +0330] "GET /wp-content/uploads/2025/05/Crochet20lace20pattern-01.jpg HTTP/2" 200 86994 "https://rozbano.com/crochet-lace-pattern/" "Mozilla/5.0 (iPhone; CPU iPhone OS 18_7 like Mac OS X) AppleWebKit/605.1.15 (KHTML, like Gecko) Version/26.0.1 Mobile/15E148 Safari/604.1"
5.115.239.169 - - [17/Apr/2026:00:11:51 +0330] "GET /wp-content/uploads/2025/05/Rozbano-Logo-Web-Nima-new.webp HTTP/2" 200 2430 "https://rozbano.com/crochet-lace-pattern/" "Mozilla/5.0 (iPhone; CPU iPhone OS 18_7 like Mac OS X) AppleWebKit/605.1.15 (KHTML, like Gecko) Version/26.0.1 Mobile/15E148 Safari/604.1"
5.115.239.169 - - [17/Apr/2026:00:11:51 +0330] "GET /wp-content/uploads/2025/05/Crochet20lace20pattern.jpg HTTP/2" 200 71773 "https://rozbano.com/crochet-lace-pattern/" "Mozilla/5.0 (iPhone; CPU iPhone OS 18_7 like Mac OS X) AppleWebKit/605.1.15 (KHTML, like Gecko) Version/26.0.1 Mobile/15E148 Safari/604.1"
5.115.239.169 - - [17/Apr/2026:00:11:51 +0330] "GET /wp-content/plugins/elementor/assets/js/shared-frontend-handlers.4c8abccc3e268b0767b2.bundle.min.js HTTP/2" 200 2542 "https://rozbano.com/crochet-lace-pattern/" "Mozilla/5.0 (iPhone; CPU iPhone OS 18_7 like Mac OS X) AppleWebKit/605.1.15 (KHTML, like Gecko) Version/26.0.1 Mobile/15E148 Safari/604.1"
5.115.239.169 - - [17/Apr/2026:00:11:51 +0330] "GET /wp-content/plugins/elementor-pro/assets/js/share-buttons.63d984f8c96d1e053bc0.bundle.min.js HTTP/2" 200 690 "https://rozbano.com/crochet-lace-pattern/" "Mozilla/5.0 (iPhone; CPU iPhone OS 18_7 like Mac OS X) AppleWebKit/605.1.15 (KHTML, like Gecko) Version/26.0.1 Mobile/15E148 Safari/604.1"
5.115.239.169 - - [17/Apr/2026:00:11:51 +0330] "GET /wp-content/plugins/elementor-pro/assets/js/nav-menu.0edc0c22e9f3101552ed.bundle.min.js HTTP/2" 200 1758 "https://rozbano.com/crochet-lace-pattern/" "Mozilla/5.0 (iPhone; CPU iPhone OS 18_7 like Mac OS X) AppleWebKit/605.1.15 (KHTML, like Gecko) Version/26.0.1 Mobile/15E148 Safari/604.1"
5.115.239.169 - - [17/Apr/2026:00:11:51 +0330] "GET /wp-includes/js/wp-emoji-release.min.js?ver=6.9.4 HTTP/2" 200 4949 "https://rozbano.com/crochet-lace-pattern/" "Mozilla/5.0 (iPhone; CPU iPhone OS 18_7 like Mac OS X) AppleWebKit/605.1.15 (KHTML, like Gecko) Version/26.0.1 Mobile/15E148 Safari/604.1"
5.115.239.169 - - [17/Apr/2026:00:11:51 +0330] "GET /wp-content/uploads/2025/10/Free-crochet-tutorial-for-fall-hat-01.webp HTTP/2" 200 72884 "https://rozbano.com/crochet-lace-pattern/" "Mozilla/5.0 (iPhone; CPU iPhone OS 18_7 like Mac OS X) AppleWebKit/605.1.15 (KHTML, like Gecko) Version/26.0.1 Mobile/15E148 Safari/604.1"
5.115.239.169 - - [17/Apr/2026:00:11:51 +0330] "GET /wp-content/plugins/elementor/assets/lib/share-link/share-link.min.js?ver=3.32.3 HTTP/2" 200 1072 "https://rozbano.com/crochet-lace-pattern/" "Mozilla/5.0 (iPhone; CPU iPhone OS 18_7 like Mac OS X) AppleWebKit/605.1.15 (KHTML, like Gecko) Version/26.0.1 Mobile/15E148 Safari/604.1"
5.115.239.169 - - [17/Apr/2026:00:11:51 +0330] "GET /wp-content/uploads/2025/11/free-crochet-candy-bath-towel-tutorial-01.webp HTTP/2" 200 34422 "https://rozbano.com/crochet-lace-pattern/" "Mozilla/5.0 (iPhone; CPU iPhone OS 18_7 like Mac OS X) AppleWebKit/605.1.15 (KHTML, like Gecko) Version/26.0.1 Mobile/15E148 Safari/604.1"
5.115.239.169 - - [17/Apr/2026:00:11:51 +0330] "GET /wp-content/uploads/2025/10/Crochet-Kitchen-Napkin-Holder-Free-Tutorial.webp HTTP/2" 200 31990 "https://rozbano.com/crochet-lace-pattern/" "Mozilla/5.0 (iPhone; CPU iPhone OS 18_7 like Mac OS X) AppleWebKit/605.1.15 (KHTML, like Gecko) Version/26.0.1 Mobile/15E148 Safari/604.1"
5.115.239.169 - - [17/Apr/2026:00:11:51 +0330] "GET /wp-content/uploads/2025/10/Autumn-Kaftan-Sewing-Tutorial-at-Home.webp HTTP/2" 200 22110 "https://rozbano.com/crochet-lace-pattern/" "Mozilla/5.0 (iPhone; CPU iPhone OS 18_7 like Mac OS X) AppleWebKit/605.1.15 (KHTML, like Gecko) Version/26.0.1 Mobile/15E148 Safari/604.1"
5.115.239.169 - - [17/Apr/2026:00:11:51 +0330] "GET /wp-content/uploads/2025/10/Free-tutorial-sew-versatile-organizer-01.webp HTTP/2" 200 21366 "https://rozbano.com/crochet-lace-pattern/" "Mozilla/5.0 (iPhone; CPU iPhone OS 18_7 like Mac OS X) AppleWebKit/605.1.15 (KHTML, like Gecko) Version/26.0.1 Mobile/15E148 Safari/604.1"
5.115.239.169 - - [17/Apr/2026:00:11:51 +0330] "GET /wp-content/uploads/2025/10/tutorial-sew-versatile-organizer-with-little-fabric-01.webp HTTP/2" 200 64330 "https://rozbano.com/crochet-lace-pattern/" "Mozilla/5.0 (iPhone; CPU iPhone OS 18_7 like Mac OS X) AppleWebKit/605.1.15 (KHTML, like Gecko) Version/26.0.1 Mobile/15E148 Safari/604.1"
5.115.239.169 - - [17/Apr/2026:00:11:51 +0330] "GET /wp-content/uploads/2025/05/rozbano-280-2.jpg HTTP/2" 200 39374 "https://rozbano.com/crochet-lace-pattern/" "Mozilla/5.0 (iPhone; CPU iPhone OS 18_7 like Mac OS X) AppleWebKit/605.1.15 (KHTML, like Gecko) Version/26.0.1 Mobile/15E148 Safari/604.1"
5.115.239.169 - - [17/Apr/2026:00:11:51 +0330] "GET /wp-content/uploads/2025/05/Beautiful20pattern20texture20training.jpg HTTP/2" 200 10895 "https://rozbano.com/crochet-lace-pattern/" "Mozilla/5.0 (iPhone; CPU iPhone OS 18_7 like Mac OS X) AppleWebKit/605.1.15 (KHTML, like Gecko) Version/26.0.1 Mobile/15E148 Safari/604.1"
5.115.239.169 - - [17/Apr/2026:00:11:51 +0330] "GET /wp-content/uploads/2025/05/rozbano-177-7.jpg HTTP/2" 200 21454 "https://rozbano.com/crochet-lace-pattern/" "Mozilla/5.0 (iPhone; CPU iPhone OS 18_7 like Mac OS X) AppleWebKit/605.1.15 (KHTML, like Gecko) Version/26.0.1 Mobile/15E148 Safari/604.1"
5.115.239.169 - - [17/Apr/2026:00:11:51 +0330] "GET /wp-content/uploads/2025/05/rozbano-315-1-1.jpg HTTP/2" 200 26461 "https://rozbano.com/crochet-lace-pattern/" "Mozilla/5.0 (iPhone; CPU iPhone OS 18_7 like Mac OS X) AppleWebKit/605.1.15 (KHTML, like Gecko) Version/26.0.1 Mobile/15E148 Safari/604.1"
5.115.239.169 - - [17/Apr/2026:00:11:51 +0330] "GET /wp-content/uploads/2023/11/crochet-puffy-rhombus-model-tutorial.webp HTTP/2" 200 18974 "https://rozbano.com/crochet-lace-pattern/" "Mozilla/5.0 (iPhone; CPU iPhone OS 18_7 like Mac OS X) AppleWebKit/605.1.15 (KHTML, like Gecko) Version/26.0.1 Mobile/15E148 Safari/604.1"
5.115.239.169 - - [17/Apr/2026:00:11:51 +0330] "GET /wp-content/uploads/2025/05/Bee20stitch20on20fabric20tutorial-01.webp HTTP/2" 200 24800 "https://rozbano.com/crochet-lace-pattern/" "Mozilla/5.0 (iPhone; CPU iPhone OS 18_7 like Mac OS X) AppleWebKit/605.1.15 (KHTML, like Gecko) Version/26.0.1 Mobile/15E148 Safari/604.1"
5.115.239.169 - - [17/Apr/2026:00:11:51 +0330] "GET /wp-includes/js/comment-reply.min.js?ver=6.9.4 HTTP/2" 200 1247 "https://rozbano.com/crochet-lace-pattern/" "Mozilla/5.0 (iPhone; CPU iPhone OS 18_7 like Mac OS X) AppleWebKit/605.1.15 (KHTML, like Gecko) Version/26.0.1 Mobile/15E148 Safari/604.1"
5.115.239.169 - - [17/Apr/2026:00:11:51 +0330] "GET /wp-content/uploads/2025/06/cropped-Rozbano-Nima-fav-ico-192x192.webp HTTP/2" 200 6374 "https://rozbano.com/crochet-lace-pattern/" "Mozilla/5.0 (iPhone; CPU iPhone OS 18_7 like Mac OS X) AppleWebKit/605.1.15 (KHTML, like Gecko) Version/26.0.1 Mobile/15E148 Safari/604.1"
5.115.239.169 - - [17/Apr/2026:00:11:51 +0330] "GET /wp-content/uploads/2025/06/cropped-Rozbano-Nima-fav-ico-32x32.webp HTTP/2" 200 904 "https://rozbano.com/crochet-lace-pattern/" "Mozilla/5.0 (iPhone; CPU iPhone OS 18_7 like Mac OS X) AppleWebKit/605.1.15 (KHTML, like Gecko) Version/26.0.1 Mobile/15E148 Safari/604.1"
66.249.70.39 - - [17/Apr/2026:00:11:52 +0330] "GET /page/505/?search=%D8%A8%DB%8C%D8%AA%D8%A7+%D8%B3%D8%AD%D8%B1%D8%AE%DB%8C%D8%B2&nocache=1766792669 HTTP/1.1" 200 27754 "-" "Mozilla/5.0 (Linux; Android 6.0.1; Nexus 5X Build/MMB29P) AppleWebKit/537.36 (KHTML, like Gecko) Chrome/146.0.7680.177 Mobile Safari/537.36 (compatible; Googlebot/2.1; +http://www.google.com/bot.html)"
2.177.246.157 - - [17/Apr/2026:00:10:50 +0330] "GET /wp-content/uploads/2025/11/Free-tutorial-sewing-pleated-pillowcase-01.webp HTTP/2" 200 53786 "https://rozbano.com/free-size-sewing-blowing-tutorial-at-home/" "Mozilla/5.0 (iPhone; CPU iPhone OS 16_7_14 like Mac OS X) AppleWebKit/605.1.15 (KHTML, like Gecko) GSA/408.0.868297084 Mobile/15E148 Safari/604.1"
2.177.246.157 - - [17/Apr/2026:00:10:50 +0330] "GET /wp-content/uploads/2025/05/Knitting20screw20neck20scarf20tutorial-01.jpg HTTP/2" 200 19439 "https://rozbano.com/free-size-sewing-blowing-tutorial-at-home/" "Mozilla/5.0 (iPhone; CPU iPhone OS 16_7_14 like Mac OS X) AppleWebKit/605.1.15 (KHTML, like Gecko) GSA/408.0.868297084 Mobile/15E148 Safari/604.1"
2.177.246.157 - - [17/Apr/2026:00:10:50 +0330] "GET /wp-content/uploads/2025/12/IRANSansXFaNum-Black.woff2 HTTP/2" 200 26796 "https://rozbano.com/free-size-sewing-blowing-tutorial-at-home/" "Mozilla/5.0 (iPhone; CPU iPhone OS 16_7_14 like Mac OS X) AppleWebKit/605.1.15 (KHTML, like Gecko) GSA/408.0.868297084 Mobile/15E148 Safari/604.1"
2.177.246.157 - - [17/Apr/2026:00:10:50 +0330] "GET /wp-content/uploads/2025/05/rozbano-371-17-300x224.jpg HTTP/2" 200 22557 "https://rozbano.com/free-size-sewing-blowing-tutorial-at-home/" "Mozilla/5.0 (iPhone; CPU iPhone OS 16_7_14 like Mac OS X) AppleWebKit/605.1.15 (KHTML, like Gecko) GSA/408.0.868297084 Mobile/15E148 Safari/604.1"
2.177.246.157 - - [17/Apr/2026:00:10:50 +0330] "GET /wp-content/uploads/2026/02/Free-size-sewing-blowing-tutorial-at-home.webp HTTP/2" 200 62426 "https://rozbano.com/free-size-sewing-blowing-tutorial-at-home/" "Mozilla/5.0 (iPhone; CPU iPhone OS 16_7_14 like Mac OS X) AppleWebKit/605.1.15 (KHTML, like Gecko) GSA/408.0.868297084 Mobile/15E148 Safari/604.1"
2.177.246.157 - - [17/Apr/2026:00:10:50 +0330] "GET /wp-content/uploads/2026/02/Free-size-sewing-blowing-tutorial-at-home-01.webp HTTP/2" 200 42602 "https://rozbano.com/free-size-sewing-blowing-tutorial-at-home/" "Mozilla/5.0 (iPhone; CPU iPhone OS 16_7_14 like Mac OS X) AppleWebKit/605.1.15 (KHTML, like Gecko) GSA/408.0.868297084 Mobile/15E148 Safari/604.1"
66.249.70.33 - - [17/Apr/2026:00:11:04 +0330] "GET /page/506/?search=search_term_string&nocache=1766465644 HTTP/1.1" 200 27181 "-" "Mozilla/5.0 (Linux; Android 6.0.1; Nexus 5X Build/MMB29P) AppleWebKit/537.36 (KHTML, like Gecko) Chrome/146.0.7680.177 Mobile Safari/537.36 (compatible; Googlebot/2.1; +http://www.google.com/bot.html)"
66.249.70.39 - - [17/Apr/2026:00:11:08 +0330] "GET /page/502/?nocache=1773716360 HTTP/1.1" 200 27243 "-" "Mozilla/5.0 (Linux; Android 6.0.1; Nexus 5X Build/MMB29P) AppleWebKit/537.36 (KHTML, like Gecko) Chrome/146.0.7680.177 Mobile Safari/537.36 (compatible; Googlebot/2.1; +http://www.google.com/bot.html)"
66.249.70.39 - - [17/Apr/2026:00:11:15 +0330] "GET /page/2/?search=search_term_string&nocache=1766725423 HTTP/1.1" 200 27484 "-" "Mozilla/5.0 (Linux; Android 6.0.1; Nexus 5X Build/MMB29P) AppleWebKit/537.36 (KHTML, like Gecko) Chrome/146.0.7680.177 Mobile Safari/537.36 (compatible; Googlebot/2.1; +http://www.google.com/bot.html)"
202.46.62.100 - - [17/Apr/2026:00:11:51 +0330] "GET /wp-content/uploads/2025/05/rozbano-236.jpg HTTP/1.1" 200 17458 "https://rozbano.com/tag/%D9%85%D8%AF%D9%84-%D9%85%D9%88-%D9%88-%D8%A2%D8%B1%D8%A7%DB%8C%D8%B4-%D8%B5%D9%88%D8%B1%D8%AA-%D9%85%D8%A7%DB%8C%D9%84%DB%8C-%D8%B3%D8%A7%DB%8C%D8%B1%D8%B3-%D8%AC%D8%B0%D8%A7%D8%A8/" "Mozilla/5.0 (Windows NT 10.0; Win64; x64) AppleWebKit/537.36 (KHTML, like Gecko) Chrome/133.0.6943.141 Safari/537.36"
66.249.70.34 - - [17/Apr/2026:00:11:51 +0330] "GET /page/510/?search=%D9%86%D9%81%DB%8C%D8%B3%D9%87+%D8%B1%D9%88%D8%B4%D9%86&nocache=1765926054 HTTP/1.1" 200 27186 "-" "Mozilla/5.0 (Linux; Android 6.0.1; Nexus 5X Build/MMB29P) AppleWebKit/537.36 (KHTML, like Gecko) Chrome/146.0.7680.177 Mobile Safari/537.36 (compatible; Googlebot/2.1; +http://www.google.com/bot.html)"
5.117.95.88 - - [17/Apr/2026:00:11:50 +0330] "GET /spring-mini-scarf-knitting-tutorial/ HTTP/2" 200 0 "https://zarebin.ir/" "Mozilla/5.0 (Linux; Android 12; SM-A125F Build/SP1A.210812.016; wv) AppleWebKit/537.36 (KHTML, like Gecko) 4.0 Chrome/145.0.7632.79 Mobile Safari/537.36; bw4"
66.249.70.33 - - [17/Apr/2026:00:11:55 +0330] "GET /page/510/?search=%D8%A8%DB%8C%D8%AA%D8%A7+%D8%B3%D8%AD%D8%B1%D8%AE%DB%8C%D8%B2&nocache=1766792669 HTTP/1.1" 200 29036 "-" "Mozilla/5.0 (Linux; Android 6.0.1; Nexus 5X Build/MMB29P) AppleWebKit/537.36 (KHTML, like Gecko) Chrome/146.0.7680.177 Mobile Safari/537.36 (compatible; Googlebot/2.1; +http://www.google.com/bot.html)"
66.249.70.32 - - [17/Apr/2026:00:11:56 +0330] "GET /page/502/?search=search_term_string&nocache=1766390730 HTTP/1.1" 200 28044 "-" "Mozilla/5.0 (Linux; Android 6.0.1; Nexus 5X Build/MMB29P) AppleWebKit/537.36 (KHTML, like Gecko) Chrome/146.0.7680.177 Mobile Safari/537.36 (compatible; Googlebot/2.1; +http://www.google.com/bot.html)"
202.46.62.96 - - [17/Apr/2026:00:11:57 +0330] "POST /tag/%D9%85%D8%AF%D9%84-%D9%85%D9%88-%D9%88-%D8%A2%D8%B1%D8%A7%DB%8C%D8%B4-%D8%B5%D9%88%D8%B1%D8%AA-%D9%85%D8%A7%DB%8C%D9%84%DB%8C-%D8%B3%D8%A7%DB%8C%D8%B1%D8%B3-%D8%AC%D8%B0%D8%A7%D8%A8/?nocache=1776372103 HTTP/1.1" 200 4366 "https://rozbano.com/tag/%D9%85%D8%AF%D9%84-%D9%85%D9%88-%D9%88-%D8%A2%D8%B1%D8%A7%DB%8C%D8%B4-%D8%B5%D9%88%D8%B1%D8%AA-%D9%85%D8%A7%DB%8C%D9%84%DB%8C-%D8%B3%D8%A7%DB%8C%D8%B1%D8%B3-%D8%AC%D8%B0%D8%A7%D8%A8/" "Mozilla/5.0 (Windows NT 10.0; Win64; x64) AppleWebKit/537.36 (KHTML, like Gecko) Chrome/133.0.6943.141 Safari/537.36"
5.115.239.169 - - [17/Apr/2026:00:11:59 +0330] "POST /crochet-lace-pattern/?nocache=1776372109 HTTP/2" 200 4904 "https://rozbano.com/crochet-lace-pattern/" "Mozilla/5.0 (iPhone; CPU iPhone OS 18_7 like Mac OS X) AppleWebKit/605.1.15 (KHTML, like Gecko) Version/26.0.1 Mobile/15E148 Safari/604.1"
5.115.239.169 - - [17/Apr/2026:00:12:01 +0330] "GET /wp-content/uploads/2026/04/crochet-flower-scrubber-tutorial-02.webp HTTP/2" 200 21788 "https://rozbano.com/crochet-lace-pattern/" "Mozilla/5.0 (iPhone; CPU iPhone OS 18_7 like Mac OS X) AppleWebKit/605.1.15 (KHTML, like Gecko) Version/26.0.1 Mobile/15E148 Safari/604.1"
5.115.239.169 - - [17/Apr/2026:00:12:01 +0330] "GET /wp-content/uploads/2026/04/tie-hat-knitting-tutorial-03.webp HTTP/2" 200 9874 "https://rozbano.com/crochet-lace-pattern/" "Mozilla/5.0 (iPhone; CPU iPhone OS 18_7 like Mac OS X) AppleWebKit/605.1.15 (KHTML, like Gecko) Version/26.0.1 Mobile/15E148 Safari/604.1"
5.115.239.169 - - [17/Apr/2026:00:12:01 +0330] "GET /wp-content/uploads/2026/04/crochet-flower-scrubby-tutorial.webp HTTP/2" 200 25296 "https://rozbano.com/crochet-lace-pattern/" "Mozilla/5.0 (iPhone; CPU iPhone OS 18_7 like Mac OS X) AppleWebKit/605.1.15 (KHTML, like Gecko) Version/26.0.1 Mobile/15E148 Safari/604.1"
5.115.239.169 - - [17/Apr/2026:00:12:01 +0330] "GET /wp-content/uploads/2026/03/steering-wheel-cover-crochet-tutorial-01.webp HTTP/2" 200 29978 "https://rozbano.com/crochet-lace-pattern/" "Mozilla/5.0 (iPhone; CPU iPhone OS 18_7 like Mac OS X) AppleWebKit/605.1.15 (KHTML, like Gecko) Version/26.0.1 Mobile/15E148 Safari/604.1"
5.115.239.169 - - [17/Apr/2026:00:12:01 +0330] "GET /wp-content/uploads/2026/02/Free-size-sewing-blowing-tutorial-at-home-02.webp HTTP/2" 200 28700 "https://rozbano.com/crochet-lace-pattern/" "Mozilla/5.0 (iPhone; CPU iPhone OS 18_7 like Mac OS X) AppleWebKit/605.1.15 (KHTML, like Gecko) Version/26.0.1 Mobile/15E148 Safari/604.1"
5.115.239.169 - - [17/Apr/2026:00:12:01 +0330] "GET /wp-content/uploads/2026/02/Free-tutorial-crochet-triple-crochet-pattern.webp HTTP/2" 200 53318 "https://rozbano.com/crochet-lace-pattern/" "Mozilla/5.0 (iPhone; CPU iPhone OS 18_7 like Mac OS X) AppleWebKit/605.1.15 (KHTML, like Gecko) Version/26.0.1 Mobile/15E148 Safari/604.1"
5.124.153.53 - - [17/Apr/2026:00:11:51 +0330] "GET /wp-includes/js/wp-emoji-release.min.js?ver=6.9.4 HTTP/2" 200 4949 "https://rozbano.com/free-tutorial-sewing-fabric-box-at-home/" "Mozilla/5.0 (Linux; Android 10; MAR-LX1A Build/HUAWEIMAR-L21MEB; wv) AppleWebKit/537.36 (KHTML, like Gecko) 4.0 Chrome/145.0.7632.120 Mobile Safari/537.36; bw4"
202.46.62.58 - - [17/Apr/2026:00:11:51 +0330] "POST /tag/%D9%85%D8%AF%D9%84-%D9%85%D9%88-%D9%88-%D8%A2%D8%B1%D8%A7%DB%8C%D8%B4-%D8%B5%D9%88%D8%B1%D8%AA-%D9%85%D8%A7%DB%8C%D9%84%DB%8C-%D8%B3%D8%A7%DB%8C%D8%B1%D8%B3-%D8%AC%D8%B0%D8%A7%D8%A8/?nocache=1776372103 HTTP/1.1" 200 5972 "https://rozbano.com/tag/%D9%85%D8%AF%D9%84-%D9%85%D9%88-%D9%88-%D8%A2%D8%B1%D8%A7%DB%8C%D8%B4-%D8%B5%D9%88%D8%B1%D8%AA-%D9%85%D8%A7%DB%8C%D9%84%DB%8C-%D8%B3%D8%A7%DB%8C%D8%B1%D8%B3-%D8%AC%D8%B0%D8%A7%D8%A8/" "Mozilla/5.0 (Windows NT 10.0; Win64; x64) AppleWebKit/537.36 (KHTML, like Gecko) Chrome/133.0.6943.141 Safari/537.36"
5.124.153.53 - - [17/Apr/2026:00:11:53 +0330] "GET /author/sadeghmgl/ HTTP/2" 200 36594 "https://rozbano.com/free-tutorial-sewing-fabric-box-at-home/" "Mozilla/5.0 (Linux; Android 10; MAR-LX1A Build/HUAWEIMAR-L21MEB; wv) AppleWebKit/537.36 (KHTML, like Gecko) Version/4.0 Chrome/145.0.7632.120 Mobile Safari/537.36"
202.46.62.63 - - [17/Apr/2026:00:11:59 +0330] "GET /wp-content/uploads/2025/12/The-most-correct-makeup-tips-for-girls-03.webp HTTP/1.1" 200 18902 "https://rozbano.com/cat/%D8%A2%D9%85%D9%88%D8%B2%D8%B4-%D8%A2%D8%B1%D8%A7%DB%8C%D8%B4-%D9%88-%D8%B2%DB%8C%D8%A8%D8%A7%DB%8C%DB%8C/" "Mozilla/5.0 (Windows NT 10.0; Win64; x64) AppleWebKit/537.36 (KHTML, like Gecko) Chrome/133.0.6943.141 Safari/537.36"
66.249.70.38 - - [17/Apr/2026:00:12:01 +0330] "GET /?p=18432149930905 HTTP/1.1" 200 28627 "-" "Mozilla/5.0 (Linux; Android 6.0.1; Nexus 5X Build/MMB29P) AppleWebKit/537.36 (KHTML, like Gecko) Chrome/146.0.7680.177 Mobile Safari/537.36 (compatible; GoogleOther)"
202.46.62.60 - - [17/Apr/2026:00:11:59 +0330] "POST /cat/%D8%A2%D9%85%D9%88%D8%B2%D8%B4-%D8%A2%D8%B1%D8%A7%DB%8C%D8%B4-%D9%88-%D8%B2%DB%8C%D8%A8%D8%A7%DB%8C%DB%8C/?nocache=1776372103 HTTP/1.1" 200 5970 "https://rozbano.com/cat/%D8%A2%D9%85%D9%88%D8%B2%D8%B4-%D8%A2%D8%B1%D8%A7%DB%8C%D8%B4-%D9%88-%D8%B2%DB%8C%D8%A8%D8%A7%DB%8C%DB%8C/" "Mozilla/5.0 (Windows NT 10.0; Win64; x64) AppleWebKit/537.36 (KHTML, like Gecko) Chrome/133.0.6943.141 Safari/537.36"
66.249.70.38 - - [17/Apr/2026:00:12:01 +0330] "GET /page/506/?search=search_term_string&nocache=1766586246 HTTP/1.1" 200 28477 "-" "Mozilla/5.0 (Linux; Android 6.0.1; Nexus 5X Build/MMB29P) AppleWebKit/537.36 (KHTML, like Gecko) Chrome/146.0.7680.177 Mobile Safari/537.36 (compatible; Googlebot/2.1; +http://www.google.com/bot.html)"
202.46.62.98 - - [17/Apr/2026:00:12:02 +0330] "GET /wp-content/uploads/2025/10/Best-Skin-Care-Products-Cosmetics-Shopping-02.webp HTTP/1.1" 200 12332 "https://rozbano.com/cat/%D8%A2%D9%85%D9%88%D8%B2%D8%B4-%D8%A2%D8%B1%D8%A7%DB%8C%D8%B4-%D9%88-%D8%B2%DB%8C%D8%A8%D8%A7%DB%8C%DB%8C/" "Mozilla/5.0 (Windows NT 10.0; Win64; x64) AppleWebKit/537.36 (KHTML, like Gecko) Chrome/133.0.6943.141 Safari/537.36"
66.249.70.32 - - [17/Apr/2026:00:12:05 +0330] "GET /?p=5193173367003 HTTP/1.1" 200 27770 "-" "Mozilla/5.0 (Linux; Android 6.0.1; Nexus 5X Build/MMB29P) AppleWebKit/537.36 (KHTML, like Gecko) Chrome/146.0.7680.177 Mobile Safari/537.36 (compatible; Googlebot/2.1; +http://www.google.com/bot.html)"
66.249.70.32 - - [17/Apr/2026:00:12:06 +0330] "GET /page/3/?search=search_term_string&nocache=1766452839 HTTP/1.1" 200 28137 "-" "Mozilla/5.0 (Linux; Android 6.0.1; Nexus 5X Build/MMB29P) AppleWebKit/537.36 (KHTML, like Gecko) Chrome/146.0.7680.177 Mobile Safari/537.36 (compatible; Googlebot/2.1; +http://www.google.com/bot.html)"
66.249.70.32 - - [17/Apr/2026:00:12:10 +0330] "GET /page/2/?search=search_term_string&nocache=1766506468 HTTP/1.1" 200 28492 "-" "Mozilla/5.0 (Linux; Android 6.0.1; Nexus 5X Build/MMB29P) AppleWebKit/537.36 (KHTML, like Gecko) Chrome/146.0.7680.177 Mobile Safari/537.36 (compatible; Googlebot/2.1; +http://www.google.com/bot.html)"
66.249.70.33 - - [17/Apr/2026:00:11:34 +0330] "GET /page/505/?search=search_term_string&nocache=1766703867 HTTP/1.1" 200 29668 "-" "Mozilla/5.0 (Linux; Android 6.0.1; Nexus 5X Build/MMB29P) AppleWebKit/537.36 (KHTML, like Gecko) Chrome/146.0.7680.177 Mobile Safari/537.36 (compatible; Googlebot/2.1; +http://www.google.com/bot.html)"
66.249.70.33 - - [17/Apr/2026:00:11:35 +0330] "GET /page/3/?search=search_term_string&nocache=1765969913 HTTP/1.1" 200 27748 "-" "Mozilla/5.0 (Linux; Android 6.0.1; Nexus 5X Build/MMB29P) AppleWebKit/537.36 (KHTML, like Gecko) Chrome/146.0.7680.177 Mobile Safari/537.36 (compatible; Googlebot/2.1; +http://www.google.com/bot.html)"
66.249.70.33 - - [17/Apr/2026:00:11:43 +0330] "GET /products/detail/163007735 HTTP/1.1" 200 27666 "-" "Mozilla/5.0 (Linux; Android 6.0.1; Nexus 5X Build/MMB29P) AppleWebKit/537.36 (KHTML, like Gecko) Chrome/146.0.7680.177 Mobile Safari/537.36 (compatible; Googlebot/2.1; +http://www.google.com/bot.html)"
66.249.70.39 - - [17/Apr/2026:00:11:49 +0330] "GET /page/7/?search=search_term_string&nocache=1766227333 HTTP/1.1" 200 30078 "-" "Mozilla/5.0 (Linux; Android 6.0.1; Nexus 5X Build/MMB29P) AppleWebKit/537.36 (KHTML, like Gecko) Chrome/146.0.7680.177 Mobile Safari/537.36 (compatible; GoogleOther)"
18.97.9.101 - - [17/Apr/2026:00:11:59 +0330] "GET /robots.txt HTTP/1.1" 200 65 "-" "Mozilla/5.0 AppleWebKit/537.36 (KHTML, like Gecko; compatible; PerplexityBot/1.0; +https://perplexity.ai/perplexitybot)"
18.97.9.101 - - [17/Apr/2026:00:11:59 +0330] "GET /shah-rukh-khan/ HTTP/1.1" 200 46471 "-" "Mozilla/5.0 AppleWebKit/537.36 (KHTML, like Gecko; compatible; PerplexityBot/1.0; +https://perplexity.ai/perplexitybot)"
66.249.70.33 - - [17/Apr/2026:00:12:02 +0330] "GET /page/503/?search=search_term_string&nocache=1766543693 HTTP/1.1" 200 28555 "-" "Mozilla/5.0 (Linux; Android 6.0.1; Nexus 5X Build/MMB29P) AppleWebKit/537.36 (KHTML, like Gecko) Chrome/146.0.7680.177 Mobile Safari/537.36 (compatible; Googlebot/2.1; +http://www.google.com/bot.html)"
202.46.62.82 - - [17/Apr/2026:00:12:01 +0330] "POST /cat/%D8%A2%D9%85%D9%88%D8%B2%D8%B4-%D8%A2%D8%B1%D8%A7%DB%8C%D8%B4-%D9%88-%D8%B2%DB%8C%D8%A8%D8%A7%DB%8C%DB%8C/?nocache=1776372103 HTTP/1.1" 200 4406 "https://rozbano.com/cat/%D8%A2%D9%85%D9%88%D8%B2%D8%B4-%D8%A2%D8%B1%D8%A7%DB%8C%D8%B4-%D9%88-%D8%B2%DB%8C%D8%A8%D8%A7%DB%8C%DB%8C/" "Mozilla/5.0 (Windows NT 10.0; Win64; x64) AppleWebKit/537.36 (KHTML, like Gecko) Chrome/133.0.6943.141 Safari/537.36"
202.46.62.60 - - [17/Apr/2026:00:12:01 +0330] "POST /tag/%D9%85%D8%AF%D9%84-%D9%85%D9%88-%D9%88-%D8%A2%D8%B1%D8%A7%DB%8C%D8%B4-%D8%B5%D9%88%D8%B1%D8%AA-%D9%85%D8%A7%DB%8C%D9%84%DB%8C-%D8%B3%D8%A7%DB%8C%D8%B1%D8%B3-%D8%AC%D8%B0%D8%A7%D8%A8/?nocache=1776372103 HTTP/1.1" 200 4409 "https://rozbano.com/tag/%D9%85%D8%AF%D9%84-%D9%85%D9%88-%D9%88-%D8%A2%D8%B1%D8%A7%DB%8C%D8%B4-%D8%B5%D9%88%D8%B1%D8%AA-%D9%85%D8%A7%DB%8C%D9%84%DB%8C-%D8%B3%D8%A7%DB%8C%D8%B1%D8%B3-%D8%AC%D8%B0%D8%A7%D8%A8/" "Mozilla/5.0 (Windows NT 10.0; Win64; x64) AppleWebKit/537.36 (KHTML, like Gecko) Chrome/133.0.6943.141 Safari/537.36"
66.249.70.39 - - [17/Apr/2026:00:12:17 +0330] "GET /page/506/?search=search_term_string&nocache=1765758747 HTTP/1.1" 200 27530 "-" "Mozilla/5.0 (Linux; Android 6.0.1; Nexus 5X Build/MMB29P) AppleWebKit/537.36 (KHTML, like Gecko) Chrome/146.0.7680.177 Mobile Safari/537.36 (compatible; Googlebot/2.1; +http://www.google.com/bot.html)"
66.249.70.39 - - [17/Apr/2026:00:12:20 +0330] "GET /page/506/?search=search_term_string&nocache=1765871108 HTTP/1.1" 200 29348 "-" "Mozilla/5.0 (Linux; Android 6.0.1; Nexus 5X Build/MMB29P) AppleWebKit/537.36 (KHTML, like Gecko) Chrome/146.0.7680.177 Mobile Safari/537.36 (compatible; Googlebot/2.1; +http://www.google.com/bot.html)"
66.249.70.39 - - [17/Apr/2026:00:11:57 +0330] "GET /page/510/?search=search_term_string&nocache=1766059497 HTTP/1.1" 200 29134 "-" "Mozilla/5.0 (Linux; Android 6.0.1; Nexus 5X Build/MMB29P) AppleWebKit/537.36 (KHTML, like Gecko) Chrome/146.0.7680.177 Mobile Safari/537.36 (compatible; Googlebot/2.1; +http://www.google.com/bot.html)"
202.46.62.108 - - [17/Apr/2026:00:11:57 +0330] "POST /tag/%D9%85%D8%AF%D9%84-%D9%85%D9%88-%D9%88-%D8%A2%D8%B1%D8%A7%DB%8C%D8%B4-%D8%B5%D9%88%D8%B1%D8%AA-%D9%85%D8%A7%DB%8C%D9%84%DB%8C-%D8%B3%D8%A7%DB%8C%D8%B1%D8%B3-%D8%AC%D8%B0%D8%A7%D8%A8/?nocache=1776372103 HTTP/1.1" 200 4393 "https://rozbano.com/tag/%D9%85%D8%AF%D9%84-%D9%85%D9%88-%D9%88-%D8%A2%D8%B1%D8%A7%DB%8C%D8%B4-%D8%B5%D9%88%D8%B1%D8%AA-%D9%85%D8%A7%DB%8C%D9%84%DB%8C-%D8%B3%D8%A7%DB%8C%D8%B1%D8%B3-%D8%AC%D8%B0%D8%A7%D8%A8/" "Mozilla/5.0 (Windows NT 10.0; Win64; x64) AppleWebKit/537.36 (KHTML, like Gecko) Chrome/133.0.6943.141 Safari/537.36"
85.208.96.210 - - [17/Apr/2026:00:12:00 +0330] "GET /cat/%D8%A2%D9%85%D9%88%D8%B2%D8%B4-%D8%A2%D8%B1%D8%A7%DB%8C%D8%B4-%D9%88-%D8%B2%DB%8C%D8%A8%D8%A7%DB%8C%DB%8C/%D9%86%DA%A9%D8%A7%D8%AA-%D8%B2%DB%8C%D8%A8%D8%A7%DB%8C%DB%8C-%D9%88-%D8%A2%D8%B1%D8%A7%DB%8C%D8%B4%DB%8C/page/6/ HTTP/1.1" 403 20 "-" "Mozilla/5.0 (compatible; SemrushBot/7~bl; +http://www.semrush.com/bot.html)"
202.46.62.89 - - [17/Apr/2026:00:12:00 +0330] "POST /cat/%D8%A2%D9%85%D9%88%D8%B2%D8%B4-%D8%A2%D8%B1%D8%A7%DB%8C%D8%B4-%D9%88-%D8%B2%DB%8C%D8%A8%D8%A7%DB%8C%DB%8C/?nocache=1776372103 HTTP/1.1" 200 4364 "https://rozbano.com/cat/%D8%A2%D9%85%D9%88%D8%B2%D8%B4-%D8%A2%D8%B1%D8%A7%DB%8C%D8%B4-%D9%88-%D8%B2%DB%8C%D8%A8%D8%A7%DB%8C%DB%8C/" "Mozilla/5.0 (Windows NT 10.0; Win64; x64) AppleWebKit/537.36 (KHTML, like Gecko) Chrome/133.0.6943.141 Safari/537.36"
62.60.201.135 - - [17/Apr/2026:00:12:02 +0330] "POST /wp-cron.php?doing_wp_cron=1776372122.0049819946289062500000 HTTP/1.1" 200 20 "-" "WordPress/6.9.4; https://rozbano.com"
202.46.62.111 - - [17/Apr/2026:00:12:00 +0330] "POST /cat/%D8%A2%D9%85%D9%88%D8%B2%D8%B4-%D8%A2%D8%B1%D8%A7%DB%8C%D8%B4-%D9%88-%D8%B2%DB%8C%D8%A8%D8%A7%DB%8C%DB%8C/?nocache=1776372103 HTTP/1.1" 200 4391 "https://rozbano.com/cat/%D8%A2%D9%85%D9%88%D8%B2%D8%B4-%D8%A2%D8%B1%D8%A7%DB%8C%D8%B4-%D9%88-%D8%B2%DB%8C%D8%A8%D8%A7%DB%8C%DB%8C/" "Mozilla/5.0 (Windows NT 10.0; Win64; x64) AppleWebKit/537.36 (KHTML, like Gecko) Chrome/133.0.6943.141 Safari/537.36"
62.60.201.135 - - [17/Apr/2026:00:12:03 +0330] "POST /wp-cron.php?doing_wp_cron=1776372123.4309020042419433593750 HTTP/1.1" 200 20 "-" "WordPress/6.9.4; https://rozbano.com"
66.249.70.38 - - [17/Apr/2026:00:12:16 +0330] "GET /page/504/?search=%D8%AA%DB%8C%D9%86%D8%A7+%D8%A2%D8%AE%D9%88%D9%86%D8%AF%D8%AA%D8%A8%D8%A7%D8%B1&nocache=1766693957 HTTP/1.1" 200 31201 "-" "Mozilla/5.0 (Linux; Android 6.0.1; Nexus 5X Build/MMB29P) AppleWebKit/537.36 (KHTML, like Gecko) Chrome/146.0.7680.177 Mobile Safari/537.36 (compatible; Googlebot/2.1; +http://www.google.com/bot.html)"
45.149.78.145 - - [17/Apr/2026:00:12:16 +0330] "GET /video-sitemap.xml HTTP/1.1" 200 4723 "-" "Mozilla/5.0 (Linux; Android 10; SM-G975F) AppleWebKit/537.36 (KHTML, like Gecko) Chrome/112.0.5615.137 Mobile Safari/537.36"
66.249.70.38 - - [17/Apr/2026:00:12:18 +0330] "GET /page/500/?search=search_term_string&nocache=1766734451 HTTP/1.1" 200 27393 "-" "Mozilla/5.0 (Linux; Android 6.0.1; Nexus 5X Build/MMB29P) AppleWebKit/537.36 (KHTML, like Gecko) Chrome/146.0.7680.177 Mobile Safari/537.36 (compatible; Googlebot/2.1; +http://www.google.com/bot.html)"
17.22.237.164 - - [17/Apr/2026:00:12:27 +0330] "POST /tag/%D8%A8%DB%8C%D9%88%DA%AF%D8%B1%D8%A7%D9%81%DB%8C-%D9%88-%DA%AF%D8%A7%D9%84%D8%B1%DB%8C-%D8%AA%D8%B5%D8%A7%D9%88%DB%8C%D8%B1/page/9/?nocache=1776371818 HTTP/1.1" 200 4408 "https://rozbano.com/tag/%D8%A8%DB%8C%D9%88%DA%AF%D8%B1%D8%A7%D9%81%DB%8C-%D9%88-%DA%AF%D8%A7%D9%84%D8%B1%DB%8C-%D8%AA%D8%B5%D8%A7%D9%88%DB%8C%D8%B1/page/9/" "Mozilla/5.0 (Macintosh; Intel Mac OS X 10_15_7) AppleWebKit/605.1.15 (KHTML, like Gecko) Version/17.4 Safari/605.1.15 (Applebot/0.1; +http://www.apple.com/go/applebot)"
5.115.239.169 - - [17/Apr/2026:00:12:01 +0330] "GET /wp-content/uploads/2026/02/Free-tutorial-sewing-coat-with-lace-combination-04.webp HTTP/2" 200 26780 "https://rozbano.com/crochet-lace-pattern/" "Mozilla/5.0 (iPhone; CPU iPhone OS 18_7 like Mac OS X) AppleWebKit/605.1.15 (KHTML, like Gecko) Version/26.0.1 Mobile/15E148 Safari/604.1"
5.115.239.169 - - [17/Apr/2026:00:12:01 +0330] "GET /wp-content/uploads/2026/02/Free-tutorial-crochet-beautiful-flower.webp HTTP/2" 200 32450 "https://rozbano.com/crochet-lace-pattern/" "Mozilla/5.0 (iPhone; CPU iPhone OS 18_7 like Mac OS X) AppleWebKit/605.1.15 (KHTML, like Gecko) Version/26.0.1 Mobile/15E148 Safari/604.1"
66.249.70.33 - - [17/Apr/2026:00:12:02 +0330] "GET /page/501/?search=search_term_string&nocache=1765927694 HTTP/1.1" 200 28231 "-" "Mozilla/5.0 (Linux; Android 6.0.1; Nexus 5X Build/MMB29P) AppleWebKit/537.36 (KHTML, like Gecko) Chrome/146.0.7680.177 Mobile Safari/537.36 (compatible; Googlebot/2.1; +http://www.google.com/bot.html)"
66.249.70.34 - - [17/Apr/2026:00:12:04 +0330] "GET /page/506/?search=search_term_string&nocache=1765563446 HTTP/1.1" 200 30421 "-" "Mozilla/5.0 (Linux; Android 6.0.1; Nexus 5X Build/MMB29P) AppleWebKit/537.36 (KHTML, like Gecko) Chrome/146.0.7680.177 Mobile Safari/537.36 (compatible; Googlebot/2.1; +http://www.google.com/bot.html)"
17.22.245.122 - - [17/Apr/2026:00:12:04 +0330] "GET /archive/1395/10 HTTP/1.1" 404 14068 "-" "Mozilla/5.0 (Macintosh; Intel Mac OS X 10_15_7) AppleWebKit/605.1.15 (KHTML, like Gecko) Version/17.4 Safari/605.1.15 (Applebot/0.1; +http://www.apple.com/go/applebot)"
66.249.70.33 - - [17/Apr/2026:00:12:08 +0330] "GET /page/504/?search=search_term_string&nocache=1766507771 HTTP/1.1" 200 29121 "-" "Mozilla/5.0 (Linux; Android 6.0.1; Nexus 5X Build/MMB29P) AppleWebKit/537.36 (KHTML, like Gecko) Chrome/146.0.7680.177 Mobile Safari/537.36 (compatible; Googlebot/2.1; +http://www.google.com/bot.html)"
66.249.70.38 - - [17/Apr/2026:00:12:10 +0330] "GET /?p=91188223649701 HTTP/1.1" 200 27983 "-" "Mozilla/5.0 (Linux; Android 6.0.1; Nexus 5X Build/MMB29P) AppleWebKit/537.36 (KHTML, like Gecko) Chrome/146.0.7680.177 Mobile Safari/537.36 (compatible; GoogleOther)"
