5.62.248.206 - - [17/Apr/2026:00:31:16 +0330] "GET /wp-content/uploads/2025/05/rozbano-172-12-150x113.jpg HTTP/2" 200 4235 "https://rozbano.com/mandala-feeding-and-needling-tutorial/" "Mozilla/5.0 (Linux; Android 11; SM-A307FN Build/RP1A.200720.012; wv) AppleWebKit/537.36 (KHTML, like Gecko) 4.0 Chrome/145.0.7632.80 Mobile Safari/537.36; bw4"
2.147.171.60 - - [17/Apr/2026:00:30:33 +0330] "GET /wp-content/plugins/elementor-pro/assets/js/loop.4a16d82b8b5e3e00f25e.bundle.min.js HTTP/2" 200 3136 "https://rozbano.com/" "Mozilla/5.0 (iPhone; CPU iPhone OS 18_5 like Mac OS X) AppleWebKit/605.1.15 (KHTML, like Gecko) Version/18.5 Mobile/15E148 Safari/604.1"
2.147.171.60 - - [17/Apr/2026:00:30:33 +0330] "GET /wp-content/plugins/elementor-pro/assets/js/ajax-pagination.2090b5f4906bcda1dcc2.bundle.min.js HTTP/2" 200 1093 "https://rozbano.com/" "Mozilla/5.0 (iPhone; CPU iPhone OS 18_5 like Mac OS X) AppleWebKit/605.1.15 (KHTML, like Gecko) Version/18.5 Mobile/15E148 Safari/604.1"
2.147.171.60 - - [17/Apr/2026:00:30:33 +0330] "GET /wp-content/uploads/2025/06/cropped-Rozbano-Nima-fav-ico-192x192.webp HTTP/2" 200 6374 "https://rozbano.com/" "Mozilla/5.0 (iPhone; CPU iPhone OS 18_5 like Mac OS X) AppleWebKit/605.1.15 (KHTML, like Gecko) Version/18.5 Mobile/15E148 Safari/604.1"
2.147.171.60 - - [17/Apr/2026:00:30:33 +0330] "GET /wp-content/uploads/2025/06/cropped-Rozbano-Nima-fav-ico-32x32.webp HTTP/2" 200 904 "https://rozbano.com/" "Mozilla/5.0 (iPhone; CPU iPhone OS 18_5 like Mac OS X) AppleWebKit/605.1.15 (KHTML, like Gecko) Version/18.5 Mobile/15E148 Safari/604.1"
66.249.70.32 - - [17/Apr/2026:00:30:55 +0330] "GET /page/506/?search=search_term_string&nocache=1766730095 HTTP/1.1" 200 27554 "-" "Mozilla/5.0 (Linux; Android 6.0.1; Nexus 5X Build/MMB29P) AppleWebKit/537.36 (KHTML, like Gecko) Chrome/146.0.7680.177 Mobile Safari/537.36 (compatible; Googlebot/2.1; +http://www.google.com/bot.html)"
62.60.201.135 - - [17/Apr/2026:00:31:03 +0330] "POST /wp-cron.php?doing_wp_cron=1776373263.3777270317077636718750 HTTP/1.1" 200 20 "-" "WordPress/6.9.4; https://rozbano.com"
66.249.70.39 - - [17/Apr/2026:00:31:03 +0330] "GET /?p=94019204469200 HTTP/1.1" 200 27295 "-" "Mozilla/5.0 (Linux; Android 6.0.1; Nexus 5X Build/MMB29P) AppleWebKit/537.36 (KHTML, like Gecko) Chrome/146.0.7680.177 Mobile Safari/537.36 (compatible; GoogleOther)"
66.249.70.38 - - [17/Apr/2026:00:31:04 +0330] "GET /products/detail/101766664 HTTP/1.1" 200 28228 "-" "Mozilla/5.0 (Linux; Android 6.0.1; Nexus 5X Build/MMB29P) AppleWebKit/537.36 (KHTML, like Gecko) Chrome/146.0.7680.177 Mobile Safari/537.36 (compatible; Googlebot/2.1; +http://www.google.com/bot.html)"
202.46.62.97 - - [17/Apr/2026:00:31:06 +0330] "GET /tag/%D8%AF%D9%88%D8%AE%D8%AA-%D8%B3%D9%81%D8%B1%D9%87-%D9%BE%D8%A7%DA%A9-%DA%A9%D9%86/feed/ HTTP/2" 200 4480 "-" "Mozilla/5.0 (Windows NT 10.0; Win64; x64) AppleWebKit/537.36 (KHTML, like Gecko) Chrome/133.0.6943.141 Safari/537.36"
202.46.62.72 - - [17/Apr/2026:00:31:06 +0330] "GET /diet-spaghetti/feed/ HTTP/2" 200 655 "-" "Mozilla/5.0 (Windows NT 10.0; Win64; x64) AppleWebKit/537.36 (KHTML, like Gecko) Chrome/133.0.6943.141 Safari/537.36"
91.107.140.88 - - [17/Apr/2026:00:31:06 +0330] "GET /prt3x0axxcxjhr HTTP/1.0" 404 56121 "-" "Mozilla/5.0 (Windows NT 10.0; Win64; x64) AppleWebKit/537.36 (KHTML, like Gecko) Chrome/131.0.0.0 Safari/537.36"
91.107.140.88 - - [17/Apr/2026:00:31:11 +0330] "GET /.env HTTP/1.0" 404 56111 "-" "Mozilla/5.0 (Windows NT 10.0; Win64; x64) AppleWebKit/537.36 (KHTML, like Gecko) Chrome/131.0.0.0 Safari/537.36"
91.107.140.88 - - [17/Apr/2026:00:31:16 +0330] "GET /.env.local HTTP/1.0" 404 56117 "-" "Mozilla/5.0 (Windows NT 10.0; Win64; x64) AppleWebKit/537.36 (KHTML, like Gecko) Chrome/131.0.0.0 Safari/537.36"
91.107.140.88 - - [17/Apr/2026:00:31:19 +0330] "GET /.env.production HTTP/1.0" 301 0 "-" "Mozilla/5.0 (Windows NT 10.0; Win64; x64) AppleWebKit/537.36 (KHTML, like Gecko) Chrome/131.0.0.0 Safari/537.36"
178.128.149.221 - - [17/Apr/2026:00:31:25 +0330] "GET /wp-content/uploads/2025/05/Monkey20doll20Felt-23.jpg-270w,-https:/rozbano.com/wp-content/uploads/2025/05/Monkey20doll20Felt-23-150x139.jpg-150w HTTP/1.1" 404 14100 "https://rozbano.com/" "Mozilla/5.0 (Windows NT 10.0; Win64; x64) AppleWebKit/537.36 (KHTML, like Gecko) Chrome/133.0.0.0 Safari/537.36"
66.249.70.32 - - [17/Apr/2026:00:30:42 +0330] "GET /page/506/?search=search_term_string&nocache=1766455522 HTTP/1.1" 200 28142 "-" "Mozilla/5.0 (Linux; Android 6.0.1; Nexus 5X Build/MMB29P) AppleWebKit/537.36 (KHTML, like Gecko) Chrome/146.0.7680.177 Mobile Safari/537.36 (compatible; Googlebot/2.1; +http://www.google.com/bot.html)"
66.249.70.38 - - [17/Apr/2026:00:30:43 +0330] "GET /products/detail/24972361 HTTP/1.1" 200 27746 "-" "Mozilla/5.0 (Linux; Android 6.0.1; Nexus 5X Build/MMB29P) AppleWebKit/537.36 (KHTML, like Gecko) Chrome/146.0.7680.177 Mobile Safari/537.36 (compatible; GoogleOther)"
66.249.70.32 - - [17/Apr/2026:00:30:44 +0330] "GET /bow-tie-headband-knitted-tutorial/ HTTP/1.1" 200 27251 "-" "Mozilla/5.0 (Linux; Android 6.0.1; Nexus 5X Build/MMB29P) AppleWebKit/537.36 (KHTML, like Gecko) Chrome/146.0.7680.177 Mobile Safari/537.36 (compatible; Googlebot/2.1; +http://www.google.com/bot.html)"
66.249.70.32 - - [17/Apr/2026:00:30:48 +0330] "GET /?nocache=1774760516 HTTP/1.1" 200 27577 "-" "Mozilla/5.0 (Linux; Android 6.0.1; Nexus 5X Build/MMB29P) AppleWebKit/537.36 (KHTML, like Gecko) Chrome/146.0.7680.177 Mobile Safari/537.36 (compatible; Googlebot/2.1; +http://www.google.com/bot.html)"
66.249.70.35 - - [17/Apr/2026:00:31:00 +0330] "GET /page/506/?search=search_term_string&nocache=1765558191 HTTP/1.1" 200 28240 "-" "Mozilla/5.0 (Linux; Android 6.0.1; Nexus 5X Build/MMB29P) AppleWebKit/537.36 (KHTML, like Gecko) Chrome/146.0.7680.177 Mobile Safari/537.36 (compatible; Googlebot/2.1; +http://www.google.com/bot.html)"
91.107.140.88 - - [17/Apr/2026:00:31:05 +0330] "GET /prt3x0axxcxjhr HTTP/1.0" 301 0 "-" "Mozilla/5.0 (Windows NT 10.0; Win64; x64) AppleWebKit/537.36 (KHTML, like Gecko) Chrome/131.0.0.0 Safari/537.36"
91.107.140.88 - - [17/Apr/2026:00:31:09 +0330] "GET /.env HTTP/1.0" 301 0 "-" "Mozilla/5.0 (Windows NT 10.0; Win64; x64) AppleWebKit/537.36 (KHTML, like Gecko) Chrome/131.0.0.0 Safari/537.36"
178.128.149.221 - - [17/Apr/2026:00:31:19 +0330] "GET /wp-content/uploads/2025/05/Monkey20doll20Felt-23.jpg%20270w,%20https://rozbano.com/wp-content/uploads/2025/05/Monkey20doll20Felt-23-150x139.jpg%20150w HTTP/1.1" 301 20 "https://rozbano.com/" "Mozilla/5.0 (Windows NT 10.0; Win64; x64) AppleWebKit/537.36 (KHTML, like Gecko) Chrome/133.0.0.0 Safari/537.36"
66.249.70.38 - - [17/Apr/2026:00:31:23 +0330] "GET /page/5/?search=search_term_string&nocache=1766485234 HTTP/1.1" 200 28066 "-" "Mozilla/5.0 (Linux; Android 6.0.1; Nexus 5X Build/MMB29P) AppleWebKit/537.36 (KHTML, like Gecko) Chrome/146.0.7680.177 Mobile Safari/537.36 (compatible; Googlebot/2.1; +http://www.google.com/bot.html)"
178.128.149.221 - - [17/Apr/2026:00:31:22 +0330] "GET /wp-content/uploads/2025/05/Monkey20doll20Felt-23.jpg-270w,-https://rozbano.com/wp-content/uploads/2025/05/Monkey20doll20Felt-23-150x139.jpg-150w HTTP/1.1" 301 20 "https://rozbano.com/" "Mozilla/5.0 (Windows NT 10.0; Win64; x64) AppleWebKit/537.36 (KHTML, like Gecko) Chrome/133.0.0.0 Safari/537.36"
66.249.70.38 - - [17/Apr/2026:00:31:24 +0330] "GET /page/508/?search=search_term_string&nocache=1767310892 HTTP/1.1" 200 27811 "-" "Mozilla/5.0 (Linux; Android 6.0.1; Nexus 5X Build/MMB29P) AppleWebKit/537.36 (KHTML, like Gecko) Chrome/146.0.7680.177 Mobile Safari/537.36 (compatible; Googlebot/2.1; +http://www.google.com/bot.html)"
91.107.140.88 - - [17/Apr/2026:00:31:28 +0330] "GET /.env.dev HTTP/1.0" 301 0 "-" "Mozilla/5.0 (Windows NT 10.0; Win64; x64) AppleWebKit/537.36 (KHTML, like Gecko) Chrome/131.0.0.0 Safari/537.36"
66.249.70.32 - - [17/Apr/2026:00:31:32 +0330] "GET /new-images-and-personal-asha-mehrabi/ HTTP/1.1" 200 28713 "-" "Mozilla/5.0 (Linux; Android 6.0.1; Nexus 5X Build/MMB29P) AppleWebKit/537.36 (KHTML, like Gecko) Chrome/146.0.7680.177 Mobile Safari/537.36 (compatible; Googlebot/2.1; +http://www.google.com/bot.html)"
91.107.140.88 - - [17/Apr/2026:00:31:14 +0330] "GET /.env.local HTTP/1.0" 301 0 "-" "Mozilla/5.0 (Windows NT 10.0; Win64; x64) AppleWebKit/537.36 (KHTML, like Gecko) Chrome/131.0.0.0 Safari/537.36"
66.249.70.39 - - [17/Apr/2026:00:31:17 +0330] "GET /page/3/?search=search_term_string&nocache=1766747141 HTTP/1.1" 200 27521 "-" "Mozilla/5.0 (Linux; Android 6.0.1; Nexus 5X Build/MMB29P) AppleWebKit/537.36 (KHTML, like Gecko) Chrome/146.0.7680.177 Mobile Safari/537.36 (compatible; Googlebot/2.1; +http://www.google.com/bot.html)"
66.249.70.39 - - [17/Apr/2026:00:31:18 +0330] "GET /page/506/?search=search_term_string&nocache=1766093985 HTTP/1.1" 200 27758 "-" "Mozilla/5.0 (Linux; Android 6.0.1; Nexus 5X Build/MMB29P) AppleWebKit/537.36 (KHTML, like Gecko) Chrome/146.0.7680.177 Mobile Safari/537.36 (compatible; Googlebot/2.1; +http://www.google.com/bot.html)"
66.249.70.39 - - [17/Apr/2026:00:31:21 +0330] "GET /page/506/?search=search_term_string&nocache=1765627393 HTTP/1.1" 200 30505 "-" "Mozilla/5.0 (Linux; Android 6.0.1; Nexus 5X Build/MMB29P) AppleWebKit/537.36 (KHTML, like Gecko) Chrome/146.0.7680.177 Mobile Safari/537.36 (compatible; Googlebot/2.1; +http://www.google.com/bot.html)"
91.107.140.88 - - [17/Apr/2026:00:31:21 +0330] "GET /.env.production HTTP/1.0" 404 56122 "-" "Mozilla/5.0 (Windows NT 10.0; Win64; x64) AppleWebKit/537.36 (KHTML, like Gecko) Chrome/131.0.0.0 Safari/537.36"
66.249.70.39 - - [17/Apr/2026:00:31:25 +0330] "GET /page/5/?search=%D8%AA%DB%8C%D9%86%D8%A7+%D8%A2%D8%AE%D9%88%D9%86%D8%AF%D8%AA%D8%A8%D8%A7%D8%B1&nocache=1766741549 HTTP/1.1" 200 29223 "-" "Mozilla/5.0 (Linux; Android 6.0.1; Nexus 5X Build/MMB29P) AppleWebKit/537.36 (KHTML, like Gecko) Chrome/146.0.7680.177 Mobile Safari/537.36 (compatible; Googlebot/2.1; +http://www.google.com/bot.html)"
66.249.70.39 - - [17/Apr/2026:00:31:27 +0330] "GET /page/3/?search=search_term_string&nocache=1765829911 HTTP/1.1" 200 28959 "-" "Mozilla/5.0 (Linux; Android 6.0.1; Nexus 5X Build/MMB29P) AppleWebKit/537.36 (KHTML, like Gecko) Chrome/146.0.7680.177 Mobile Safari/537.36 (compatible; Googlebot/2.1; +http://www.google.com/bot.html)"
66.249.70.39 - - [17/Apr/2026:00:31:28 +0330] "GET /?nocache=1774359326 HTTP/1.1" 200 27672 "-" "Mozilla/5.0 (Linux; Android 6.0.1; Nexus 5X Build/MMB29P) AppleWebKit/537.36 (KHTML, like Gecko) Chrome/146.0.7680.177 Mobile Safari/537.36 (compatible; Googlebot/2.1; +http://www.google.com/bot.html)"
91.107.140.88 - - [17/Apr/2026:00:31:30 +0330] "GET /.env.dev HTTP/1.0" 404 56115 "-" "Mozilla/5.0 (Windows NT 10.0; Win64; x64) AppleWebKit/537.36 (KHTML, like Gecko) Chrome/131.0.0.0 Safari/537.36"
66.249.70.38 - - [17/Apr/2026:00:31:42 +0330] "GET /page/3/?nocache=1775044377 HTTP/1.1" 200 27644 "-" "Mozilla/5.0 (Linux; Android 6.0.1; Nexus 5X Build/MMB29P) AppleWebKit/537.36 (KHTML, like Gecko) Chrome/146.0.7680.177 Mobile Safari/537.36 (compatible; GoogleOther)"
66.249.70.34 - - [17/Apr/2026:00:31:45 +0330] "GET /page/6/?nocache=1775282604 HTTP/1.1" 200 28920 "-" "Mozilla/5.0 (Linux; Android 6.0.1; Nexus 5X Build/MMB29P) AppleWebKit/537.36 (KHTML, like Gecko) Chrome/146.0.7680.177 Mobile Safari/537.36 (compatible; Googlebot/2.1; +http://www.google.com/bot.html)"
5.62.248.206 - - [17/Apr/2026:00:31:44 +0330] "POST /mandala-feeding-and-needling-tutorial/?nocache=1776373274 HTTP/2" 200 4915 "https://rozbano.com/mandala-feeding-and-needling-tutorial/" "Mozilla/5.0 (Linux; Android 11; SM-A307FN Build/RP1A.200720.012; wv) AppleWebKit/537.36 (KHTML, like Gecko) 4.0 Chrome/145.0.7632.80 Mobile Safari/537.36; bw4"
17.22.245.69 - - [17/Apr/2026:00:31:44 +0330] "GET /tag/%DA%AF%D9%84-%D9%86%D9%85%D8%AF%DB%8C-%D8%AF%DA%A9%D9%88%D8%B1%DB%8C/ HTTP/1.1" 200 28587 "-" "Mozilla/5.0 (Macintosh; Intel Mac OS X 10_15_7) AppleWebKit/605.1.15 (KHTML, like Gecko) Version/17.4 Safari/605.1.15 (Applebot/0.1; +http://www.apple.com/go/applebot)"
66.249.70.32 - - [17/Apr/2026:00:31:14 +0330] "GET /page/2/?search=search_term_string&nocache=1767344546 HTTP/1.1" 200 29119 "-" "Mozilla/5.0 (Linux; Android 6.0.1; Nexus 5X Build/MMB29P) AppleWebKit/537.36 (KHTML, like Gecko) Chrome/146.0.7680.177 Mobile Safari/537.36 (compatible; Googlebot/2.1; +http://www.google.com/bot.html)"
85.208.96.205 - - [17/Apr/2026:00:31:17 +0330] "GET /get-to-know-the-beneficial-properties-of-black-plum/ HTTP/1.1" 403 20 "-" "Mozilla/5.0 (compatible; SemrushBot/7~bl; +http://www.semrush.com/bot.html)"
91.107.140.88 - - [17/Apr/2026:00:31:24 +0330] "GET /.env.development HTTP/1.0" 301 0 "-" "Mozilla/5.0 (Windows NT 10.0; Win64; x64) AppleWebKit/537.36 (KHTML, like Gecko) Chrome/131.0.0.0 Safari/537.36"
91.107.140.88 - - [17/Apr/2026:00:31:25 +0330] "GET /.env.development HTTP/1.0" 404 56123 "-" "Mozilla/5.0 (Windows NT 10.0; Win64; x64) AppleWebKit/537.36 (KHTML, like Gecko) Chrome/131.0.0.0 Safari/537.36"
66.249.70.33 - - [17/Apr/2026:00:31:35 +0330] "GET /products/detail/28006503 HTTP/1.1" 200 31708 "-" "Mozilla/5.0 (Linux; Android 6.0.1; Nexus 5X Build/MMB29P) AppleWebKit/537.36 (KHTML, like Gecko) Chrome/146.0.7680.177 Mobile Safari/537.36 (compatible; GoogleOther)"
66.249.70.33 - - [17/Apr/2026:00:31:36 +0330] "GET /page/9/?search=search_term_string&nocache=1765941881 HTTP/1.1" 200 27674 "-" "Mozilla/5.0 (Linux; Android 6.0.1; Nexus 5X Build/MMB29P) AppleWebKit/537.36 (KHTML, like Gecko) Chrome/146.0.7680.177 Mobile Safari/537.36 (compatible; Googlebot/2.1; +http://www.google.com/bot.html)"
66.249.70.33 - - [17/Apr/2026:00:31:44 +0330] "GET /page/3/?search=search_term_string&nocache=1765884424 HTTP/1.1" 200 29002 "-" "Mozilla/5.0 (Linux; Android 6.0.1; Nexus 5X Build/MMB29P) AppleWebKit/537.36 (KHTML, like Gecko) Chrome/146.0.7680.177 Mobile Safari/537.36 (compatible; Googlebot/2.1; +http://www.google.com/bot.html)"
66.249.70.32 - - [17/Apr/2026:00:31:48 +0330] "GET /page/12/?nocache=1766348545 HTTP/1.1" 200 31554 "-" "Mozilla/5.0 (Linux; Android 6.0.1; Nexus 5X Build/MMB29P) AppleWebKit/537.36 (KHTML, like Gecko) Chrome/146.0.7680.177 Mobile Safari/537.36 (compatible; Googlebot/2.1; +http://www.google.com/bot.html)"
66.249.70.32 - - [17/Apr/2026:00:31:49 +0330] "GET /?p=89188147561601 HTTP/1.1" 200 29206 "-" "Mozilla/5.0 (Linux; Android 6.0.1; Nexus 5X Build/MMB29P) AppleWebKit/537.36 (KHTML, like Gecko) Chrome/146.0.7680.177 Mobile Safari/537.36 (compatible; GoogleOther)"
66.249.70.39 - - [17/Apr/2026:00:31:51 +0330] "GET /page/4/?search=%D8%A8%DB%8C%D8%AA%D8%A7+%D8%B3%D8%AD%D8%B1%D8%AE%DB%8C%D8%B2&nocache=1766455248 HTTP/1.1" 200 28279 "-" "Mozilla/5.0 (Linux; Android 6.0.1; Nexus 5X Build/MMB29P) AppleWebKit/537.36 (KHTML, like Gecko) Chrome/146.0.7680.177 Mobile Safari/537.36 (compatible; Googlebot/2.1; +http://www.google.com/bot.html)"
202.46.62.6 - - [17/Apr/2026:00:31:51 +0330] "GET /bust-sewing-pattern/feed/ HTTP/2" 200 666 "-" "Mozilla/5.0 (Windows NT 10.0; Win64; x64) AppleWebKit/537.36 (KHTML, like Gecko) Chrome/133.0.6943.141 Safari/537.36"
5.123.143.103 - - [17/Apr/2026:00:31:52 +0330] "GET /free-tutorial-crochet-beautiful-baby/ HTTP/2" 200 35482 "https://www.google.com/" "Mozilla/5.0 (Linux; Android 10; K) AppleWebKit/537.36 (KHTML, like Gecko) Chrome/145.0.0.0 Mobile Safari/537.36"
5.123.143.103 - - [17/Apr/2026:00:31:57 +0330] "GET /wp-includes/css/dist/block-library/style-rtl.min.css?ver=6.9.4 HTTP/2" 200 14838 "https://rozbano.com/free-tutorial-crochet-beautiful-baby/" "Mozilla/5.0 (Linux; Android 10; K) AppleWebKit/537.36 (KHTML, like Gecko) Chrome/145.0.0.0 Mobile Safari/537.36"
5.123.143.103 - - [17/Apr/2026:00:31:57 +0330] "GET /wp-content/plugins/jet-engine/assets/css/frontend.css?ver=3.7.10 HTTP/2" 200 8353 "https://rozbano.com/free-tutorial-crochet-beautiful-baby/" "Mozilla/5.0 (Linux; Android 10; K) AppleWebKit/537.36 (KHTML, like Gecko) Chrome/145.0.0.0 Mobile Safari/537.36"
5.123.143.103 - - [17/Apr/2026:00:31:57 +0330] "GET /wp-content/themes/hello-elementor/style.css?ver=6.9.4 HTTP/2" 200 561 "https://rozbano.com/free-tutorial-crochet-beautiful-baby/" "Mozilla/5.0 (Linux; Android 10; K) AppleWebKit/537.36 (KHTML, like Gecko) Chrome/145.0.0.0 Mobile Safari/537.36"
5.123.143.103 - - [17/Apr/2026:00:31:57 +0330] "GET /wp-content/plugins/elementor/assets/css/frontend-rtl.min.css?ver=3.32.3 HTTP/2" 200 6537 "https://rozbano.com/free-tutorial-crochet-beautiful-baby/" "Mozilla/5.0 (Linux; Android 10; K) AppleWebKit/537.36 (KHTML, like Gecko) Chrome/145.0.0.0 Mobile Safari/537.36"
5.123.143.103 - - [17/Apr/2026:00:31:57 +0330] "GET /wp-content/plugins/elementor/assets/css/widget-image-rtl.min.css?ver=3.32.3 HTTP/2" 200 119 "https://rozbano.com/free-tutorial-crochet-beautiful-baby/" "Mozilla/5.0 (Linux; Android 10; K) AppleWebKit/537.36 (KHTML, like Gecko) Chrome/145.0.0.0 Mobile Safari/537.36"
5.123.143.103 - - [17/Apr/2026:00:31:57 +0330] "GET /wp-content/plugins/elementor/assets/css/widget-social-icons-rtl.min.css?ver=3.32.3 HTTP/2" 200 1069 "https://rozbano.com/free-tutorial-crochet-beautiful-baby/" "Mozilla/5.0 (Linux; Android 10; K) AppleWebKit/537.36 (KHTML, like Gecko) Chrome/145.0.0.0 Mobile Safari/537.36"
5.123.143.103 - - [17/Apr/2026:00:31:57 +0330] "GET /wp-content/plugins/elementor/assets/css/conditionals/apple-webkit.min.css?ver=3.32.3 HTTP/2" 200 472 "https://rozbano.com/free-tutorial-crochet-beautiful-baby/" "Mozilla/5.0 (Linux; Android 10; K) AppleWebKit/537.36 (KHTML, like Gecko) Chrome/145.0.0.0 Mobile Safari/537.36"
5.123.143.103 - - [17/Apr/2026:00:31:57 +0330] "GET /wp-content/plugins/elementor-pro/assets/css/modules/sticky.min.css?ver=3.32.3 HTTP/2" 200 162 "https://rozbano.com/free-tutorial-crochet-beautiful-baby/" "Mozilla/5.0 (Linux; Android 10; K) AppleWebKit/537.36 (KHTML, like Gecko) Chrome/145.0.0.0 Mobile Safari/537.36"
5.123.143.103 - - [17/Apr/2026:00:31:57 +0330] "GET /wp-content/plugins/elementor/assets/css/widget-heading-rtl.min.css?ver=3.32.3 HTTP/2" 200 154 "https://rozbano.com/free-tutorial-crochet-beautiful-baby/" "Mozilla/5.0 (Linux; Android 10; K) AppleWebKit/537.36 (KHTML, like Gecko) Chrome/145.0.0.0 Mobile Safari/537.36"
5.123.143.103 - - [17/Apr/2026:00:31:57 +0330] "GET /wp-content/plugins/elementor/assets/css/widget-icon-box-rtl.min.css?ver=3.32.3 HTTP/2" 200 422 "https://rozbano.com/free-tutorial-crochet-beautiful-baby/" "Mozilla/5.0 (Linux; Android 10; K) AppleWebKit/537.36 (KHTML, like Gecko) Chrome/145.0.0.0 Mobile Safari/537.36"
5.123.143.103 - - [17/Apr/2026:00:31:57 +0330] "GET /wp-content/plugins/elementor/assets/lib/swiper/v8/css/swiper.min.css?ver=8.4.5 HTTP/2" 200 4248 "https://rozbano.com/free-tutorial-crochet-beautiful-baby/" "Mozilla/5.0 (Linux; Android 10; K) AppleWebKit/537.36 (KHTML, like Gecko) Chrome/145.0.0.0 Mobile Safari/537.36"
5.123.143.103 - - [17/Apr/2026:00:31:57 +0330] "GET /wp-content/plugins/elementor/assets/css/conditionals/e-swiper.min.css?ver=3.32.3 HTTP/2" 200 699 "https://rozbano.com/free-tutorial-crochet-beautiful-baby/" "Mozilla/5.0 (Linux; Android 10; K) AppleWebKit/537.36 (KHTML, like Gecko) Chrome/145.0.0.0 Mobile Safari/537.36"
5.123.143.103 - - [17/Apr/2026:00:31:57 +0330] "GET /wp-content/plugins/elementor-pro/assets/css/widget-post-info-rtl.min.css?ver=3.32.3 HTTP/2" 200 165 "https://rozbano.com/free-tutorial-crochet-beautiful-baby/" "Mozilla/5.0 (Linux; Android 10; K) AppleWebKit/537.36 (KHTML, like Gecko) Chrome/145.0.0.0 Mobile Safari/537.36"
5.123.143.103 - - [17/Apr/2026:00:31:57 +0330] "GET /wp-content/plugins/elementor/assets/css/widget-icon-list-rtl.min.css?ver=3.32.3 HTTP/2" 200 963 "https://rozbano.com/free-tutorial-crochet-beautiful-baby/" "Mozilla/5.0 (Linux; Android 10; K) AppleWebKit/537.36 (KHTML, like Gecko) Chrome/145.0.0.0 Mobile Safari/537.36"
5.123.143.103 - - [17/Apr/2026:00:31:57 +0330] "GET /wp-content/plugins/elementor-pro/assets/css/widget-share-buttons-rtl.min.css?ver=3.32.3 HTTP/2" 200 2144 "https://rozbano.com/free-tutorial-crochet-beautiful-baby/" "Mozilla/5.0 (Linux; Android 10; K) AppleWebKit/537.36 (KHTML, like Gecko) Chrome/145.0.0.0 Mobile Safari/537.36"
5.123.143.103 - - [17/Apr/2026:00:31:57 +0330] "GET /wp-content/plugins/elementor-pro/assets/css/widget-post-navigation-rtl.min.css?ver=3.32.3 HTTP/2" 200 494 "https://rozbano.com/free-tutorial-crochet-beautiful-baby/" "Mozilla/5.0 (Linux; Android 10; K) AppleWebKit/537.36 (KHTML, like Gecko) Chrome/145.0.0.0 Mobile Safari/537.36"
5.123.143.103 - - [17/Apr/2026:00:31:57 +0330] "GET /wp-content/uploads/elementor/css/post-53138.css?ver=1776365957 HTTP/2" 200 3019 "https://rozbano.com/free-tutorial-crochet-beautiful-baby/" "Mozilla/5.0 (Linux; Android 10; K) AppleWebKit/537.36 (KHTML, like Gecko) Chrome/145.0.0.0 Mobile Safari/537.36"
5.123.143.103 - - [17/Apr/2026:00:31:57 +0330] "GET /wp-content/uploads/elementor/css/post-53143.css?ver=1776365957 HTTP/2" 200 462 "https://rozbano.com/free-tutorial-crochet-beautiful-baby/" "Mozilla/5.0 (Linux; Android 10; K) AppleWebKit/537.36 (KHTML, like Gecko) Chrome/145.0.0.0 Mobile Safari/537.36"
5.123.143.103 - - [17/Apr/2026:00:31:57 +0330] "GET /wp-content/uploads/elementor/css/post-53145.css?ver=1776365957 HTTP/2" 200 1694 "https://rozbano.com/free-tutorial-crochet-beautiful-baby/" "Mozilla/5.0 (Linux; Android 10; K) AppleWebKit/537.36 (KHTML, like Gecko) Chrome/145.0.0.0 Mobile Safari/537.36"
5.123.143.103 - - [17/Apr/2026:00:31:57 +0330] "GET /wp-content/uploads/elementor/css/post-53177.css?ver=1776365957 HTTP/2" 200 440 "https://rozbano.com/free-tutorial-crochet-beautiful-baby/" "Mozilla/5.0 (Linux; Android 10; K) AppleWebKit/537.36 (KHTML, like Gecko) Chrome/145.0.0.0 Mobile Safari/537.36"
5.123.143.103 - - [17/Apr/2026:00:31:57 +0330] "GET /wp-content/uploads/elementor/css/post-53178.css?ver=1776365957 HTTP/2" 200 415 "https://rozbano.com/free-tutorial-crochet-beautiful-baby/" "Mozilla/5.0 (Linux; Android 10; K) AppleWebKit/537.36 (KHTML, like Gecko) Chrome/145.0.0.0 Mobile Safari/537.36"
5.123.143.103 - - [17/Apr/2026:00:31:57 +0330] "GET /wp-content/uploads/elementor/css/post-53316.css?ver=1776365957 HTTP/2" 200 418 "https://rozbano.com/free-tutorial-crochet-beautiful-baby/" "Mozilla/5.0 (Linux; Android 10; K) AppleWebKit/537.36 (KHTML, like Gecko) Chrome/145.0.0.0 Mobile Safari/537.36"
5.123.143.103 - - [17/Apr/2026:00:31:57 +0330] "GET /wp-content/uploads/elementor/css/post-53157.css?ver=1776365962 HTTP/2" 200 2256 "https://rozbano.com/free-tutorial-crochet-beautiful-baby/" "Mozilla/5.0 (Linux; Android 10; K) AppleWebKit/537.36 (KHTML, like Gecko) Chrome/145.0.0.0 Mobile Safari/537.36"
5.123.143.103 - - [17/Apr/2026:00:31:57 +0330] "GET /wp-content/uploads/elementor/css/post-53179.css?ver=1776365962 HTTP/2" 200 523 "https://rozbano.com/free-tutorial-crochet-beautiful-baby/" "Mozilla/5.0 (Linux; Android 10; K) AppleWebKit/537.36 (KHTML, like Gecko) Chrome/145.0.0.0 Mobile Safari/537.36"
5.123.143.103 - - [17/Apr/2026:00:31:57 +0330] "GET /wp-content/plugins/elementor-pro/abzarwp/fonts/all/css/fonts.css?ver=123456 HTTP/2" 200 2919 "https://rozbano.com/free-tutorial-crochet-beautiful-baby/" "Mozilla/5.0 (Linux; Android 10; K) AppleWebKit/537.36 (KHTML, like Gecko) Chrome/145.0.0.0 Mobile Safari/537.36"
5.123.143.103 - - [17/Apr/2026:00:31:57 +0330] "GET /wp-content/uploads/elementor/css/post-53149.css?ver=1776365962 HTTP/2" 200 1333 "https://rozbano.com/free-tutorial-crochet-beautiful-baby/" "Mozilla/5.0 (Linux; Android 10; K) AppleWebKit/537.36 (KHTML, like Gecko) Chrome/145.0.0.0 Mobile Safari/537.36"
5.123.143.103 - - [17/Apr/2026:00:31:57 +0330] "GET /wp-content/uploads/elementor/css/post-53181.css?ver=1776365963 HTTP/2" 200 413 "https://rozbano.com/free-tutorial-crochet-beautiful-baby/" "Mozilla/5.0 (Linux; Android 10; K) AppleWebKit/537.36 (KHTML, like Gecko) Chrome/145.0.0.0 Mobile Safari/537.36"
5.123.143.103 - - [17/Apr/2026:00:31:57 +0330] "GET /wp-content/uploads/elementor/css/post-53234.css?ver=1776365963 HTTP/2" 200 414 "https://rozbano.com/free-tutorial-crochet-beautiful-baby/" "Mozilla/5.0 (Linux; Android 10; K) AppleWebKit/537.36 (KHTML, like Gecko) Chrome/145.0.0.0 Mobile Safari/537.36"
5.123.143.103 - - [17/Apr/2026:00:31:57 +0330] "GET /wp-content/uploads/elementor/css/post-53180.css?ver=1776365963 HTTP/2" 200 636 "https://rozbano.com/free-tutorial-crochet-beautiful-baby/" "Mozilla/5.0 (Linux; Android 10; K) AppleWebKit/537.36 (KHTML, like Gecko) Chrome/145.0.0.0 Mobile Safari/537.36"
5.123.143.103 - - [17/Apr/2026:00:31:57 +0330] "GET /wp-content/plugins/elementor-pro/assets/css/widget-nav-menu-rtl.min.css?ver=3.32.3 HTTP/2" 200 3246 "https://rozbano.com/free-tutorial-crochet-beautiful-baby/" "Mozilla/5.0 (Linux; Android 10; K) AppleWebKit/537.36 (KHTML, like Gecko) Chrome/145.0.0.0 Mobile Safari/537.36"
5.123.143.103 - - [17/Apr/2026:00:31:57 +0330] "GET /wp-content/plugins/elementor-pro/assets/css/conditionals/ribbon.min.css?ver=3.32.3 HTTP/2" 200 250 "https://rozbano.com/free-tutorial-crochet-beautiful-baby/" "Mozilla/5.0 (Linux; Android 10; K) AppleWebKit/537.36 (KHTML, like Gecko) Chrome/145.0.0.0 Mobile Safari/537.36"
5.123.143.103 - - [17/Apr/2026:00:31:57 +0330] "GET /wp-content/plugins/elementor-pro/assets/css/widget-call-to-action-rtl.min.css?ver=3.32.3 HTTP/2" 200 1211 "https://rozbano.com/free-tutorial-crochet-beautiful-baby/" "Mozilla/5.0 (Linux; Android 10; K) AppleWebKit/537.36 (KHTML, like Gecko) Chrome/145.0.0.0 Mobile Safari/537.36"
5.123.143.103 - - [17/Apr/2026:00:31:57 +0330] "GET /wp-content/plugins/elementor-pro/assets/css/conditionals/transitions.min.css?ver=3.32.3 HTTP/2" 200 599 "https://rozbano.com/free-tutorial-crochet-beautiful-baby/" "Mozilla/5.0 (Linux; Android 10; K) AppleWebKit/537.36 (KHTML, like Gecko) Chrome/145.0.0.0 Mobile Safari/537.36"
5.123.143.103 - - [17/Apr/2026:00:31:57 +0330] "GET /wp-includes/js/jquery/jquery.min.js?ver=3.7.1 HTTP/2" 200 29744 "https://rozbano.com/free-tutorial-crochet-beautiful-baby/" "Mozilla/5.0 (Linux; Android 10; K) AppleWebKit/537.36 (KHTML, like Gecko) Chrome/145.0.0.0 Mobile Safari/537.36"
5.123.143.103 - - [17/Apr/2026:00:31:57 +0330] "GET /wp-includes/js/jquery/jquery-migrate.min.js?ver=3.4.1 HTTP/2" 200 4678 "https://rozbano.com/free-tutorial-crochet-beautiful-baby/" "Mozilla/5.0 (Linux; Android 10; K) AppleWebKit/537.36 (KHTML, like Gecko) Chrome/145.0.0.0 Mobile Safari/537.36"
5.123.143.103 - - [17/Apr/2026:00:31:57 +0330] "GET /wp-content/uploads/2025/10/Free-tutorial-crochet-beautiful-baby-01.webp HTTP/2" 200 26132 "https://rozbano.com/free-tutorial-crochet-beautiful-baby/" "Mozilla/5.0 (Linux; Android 10; K) AppleWebKit/537.36 (KHTML, like Gecko) Chrome/145.0.0.0 Mobile Safari/537.36"
5.123.143.103 - - [17/Apr/2026:00:31:57 +0330] "GET /wp-content/plugins/elementor/assets/js/webpack.runtime.min.js?ver=3.32.3 HTTP/2" 200 2320 "https://rozbano.com/free-tutorial-crochet-beautiful-baby/" "Mozilla/5.0 (Linux; Android 10; K) AppleWebKit/537.36 (KHTML, like Gecko) Chrome/145.0.0.0 Mobile Safari/537.36"
5.123.143.103 - - [17/Apr/2026:00:31:57 +0330] "GET /wp-content/plugins/elementor/assets/js/frontend-modules.min.js?ver=3.32.3 HTTP/2" 200 17962 "https://rozbano.com/free-tutorial-crochet-beautiful-baby/" "Mozilla/5.0 (Linux; Android 10; K) AppleWebKit/537.36 (KHTML, like Gecko) Chrome/145.0.0.0 Mobile Safari/537.36"
5.123.143.103 - - [17/Apr/2026:00:31:57 +0330] "GET /wp-includes/js/jquery/ui/core.min.js?ver=1.13.3 HTTP/2" 200 6812 "https://rozbano.com/free-tutorial-crochet-beautiful-baby/" "Mozilla/5.0 (Linux; Android 10; K) AppleWebKit/537.36 (KHTML, like Gecko) Chrome/145.0.0.0 Mobile Safari/537.36"
5.123.143.103 - - [17/Apr/2026:00:31:57 +0330] "GET /wp-content/plugins/elementor/assets/js/frontend.min.js?ver=3.32.3 HTTP/2" 200 10165 "https://rozbano.com/free-tutorial-crochet-beautiful-baby/" "Mozilla/5.0 (Linux; Android 10; K) AppleWebKit/537.36 (KHTML, like Gecko) Chrome/145.0.0.0 Mobile Safari/537.36"
5.123.143.103 - - [17/Apr/2026:00:31:57 +0330] "GET /wp-content/plugins/elementor-pro/assets/lib/sticky/jquery.sticky.min.js?ver=3.32.3 HTTP/2" 200 1442 "https://rozbano.com/free-tutorial-crochet-beautiful-baby/" "Mozilla/5.0 (Linux; Android 10; K) AppleWebKit/537.36 (KHTML, like Gecko) Chrome/145.0.0.0 Mobile Safari/537.36"
5.123.143.103 - - [17/Apr/2026:00:31:57 +0330] "GET /wp-content/plugins/elementor/assets/lib/swiper/v8/swiper.min.js?ver=8.4.5 HTTP/2" 200 38152 "https://rozbano.com/free-tutorial-crochet-beautiful-baby/" "Mozilla/5.0 (Linux; Android 10; K) AppleWebKit/537.36 (KHTML, like Gecko) Chrome/145.0.0.0 Mobile Safari/537.36"
5.123.143.103 - - [17/Apr/2026:00:31:57 +0330] "GET /wp-content/plugins/elementor-pro/assets/lib/smartmenus/jquery.smartmenus.min.js?ver=1.2.1 HTTP/2" 200 6867 "https://rozbano.com/free-tutorial-crochet-beautiful-baby/" "Mozilla/5.0 (Linux; Android 10; K) AppleWebKit/537.36 (KHTML, like Gecko) Chrome/145.0.0.0 Mobile Safari/537.36"
5.123.143.103 - - [17/Apr/2026:00:31:57 +0330] "GET /wp-content/plugins/jet-engine/assets/lib/jet-plugins/jet-plugins.js?ver=1.1.0 HTTP/2" 200 2190 "https://rozbano.com/free-tutorial-crochet-beautiful-baby/" "Mozilla/5.0 (Linux; Android 10; K) AppleWebKit/537.36 (KHTML, like Gecko) Chrome/145.0.0.0 Mobile Safari/537.36"
5.123.143.103 - - [17/Apr/2026:00:31:57 +0330] "GET /wp-content/plugins/jet-engine/assets/js/frontend.js?ver=3.7.10 HTTP/2" 200 15312 "https://rozbano.com/free-tutorial-crochet-beautiful-baby/" "Mozilla/5.0 (Linux; Android 10; K) AppleWebKit/537.36 (KHTML, like Gecko) Chrome/145.0.0.0 Mobile Safari/537.36"
5.123.143.103 - - [17/Apr/2026:00:31:57 +0330] "GET /wp-content/plugins/elementor-pro/assets/js/webpack-pro.runtime.min.js?ver=3.32.3 HTTP/2" 200 2622 "https://rozbano.com/free-tutorial-crochet-beautiful-baby/" "Mozilla/5.0 (Linux; Android 10; K) AppleWebKit/537.36 (KHTML, like Gecko) Chrome/145.0.0.0 Mobile Safari/537.36"
5.123.143.103 - - [17/Apr/2026:00:31:57 +0330] "GET /wp-includes/js/dist/hooks.min.js?ver=dd5603f07f9220ed27f1 HTTP/2" 200 1852 "https://rozbano.com/free-tutorial-crochet-beautiful-baby/" "Mozilla/5.0 (Linux; Android 10; K) AppleWebKit/537.36 (KHTML, like Gecko) Chrome/145.0.0.0 Mobile Safari/537.36"
5.123.143.103 - - [17/Apr/2026:00:31:57 +0330] "GET /wp-includes/js/dist/i18n.min.js?ver=c26c3dc7bed366793375 HTTP/2" 200 2119 "https://rozbano.com/free-tutorial-crochet-beautiful-baby/" "Mozilla/5.0 (Linux; Android 10; K) AppleWebKit/537.36 (KHTML, like Gecko) Chrome/145.0.0.0 Mobile Safari/537.36"
5.123.143.103 - - [17/Apr/2026:00:31:57 +0330] "GET /wp-content/plugins/elementor-pro/assets/js/frontend.min.js?ver=3.32.3 HTTP/2" 200 6321 "https://rozbano.com/free-tutorial-crochet-beautiful-baby/" "Mozilla/5.0 (Linux; Android 10; K) AppleWebKit/537.36 (KHTML, like Gecko) Chrome/145.0.0.0 Mobile Safari/537.36"
5.123.143.103 - - [17/Apr/2026:00:31:57 +0330] "GET /wp-content/plugins/elementor-pro/assets/js/elements-handlers.min.js?ver=3.32.3 HTTP/2" 200 10180 "https://rozbano.com/free-tutorial-crochet-beautiful-baby/" "Mozilla/5.0 (Linux; Android 10; K) AppleWebKit/537.36 (KHTML, like Gecko) Chrome/145.0.0.0 Mobile Safari/537.36"
5.123.143.103 - - [17/Apr/2026:00:31:57 +0330] "GET /wp-content/uploads/2025/05/Rozbano-Logo-Web-Nima-new.webp HTTP/2" 200 2430 "https://rozbano.com/free-tutorial-crochet-beautiful-baby/" "Mozilla/5.0 (Linux; Android 10; K) AppleWebKit/537.36 (KHTML, like Gecko) Chrome/145.0.0.0 Mobile Safari/537.36"
5.123.143.103 - - [17/Apr/2026:00:31:57 +0330] "GET /wp-content/uploads/2025/10/Crochet-Kitchen-Napkin-Holder-Free-Tutorial.webp HTTP/2" 200 31990 "https://rozbano.com/free-tutorial-crochet-beautiful-baby/" "Mozilla/5.0 (Linux; Android 10; K) AppleWebKit/537.36 (KHTML, like Gecko) Chrome/145.0.0.0 Mobile Safari/537.36"
5.123.143.103 - - [17/Apr/2026:00:31:57 +0330] "GET /wp-content/uploads/2025/12/IRANSansXFaNum-Medium.woff2 HTTP/2" 200 28060 "https://rozbano.com/wp-content/uploads/elementor/css/post-53138.css?ver=1776365957" "Mozilla/5.0 (Linux; Android 10; K) AppleWebKit/537.36 (KHTML, like Gecko) Chrome/145.0.0.0 Mobile Safari/537.36"
5.123.143.103 - - [17/Apr/2026:00:31:57 +0330] "GET /wp-content/uploads/2025/12/IRANSansXFaNum-Regular.woff2 HTTP/2" 200 27012 "https://rozbano.com/wp-content/uploads/elementor/css/post-53138.css?ver=1776365957" "Mozilla/5.0 (Linux; Android 10; K) AppleWebKit/537.36 (KHTML, like Gecko) Chrome/145.0.0.0 Mobile Safari/537.36"
5.123.143.103 - - [17/Apr/2026:00:31:57 +0330] "GET /wp-content/uploads/2025/11/free-crochet-candy-bath-towel-tutorial-01.webp HTTP/2" 200 34422 "https://rozbano.com/free-tutorial-crochet-beautiful-baby/" "Mozilla/5.0 (Linux; Android 10; K) AppleWebKit/537.36 (KHTML, like Gecko) Chrome/145.0.0.0 Mobile Safari/537.36"
5.123.143.103 - - [17/Apr/2026:00:31:57 +0330] "GET /wp-content/uploads/2025/10/Autumn-Kaftan-Sewing-Tutorial-at-Home.webp HTTP/2" 200 22110 "https://rozbano.com/free-tutorial-crochet-beautiful-baby/" "Mozilla/5.0 (Linux; Android 10; K) AppleWebKit/537.36 (KHTML, like Gecko) Chrome/145.0.0.0 Mobile Safari/537.36"
5.123.143.103 - - [17/Apr/2026:00:31:58 +0330] "GET /wp-content/uploads/2025/05/knitted20Wicker20pattern20tutorial-01.jpg HTTP/2" 200 11574 "https://rozbano.com/free-tutorial-crochet-beautiful-baby/" "Mozilla/5.0 (Linux; Android 10; K) AppleWebKit/537.36 (KHTML, like Gecko) Chrome/145.0.0.0 Mobile Safari/537.36"
5.123.143.103 - - [17/Apr/2026:00:31:58 +0330] "GET /wp-content/uploads/2025/05/Makeup20Model20and20Makeup20Tips-21.jpg HTTP/2" 200 10545 "https://rozbano.com/free-tutorial-crochet-beautiful-baby/" "Mozilla/5.0 (Linux; Android 10; K) AppleWebKit/537.36 (KHTML, like Gecko) Chrome/145.0.0.0 Mobile Safari/537.36"
5.123.143.103 - - [17/Apr/2026:00:31:58 +0330] "GET /wp-content/uploads/2025/05/Benefits20of20leaving20the20carpet20to20carpet20washing20before20Nowruz-04.jpg HTTP/2" 200 23288 "https://rozbano.com/free-tutorial-crochet-beautiful-baby/" "Mozilla/5.0 (Linux; Android 10; K) AppleWebKit/537.36 (KHTML, like Gecko) Chrome/145.0.0.0 Mobile Safari/537.36"
5.123.143.103 - - [17/Apr/2026:00:31:58 +0330] "GET /wp-includes/js/comment-reply.min.js?ver=6.9.4 HTTP/2" 200 1247 "https://rozbano.com/free-tutorial-crochet-beautiful-baby/" "Mozilla/5.0 (Linux; Android 10; K) AppleWebKit/537.36 (KHTML, like Gecko) Chrome/145.0.0.0 Mobile Safari/537.36"
5.123.143.103 - - [17/Apr/2026:00:31:57 +0330] "GET /wp-content/uploads/2025/10/Free-tutorial-sew-versatile-organizer-01.webp HTTP/2" 200 21366 "https://rozbano.com/free-tutorial-crochet-beautiful-baby/" "Mozilla/5.0 (Linux; Android 10; K) AppleWebKit/537.36 (KHTML, like Gecko) Chrome/145.0.0.0 Mobile Safari/537.36"
5.123.143.103 - - [17/Apr/2026:00:31:57 +0330] "GET /wp-content/uploads/2025/10/tutorial-sew-versatile-organizer-with-little-fabric-01.webp HTTP/2" 200 64330 "https://rozbano.com/free-tutorial-crochet-beautiful-baby/" "Mozilla/5.0 (Linux; Android 10; K) AppleWebKit/537.36 (KHTML, like Gecko) Chrome/145.0.0.0 Mobile Safari/537.36"
5.123.143.103 - - [17/Apr/2026:00:31:57 +0330] "GET /wp-content/uploads/2025/05/rozbano-631-5.jpg HTTP/2" 200 22205 "https://rozbano.com/free-tutorial-crochet-beautiful-baby/" "Mozilla/5.0 (Linux; Android 10; K) AppleWebKit/537.36 (KHTML, like Gecko) Chrome/145.0.0.0 Mobile Safari/537.36"
5.123.143.103 - - [17/Apr/2026:00:31:58 +0330] "GET /wp-content/uploads/2025/12/IRANSansXFaNum-Bold.woff2 HTTP/2" 200 28036 "https://rozbano.com/wp-content/uploads/elementor/css/post-53138.css?ver=1776365957" "Mozilla/5.0 (Linux; Android 10; K) AppleWebKit/537.36 (KHTML, like Gecko) Chrome/145.0.0.0 Mobile Safari/537.36"
5.123.143.103 - - [17/Apr/2026:00:31:58 +0330] "GET /wp-content/uploads/2025/12/IRANSansXFaNum-Black.woff2 HTTP/2" 200 26796 "https://rozbano.com/wp-content/uploads/elementor/css/post-53138.css?ver=1776365957" "Mozilla/5.0 (Linux; Android 10; K) AppleWebKit/537.36 (KHTML, like Gecko) Chrome/145.0.0.0 Mobile Safari/537.36"
5.123.143.103 - - [17/Apr/2026:00:31:57 +0330] "GET /wp-content/uploads/2025/09/laser-saadat-abad-tehran-03.webp HTTP/2" 200 26674 "https://rozbano.com/free-tutorial-crochet-beautiful-baby/" "Mozilla/5.0 (Linux; Android 10; K) AppleWebKit/537.36 (KHTML, like Gecko) Chrome/145.0.0.0 Mobile Safari/537.36"
5.123.143.103 - - [17/Apr/2026:00:31:57 +0330] "GET /wp-content/uploads/2025/10/Free-crochet-tutorial-for-fall-hat-01.webp HTTP/2" 200 72884 "https://rozbano.com/free-tutorial-crochet-beautiful-baby/" "Mozilla/5.0 (Linux; Android 10; K) AppleWebKit/537.36 (KHTML, like Gecko) Chrome/145.0.0.0 Mobile Safari/537.36"
5.123.143.103 - - [17/Apr/2026:00:31:57 +0330] "GET /wp-content/uploads/2025/05/rozbano-64-11-300x300.jpg HTTP/2" 200 33967 "https://rozbano.com/free-tutorial-crochet-beautiful-baby/" "Mozilla/5.0 (Linux; Android 10; K) AppleWebKit/537.36 (KHTML, like Gecko) Chrome/145.0.0.0 Mobile Safari/537.36"
5.123.143.103 - - [17/Apr/2026:00:31:58 +0330] "GET /wp-content/plugins/elementor/assets/js/shared-frontend-handlers.4c8abccc3e268b0767b2.bundle.min.js HTTP/2" 200 2542 "https://rozbano.com/free-tutorial-crochet-beautiful-baby/" "Mozilla/5.0 (Linux; Android 10; K) AppleWebKit/537.36 (KHTML, like Gecko) Chrome/145.0.0.0 Mobile Safari/537.36"
5.123.143.103 - - [17/Apr/2026:00:31:58 +0330] "GET /wp-content/plugins/elementor-pro/assets/js/share-buttons.63d984f8c96d1e053bc0.bundle.min.js HTTP/2" 200 690 "https://rozbano.com/free-tutorial-crochet-beautiful-baby/" "Mozilla/5.0 (Linux; Android 10; K) AppleWebKit/537.36 (KHTML, like Gecko) Chrome/145.0.0.0 Mobile Safari/537.36"
5.123.143.103 - - [17/Apr/2026:00:31:58 +0330] "GET /wp-content/plugins/elementor-pro/assets/js/nav-menu.0edc0c22e9f3101552ed.bundle.min.js HTTP/2" 200 1758 "https://rozbano.com/free-tutorial-crochet-beautiful-baby/" "Mozilla/5.0 (Linux; Android 10; K) AppleWebKit/537.36 (KHTML, like Gecko) Chrome/145.0.0.0 Mobile Safari/537.36"
5.123.143.103 - - [17/Apr/2026:00:31:58 +0330] "GET /wp-includes/js/wp-emoji-release.min.js?ver=6.9.4 HTTP/2" 200 4949 "https://rozbano.com/free-tutorial-crochet-beautiful-baby/" "Mozilla/5.0 (Linux; Android 10; K) AppleWebKit/537.36 (KHTML, like Gecko) Chrome/145.0.0.0 Mobile Safari/537.36"
5.123.143.103 - - [17/Apr/2026:00:32:00 +0330] "GET /wp-content/plugins/elementor/assets/lib/share-link/share-link.min.js?ver=3.32.3 HTTP/2" 200 1072 "https://rozbano.com/free-tutorial-crochet-beautiful-baby/" "Mozilla/5.0 (Linux; Android 10; K) AppleWebKit/537.36 (KHTML, like Gecko) Chrome/145.0.0.0 Mobile Safari/537.36"
66.249.70.39 - - [17/Apr/2026:00:31:59 +0330] "GET /page/503/?search=search_term_string&nocache=1765707491 HTTP/1.1" 200 28393 "-" "Mozilla/5.0 (Linux; Android 6.0.1; Nexus 5X Build/MMB29P) AppleWebKit/537.36 (KHTML, like Gecko) Chrome/146.0.7680.177 Mobile Safari/537.36 (compatible; Googlebot/2.1; +http://www.google.com/bot.html)"
66.249.75.134 - - [17/Apr/2026:00:32:02 +0330] "GET /page/502/?search=search_term_string&nocache=1765787283 HTTP/1.1" 200 29820 "-" "Mozilla/5.0 (Linux; Android 6.0.1; Nexus 5X Build/MMB29P) AppleWebKit/537.36 (KHTML, like Gecko) Chrome/146.0.7680.177 Mobile Safari/537.36 (compatible; Googlebot/2.1; +http://www.google.com/bot.html)"
66.249.70.33 - - [17/Apr/2026:00:32:04 +0330] "GET /page/2/?search=search_term_string&nocache=1767334879 HTTP/1.1" 200 27260 "-" "Mozilla/5.0 (Linux; Android 6.0.1; Nexus 5X Build/MMB29P) AppleWebKit/537.36 (KHTML, like Gecko) Chrome/146.0.7680.177 Mobile Safari/537.36 (compatible; Googlebot/2.1; +http://www.google.com/bot.html)"
66.249.70.33 - - [17/Apr/2026:00:32:05 +0330] "GET /crochet-needle-holder-tutorial/ HTTP/1.1" 200 27783 "-" "Mozilla/5.0 (Linux; Android 6.0.1; Nexus 5X Build/MMB29P) AppleWebKit/537.36 (KHTML, like Gecko) Chrome/146.0.7680.177 Mobile Safari/537.36 (compatible; Googlebot/2.1; +http://www.google.com/bot.html)"
66.249.70.32 - - [17/Apr/2026:00:32:08 +0330] "GET /page/504/?search=search_term_string&nocache=1766559851 HTTP/1.1" 200 28810 "-" "Mozilla/5.0 (Linux; Android 6.0.1; Nexus 5X Build/MMB29P) AppleWebKit/537.36 (KHTML, like Gecko) Chrome/146.0.7680.177 Mobile Safari/537.36 (compatible; Googlebot/2.1; +http://www.google.com/bot.html)"
5.217.205.175 - - [17/Apr/2026:00:32:12 +0330] "GET /free-tutorial-sewing-fabric-box-at-home/ HTTP/2" 200 0 "https://zarebin.ir/" "Mozilla/5.0 (Linux; Android 13; 21091116UG Build/TP1A.220624.014; wv) AppleWebKit/537.36 (KHTML, like Gecko) 4.0 Chrome/145.0.7632.79 Mobile Safari/537.36; bw4"
66.249.70.39 - - [17/Apr/2026:00:32:16 +0330] "GET /page/501/?search=search_term_string&nocache=1766309962 HTTP/1.1" 200 28117 "-" "Mozilla/5.0 (Linux; Android 6.0.1; Nexus 5X Build/MMB29P) AppleWebKit/537.36 (KHTML, like Gecko) Chrome/146.0.7680.177 Mobile Safari/537.36 (compatible; Googlebot/2.1; +http://www.google.com/bot.html)"
66.249.70.32 - - [17/Apr/2026:00:32:16 +0330] "GET /products/detail/268018048 HTTP/1.1" 200 29763 "-" "Mozilla/5.0 (Linux; Android 6.0.1; Nexus 5X Build/MMB29P) AppleWebKit/537.36 (KHTML, like Gecko) Chrome/146.0.7680.177 Mobile Safari/537.36 (compatible; Googlebot/2.1; +http://www.google.com/bot.html)"
103.75.126.223 - - [17/Apr/2026:00:32:12 +0330] "PROPFIND / HTTP/1.0" 200 352126 "http://103.75.126.223:443/" "-"
2.147.171.60 - - [17/Apr/2026:00:32:13 +0330] "GET /beautiful-stylish-pattern-free-knitting-tutorial/ HTTP/2" 200 37206 "https://www.google.com/" "Mozilla/5.0 (iPhone; CPU iPhone OS 18_5 like Mac OS X) AppleWebKit/605.1.15 (KHTML, like Gecko) Version/18.5 Mobile/15E148 Safari/604.1"
2.147.171.60 - - [17/Apr/2026:00:32:18 +0330] "GET /wp-content/uploads/2016/06/different-applications-of-salt-at-home-06.webp HTTP/2" 200 22058 "https://rozbano.com/beautiful-stylish-pattern-free-knitting-tutorial/" "Mozilla/5.0 (iPhone; CPU iPhone OS 18_5 like Mac OS X) AppleWebKit/605.1.15 (KHTML, like Gecko) Version/18.5 Mobile/15E148 Safari/604.1"
2.147.171.60 - - [17/Apr/2026:00:32:18 +0330] "GET /wp-content/uploads/2025/05/rozbano-228-7-2-300x300.jpg HTTP/2" 200 15199 "https://rozbano.com/beautiful-stylish-pattern-free-knitting-tutorial/" "Mozilla/5.0 (iPhone; CPU iPhone OS 18_5 like Mac OS X) AppleWebKit/605.1.15 (KHTML, like Gecko) Version/18.5 Mobile/15E148 Safari/604.1"
2.147.171.60 - - [17/Apr/2026:00:32:18 +0330] "GET /wp-content/uploads/2026/02/Beautiful-stylish-pattern-free-knitting-tutorial-01.webp HTTP/2" 200 51684 "https://rozbano.com/beautiful-stylish-pattern-free-knitting-tutorial/" "Mozilla/5.0 (iPhone; CPU iPhone OS 18_5 like Mac OS X) AppleWebKit/605.1.15 (KHTML, like Gecko) Version/18.5 Mobile/15E148 Safari/604.1"
2.147.171.60 - - [17/Apr/2026:00:32:18 +0330] "GET /wp-content/uploads/2016/07/how-to-prepare-okra-gratn.webp HTTP/2" 200 20188 "https://rozbano.com/beautiful-stylish-pattern-free-knitting-tutorial/" "Mozilla/5.0 (iPhone; CPU iPhone OS 18_5 like Mac OS X) AppleWebKit/605.1.15 (KHTML, like Gecko) Version/18.5 Mobile/15E148 Safari/604.1"
2.147.171.60 - - [17/Apr/2026:00:32:18 +0330] "GET /wp-content/uploads/2025/05/Training20beautiful20crocheting20flowers-05.jpg HTTP/2" 200 12988 "https://rozbano.com/beautiful-stylish-pattern-free-knitting-tutorial/" "Mozilla/5.0 (iPhone; CPU iPhone OS 18_5 like Mac OS X) AppleWebKit/605.1.15 (KHTML, like Gecko) Version/18.5 Mobile/15E148 Safari/604.1"
2.147.171.60 - - [17/Apr/2026:00:32:18 +0330] "GET /wp-content/uploads/2025/05/1620screw20texture-02.jpg HTTP/2" 200 7894 "https://rozbano.com/beautiful-stylish-pattern-free-knitting-tutorial/" "Mozilla/5.0 (iPhone; CPU iPhone OS 18_5 like Mac OS X) AppleWebKit/605.1.15 (KHTML, like Gecko) Version/18.5 Mobile/15E148 Safari/604.1"
66.249.70.32 - - [17/Apr/2026:00:31:49 +0330] "GET /crochet-jajim-tutorial/ HTTP/1.1" 200 30994 "-" "Mozilla/5.0 (Linux; Android 6.0.1; Nexus 5X Build/MMB29P) AppleWebKit/537.36 (KHTML, like Gecko) Chrome/146.0.7680.177 Mobile Safari/537.36 (compatible; Googlebot/2.1; +http://www.google.com/bot.html)"
202.46.62.62 - - [17/Apr/2026:00:31:51 +0330] "GET /wp-json/wp/v2/tags/23587 HTTP/2" 200 411 "-" "Mozilla/5.0 (Windows NT 10.0; Win64; x64) AppleWebKit/537.36 (KHTML, like Gecko) Chrome/133.0.6943.141 Safari/537.36"
66.249.70.36 - - [17/Apr/2026:00:32:02 +0330] "GET /page/13/?nocache=1766494620 HTTP/1.1" 200 27273 "-" "Mozilla/5.0 (Linux; Android 6.0.1; Nexus 5X Build/MMB29P) AppleWebKit/537.36 (KHTML, like Gecko) Chrome/146.0.7680.177 Mobile Safari/537.36 (compatible; Googlebot/2.1; +http://www.google.com/bot.html)"
66.249.70.38 - - [17/Apr/2026:00:32:14 +0330] "GET /page/4/?search=search_term_string&nocache=1766721555 HTTP/1.1" 200 28485 "-" "Mozilla/5.0 (Linux; Android 6.0.1; Nexus 5X Build/MMB29P) AppleWebKit/537.36 (KHTML, like Gecko) Chrome/146.0.7680.177 Mobile Safari/537.36 (compatible; Googlebot/2.1; +http://www.google.com/bot.html)"
66.249.70.39 - - [17/Apr/2026:00:32:15 +0330] "GET /page/5/?search=search_term_string&nocache=1766496844 HTTP/1.1" 200 27500 "-" "Mozilla/5.0 (Linux; Android 6.0.1; Nexus 5X Build/MMB29P) AppleWebKit/537.36 (KHTML, like Gecko) Chrome/146.0.7680.177 Mobile Safari/537.36 (compatible; Googlebot/2.1; +http://www.google.com/bot.html)"
66.249.70.39 - - [17/Apr/2026:00:32:16 +0330] "GET /page/2/?search=search_term_string&nocache=1766064958 HTTP/1.1" 200 28096 "-" "Mozilla/5.0 (Linux; Android 6.0.1; Nexus 5X Build/MMB29P) AppleWebKit/537.36 (KHTML, like Gecko) Chrome/146.0.7680.177 Mobile Safari/537.36 (compatible; Googlebot/2.1; +http://www.google.com/bot.html)"
66.249.70.38 - - [17/Apr/2026:00:32:18 +0330] "GET /?p=91228161545500 HTTP/1.1" 200 28156 "-" "Mozilla/5.0 (Linux; Android 6.0.1; Nexus 5X Build/MMB29P) AppleWebKit/537.36 (KHTML, like Gecko) Chrome/146.0.7680.177 Mobile Safari/537.36 (compatible; Googlebot/2.1; +http://www.google.com/bot.html)"
66.249.70.38 - - [17/Apr/2026:00:32:19 +0330] "GET /page/3/?search=search_term_string&nocache=1766711416 HTTP/1.1" 200 28901 "-" "Mozilla/5.0 (Linux; Android 6.0.1; Nexus 5X Build/MMB29P) AppleWebKit/537.36 (KHTML, like Gecko) Chrome/146.0.7680.177 Mobile Safari/537.36 (compatible; Googlebot/2.1; +http://www.google.com/bot.html)"
5.62.248.206 - - [17/Apr/2026:00:32:20 +0330] "GET /wp-content/uploads/2025/06/cropped-Rozbano-Nima-fav-ico-192x192.webp HTTP/2" 200 6374 "https://rozbano.com/mandala-feeding-and-needling-tutorial/" "Mozilla/5.0 (Linux; Android 11; SM-A307FN Build/RP1A.200720.012; wv) AppleWebKit/537.36 (KHTML, like Gecko) 4.0 Chrome/145.0.7632.80 Mobile Safari/537.36; bw4"
5.62.248.206 - - [17/Apr/2026:00:32:20 +0330] "GET /wp-content/uploads/2025/06/cropped-Rozbano-Nima-fav-ico-32x32.webp HTTP/2" 200 904 "https://rozbano.com/mandala-feeding-and-needling-tutorial/" "Mozilla/5.0 (Linux; Android 11; SM-A307FN Build/RP1A.200720.012; wv) AppleWebKit/537.36 (KHTML, like Gecko) 4.0 Chrome/145.0.7632.80 Mobile Safari/537.36; bw4"
54.236.1.52 - - [17/Apr/2026:00:32:18 +0330] "GET /leila-images-with-bio HTTP/1.1" 301 20 "-" "Mozilla/5.0 (compatible; Pinterestbot/1.0; +http://www.pinterest.com/bot.html)"
66.249.70.39 - - [17/Apr/2026:00:32:20 +0330] "GET /page/6/?search=search_term_string&nocache=1766736939 HTTP/1.1" 200 28233 "-" "Mozilla/5.0 (Linux; Android 6.0.1; Nexus 5X Build/MMB29P) AppleWebKit/537.36 (KHTML, like Gecko) Chrome/146.0.7680.177 Mobile Safari/537.36 (compatible; Googlebot/2.1; +http://www.google.com/bot.html)"
66.249.70.101 - - [17/Apr/2026:00:32:21 +0330] "GET /women-tunic-pattern2.html HTTP/1.1" 200 28121 "-" "Mozilla/5.0 (Linux; Android 6.0.1; Nexus 5X Build/MMB29P) AppleWebKit/537.36 (KHTML, like Gecko) Chrome/146.0.7680.177 Mobile Safari/537.36 (compatible; GoogleOther)"
66.249.70.38 - - [17/Apr/2026:00:31:29 +0330] "GET /page/506/?search=search_term_string&nocache=1766701282 HTTP/1.1" 200 27897 "-" "Mozilla/5.0 (Linux; Android 6.0.1; Nexus 5X Build/MMB29P) AppleWebKit/537.36 (KHTML, like Gecko) Chrome/146.0.7680.177 Mobile Safari/537.36 (compatible; Googlebot/2.1; +http://www.google.com/bot.html)"
91.107.140.88 - - [17/Apr/2026:00:31:33 +0330] "GET /.env.prod HTTP/1.0" 301 0 "-" "Mozilla/5.0 (Windows NT 10.0; Win64; x64) AppleWebKit/537.36 (KHTML, like Gecko) Chrome/131.0.0.0 Safari/537.36"
20.27.94.128 - - [17/Apr/2026:00:31:31 +0330] "GET /crochet-lampshade-tutorial/?nocache=1776038042 HTTP/2" 200 33297 "-" "Mozilla/5.0 AppleWebKit/537.36 (KHTML, like Gecko); compatible; ChatGPT-User/1.0; +https://openai.com/bot"
66.249.70.39 - - [17/Apr/2026:00:31:42 +0330] "GET /page/7/?search=search_term_string&nocache=1766446019 HTTP/1.1" 200 28004 "-" "Mozilla/5.0 (Linux; Android 6.0.1; Nexus 5X Build/MMB29P) AppleWebKit/537.36 (KHTML, like Gecko) Chrome/146.0.7680.177 Mobile Safari/537.36 (compatible; Googlebot/2.1; +http://www.google.com/bot.html)"
17.22.245.34 - - [17/Apr/2026:00:31:42 +0330] "GET /tag/%DA%AF%D9%84-%D9%86%D9%85%D8%AF%DB%8C-%D8%AF%DA%A9%D9%88%D8%B1%DB%8C HTTP/1.1" 301 20 "-" "Mozilla/5.0 (Macintosh; Intel Mac OS X 10_15_7) AppleWebKit/605.1.15 (KHTML, like Gecko) Version/17.4 Safari/605.1.15 (Applebot/0.1; +http://www.apple.com/go/applebot)"
66.249.70.38 - - [17/Apr/2026:00:31:53 +0330] "GET /page/505/?search=%D9%84%DB%8C%D9%86%D8%AF%D8%A7+%DA%A9%DB%8C%D8%A7%D9%86%DB%8C&nocache=1766719481 HTTP/1.1" 200 27279 "-" "Mozilla/5.0 (Linux; Android 6.0.1; Nexus 5X Build/MMB29P) AppleWebKit/537.36 (KHTML, like Gecko) Chrome/146.0.7680.177 Mobile Safari/537.36 (compatible; Googlebot/2.1; +http://www.google.com/bot.html)"
66.249.70.34 - - [17/Apr/2026:00:31:55 +0330] "GET /page/503/?search=search_term_string&nocache=1766750265 HTTP/1.1" 200 27561 "-" "Mozilla/5.0 (Linux; Android 6.0.1; Nexus 5X Build/MMB29P) AppleWebKit/537.36 (KHTML, like Gecko) Chrome/146.0.7680.177 Mobile Safari/537.36 (compatible; Googlebot/2.1; +http://www.google.com/bot.html)"
66.249.70.34 - - [17/Apr/2026:00:31:57 +0330] "GET /page/505/?search=search_term_string&nocache=1766561044 HTTP/1.1" 200 33222 "-" "Mozilla/5.0 (Linux; Android 6.0.1; Nexus 5X Build/MMB29P) AppleWebKit/537.36 (KHTML, like Gecko) Chrome/146.0.7680.177 Mobile Safari/537.36 (compatible; Googlebot/2.1; +http://www.google.com/bot.html)"
