5.160.18.99 - - [17/Apr/2026:00:28:47 +0330] "GET /wp-content/plugins/elementor/assets/css/widget-icon-box-rtl.min.css?ver=3.32.3 HTTP/2" 200 422 "https://rozbano.com/suitable-fabric-for-womens-pantsuits/" "Mozilla/5.0 (Linux; Android 10; K) AppleWebKit/537.36 (KHTML, like Gecko) Chrome/145.0.0.0 Mobile Safari/537.36"
5.160.18.99 - - [17/Apr/2026:00:28:47 +0330] "GET /wp-content/plugins/elementor/assets/lib/swiper/v8/css/swiper.min.css?ver=8.4.5 HTTP/2" 200 4248 "https://rozbano.com/suitable-fabric-for-womens-pantsuits/" "Mozilla/5.0 (Linux; Android 10; K) AppleWebKit/537.36 (KHTML, like Gecko) Chrome/145.0.0.0 Mobile Safari/537.36"
5.160.18.99 - - [17/Apr/2026:00:28:47 +0330] "GET /wp-content/plugins/elementor/assets/css/conditionals/e-swiper.min.css?ver=3.32.3 HTTP/2" 200 699 "https://rozbano.com/suitable-fabric-for-womens-pantsuits/" "Mozilla/5.0 (Linux; Android 10; K) AppleWebKit/537.36 (KHTML, like Gecko) Chrome/145.0.0.0 Mobile Safari/537.36"
5.160.18.99 - - [17/Apr/2026:00:28:47 +0330] "GET /wp-content/plugins/elementor-pro/assets/css/widget-post-info-rtl.min.css?ver=3.32.3 HTTP/2" 200 165 "https://rozbano.com/suitable-fabric-for-womens-pantsuits/" "Mozilla/5.0 (Linux; Android 10; K) AppleWebKit/537.36 (KHTML, like Gecko) Chrome/145.0.0.0 Mobile Safari/537.36"
5.160.18.99 - - [17/Apr/2026:00:28:47 +0330] "GET /wp-content/plugins/elementor/assets/css/widget-icon-list-rtl.min.css?ver=3.32.3 HTTP/2" 200 963 "https://rozbano.com/suitable-fabric-for-womens-pantsuits/" "Mozilla/5.0 (Linux; Android 10; K) AppleWebKit/537.36 (KHTML, like Gecko) Chrome/145.0.0.0 Mobile Safari/537.36"
5.160.18.99 - - [17/Apr/2026:00:28:47 +0330] "GET /wp-content/plugins/elementor-pro/assets/css/widget-share-buttons-rtl.min.css?ver=3.32.3 HTTP/2" 200 2144 "https://rozbano.com/suitable-fabric-for-womens-pantsuits/" "Mozilla/5.0 (Linux; Android 10; K) AppleWebKit/537.36 (KHTML, like Gecko) Chrome/145.0.0.0 Mobile Safari/537.36"
5.160.18.99 - - [17/Apr/2026:00:28:47 +0330] "GET /wp-content/plugins/elementor-pro/assets/css/widget-post-navigation-rtl.min.css?ver=3.32.3 HTTP/2" 200 494 "https://rozbano.com/suitable-fabric-for-womens-pantsuits/" "Mozilla/5.0 (Linux; Android 10; K) AppleWebKit/537.36 (KHTML, like Gecko) Chrome/145.0.0.0 Mobile Safari/537.36"
5.160.18.99 - - [17/Apr/2026:00:28:47 +0330] "GET /wp-content/uploads/elementor/css/post-53138.css?ver=1776365957 HTTP/2" 200 3019 "https://rozbano.com/suitable-fabric-for-womens-pantsuits/" "Mozilla/5.0 (Linux; Android 10; K) AppleWebKit/537.36 (KHTML, like Gecko) Chrome/145.0.0.0 Mobile Safari/537.36"
5.160.18.99 - - [17/Apr/2026:00:28:47 +0330] "GET /wp-content/uploads/elementor/css/post-53143.css?ver=1776365957 HTTP/2" 200 462 "https://rozbano.com/suitable-fabric-for-womens-pantsuits/" "Mozilla/5.0 (Linux; Android 10; K) AppleWebKit/537.36 (KHTML, like Gecko) Chrome/145.0.0.0 Mobile Safari/537.36"
5.160.18.99 - - [17/Apr/2026:00:28:47 +0330] "GET /wp-content/uploads/elementor/css/post-53145.css?ver=1776365957 HTTP/2" 200 1694 "https://rozbano.com/suitable-fabric-for-womens-pantsuits/" "Mozilla/5.0 (Linux; Android 10; K) AppleWebKit/537.36 (KHTML, like Gecko) Chrome/145.0.0.0 Mobile Safari/537.36"
5.160.18.99 - - [17/Apr/2026:00:28:47 +0330] "GET /wp-content/uploads/elementor/css/post-53177.css?ver=1776365957 HTTP/2" 200 440 "https://rozbano.com/suitable-fabric-for-womens-pantsuits/" "Mozilla/5.0 (Linux; Android 10; K) AppleWebKit/537.36 (KHTML, like Gecko) Chrome/145.0.0.0 Mobile Safari/537.36"
5.160.18.99 - - [17/Apr/2026:00:28:47 +0330] "GET /wp-content/uploads/elementor/css/post-53178.css?ver=1776365957 HTTP/2" 200 415 "https://rozbano.com/suitable-fabric-for-womens-pantsuits/" "Mozilla/5.0 (Linux; Android 10; K) AppleWebKit/537.36 (KHTML, like Gecko) Chrome/145.0.0.0 Mobile Safari/537.36"
5.160.18.99 - - [17/Apr/2026:00:28:47 +0330] "GET /wp-content/uploads/elementor/css/post-53316.css?ver=1776365957 HTTP/2" 200 418 "https://rozbano.com/suitable-fabric-for-womens-pantsuits/" "Mozilla/5.0 (Linux; Android 10; K) AppleWebKit/537.36 (KHTML, like Gecko) Chrome/145.0.0.0 Mobile Safari/537.36"
5.160.18.99 - - [17/Apr/2026:00:28:47 +0330] "GET /wp-content/uploads/elementor/css/post-53157.css?ver=1776365962 HTTP/2" 200 2256 "https://rozbano.com/suitable-fabric-for-womens-pantsuits/" "Mozilla/5.0 (Linux; Android 10; K) AppleWebKit/537.36 (KHTML, like Gecko) Chrome/145.0.0.0 Mobile Safari/537.36"
5.160.18.99 - - [17/Apr/2026:00:28:47 +0330] "GET /wp-content/uploads/elementor/css/post-53179.css?ver=1776365962 HTTP/2" 200 523 "https://rozbano.com/suitable-fabric-for-womens-pantsuits/" "Mozilla/5.0 (Linux; Android 10; K) AppleWebKit/537.36 (KHTML, like Gecko) Chrome/145.0.0.0 Mobile Safari/537.36"
5.160.18.99 - - [17/Apr/2026:00:28:47 +0330] "GET /wp-content/plugins/elementor-pro/abzarwp/fonts/all/css/fonts.css?ver=123456 HTTP/2" 200 2919 "https://rozbano.com/suitable-fabric-for-womens-pantsuits/" "Mozilla/5.0 (Linux; Android 10; K) AppleWebKit/537.36 (KHTML, like Gecko) Chrome/145.0.0.0 Mobile Safari/537.36"
5.160.18.99 - - [17/Apr/2026:00:28:47 +0330] "GET /wp-content/uploads/elementor/css/post-53149.css?ver=1776365962 HTTP/2" 200 1333 "https://rozbano.com/suitable-fabric-for-womens-pantsuits/" "Mozilla/5.0 (Linux; Android 10; K) AppleWebKit/537.36 (KHTML, like Gecko) Chrome/145.0.0.0 Mobile Safari/537.36"
5.160.18.99 - - [17/Apr/2026:00:28:47 +0330] "GET /wp-content/uploads/elementor/css/post-53181.css?ver=1776365963 HTTP/2" 200 413 "https://rozbano.com/suitable-fabric-for-womens-pantsuits/" "Mozilla/5.0 (Linux; Android 10; K) AppleWebKit/537.36 (KHTML, like Gecko) Chrome/145.0.0.0 Mobile Safari/537.36"
5.160.18.99 - - [17/Apr/2026:00:28:47 +0330] "GET /wp-content/uploads/elementor/css/post-53234.css?ver=1776365963 HTTP/2" 200 414 "https://rozbano.com/suitable-fabric-for-womens-pantsuits/" "Mozilla/5.0 (Linux; Android 10; K) AppleWebKit/537.36 (KHTML, like Gecko) Chrome/145.0.0.0 Mobile Safari/537.36"
5.160.18.99 - - [17/Apr/2026:00:28:47 +0330] "GET /wp-content/uploads/elementor/css/post-53180.css?ver=1776365963 HTTP/2" 200 636 "https://rozbano.com/suitable-fabric-for-womens-pantsuits/" "Mozilla/5.0 (Linux; Android 10; K) AppleWebKit/537.36 (KHTML, like Gecko) Chrome/145.0.0.0 Mobile Safari/537.36"
5.160.18.99 - - [17/Apr/2026:00:28:47 +0330] "GET /wp-content/plugins/elementor-pro/assets/css/widget-nav-menu-rtl.min.css?ver=3.32.3 HTTP/2" 200 3246 "https://rozbano.com/suitable-fabric-for-womens-pantsuits/" "Mozilla/5.0 (Linux; Android 10; K) AppleWebKit/537.36 (KHTML, like Gecko) Chrome/145.0.0.0 Mobile Safari/537.36"
5.160.18.99 - - [17/Apr/2026:00:28:47 +0330] "GET /wp-content/plugins/elementor-pro/assets/css/conditionals/ribbon.min.css?ver=3.32.3 HTTP/2" 200 250 "https://rozbano.com/suitable-fabric-for-womens-pantsuits/" "Mozilla/5.0 (Linux; Android 10; K) AppleWebKit/537.36 (KHTML, like Gecko) Chrome/145.0.0.0 Mobile Safari/537.36"
5.160.18.99 - - [17/Apr/2026:00:28:47 +0330] "GET /wp-content/plugins/elementor-pro/assets/css/widget-call-to-action-rtl.min.css?ver=3.32.3 HTTP/2" 200 1211 "https://rozbano.com/suitable-fabric-for-womens-pantsuits/" "Mozilla/5.0 (Linux; Android 10; K) AppleWebKit/537.36 (KHTML, like Gecko) Chrome/145.0.0.0 Mobile Safari/537.36"
5.160.18.99 - - [17/Apr/2026:00:28:47 +0330] "GET /wp-content/plugins/elementor-pro/assets/css/conditionals/transitions.min.css?ver=3.32.3 HTTP/2" 200 599 "https://rozbano.com/suitable-fabric-for-womens-pantsuits/" "Mozilla/5.0 (Linux; Android 10; K) AppleWebKit/537.36 (KHTML, like Gecko) Chrome/145.0.0.0 Mobile Safari/537.36"
5.160.18.99 - - [17/Apr/2026:00:28:47 +0330] "GET /wp-includes/js/jquery/jquery.min.js?ver=3.7.1 HTTP/2" 200 29744 "https://rozbano.com/suitable-fabric-for-womens-pantsuits/" "Mozilla/5.0 (Linux; Android 10; K) AppleWebKit/537.36 (KHTML, like Gecko) Chrome/145.0.0.0 Mobile Safari/537.36"
5.160.18.99 - - [17/Apr/2026:00:28:47 +0330] "GET /wp-includes/js/jquery/jquery-migrate.min.js?ver=3.4.1 HTTP/2" 200 4678 "https://rozbano.com/suitable-fabric-for-womens-pantsuits/" "Mozilla/5.0 (Linux; Android 10; K) AppleWebKit/537.36 (KHTML, like Gecko) Chrome/145.0.0.0 Mobile Safari/537.36"
5.160.18.99 - - [17/Apr/2026:00:28:47 +0330] "GET /wp-content/uploads/2025/10/Suitable-fabric-for-womens-pantsuits-01.webp HTTP/2" 200 8540 "https://rozbano.com/suitable-fabric-for-womens-pantsuits/" "Mozilla/5.0 (Linux; Android 10; K) AppleWebKit/537.36 (KHTML, like Gecko) Chrome/145.0.0.0 Mobile Safari/537.36"
5.160.18.99 - - [17/Apr/2026:00:28:47 +0330] "GET /wp-content/uploads/2025/10/Suitable-fabric-for-womens-pantsuits.webp HTTP/2" 200 19712 "https://rozbano.com/suitable-fabric-for-womens-pantsuits/" "Mozilla/5.0 (Linux; Android 10; K) AppleWebKit/537.36 (KHTML, like Gecko) Chrome/145.0.0.0 Mobile Safari/537.36"
5.160.18.99 - - [17/Apr/2026:00:28:47 +0330] "GET /wp-content/uploads/2025/10/Suitable-fabric-for-womens-pantsuits-02.webp HTTP/2" 200 9426 "https://rozbano.com/suitable-fabric-for-womens-pantsuits/" "Mozilla/5.0 (Linux; Android 10; K) AppleWebKit/537.36 (KHTML, like Gecko) Chrome/145.0.0.0 Mobile Safari/537.36"
66.249.70.32 - - [17/Apr/2026:00:28:46 +0330] "GET /page/506/?search=search_term_string&nocache=1766435914 HTTP/1.1" 200 27844 "-" "Mozilla/5.0 (Linux; Android 6.0.1; Nexus 5X Build/MMB29P) AppleWebKit/537.36 (KHTML, like Gecko) Chrome/146.0.7680.177 Mobile Safari/537.36 (compatible; Googlebot/2.1; +http://www.google.com/bot.html)"
5.160.18.99 - - [17/Apr/2026:00:28:47 +0330] "GET /wp-content/uploads/2025/10/Suitable-fabric-for-womens-pantsuits-03.webp HTTP/2" 200 7918 "https://rozbano.com/suitable-fabric-for-womens-pantsuits/" "Mozilla/5.0 (Linux; Android 10; K) AppleWebKit/537.36 (KHTML, like Gecko) Chrome/145.0.0.0 Mobile Safari/537.36"
5.160.18.99 - - [17/Apr/2026:00:28:47 +0330] "GET /wp-content/plugins/elementor/assets/js/webpack.runtime.min.js?ver=3.32.3 HTTP/2" 200 2320 "https://rozbano.com/suitable-fabric-for-womens-pantsuits/" "Mozilla/5.0 (Linux; Android 10; K) AppleWebKit/537.36 (KHTML, like Gecko) Chrome/145.0.0.0 Mobile Safari/537.36"
5.160.18.99 - - [17/Apr/2026:00:28:47 +0330] "GET /wp-content/plugins/elementor/assets/js/frontend-modules.min.js?ver=3.32.3 HTTP/2" 200 17962 "https://rozbano.com/suitable-fabric-for-womens-pantsuits/" "Mozilla/5.0 (Linux; Android 10; K) AppleWebKit/537.36 (KHTML, like Gecko) Chrome/145.0.0.0 Mobile Safari/537.36"
5.160.18.99 - - [17/Apr/2026:00:28:47 +0330] "GET /wp-includes/js/jquery/ui/core.min.js?ver=1.13.3 HTTP/2" 200 6812 "https://rozbano.com/suitable-fabric-for-womens-pantsuits/" "Mozilla/5.0 (Linux; Android 10; K) AppleWebKit/537.36 (KHTML, like Gecko) Chrome/145.0.0.0 Mobile Safari/537.36"
5.160.18.99 - - [17/Apr/2026:00:28:47 +0330] "GET /wp-content/plugins/elementor/assets/js/frontend.min.js?ver=3.32.3 HTTP/2" 200 10165 "https://rozbano.com/suitable-fabric-for-womens-pantsuits/" "Mozilla/5.0 (Linux; Android 10; K) AppleWebKit/537.36 (KHTML, like Gecko) Chrome/145.0.0.0 Mobile Safari/537.36"
5.160.18.99 - - [17/Apr/2026:00:28:47 +0330] "GET /wp-content/plugins/elementor-pro/assets/lib/sticky/jquery.sticky.min.js?ver=3.32.3 HTTP/2" 200 1442 "https://rozbano.com/suitable-fabric-for-womens-pantsuits/" "Mozilla/5.0 (Linux; Android 10; K) AppleWebKit/537.36 (KHTML, like Gecko) Chrome/145.0.0.0 Mobile Safari/537.36"
5.160.18.99 - - [17/Apr/2026:00:28:47 +0330] "GET /wp-content/plugins/elementor/assets/lib/swiper/v8/swiper.min.js?ver=8.4.5 HTTP/2" 200 38152 "https://rozbano.com/suitable-fabric-for-womens-pantsuits/" "Mozilla/5.0 (Linux; Android 10; K) AppleWebKit/537.36 (KHTML, like Gecko) Chrome/145.0.0.0 Mobile Safari/537.36"
5.160.18.99 - - [17/Apr/2026:00:28:47 +0330] "GET /wp-content/plugins/elementor-pro/assets/lib/smartmenus/jquery.smartmenus.min.js?ver=1.2.1 HTTP/2" 200 6867 "https://rozbano.com/suitable-fabric-for-womens-pantsuits/" "Mozilla/5.0 (Linux; Android 10; K) AppleWebKit/537.36 (KHTML, like Gecko) Chrome/145.0.0.0 Mobile Safari/537.36"
5.160.18.99 - - [17/Apr/2026:00:28:47 +0330] "GET /wp-content/plugins/jet-engine/assets/lib/jet-plugins/jet-plugins.js?ver=1.1.0 HTTP/2" 200 2190 "https://rozbano.com/suitable-fabric-for-womens-pantsuits/" "Mozilla/5.0 (Linux; Android 10; K) AppleWebKit/537.36 (KHTML, like Gecko) Chrome/145.0.0.0 Mobile Safari/537.36"
5.160.18.99 - - [17/Apr/2026:00:28:47 +0330] "GET /wp-content/plugins/jet-engine/assets/js/frontend.js?ver=3.7.10 HTTP/2" 200 15312 "https://rozbano.com/suitable-fabric-for-womens-pantsuits/" "Mozilla/5.0 (Linux; Android 10; K) AppleWebKit/537.36 (KHTML, like Gecko) Chrome/145.0.0.0 Mobile Safari/537.36"
5.160.18.99 - - [17/Apr/2026:00:28:47 +0330] "GET /wp-content/uploads/2025/12/IRANSansXFaNum-Medium.woff2 HTTP/2" 200 28060 "https://rozbano.com/wp-content/uploads/elementor/css/post-53138.css?ver=1776365957" "Mozilla/5.0 (Linux; Android 10; K) AppleWebKit/537.36 (KHTML, like Gecko) Chrome/145.0.0.0 Mobile Safari/537.36"
5.160.18.99 - - [17/Apr/2026:00:28:47 +0330] "GET /wp-content/uploads/2025/12/IRANSansXFaNum-Regular.woff2 HTTP/2" 200 27012 "https://rozbano.com/wp-content/uploads/elementor/css/post-53138.css?ver=1776365957" "Mozilla/5.0 (Linux; Android 10; K) AppleWebKit/537.36 (KHTML, like Gecko) Chrome/145.0.0.0 Mobile Safari/537.36"
5.160.18.99 - - [17/Apr/2026:00:28:47 +0330] "GET /wp-content/plugins/elementor-pro/assets/js/webpack-pro.runtime.min.js?ver=3.32.3 HTTP/2" 200 2622 "https://rozbano.com/suitable-fabric-for-womens-pantsuits/" "Mozilla/5.0 (Linux; Android 10; K) AppleWebKit/537.36 (KHTML, like Gecko) Chrome/145.0.0.0 Mobile Safari/537.36"
5.160.18.99 - - [17/Apr/2026:00:28:47 +0330] "GET /wp-includes/js/dist/hooks.min.js?ver=dd5603f07f9220ed27f1 HTTP/2" 200 1852 "https://rozbano.com/suitable-fabric-for-womens-pantsuits/" "Mozilla/5.0 (Linux; Android 10; K) AppleWebKit/537.36 (KHTML, like Gecko) Chrome/145.0.0.0 Mobile Safari/537.36"
5.160.18.99 - - [17/Apr/2026:00:28:47 +0330] "GET /wp-includes/js/dist/i18n.min.js?ver=c26c3dc7bed366793375 HTTP/2" 200 2119 "https://rozbano.com/suitable-fabric-for-womens-pantsuits/" "Mozilla/5.0 (Linux; Android 10; K) AppleWebKit/537.36 (KHTML, like Gecko) Chrome/145.0.0.0 Mobile Safari/537.36"
5.160.18.99 - - [17/Apr/2026:00:28:47 +0330] "GET /wp-content/plugins/elementor-pro/assets/js/frontend.min.js?ver=3.32.3 HTTP/2" 200 6321 "https://rozbano.com/suitable-fabric-for-womens-pantsuits/" "Mozilla/5.0 (Linux; Android 10; K) AppleWebKit/537.36 (KHTML, like Gecko) Chrome/145.0.0.0 Mobile Safari/537.36"
5.160.18.99 - - [17/Apr/2026:00:28:47 +0330] "GET /wp-content/plugins/elementor-pro/assets/js/elements-handlers.min.js?ver=3.32.3 HTTP/2" 200 10180 "https://rozbano.com/suitable-fabric-for-womens-pantsuits/" "Mozilla/5.0 (Linux; Android 10; K) AppleWebKit/537.36 (KHTML, like Gecko) Chrome/145.0.0.0 Mobile Safari/537.36"
5.160.18.99 - - [17/Apr/2026:00:28:47 +0330] "GET /wp-content/uploads/2025/12/IRANSansXFaNum-Bold.woff2 HTTP/2" 200 28036 "https://rozbano.com/wp-content/uploads/elementor/css/post-53138.css?ver=1776365957" "Mozilla/5.0 (Linux; Android 10; K) AppleWebKit/537.36 (KHTML, like Gecko) Chrome/145.0.0.0 Mobile Safari/537.36"
5.160.18.99 - - [17/Apr/2026:00:28:47 +0330] "GET /wp-content/uploads/2025/12/IRANSansXFaNum-Black.woff2 HTTP/2" 200 26796 "https://rozbano.com/wp-content/uploads/elementor/css/post-53138.css?ver=1776365957" "Mozilla/5.0 (Linux; Android 10; K) AppleWebKit/537.36 (KHTML, like Gecko) Chrome/145.0.0.0 Mobile Safari/537.36"
5.160.18.99 - - [17/Apr/2026:00:28:47 +0330] "GET /wp-content/uploads/2025/05/Rozbano-Logo-Web-Nima-new.webp HTTP/2" 200 2430 "https://rozbano.com/suitable-fabric-for-womens-pantsuits/" "Mozilla/5.0 (Linux; Android 10; K) AppleWebKit/537.36 (KHTML, like Gecko) Chrome/145.0.0.0 Mobile Safari/537.36"
5.160.18.99 - - [17/Apr/2026:00:28:47 +0330] "GET /wp-content/uploads/2025/10/Autumn-Kaftan-Sewing-Tutorial-at-Home.webp HTTP/2" 200 22110 "https://rozbano.com/suitable-fabric-for-womens-pantsuits/" "Mozilla/5.0 (Linux; Android 10; K) AppleWebKit/537.36 (KHTML, like Gecko) Chrome/145.0.0.0 Mobile Safari/537.36"
5.160.18.99 - - [17/Apr/2026:00:28:47 +0330] "GET /wp-content/uploads/2025/10/Free-tutorial-sew-versatile-organizer-01.webp HTTP/2" 200 21366 "https://rozbano.com/suitable-fabric-for-womens-pantsuits/" "Mozilla/5.0 (Linux; Android 10; K) AppleWebKit/537.36 (KHTML, like Gecko) Chrome/145.0.0.0 Mobile Safari/537.36"
66.249.70.32 - - [17/Apr/2026:00:27:53 +0330] "GET /page/504/?search=search_term_string&nocache=1766578192 HTTP/1.1" 200 27008 "-" "Mozilla/5.0 (Linux; Android 6.0.1; Nexus 5X Build/MMB29P) AppleWebKit/537.36 (KHTML, like Gecko) Chrome/146.0.7680.177 Mobile Safari/537.36 (compatible; Googlebot/2.1; +http://www.google.com/bot.html)"
66.249.70.32 - - [17/Apr/2026:00:28:00 +0330] "GET /page/505/?search=search_term_string&nocache=1766738308 HTTP/1.1" 200 27507 "-" "Mozilla/5.0 (Linux; Android 6.0.1; Nexus 5X Build/MMB29P) AppleWebKit/537.36 (KHTML, like Gecko) Chrome/146.0.7680.177 Mobile Safari/537.36 (compatible; Googlebot/2.1; +http://www.google.com/bot.html)"
66.249.70.32 - - [17/Apr/2026:00:28:02 +0330] "GET /page/10/?search=search_term_string&nocache=1766848133 HTTP/1.1" 200 28888 "-" "Mozilla/5.0 (Linux; Android 6.0.1; Nexus 5X Build/MMB29P) AppleWebKit/537.36 (KHTML, like Gecko) Chrome/146.0.7680.177 Mobile Safari/537.36 (compatible; Googlebot/2.1; +http://www.google.com/bot.html)"
66.249.70.32 - - [17/Apr/2026:00:28:06 +0330] "GET /page/510/?search=search_term_string&nocache=1766102984 HTTP/1.1" 200 27708 "-" "Mozilla/5.0 (Linux; Android 6.0.1; Nexus 5X Build/MMB29P) AppleWebKit/537.36 (KHTML, like Gecko) Chrome/146.0.7680.177 Mobile Safari/537.36 (compatible; Googlebot/2.1; +http://www.google.com/bot.html)"
202.46.62.107 - - [17/Apr/2026:00:28:16 +0330] "POST /tag/%D8%A8%DB%8C%D9%88%DA%AF%D8%B1%D8%A7%D9%81%DB%8C-%D9%85%D9%87%D8%B1%D8%A7%D9%86-%D8%BA%D9%81%D9%88%D8%B1%DB%8C%D8%A7%D9%86/?nocache=1776373090 HTTP/1.1" 200 4393 "https://rozbano.com/tag/%D8%A8%DB%8C%D9%88%DA%AF%D8%B1%D8%A7%D9%81%DB%8C-%D9%85%D9%87%D8%B1%D8%A7%D9%86-%D8%BA%D9%81%D9%88%D8%B1%DB%8C%D8%A7%D9%86/" "Mozilla/5.0 (Windows NT 10.0; Win64; x64) AppleWebKit/537.36 (KHTML, like Gecko) Chrome/133.0.6943.141 Safari/537.36"
66.249.70.39 - - [17/Apr/2026:00:28:25 +0330] "GET /page/508/?search=search_term_string&nocache=1766670524 HTTP/1.1" 200 29521 "-" "Mozilla/5.0 (Linux; Android 6.0.1; Nexus 5X Build/MMB29P) AppleWebKit/537.36 (KHTML, like Gecko) Chrome/146.0.7680.177 Mobile Safari/537.36 (compatible; Googlebot/2.1; +http://www.google.com/bot.html)"
66.249.70.32 - - [17/Apr/2026:00:28:27 +0330] "GET /cat/%D8%A2%D9%85%D9%88%D8%B2%D8%B4-%D9%87%D9%86%D8%B1%D9%87%D8%A7%DB%8C-%D8%AF%D8%B3%D8%AA%DB%8C/%D8%A2%D9%85%D9%88%D8%B2%D8%B4-%D8%A8%D8%A7%D9%81%D8%AA%D9%86%DB%8C-%D9%82%D9%84%D8%A7%D8%A8-%D8%AF%D9%88%D9%85%DB%8C%D9%84/ HTTP/1.1" 200 27522 "-" "Mozilla/5.0 (compatible; Googlebot/2.1; +http://www.google.com/bot.html)"
66.249.70.39 - - [17/Apr/2026:00:28:29 +0330] "GET /page/504/?search=search_term_string&nocache=1766196182 HTTP/1.1" 200 27399 "-" "Mozilla/5.0 (Linux; Android 6.0.1; Nexus 5X Build/MMB29P) AppleWebKit/537.36 (KHTML, like Gecko) Chrome/146.0.7680.177 Mobile Safari/537.36 (compatible; Googlebot/2.1; +http://www.google.com/bot.html)"
66.249.70.32 - - [17/Apr/2026:00:28:34 +0330] "GET /page/506/?search=search_term_string&nocache=1765798878 HTTP/1.1" 200 28306 "-" "Mozilla/5.0 (Linux; Android 6.0.1; Nexus 5X Build/MMB29P) AppleWebKit/537.36 (KHTML, like Gecko) Chrome/146.0.7680.177 Mobile Safari/537.36 (compatible; Googlebot/2.1; +http://www.google.com/bot.html)"
66.249.70.39 - - [17/Apr/2026:00:28:34 +0330] "GET /page/2/?search=search_term_string&nocache=1766717232 HTTP/1.1" 200 29146 "-" "Mozilla/5.0 (Linux; Android 6.0.1; Nexus 5X Build/MMB29P) AppleWebKit/537.36 (KHTML, like Gecko) Chrome/146.0.7680.177 Mobile Safari/537.36 (compatible; Googlebot/2.1; +http://www.google.com/bot.html)"
5.215.64.183 - - [17/Apr/2026:00:28:40 +0330] "GET /crochet-dish-scrubber-table-cleaner/ HTTP/2" 200 37262 "https://rozbano.com/free-tutorial-crochet-beautiful-baby/" "Mozilla/5.0 (Linux; Android 10; K) AppleWebKit/537.36 (KHTML, like Gecko) Chrome/145.0.0.0 Mobile Safari/537.36"
66.249.70.33 - - [17/Apr/2026:00:28:44 +0330] "GET /?p=4924862440102 HTTP/1.1" 200 27760 "-" "Mozilla/5.0 (Linux; Android 6.0.1; Nexus 5X Build/MMB29P) AppleWebKit/537.36 (KHTML, like Gecko) Chrome/146.0.7680.177 Mobile Safari/537.36 (compatible; GoogleOther)"
5.160.18.99 - - [17/Apr/2026:00:28:47 +0330] "GET /wp-content/uploads/2025/05/rozbano-190.jpg HTTP/2" 200 10651 "https://rozbano.com/suitable-fabric-for-womens-pantsuits/" "Mozilla/5.0 (Linux; Android 10; K) AppleWebKit/537.36 (KHTML, like Gecko) Chrome/145.0.0.0 Mobile Safari/537.36"
5.160.18.99 - - [17/Apr/2026:00:28:47 +0330] "GET /wp-content/uploads/2016/06/washing-shopping-guide-with-the-best-efficiency-sh.webp HTTP/2" 200 20486 "https://rozbano.com/suitable-fabric-for-womens-pantsuits/" "Mozilla/5.0 (Linux; Android 10; K) AppleWebKit/537.36 (KHTML, like Gecko) Chrome/145.0.0.0 Mobile Safari/537.36"
5.160.18.99 - - [17/Apr/2026:00:28:47 +0330] "GET /wp-content/uploads/2025/05/rozbano-202-14-300x181.jpg HTTP/2" 200 22229 "https://rozbano.com/suitable-fabric-for-womens-pantsuits/" "Mozilla/5.0 (Linux; Android 10; K) AppleWebKit/537.36 (KHTML, like Gecko) Chrome/145.0.0.0 Mobile Safari/537.36"
5.160.18.99 - - [17/Apr/2026:00:28:47 +0330] "GET /wp-content/uploads/2025/05/1020attractive20styles20for20a20cotton20shirt20and20pants20set-4.webp HTTP/2" 200 7734 "https://rozbano.com/suitable-fabric-for-womens-pantsuits/" "Mozilla/5.0 (Linux; Android 10; K) AppleWebKit/537.36 (KHTML, like Gecko) Chrome/145.0.0.0 Mobile Safari/537.36"
5.160.18.99 - - [17/Apr/2026:00:28:47 +0330] "GET /wp-content/uploads/2026/01/Free-tutorial-patchwork-embroidery-scrap-fabric-home.webp HTTP/2" 200 29494 "https://rozbano.com/suitable-fabric-for-womens-pantsuits/" "Mozilla/5.0 (Linux; Android 10; K) AppleWebKit/537.36 (KHTML, like Gecko) Chrome/145.0.0.0 Mobile Safari/537.36"
5.160.18.99 - - [17/Apr/2026:00:28:47 +0330] "GET /wp-content/uploads/2016/06/the-origin-of-kidney-and-bladder-infections-in-pregnant-women-01.webp HTTP/2" 200 15824 "https://rozbano.com/suitable-fabric-for-womens-pantsuits/" "Mozilla/5.0 (Linux; Android 10; K) AppleWebKit/537.36 (KHTML, like Gecko) Chrome/145.0.0.0 Mobile Safari/537.36"
5.160.18.99 - - [17/Apr/2026:00:28:47 +0330] "GET /wp-includes/js/comment-reply.min.js?ver=6.9.4 HTTP/2" 200 1247 "https://rozbano.com/suitable-fabric-for-womens-pantsuits/" "Mozilla/5.0 (Linux; Android 10; K) AppleWebKit/537.36 (KHTML, like Gecko) Chrome/145.0.0.0 Mobile Safari/537.36"
5.160.18.99 - - [17/Apr/2026:00:28:47 +0330] "GET /wp-content/uploads/2025/10/Free-crochet-tutorial-for-fall-hat-01.webp HTTP/2" 200 72884 "https://rozbano.com/suitable-fabric-for-womens-pantsuits/" "Mozilla/5.0 (Linux; Android 10; K) AppleWebKit/537.36 (KHTML, like Gecko) Chrome/145.0.0.0 Mobile Safari/537.36"
5.160.18.99 - - [17/Apr/2026:00:28:47 +0330] "GET /wp-content/uploads/2025/11/free-crochet-candy-bath-towel-tutorial-01.webp HTTP/2" 200 34422 "https://rozbano.com/suitable-fabric-for-womens-pantsuits/" "Mozilla/5.0 (Linux; Android 10; K) AppleWebKit/537.36 (KHTML, like Gecko) Chrome/145.0.0.0 Mobile Safari/537.36"
5.160.18.99 - - [17/Apr/2026:00:28:47 +0330] "GET /wp-content/uploads/2025/10/Crochet-Kitchen-Napkin-Holder-Free-Tutorial.webp HTTP/2" 200 31990 "https://rozbano.com/suitable-fabric-for-womens-pantsuits/" "Mozilla/5.0 (Linux; Android 10; K) AppleWebKit/537.36 (KHTML, like Gecko) Chrome/145.0.0.0 Mobile Safari/537.36"
5.160.18.99 - - [17/Apr/2026:00:28:47 +0330] "GET /wp-content/uploads/2025/10/tutorial-sew-versatile-organizer-with-little-fabric-01.webp HTTP/2" 200 64330 "https://rozbano.com/suitable-fabric-for-womens-pantsuits/" "Mozilla/5.0 (Linux; Android 10; K) AppleWebKit/537.36 (KHTML, like Gecko) Chrome/145.0.0.0 Mobile Safari/537.36"
66.249.70.32 - - [17/Apr/2026:00:28:49 +0330] "GET /page/506/?search=search_term_string&nocache=1766399661 HTTP/1.1" 200 29129 "-" "Mozilla/5.0 (Linux; Android 6.0.1; Nexus 5X Build/MMB29P) AppleWebKit/537.36 (KHTML, like Gecko) Chrome/146.0.7680.177 Mobile Safari/537.36 (compatible; Googlebot/2.1; +http://www.google.com/bot.html)"
66.249.70.32 - - [17/Apr/2026:00:28:10 +0330] "GET /?p=76609106280505 HTTP/1.1" 200 27064 "-" "Mozilla/5.0 (Linux; Android 6.0.1; Nexus 5X Build/MMB29P) AppleWebKit/537.36 (KHTML, like Gecko) Chrome/146.0.7680.177 Mobile Safari/537.36 (compatible; GoogleOther)"
66.249.70.32 - - [17/Apr/2026:00:28:12 +0330] "GET /page/6/?search=search_term_string&nocache=1766496844 HTTP/1.1" 200 29301 "-" "Mozilla/5.0 (Linux; Android 6.0.1; Nexus 5X Build/MMB29P) AppleWebKit/537.36 (KHTML, like Gecko) Chrome/146.0.7680.177 Mobile Safari/537.36 (compatible; Googlebot/2.1; +http://www.google.com/bot.html)"
66.249.70.38 - - [17/Apr/2026:00:28:15 +0330] "GET /page/4/?search=search_term_string&nocache=1765781443 HTTP/1.1" 200 27290 "-" "Mozilla/5.0 (Linux; Android 6.0.1; Nexus 5X Build/MMB29P) AppleWebKit/537.36 (KHTML, like Gecko) Chrome/146.0.7680.177 Mobile Safari/537.36 (compatible; Googlebot/2.1; +http://www.google.com/bot.html)"
185.191.171.7 - - [17/Apr/2026:00:28:18 +0330] "GET /cat/%D8%A2%D9%85%D9%88%D8%B2%D8%B4-%D9%87%D9%86%D8%B1%D9%87%D8%A7%DB%8C-%D8%AF%D8%B3%D8%AA%DB%8C/page/13/ HTTP/1.1" 403 20 "-" "Mozilla/5.0 (compatible; SemrushBot/7~bl; +http://www.semrush.com/bot.html)"
66.249.70.38 - - [17/Apr/2026:00:28:24 +0330] "GET /page/506/?search=search_term_string&nocache=1765718954 HTTP/1.1" 200 27309 "-" "Mozilla/5.0 (Linux; Android 6.0.1; Nexus 5X Build/MMB29P) AppleWebKit/537.36 (KHTML, like Gecko) Chrome/146.0.7680.177 Mobile Safari/537.36 (compatible; Googlebot/2.1; +http://www.google.com/bot.html)"
66.249.70.32 - - [17/Apr/2026:00:28:28 +0330] "GET /page/2/?search=search_term_string&nocache=1766464780 HTTP/1.1" 200 27229 "-" "Mozilla/5.0 (Linux; Android 6.0.1; Nexus 5X Build/MMB29P) AppleWebKit/537.36 (KHTML, like Gecko) Chrome/146.0.7680.177 Mobile Safari/537.36 (compatible; Googlebot/2.1; +http://www.google.com/bot.html)"
66.249.70.38 - - [17/Apr/2026:00:28:46 +0330] "GET /?p=58869151838703 HTTP/1.1" 200 29224 "-" "Mozilla/5.0 (Linux; Android 6.0.1; Nexus 5X Build/MMB29P) AppleWebKit/537.36 (KHTML, like Gecko) Chrome/146.0.7680.177 Mobile Safari/537.36 (compatible; GoogleOther)"
66.249.70.32 - - [17/Apr/2026:00:28:47 +0330] "GET /page/9/?search=search_term_string&nocache=1765910650 HTTP/1.1" 200 27234 "-" "Mozilla/5.0 (Linux; Android 6.0.1; Nexus 5X Build/MMB29P) AppleWebKit/537.36 (KHTML, like Gecko) Chrome/146.0.7680.177 Mobile Safari/537.36 (compatible; Googlebot/2.1; +http://www.google.com/bot.html)"
185.170.167.18 - - [17/Apr/2026:00:28:44 +0330] "GET /cat/%D8%A2%D9%85%D9%88%D8%B2%D8%B4-%D9%87%D9%86%D8%B1%D9%87%D8%A7%DB%8C-%D8%AF%D8%B3%D8%AA%DB%8C/page/13/ HTTP/1.1" 200 36568 "-" "Mozilla/5.0 (compatible; BacklinksExtendedBot)"
66.249.70.39 - - [17/Apr/2026:00:28:50 +0330] "GET /page/506/?search=%D9%87%D8%A7%D9%86%DB%8C%D9%87%20%D8%AA%D9%88%D8%B3%D9%84%DB%8C&nocache=1766417222 HTTP/1.1" 200 28119 "-" "Mozilla/5.0 (Linux; Android 6.0.1; Nexus 5X Build/MMB29P) AppleWebKit/537.36 (KHTML, like Gecko) Chrome/146.0.7680.177 Mobile Safari/537.36 (compatible; Googlebot/2.1; +http://www.google.com/bot.html)"
66.249.70.38 - - [17/Apr/2026:00:28:51 +0330] "GET /?p=0104931993600 HTTP/1.1" 200 27991 "-" "Mozilla/5.0 (Linux; Android 6.0.1; Nexus 5X Build/MMB29P) AppleWebKit/537.36 (KHTML, like Gecko) Chrome/146.0.7680.177 Mobile Safari/537.36 (compatible; GoogleOther)"
66.249.70.39 - - [17/Apr/2026:00:28:52 +0330] "GET /?p=91228161545500 HTTP/1.1" 200 28156 "-" "Mozilla/5.0 (Linux; Android 6.0.1; Nexus 5X Build/MMB29P) AppleWebKit/537.36 (KHTML, like Gecko) Chrome/146.0.7680.177 Mobile Safari/537.36 (compatible; GoogleOther)"
40.77.177.228 - - [17/Apr/2026:00:28:58 +0330] "GET /wp-content/uploads/2025/12/IRANSansXFaNum-Bold.woff2 HTTP/2" 200 28036 "https://rozbano.com/wp-content/uploads/elementor/css/post-53138.css" "Mozilla/5.0 AppleWebKit/537.36 (KHTML, like Gecko; compatible; bingbot/2.0; +http://www.bing.com/bingbot.htm) Chrome/136.0.0.0 Safari/537.36"
5.215.64.183 - - [17/Apr/2026:00:28:44 +0330] "GET /crochet-flower-scrubby-tutorial/ HTTP/2" 200 35368 "https://rozbano.com/free-tutorial-crochet-beautiful-baby/" "Mozilla/5.0 (Linux; Android 10; K) AppleWebKit/537.36 (KHTML, like Gecko) Chrome/145.0.0.0 Mobile Safari/537.36"
66.249.70.34 - - [17/Apr/2026:00:28:48 +0330] "GET /page/510/?search=%D9%86%D9%81%DB%8C%D8%B3%D9%87%20%D8%B1%D9%88%D8%B4%D9%86&nocache=1766433168 HTTP/1.1" 200 28335 "-" "Mozilla/5.0 (Linux; Android 6.0.1; Nexus 5X Build/MMB29P) AppleWebKit/537.36 (KHTML, like Gecko) Chrome/146.0.7680.177 Mobile Safari/537.36 (compatible; Googlebot/2.1; +http://www.google.com/bot.html)"
5.215.64.183 - - [17/Apr/2026:00:28:49 +0330] "GET /free-tutorial-sewing-coat-with-lace-combination/ HTTP/2" 200 37633 "https://rozbano.com/free-tutorial-crochet-beautiful-baby/" "Mozilla/5.0 (Linux; Android 10; K) AppleWebKit/537.36 (KHTML, like Gecko) Chrome/145.0.0.0 Mobile Safari/537.36"
66.249.70.33 - - [17/Apr/2026:00:28:53 +0330] "GET /jackets-for-boys-crocheted/ HTTP/1.1" 200 29509 "-" "Mozilla/5.0 (Linux; Android 6.0.1; Nexus 5X Build/MMB29P) AppleWebKit/537.36 (KHTML, like Gecko) Chrome/146.0.7680.177 Mobile Safari/537.36 (compatible; Googlebot/2.1; +http://www.google.com/bot.html)"
47.128.49.177 - - [17/Apr/2026:00:28:56 +0330] "GET /tag/%D8%B3%D8%A8%D8%AF-%D8%AF%D8%B3%D8%AA%D9%87-%D8%AF%D8%A7%D8%B1/ HTTP/2" 403 20 "-" "Mozilla/5.0 (Linux; Android 5.0) AppleWebKit/537.36 (KHTML, like Gecko) Mobile Safari/537.36 (compatible; Bytespider; spider-feedback@bytedance.com)"
66.249.70.33 - - [17/Apr/2026:00:28:57 +0330] "GET /page/510/?search=search_term_string&nocache=1766552233 HTTP/1.1" 200 27210 "-" "Mozilla/5.0 (Linux; Android 6.0.1; Nexus 5X Build/MMB29P) AppleWebKit/537.36 (KHTML, like Gecko) Chrome/146.0.7680.177 Mobile Safari/537.36 (compatible; Googlebot/2.1; +http://www.google.com/bot.html)"
5.215.64.183 - - [17/Apr/2026:00:28:53 +0330] "GET /cat/%d8%a2%d9%85%d9%88%d8%b2%d8%b4-%d8%ae%d8%a7%d9%86%d9%87-%d8%af%d8%a7%d8%b1%db%8c/ HTTP/2" 200 36966 "https://rozbano.com/free-tutorial-crochet-beautiful-baby/" "Mozilla/5.0 (Linux; Android 10; K) AppleWebKit/537.36 (KHTML, like Gecko) Chrome/145.0.0.0 Mobile Safari/537.36"
202.46.62.44 - - [17/Apr/2026:00:28:58 +0330] "GET /tag/%D8%B7%D8%B1%D8%B2-%D8%AA%D9%87%DB%8C%D9%87-%D8%AD%D9%84%D9%88%D8%A7%DB%8C-%D8%A2%D8%B1%D8%AF-%D9%86%D8%AE%D9%88%D8%AF%DA%86%DB%8C/feed/ HTTP/1.1" 200 1895 "-" "Mozilla/5.0 (Windows NT 10.0; Win64; x64) AppleWebKit/537.36 (KHTML, like Gecko) Chrome/133.0.6943.141 Safari/537.36"
62.60.201.135 - - [17/Apr/2026:00:29:03 +0330] "POST /wp-cron.php?doing_wp_cron=1776373143.7146630287170410156250 HTTP/1.1" 200 20 "-" "WordPress/6.9.4; https://rozbano.com"
5.215.64.183 - - [17/Apr/2026:00:29:01 +0330] "POST /free-tutorial-crochet-beautiful-baby/?nocache=1776372897 HTTP/2" 200 5974 "https://rozbano.com/free-tutorial-crochet-beautiful-baby/" "Mozilla/5.0 (Linux; Android 10; K) AppleWebKit/537.36 (KHTML, like Gecko) Chrome/145.0.0.0 Mobile Safari/537.36"
5.215.64.183 - - [17/Apr/2026:00:29:04 +0330] "GET /wp-content/uploads/2025/12/icon-user-cm.webp HTTP/2" 200 2724 "https://rozbano.com/free-tutorial-crochet-beautiful-baby/" "Mozilla/5.0 (Linux; Android 10; K) AppleWebKit/537.36 (KHTML, like Gecko) Chrome/145.0.0.0 Mobile Safari/537.36"
66.249.70.34 - - [17/Apr/2026:00:29:04 +0330] "GET /page/2/?search=%D8%AA%DB%8C%D9%86%D8%A7+%D8%A2%D8%AE%D9%88%D9%86%D8%AF%D8%AA%D8%A8%D8%A7%D8%B1&nocache=1766694932 HTTP/1.1" 200 28533 "-" "Mozilla/5.0 (Linux; Android 6.0.1; Nexus 5X Build/MMB29P) AppleWebKit/537.36 (KHTML, like Gecko) Chrome/146.0.7680.177 Mobile Safari/537.36 (compatible; Googlebot/2.1; +http://www.google.com/bot.html)"
5.215.64.183 - - [17/Apr/2026:00:29:04 +0330] "GET /cat/%d8%a8%db%8c%d9%88%da%af%d8%b1%d8%a7%d9%81%db%8c-%d9%88-%da%af%d8%a7%d9%84%d8%b1%db%8c-%d8%b9%da%a9%d8%b3/ HTTP/2" 200 37489 "https://rozbano.com/free-tutorial-crochet-beautiful-baby/" "Mozilla/5.0 (Linux; Android 10; K) AppleWebKit/537.36 (KHTML, like Gecko) Chrome/145.0.0.0 Mobile Safari/537.36"
5.215.64.183 - - [17/Apr/2026:00:29:10 +0330] "GET /free-crochet-tutorial-for-fall-hat/ HTTP/2" 200 36658 "https://rozbano.com/free-tutorial-crochet-beautiful-baby/" "Mozilla/5.0 (Linux; Android 10; K) AppleWebKit/537.36 (KHTML, like Gecko) Chrome/145.0.0.0 Mobile Safari/537.36"
66.249.70.38 - - [17/Apr/2026:00:29:14 +0330] "GET /page/509/?search=%D8%A8%DB%8C%D8%AA%D8%A7%20%D8%B3%D8%AD%D8%B1%D8%AE%DB%8C%D8%B2&nocache=1766292443 HTTP/1.1" 200 27260 "-" "Mozilla/5.0 (Linux; Android 6.0.1; Nexus 5X Build/MMB29P) AppleWebKit/537.36 (KHTML, like Gecko) Chrome/146.0.7680.177 Mobile Safari/537.36 (compatible; Googlebot/2.1; +http://www.google.com/bot.html)"
5.215.64.183 - - [17/Apr/2026:00:29:13 +0330] "POST /free-tutorial-crochet-beautiful-baby/?nocache=1776372897 HTTP/2" 200 4417 "https://rozbano.com/free-tutorial-crochet-beautiful-baby/" "Mozilla/5.0 (Linux; Android 10; K) AppleWebKit/537.36 (KHTML, like Gecko) Chrome/145.0.0.0 Mobile Safari/537.36"
5.215.64.183 - - [17/Apr/2026:00:29:16 +0330] "GET /wp-content/uploads/2016/07/how-to-prepare-chocolate-cake-and-apricot-04.webp HTTP/2" 200 22784 "https://rozbano.com/free-tutorial-crochet-beautiful-baby/" "Mozilla/5.0 (Linux; Android 10; K) AppleWebKit/537.36 (KHTML, like Gecko) Chrome/145.0.0.0 Mobile Safari/537.36"
5.215.64.183 - - [17/Apr/2026:00:29:16 +0330] "GET /wp-content/uploads/2026/04/tiramisu-recipe-original.webp HTTP/2" 200 22500 "https://rozbano.com/free-tutorial-crochet-beautiful-baby/" "Mozilla/5.0 (Linux; Android 10; K) AppleWebKit/537.36 (KHTML, like Gecko) Chrome/145.0.0.0 Mobile Safari/537.36"
5.215.64.183 - - [17/Apr/2026:00:29:16 +0330] "GET /wp-content/uploads/2016/07/the-most-effective-in-evening-dress-suit.webp HTTP/2" 200 13640 "https://rozbano.com/free-tutorial-crochet-beautiful-baby/" "Mozilla/5.0 (Linux; Android 10; K) AppleWebKit/537.36 (KHTML, like Gecko) Chrome/145.0.0.0 Mobile Safari/537.36"
5.215.64.183 - - [17/Apr/2026:00:29:16 +0330] "GET /wp-content/uploads/2016/07/how-to-prepare-pachyny-02.webp HTTP/2" 200 41944 "https://rozbano.com/free-tutorial-crochet-beautiful-baby/" "Mozilla/5.0 (Linux; Android 10; K) AppleWebKit/537.36 (KHTML, like Gecko) Chrome/145.0.0.0 Mobile Safari/537.36"
66.249.70.38 - - [17/Apr/2026:00:29:16 +0330] "GET /page/506/?search=%D8%B1%D8%B2+%D8%B1%D8%B6%D9%88%DB%8C&nocache=1766046431 HTTP/1.1" 200 27556 "-" "Mozilla/5.0 (Linux; Android 6.0.1; Nexus 5X Build/MMB29P) AppleWebKit/537.36 (KHTML, like Gecko) Chrome/146.0.7680.177 Mobile Safari/537.36 (compatible; Googlebot/2.1; +http://www.google.com/bot.html)"
5.215.64.183 - - [17/Apr/2026:00:29:16 +0330] "GET /autumn-kaftan-sewing-tutorial-at-home/ HTTP/2" 200 35838 "https://rozbano.com/free-tutorial-crochet-beautiful-baby/" "Mozilla/5.0 (Linux; Android 10; K) AppleWebKit/537.36 (KHTML, like Gecko) Chrome/145.0.0.0 Mobile Safari/537.36"
66.249.70.38 - - [17/Apr/2026:00:29:21 +0330] "GET /page/2/?search=search_term_string&nocache=1766510248 HTTP/1.1" 200 28918 "-" "Mozilla/5.0 (Linux; Android 6.0.1; Nexus 5X Build/MMB29P) AppleWebKit/537.36 (KHTML, like Gecko) Chrome/146.0.7680.177 Mobile Safari/537.36 (compatible; Googlebot/2.1; +http://www.google.com/bot.html)"
5.215.64.183 - - [17/Apr/2026:00:29:20 +0330] "GET /tutorial-sew-versatile-organizer-with-little-fabric/ HTTP/2" 200 35095 "https://rozbano.com/free-tutorial-crochet-beautiful-baby/" "Mozilla/5.0 (Linux; Android 10; K) AppleWebKit/537.36 (KHTML, like Gecko) Chrome/145.0.0.0 Mobile Safari/537.36"
66.249.70.38 - - [17/Apr/2026:00:29:23 +0330] "GET /education-knitting-section-3/?nocache=1774743141 HTTP/1.1" 200 29637 "-" "Mozilla/5.0 (Linux; Android 6.0.1; Nexus 5X Build/MMB29P) AppleWebKit/537.36 (KHTML, like Gecko) Chrome/146.0.7680.177 Mobile Safari/537.36 (compatible; Googlebot/2.1; +http://www.google.com/bot.html)"
5.160.18.99 - - [17/Apr/2026:00:28:50 +0330] "GET /wp-content/plugins/elementor/assets/js/shared-frontend-handlers.4c8abccc3e268b0767b2.bundle.min.js HTTP/2" 200 2542 "https://rozbano.com/suitable-fabric-for-womens-pantsuits/" "Mozilla/5.0 (Linux; Android 10; K) AppleWebKit/537.36 (KHTML, like Gecko) Chrome/145.0.0.0 Mobile Safari/537.36"
5.160.18.99 - - [17/Apr/2026:00:28:50 +0330] "GET /wp-content/plugins/elementor-pro/assets/js/share-buttons.63d984f8c96d1e053bc0.bundle.min.js HTTP/2" 200 690 "https://rozbano.com/suitable-fabric-for-womens-pantsuits/" "Mozilla/5.0 (Linux; Android 10; K) AppleWebKit/537.36 (KHTML, like Gecko) Chrome/145.0.0.0 Mobile Safari/537.36"
5.160.18.99 - - [17/Apr/2026:00:28:50 +0330] "GET /wp-content/plugins/elementor-pro/assets/js/nav-menu.0edc0c22e9f3101552ed.bundle.min.js HTTP/2" 200 1758 "https://rozbano.com/suitable-fabric-for-womens-pantsuits/" "Mozilla/5.0 (Linux; Android 10; K) AppleWebKit/537.36 (KHTML, like Gecko) Chrome/145.0.0.0 Mobile Safari/537.36"
5.160.18.99 - - [17/Apr/2026:00:28:50 +0330] "GET /wp-includes/js/wp-emoji-release.min.js?ver=6.9.4 HTTP/2" 200 4949 "https://rozbano.com/suitable-fabric-for-womens-pantsuits/" "Mozilla/5.0 (Linux; Android 10; K) AppleWebKit/537.36 (KHTML, like Gecko) Chrome/145.0.0.0 Mobile Safari/537.36"
5.160.18.99 - - [17/Apr/2026:00:28:50 +0330] "GET /wp-content/plugins/elementor/assets/lib/share-link/share-link.min.js?ver=3.32.3 HTTP/2" 200 1072 "https://rozbano.com/suitable-fabric-for-womens-pantsuits/" "Mozilla/5.0 (Linux; Android 10; K) AppleWebKit/537.36 (KHTML, like Gecko) Chrome/145.0.0.0 Mobile Safari/537.36"
66.249.70.32 - - [17/Apr/2026:00:28:51 +0330] "GET /page/507/?search=search_term_string&nocache=1766670524 HTTP/1.1" 200 28542 "-" "Mozilla/5.0 (Linux; Android 6.0.1; Nexus 5X Build/MMB29P) AppleWebKit/537.36 (KHTML, like Gecko) Chrome/146.0.7680.177 Mobile Safari/537.36 (compatible; Googlebot/2.1; +http://www.google.com/bot.html)"
66.249.70.32 - - [17/Apr/2026:00:28:55 +0330] "GET /page/5/?search=search_term_string&nocache=1766340619 HTTP/1.1" 200 27203 "-" "Mozilla/5.0 (Linux; Android 6.0.1; Nexus 5X Build/MMB29P) AppleWebKit/537.36 (KHTML, like Gecko) Chrome/146.0.7680.177 Mobile Safari/537.36 (compatible; Googlebot/2.1; +http://www.google.com/bot.html)"
40.77.178.193 - - [17/Apr/2026:00:28:58 +0330] "GET /wp-content/uploads/2025/12/IRANSansXFaNum-Regular.woff2 HTTP/2" 200 27012 "https://rozbano.com/wp-content/uploads/elementor/css/post-53138.css" "Mozilla/5.0 AppleWebKit/537.36 (KHTML, like Gecko; compatible; bingbot/2.0; +http://www.bing.com/bingbot.htm) Chrome/136.0.0.0 Safari/537.36"
207.46.13.155 - - [17/Apr/2026:00:29:00 +0330] "GET /wp-content/uploads/2025/05/Beautiful20and20attractive20feminine20footwear20texture-1.jpg HTTP/2" 200 30503 "-" "Mozilla/5.0 AppleWebKit/537.36 (KHTML, like Gecko; compatible; bingbot/2.0; +http://www.bing.com/bingbot.htm) Chrome/116.0.1938.76 Safari/537.36"
66.249.70.32 - - [17/Apr/2026:00:28:59 +0330] "GET /page/510/?search=search_term_string&nocache=1766208957 HTTP/1.1" 200 27372 "-" "Mozilla/5.0 (Linux; Android 6.0.1; Nexus 5X Build/MMB29P) AppleWebKit/537.36 (KHTML, like Gecko) Chrome/146.0.7680.177 Mobile Safari/537.36 (compatible; Googlebot/2.1; +http://www.google.com/bot.html)"
66.249.70.32 - - [17/Apr/2026:00:29:10 +0330] "GET /page/23/?nocache=1774076714 HTTP/1.1" 200 28819 "-" "Mozilla/5.0 (Linux; Android 6.0.1; Nexus 5X Build/MMB29P) AppleWebKit/537.36 (KHTML, like Gecko) Chrome/146.0.7680.177 Mobile Safari/537.36 (compatible; Googlebot/2.1; +http://www.google.com/bot.html)"
66.249.70.39 - - [17/Apr/2026:00:29:19 +0330] "GET /?p=30946181692503 HTTP/1.1" 200 29199 "-" "Mozilla/5.0 (Linux; Android 6.0.1; Nexus 5X Build/MMB29P) AppleWebKit/537.36 (KHTML, like Gecko) Chrome/146.0.7680.177 Mobile Safari/537.36 (compatible; GoogleOther)"
202.46.62.8 - - [17/Apr/2026:00:28:16 +0330] "POST /tag/%D8%A8%DB%8C%D9%88%DA%AF%D8%B1%D8%A7%D9%81%DB%8C-%D9%85%D9%87%D8%B1%D8%A7%D9%86-%D8%BA%D9%81%D9%88%D8%B1%DB%8C%D8%A7%D9%86/?nocache=1776373090 HTTP/1.1" 200 4409 "https://rozbano.com/tag/%D8%A8%DB%8C%D9%88%DA%AF%D8%B1%D8%A7%D9%81%DB%8C-%D9%85%D9%87%D8%B1%D8%A7%D9%86-%D8%BA%D9%81%D9%88%D8%B1%DB%8C%D8%A7%D9%86/" "Mozilla/5.0 (Windows NT 10.0; Win64; x64) AppleWebKit/537.36 (KHTML, like Gecko) Chrome/133.0.6943.141 Safari/537.36"
66.249.70.39 - - [17/Apr/2026:00:28:19 +0330] "GET /page/503/?search=search_term_string&nocache=1766578192 HTTP/1.1" 200 29244 "-" "Mozilla/5.0 (Linux; Android 6.0.1; Nexus 5X Build/MMB29P) AppleWebKit/537.36 (KHTML, like Gecko) Chrome/146.0.7680.177 Mobile Safari/537.36 (compatible; Googlebot/2.1; +http://www.google.com/bot.html)"
94.177.51.162 - - [17/Apr/2026:00:28:35 +0330] "GET /.git/config HTTP/1.0" 403 787 "-" "Mozilla/5.0 (SS; Linux i686) AppleWebKit/537.36 (KHTML, like Gecko) Chrome/140.0.0.0 Safari/537.36"
66.249.70.38 - - [17/Apr/2026:00:28:36 +0330] "GET /page/507/?search=search_term_string&nocache=1766196182 HTTP/1.1" 200 29218 "-" "Mozilla/5.0 (Linux; Android 6.0.1; Nexus 5X Build/MMB29P) AppleWebKit/537.36 (KHTML, like Gecko) Chrome/146.0.7680.177 Mobile Safari/537.36 (compatible; Googlebot/2.1; +http://www.google.com/bot.html)"
66.249.70.38 - - [17/Apr/2026:00:28:38 +0330] "GET /page/2/?search=search_term_string&nocache=1766372016 HTTP/1.1" 200 27912 "-" "Mozilla/5.0 (Linux; Android 6.0.1; Nexus 5X Build/MMB29P) AppleWebKit/537.36 (KHTML, like Gecko) Chrome/146.0.7680.177 Mobile Safari/537.36 (compatible; Googlebot/2.1; +http://www.google.com/bot.html)"
66.249.70.38 - - [17/Apr/2026:00:28:39 +0330] "GET /page/508/?search=%D8%AA%DB%8C%D9%86%D8%A7%20%D8%A2%D8%AE%D9%88%D9%86%D8%AF%D8%AA%D8%A8%D8%A7%D8%B1&nocache=1766294007 HTTP/1.1" 200 28223 "-" "Mozilla/5.0 (Linux; Android 6.0.1; Nexus 5X Build/MMB29P) AppleWebKit/537.36 (KHTML, like Gecko) Chrome/146.0.7680.177 Mobile Safari/537.36 (compatible; Googlebot/2.1; +http://www.google.com/bot.html)"
66.249.70.33 - - [17/Apr/2026:00:29:08 +0330] "GET /page/500/?search=search_term_string&nocache=1766578192 HTTP/1.1" 200 28188 "-" "Mozilla/5.0 (Linux; Android 6.0.1; Nexus 5X Build/MMB29P) AppleWebKit/537.36 (KHTML, like Gecko) Chrome/146.0.7680.177 Mobile Safari/537.36 (compatible; Googlebot/2.1; +http://www.google.com/bot.html)"
66.249.70.32 - - [17/Apr/2026:00:29:10 +0330] "GET /bazari-doogh-recipe/ HTTP/1.1" 200 28843 "-" "Mozilla/5.0 (Linux; Android 6.0.1; Nexus 5X Build/MMB29P) AppleWebKit/537.36 (KHTML, like Gecko) Chrome/146.0.7680.177 Mobile Safari/537.36 (compatible; Googlebot/2.1; +http://www.google.com/bot.html)"
66.249.70.38 - - [17/Apr/2026:00:29:28 +0330] "GET /page/6/?nocache=1766666326 HTTP/1.1" 200 28662 "-" "Mozilla/5.0 (Linux; Android 6.0.1; Nexus 5X Build/MMB29P) AppleWebKit/537.36 (KHTML, like Gecko) Chrome/146.0.7680.177 Mobile Safari/537.36 (compatible; Googlebot/2.1; +http://www.google.com/bot.html)"
66.249.70.33 - - [17/Apr/2026:00:29:30 +0330] "GET /page/506/?search=search_term_string&nocache=1765450885 HTTP/1.1" 200 27224 "-" "Mozilla/5.0 (Linux; Android 6.0.1; Nexus 5X Build/MMB29P) AppleWebKit/537.36 (KHTML, like Gecko) Chrome/146.0.7680.177 Mobile Safari/537.36 (compatible; Googlebot/2.1; +http://www.google.com/bot.html)"
66.249.70.38 - - [17/Apr/2026:00:29:31 +0330] "GET /page/500/?nocache=1775224200 HTTP/1.1" 200 28602 "-" "Mozilla/5.0 (Linux; Android 6.0.1; Nexus 5X Build/MMB29P) AppleWebKit/537.36 (KHTML, like Gecko) Chrome/146.0.7680.177 Mobile Safari/537.36 (compatible; Googlebot/2.1; +http://www.google.com/bot.html)"
66.249.70.33 - - [17/Apr/2026:00:29:32 +0330] "GET /page/508/?search=search_term_string&nocache=1766221220 HTTP/1.1" 200 27580 "-" "Mozilla/5.0 (Linux; Android 6.0.1; Nexus 5X Build/MMB29P) AppleWebKit/537.36 (KHTML, like Gecko) Chrome/146.0.7680.177 Mobile Safari/537.36 (compatible; Googlebot/2.1; +http://www.google.com/bot.html)"
66.249.70.38 - - [17/Apr/2026:00:29:24 +0330] "GET /page/506/?search=search_term_string&nocache=1765889711 HTTP/1.1" 200 27394 "-" "Mozilla/5.0 (Linux; Android 6.0.1; Nexus 5X Build/MMB29P) AppleWebKit/537.36 (KHTML, like Gecko) Chrome/146.0.7680.177 Mobile Safari/537.36 (compatible; Googlebot/2.1; +http://www.google.com/bot.html)"
66.249.70.38 - - [17/Apr/2026:00:29:26 +0330] "GET /?p=0104931993600 HTTP/1.1" 200 27991 "-" "Mozilla/5.0 (Linux; Android 6.0.1; Nexus 5X Build/MMB29P) AppleWebKit/537.36 (KHTML, like Gecko) Chrome/146.0.7680.177 Mobile Safari/537.36 (compatible; Googlebot/2.1; +http://www.google.com/bot.html)"
5.215.64.183 - - [17/Apr/2026:00:29:24 +0330] "GET /finger-doll/ HTTP/2" 200 33624 "https://rozbano.com/free-tutorial-crochet-beautiful-baby/" "Mozilla/5.0 (Linux; Android 10; K) AppleWebKit/537.36 (KHTML, like Gecko) Chrome/145.0.0.0 Mobile Safari/537.36"
66.249.70.38 - - [17/Apr/2026:00:29:27 +0330] "GET /page/5/?search=search_term_string&nocache=1765807338 HTTP/1.1" 200 29430 "-" "Mozilla/5.0 (Linux; Android 6.0.1; Nexus 5X Build/MMB29P) AppleWebKit/537.36 (KHTML, like Gecko) Chrome/146.0.7680.177 Mobile Safari/537.36 (compatible; Googlebot/2.1; +http://www.google.com/bot.html)"
5.215.64.183 - - [17/Apr/2026:00:29:27 +0330] "GET /laser-hair-loss/ HTTP/2" 200 41545 "https://rozbano.com/free-tutorial-crochet-beautiful-baby/" "Mozilla/5.0 (Linux; Android 10; K) AppleWebKit/537.36 (KHTML, like Gecko) Chrome/145.0.0.0 Mobile Safari/537.36"
47.128.115.51 - - [17/Apr/2026:00:29:30 +0330] "GET /learning-the-correct-wash-coats-and-tents/ HTTP/2" 200 33692 "-" "Mozilla/5.0 (Linux; Android 5.0) AppleWebKit/537.36 (KHTML, like Gecko) Mobile Safari/537.36 (compatible; TikTokSpider; ttspider-feedback@tiktok.com)"
47.128.115.51 - - [17/Apr/2026:00:29:35 +0330] "GET /wp-content/uploads/2025/05/rozbano-245-11.jpg HTTP/2" 206 500 "https://rozbano.com/learning-the-correct-wash-coats-and-tents/" "Mozilla/5.0 (Linux; Android 5.0) AppleWebKit/537.36 (KHTML, like Gecko) Mobile Safari/537.36 (compatible; TikTokSpider; ttspider-feedback@tiktok.com)"
5.215.64.183 - - [17/Apr/2026:00:29:31 +0330] "GET /purchase-and-maintenance-of-nuts-at-home/ HTTP/2" 200 37878 "https://rozbano.com/free-tutorial-crochet-beautiful-baby/" "Mozilla/5.0 (Linux; Android 10; K) AppleWebKit/537.36 (KHTML, like Gecko) Chrome/145.0.0.0 Mobile Safari/537.36"
47.128.115.51 - - [17/Apr/2026:00:29:35 +0330] "GET /wp-content/uploads/2025/05/rozbano-66_541246-150x90.jpg HTTP/2" 206 500 "https://rozbano.com/learning-the-correct-wash-coats-and-tents/" "Mozilla/5.0 (Linux; Android 5.0) AppleWebKit/537.36 (KHTML, like Gecko) Mobile Safari/537.36 (compatible; TikTokSpider; ttspider-feedback@tiktok.com)"
47.128.115.51 - - [17/Apr/2026:00:29:35 +0330] "GET /wp-content/uploads/2025/05/rozbano-55-8-150x139.jpg HTTP/2" 206 500 "https://rozbano.com/learning-the-correct-wash-coats-and-tents/" "Mozilla/5.0 (Linux; Android 5.0) AppleWebKit/537.36 (KHTML, like Gecko) Mobile Safari/537.36 (compatible; TikTokSpider; ttspider-feedback@tiktok.com)"
47.128.115.51 - - [17/Apr/2026:00:29:35 +0330] "GET /wp-content/uploads/2025/05/rozbano-126-19-150x147.jpg HTTP/2" 206 500 "https://rozbano.com/learning-the-correct-wash-coats-and-tents/" "Mozilla/5.0 (Linux; Android 5.0) AppleWebKit/537.36 (KHTML, like Gecko) Mobile Safari/537.36 (compatible; TikTokSpider; ttspider-feedback@tiktok.com)"
47.128.115.51 - - [17/Apr/2026:00:29:35 +0330] "GET /wp-content/uploads/2025/05/rozbano-22-9-150x93.jpg HTTP/2" 206 500 "https://rozbano.com/learning-the-correct-wash-coats-and-tents/" "Mozilla/5.0 (Linux; Android 5.0) AppleWebKit/537.36 (KHTML, like Gecko) Mobile Safari/537.36 (compatible; TikTokSpider; ttspider-feedback@tiktok.com)"
47.128.115.51 - - [17/Apr/2026:00:29:35 +0330] "GET /wp-content/uploads/2025/05/rozbano-195-18-150x105.jpg HTTP/2" 206 500 "https://rozbano.com/learning-the-correct-wash-coats-and-tents/" "Mozilla/5.0 (Linux; Android 5.0) AppleWebKit/537.36 (KHTML, like Gecko) Mobile Safari/537.36 (compatible; TikTokSpider; ttspider-feedback@tiktok.com)"
66.249.70.38 - - [17/Apr/2026:00:29:02 +0330] "GET /page/508/?search=search_term_string&nocache=1765955652 HTTP/1.1" 200 28382 "-" "Mozilla/5.0 (Linux; Android 6.0.1; Nexus 5X Build/MMB29P) AppleWebKit/537.36 (KHTML, like Gecko) Chrome/146.0.7680.177 Mobile Safari/537.36 (compatible; Googlebot/2.1; +http://www.google.com/bot.html)"
66.249.70.38 - - [17/Apr/2026:00:29:06 +0330] "GET /page/3/?search=%D8%B1%D8%B2+%D8%B1%D8%B6%D9%88%DB%8C&nocache=1766695822 HTTP/1.1" 200 28217 "-" "Mozilla/5.0 (Linux; Android 6.0.1; Nexus 5X Build/MMB29P) AppleWebKit/537.36 (KHTML, like Gecko) Chrome/146.0.7680.177 Mobile Safari/537.36 (compatible; Googlebot/2.1; +http://www.google.com/bot.html)"
66.249.70.39 - - [17/Apr/2026:00:29:13 +0330] "GET /page/2/?search=search_term_string&nocache=1765565178 HTTP/1.1" 200 29060 "-" "Mozilla/5.0 (Linux; Android 6.0.1; Nexus 5X Build/MMB29P) AppleWebKit/537.36 (KHTML, like Gecko) Chrome/146.0.7680.177 Mobile Safari/537.36 (compatible; Googlebot/2.1; +http://www.google.com/bot.html)"
66.249.70.39 - - [17/Apr/2026:00:29:14 +0330] "GET /page/3/?search=search_term_string&nocache=1765845099 HTTP/1.1" 200 27513 "-" "Mozilla/5.0 (Linux; Android 6.0.1; Nexus 5X Build/MMB29P) AppleWebKit/537.36 (KHTML, like Gecko) Chrome/146.0.7680.177 Mobile Safari/537.36 (compatible; Googlebot/2.1; +http://www.google.com/bot.html)"
23.98.142.183 - - [17/Apr/2026:00:29:14 +0330] "GET /products/detail/71606654 HTTP/2" 404 14073 "-" "Mozilla/5.0 AppleWebKit/537.36 (KHTML, like Gecko); compatible; ChatGPT-User/1.0; +https://openai.com/bot"
66.249.70.39 - - [17/Apr/2026:00:29:17 +0330] "GET /?p=27574122992302 HTTP/1.1" 200 28732 "-" "Mozilla/5.0 (Linux; Android 6.0.1; Nexus 5X Build/MMB29P) AppleWebKit/537.36 (KHTML, like Gecko) Chrome/146.0.7680.177 Mobile Safari/537.36 (compatible; Googlebot/2.1; +http://www.google.com/bot.html)"
