192.15.147.25 - - [17/Apr/2026:00:25:09 +0330] "GET /wp-content/plugins/elementor-pro/assets/js/elements-handlers.min.js?ver=3.32.3 HTTP/2" 200 10180 "https://rozbano.com/stylish-summer-manto-sewing-pattern/" "Mozilla/5.0 (Linux; Android 10; K) AppleWebKit/537.36 (KHTML, like Gecko) Chrome/144.0.0.0 Mobile Safari/537.36"
192.15.147.25 - - [17/Apr/2026:00:25:09 +0330] "GET /wp-content/plugins/elementor/assets/lib/swiper/v8/swiper.min.js?ver=8.4.5 HTTP/2" 200 38152 "https://rozbano.com/stylish-summer-manto-sewing-pattern/" "Mozilla/5.0 (Linux; Android 10; K) AppleWebKit/537.36 (KHTML, like Gecko) Chrome/144.0.0.0 Mobile Safari/537.36"
192.15.147.25 - - [17/Apr/2026:00:25:09 +0330] "GET /wp-content/uploads/2025/05/Rozbano-Logo-Web-Nima-new.webp HTTP/2" 200 2430 "https://rozbano.com/stylish-summer-manto-sewing-pattern/" "Mozilla/5.0 (Linux; Android 10; K) AppleWebKit/537.36 (KHTML, like Gecko) Chrome/144.0.0.0 Mobile Safari/537.36"
192.15.147.25 - - [17/Apr/2026:00:25:09 +0330] "GET /wp-content/uploads/2025/12/IRANSansXFaNum-Medium.woff2 HTTP/2" 200 28060 "https://rozbano.com/wp-content/uploads/elementor/css/post-53138.css?ver=1776365957" "Mozilla/5.0 (Linux; Android 10; K) AppleWebKit/537.36 (KHTML, like Gecko) Chrome/144.0.0.0 Mobile Safari/537.36"
192.15.147.25 - - [17/Apr/2026:00:25:09 +0330] "GET /wp-content/uploads/2025/12/IRANSansXFaNum-Regular.woff2 HTTP/2" 200 27012 "https://rozbano.com/wp-content/uploads/elementor/css/post-53138.css?ver=1776365957" "Mozilla/5.0 (Linux; Android 10; K) AppleWebKit/537.36 (KHTML, like Gecko) Chrome/144.0.0.0 Mobile Safari/537.36"
192.15.147.25 - - [17/Apr/2026:00:25:09 +0330] "GET /wp-content/uploads/2025/12/IRANSansXFaNum-Bold.woff2 HTTP/2" 200 28036 "https://rozbano.com/wp-content/uploads/elementor/css/post-53138.css?ver=1776365957" "Mozilla/5.0 (Linux; Android 10; K) AppleWebKit/537.36 (KHTML, like Gecko) Chrome/144.0.0.0 Mobile Safari/537.36"
192.15.147.25 - - [17/Apr/2026:00:25:09 +0330] "GET /wp-content/uploads/2025/12/IRANSansXFaNum-Black.woff2 HTTP/2" 200 26796 "https://rozbano.com/wp-content/uploads/elementor/css/post-53138.css?ver=1776365957" "Mozilla/5.0 (Linux; Android 10; K) AppleWebKit/537.36 (KHTML, like Gecko) Chrome/144.0.0.0 Mobile Safari/537.36"
192.15.147.25 - - [17/Apr/2026:00:25:09 +0330] "GET /wp-content/uploads/2025/10/Crochet-Kitchen-Napkin-Holder-Free-Tutorial.webp HTTP/2" 200 31990 "https://rozbano.com/stylish-summer-manto-sewing-pattern/" "Mozilla/5.0 (Linux; Android 10; K) AppleWebKit/537.36 (KHTML, like Gecko) Chrome/144.0.0.0 Mobile Safari/537.36"
192.15.147.25 - - [17/Apr/2026:00:25:09 +0330] "GET /wp-content/uploads/2025/10/Autumn-Kaftan-Sewing-Tutorial-at-Home.webp HTTP/2" 200 22110 "https://rozbano.com/stylish-summer-manto-sewing-pattern/" "Mozilla/5.0 (Linux; Android 10; K) AppleWebKit/537.36 (KHTML, like Gecko) Chrome/144.0.0.0 Mobile Safari/537.36"
192.15.147.25 - - [17/Apr/2026:00:25:09 +0330] "GET /wp-content/uploads/2025/05/320simple20ways20to20remove20black20mold20from20the20carpet-04.webp HTTP/2" 200 10972 "https://rozbano.com/stylish-summer-manto-sewing-pattern/" "Mozilla/5.0 (Linux; Android 10; K) AppleWebKit/537.36 (KHTML, like Gecko) Chrome/144.0.0.0 Mobile Safari/537.36"
192.15.147.25 - - [17/Apr/2026:00:25:09 +0330] "GET /wp-content/uploads/2025/05/Little20girl20doll-09.jpg HTTP/2" 200 11232 "https://rozbano.com/stylish-summer-manto-sewing-pattern/" "Mozilla/5.0 (Linux; Android 10; K) AppleWebKit/537.36 (KHTML, like Gecko) Chrome/144.0.0.0 Mobile Safari/537.36"
192.15.147.25 - - [17/Apr/2026:00:25:09 +0330] "GET /wp-content/uploads/2025/05/rozbano-174-12-300x201.jpg HTTP/2" 200 12767 "https://rozbano.com/stylish-summer-manto-sewing-pattern/" "Mozilla/5.0 (Linux; Android 10; K) AppleWebKit/537.36 (KHTML, like Gecko) Chrome/144.0.0.0 Mobile Safari/537.36"
192.15.147.25 - - [17/Apr/2026:00:25:09 +0330] "GET /wp-content/uploads/2025/05/rozbano-135-12.jpg HTTP/2" 200 15193 "https://rozbano.com/stylish-summer-manto-sewing-pattern/" "Mozilla/5.0 (Linux; Android 10; K) AppleWebKit/537.36 (KHTML, like Gecko) Chrome/144.0.0.0 Mobile Safari/537.36"
192.15.147.25 - - [17/Apr/2026:00:25:09 +0330] "GET /wp-content/uploads/2025/03/Crochet-Dish-Scrubber-Tutorial-sh.webp HTTP/2" 200 16094 "https://rozbano.com/stylish-summer-manto-sewing-pattern/" "Mozilla/5.0 (Linux; Android 10; K) AppleWebKit/537.36 (KHTML, like Gecko) Chrome/144.0.0.0 Mobile Safari/537.36"
192.15.147.25 - - [17/Apr/2026:00:25:09 +0330] "GET /wp-content/uploads/2025/05/Stylish20summer20manto20sewing20pattern-04.jpg HTTP/2" 200 23449 "https://rozbano.com/stylish-summer-manto-sewing-pattern/" "Mozilla/5.0 (Linux; Android 10; K) AppleWebKit/537.36 (KHTML, like Gecko) Chrome/144.0.0.0 Mobile Safari/537.36"
192.15.147.25 - - [17/Apr/2026:00:25:09 +0330] "GET /wp-content/uploads/2025/05/Stylish20summer20manto20sewing20pattern-05.jpg HTTP/2" 200 26181 "https://rozbano.com/stylish-summer-manto-sewing-pattern/" "Mozilla/5.0 (Linux; Android 10; K) AppleWebKit/537.36 (KHTML, like Gecko) Chrome/144.0.0.0 Mobile Safari/537.36"
192.15.147.25 - - [17/Apr/2026:00:25:09 +0330] "GET /wp-content/uploads/2025/05/Stylish20summer20manto20sewing20pattern-06.jpg HTTP/2" 200 21259 "https://rozbano.com/stylish-summer-manto-sewing-pattern/" "Mozilla/5.0 (Linux; Android 10; K) AppleWebKit/537.36 (KHTML, like Gecko) Chrome/144.0.0.0 Mobile Safari/537.36"
192.15.147.25 - - [17/Apr/2026:00:25:09 +0330] "GET /wp-content/uploads/2025/05/Stylish20summer20manto20sewing20pattern-07.jpg HTTP/2" 200 21955 "https://rozbano.com/stylish-summer-manto-sewing-pattern/" "Mozilla/5.0 (Linux; Android 10; K) AppleWebKit/537.36 (KHTML, like Gecko) Chrome/144.0.0.0 Mobile Safari/537.36"
192.15.147.25 - - [17/Apr/2026:00:25:09 +0330] "GET /wp-content/uploads/2025/05/Stylish20summer20manto20sewing20pattern-08.jpg HTTP/2" 200 17491 "https://rozbano.com/stylish-summer-manto-sewing-pattern/" "Mozilla/5.0 (Linux; Android 10; K) AppleWebKit/537.36 (KHTML, like Gecko) Chrome/144.0.0.0 Mobile Safari/537.36"
192.15.147.25 - - [17/Apr/2026:00:25:09 +0330] "GET /wp-content/uploads/2025/05/Stylish20summer20manto20sewing20pattern-09.jpg HTTP/2" 200 20399 "https://rozbano.com/stylish-summer-manto-sewing-pattern/" "Mozilla/5.0 (Linux; Android 10; K) AppleWebKit/537.36 (KHTML, like Gecko) Chrome/144.0.0.0 Mobile Safari/537.36"
66.249.70.34 - - [17/Apr/2026:00:24:57 +0330] "GET /?p=98231220456300 HTTP/1.1" 200 27576 "-" "Mozilla/5.0 (Linux; Android 6.0.1; Nexus 5X Build/MMB29P) AppleWebKit/537.36 (KHTML, like Gecko) Chrome/146.0.7680.177 Mobile Safari/537.36 (compatible; GoogleOther)"
66.249.70.33 - - [17/Apr/2026:00:24:58 +0330] "GET /?p=4651020039703 HTTP/1.1" 200 29319 "-" "Mozilla/5.0 (Linux; Android 6.0.1; Nexus 5X Build/MMB29P) AppleWebKit/537.36 (KHTML, like Gecko) Chrome/146.0.7680.177 Mobile Safari/537.36 (compatible; GoogleOther)"
62.60.201.135 - - [17/Apr/2026:00:25:07 +0330] "POST /wp-cron.php?doing_wp_cron=1776372907.4425599575042724609375 HTTP/1.1" 200 20 "-" "WordPress/6.9.4; https://rozbano.com"
66.249.70.33 - - [17/Apr/2026:00:25:09 +0330] "GET /page/509/?search=search_term_string&nocache=1766369987 HTTP/1.1" 200 29073 "-" "Mozilla/5.0 (Linux; Android 6.0.1; Nexus 5X Build/MMB29P) AppleWebKit/537.36 (KHTML, like Gecko) Chrome/146.0.7680.177 Mobile Safari/537.36 (compatible; Googlebot/2.1; +http://www.google.com/bot.html)"
5.122.127.128 - - [17/Apr/2026:00:25:09 +0330] "POST /crochet-stylish-and-trendy-mini-scarf-tutorial/?nocache=1776372843 HTTP/2" 200 4920 "https://rozbano.com/crochet-stylish-and-trendy-mini-scarf-tutorial/" "Mozilla/5.0 (Linux; Android 9; SM-A730F Build/PPR1.180610.011; wv) AppleWebKit/537.36 (KHTML, like Gecko) 4.0 Chrome/138.0.7204.179 Mobile Safari/537.36; bw4"
5.122.127.128 - - [17/Apr/2026:00:25:11 +0330] "GET /wp-content/uploads/2026/04/crochet-flower-scrubber-tutorial-02.webp HTTP/2" 200 21788 "https://rozbano.com/crochet-stylish-and-trendy-mini-scarf-tutorial/" "Mozilla/5.0 (Linux; Android 9; SM-A730F Build/PPR1.180610.011; wv) AppleWebKit/537.36 (KHTML, like Gecko) 4.0 Chrome/138.0.7204.179 Mobile Safari/537.36; bw4"
5.122.127.128 - - [17/Apr/2026:00:25:11 +0330] "GET /wp-content/uploads/2026/04/tie-hat-knitting-tutorial-03.webp HTTP/2" 200 9874 "https://rozbano.com/crochet-stylish-and-trendy-mini-scarf-tutorial/" "Mozilla/5.0 (Linux; Android 9; SM-A730F Build/PPR1.180610.011; wv) AppleWebKit/537.36 (KHTML, like Gecko) 4.0 Chrome/138.0.7204.179 Mobile Safari/537.36; bw4"
5.122.127.128 - - [17/Apr/2026:00:25:11 +0330] "GET /wp-content/uploads/2026/04/crochet-flower-scrubby-tutorial.webp HTTP/2" 200 25296 "https://rozbano.com/crochet-stylish-and-trendy-mini-scarf-tutorial/" "Mozilla/5.0 (Linux; Android 9; SM-A730F Build/PPR1.180610.011; wv) AppleWebKit/537.36 (KHTML, like Gecko) 4.0 Chrome/138.0.7204.179 Mobile Safari/537.36; bw4"
5.122.127.128 - - [17/Apr/2026:00:25:11 +0330] "GET /wp-content/uploads/2026/02/Free-tutorial-crochet-triple-crochet-pattern.webp HTTP/2" 200 53318 "https://rozbano.com/crochet-stylish-and-trendy-mini-scarf-tutorial/" "Mozilla/5.0 (Linux; Android 9; SM-A730F Build/PPR1.180610.011; wv) AppleWebKit/537.36 (KHTML, like Gecko) 4.0 Chrome/138.0.7204.179 Mobile Safari/537.36; bw4"
5.122.127.128 - - [17/Apr/2026:00:25:11 +0330] "GET /wp-content/uploads/2026/02/Free-tutorial-sewing-coat-with-lace-combination-04.webp HTTP/2" 200 26780 "https://rozbano.com/crochet-stylish-and-trendy-mini-scarf-tutorial/" "Mozilla/5.0 (Linux; Android 9; SM-A730F Build/PPR1.180610.011; wv) AppleWebKit/537.36 (KHTML, like Gecko) 4.0 Chrome/138.0.7204.179 Mobile Safari/537.36; bw4"
5.122.127.128 - - [17/Apr/2026:00:25:11 +0330] "GET /wp-content/uploads/2026/02/Free-tutorial-crochet-beautiful-flower.webp HTTP/2" 200 32450 "https://rozbano.com/crochet-stylish-and-trendy-mini-scarf-tutorial/" "Mozilla/5.0 (Linux; Android 9; SM-A730F Build/PPR1.180610.011; wv) AppleWebKit/537.36 (KHTML, like Gecko) 4.0 Chrome/138.0.7204.179 Mobile Safari/537.36; bw4"
5.122.127.128 - - [17/Apr/2026:00:25:11 +0330] "GET /wp-content/uploads/2026/03/steering-wheel-cover-crochet-tutorial-01.webp HTTP/2" 200 29978 "https://rozbano.com/crochet-stylish-and-trendy-mini-scarf-tutorial/" "Mozilla/5.0 (Linux; Android 9; SM-A730F Build/PPR1.180610.011; wv) AppleWebKit/537.36 (KHTML, like Gecko) 4.0 Chrome/138.0.7204.179 Mobile Safari/537.36; bw4"
66.249.70.33 - - [17/Apr/2026:00:24:44 +0330] "GET /page/2/?search=%D8%B1%D8%B2+%D8%B1%D8%B6%D9%88%DB%8C&nocache=1766046431 HTTP/1.1" 200 28707 "-" "Mozilla/5.0 (Linux; Android 6.0.1; Nexus 5X Build/MMB29P) AppleWebKit/537.36 (KHTML, like Gecko) Chrome/146.0.7680.177 Mobile Safari/537.36 (compatible; Googlebot/2.1; +http://www.google.com/bot.html)"
66.249.70.34 - - [17/Apr/2026:00:24:46 +0330] "GET /?p=21836216002206 HTTP/1.1" 200 29212 "-" "Mozilla/5.0 (Linux; Android 6.0.1; Nexus 5X Build/MMB29P) AppleWebKit/537.36 (KHTML, like Gecko) Chrome/146.0.7680.177 Mobile Safari/537.36 (compatible; Googlebot/2.1; +http://www.google.com/bot.html)"
66.249.70.34 - - [17/Apr/2026:00:24:49 +0330] "GET /page/510/?search=%D8%AA%DB%8C%D9%86%D8%A7%20%D8%A2%D8%AE%D9%88%D9%86%D8%AF%D8%AA%D8%A8%D8%A7%D8%B1&nocache=1766553484 HTTP/1.1" 200 27362 "-" "Mozilla/5.0 (Linux; Android 6.0.1; Nexus 5X Build/MMB29P) AppleWebKit/537.36 (KHTML, like Gecko) Chrome/146.0.7680.177 Mobile Safari/537.36 (compatible; Googlebot/2.1; +http://www.google.com/bot.html)"
94.177.51.162 - - [17/Apr/2026:00:24:56 +0330] "GET / HTTP/1.0" 301 0 "-" "Mozilla/5.0"
66.249.70.33 - - [17/Apr/2026:00:25:02 +0330] "GET /page/510/?search=search_term_string&nocache=1766798831 HTTP/1.1" 200 28893 "-" "Mozilla/5.0 (Linux; Android 6.0.1; Nexus 5X Build/MMB29P) AppleWebKit/537.36 (KHTML, like Gecko) Chrome/146.0.7680.177 Mobile Safari/537.36 (compatible; Googlebot/2.1; +http://www.google.com/bot.html)"
66.249.70.34 - - [17/Apr/2026:00:25:03 +0330] "GET /products/detail/58333129 HTTP/1.1" 200 28986 "-" "Mozilla/5.0 (Linux; Android 6.0.1; Nexus 5X Build/MMB29P) AppleWebKit/537.36 (KHTML, like Gecko) Chrome/146.0.7680.177 Mobile Safari/537.36 (compatible; Googlebot/2.1; +http://www.google.com/bot.html)"
202.46.62.65 - - [17/Apr/2026:00:25:07 +0330] "GET /wp-content/uploads/2025/05/Mosaic20model20texture.jpg HTTP/2" 200 40527 "-" "Mozilla/5.0 (Windows NT 10.0; Win64; x64) AppleWebKit/537.36 (KHTML, like Gecko) Chrome/133.0.6943.141 Safari/537.36"
66.249.70.39 - - [17/Apr/2026:00:25:07 +0330] "GET /page/4/?search=search_term_string&nocache=1766741513 HTTP/1.1" 200 28003 "-" "Mozilla/5.0 (Linux; Android 6.0.1; Nexus 5X Build/MMB29P) AppleWebKit/537.36 (KHTML, like Gecko) Chrome/146.0.7680.177 Mobile Safari/537.36 (compatible; Googlebot/2.1; +http://www.google.com/bot.html)"
66.249.70.38 - - [17/Apr/2026:00:25:08 +0330] "GET /page/505/?search=%D8%A8%DB%8C%D8%AA%D8%A7%20%D8%B3%D8%AD%D8%B1%D8%AE%DB%8C%D8%B2&nocache=1766748000 HTTP/1.1" 200 27552 "-" "Mozilla/5.0 (Linux; Android 6.0.1; Nexus 5X Build/MMB29P) AppleWebKit/537.36 (KHTML, like Gecko) Chrome/146.0.7680.177 Mobile Safari/537.36 (compatible; Googlebot/2.1; +http://www.google.com/bot.html)"
66.249.70.38 - - [17/Apr/2026:00:25:09 +0330] "GET /page/505/?search=search_term_string&nocache=1766376713 HTTP/1.1" 200 28547 "-" "Mozilla/5.0 (Linux; Android 6.0.1; Nexus 5X Build/MMB29P) AppleWebKit/537.36 (KHTML, like Gecko) Chrome/146.0.7680.177 Mobile Safari/537.36 (compatible; Googlebot/2.1; +http://www.google.com/bot.html)"
66.249.70.39 - - [17/Apr/2026:00:25:10 +0330] "GET /page/506/?search=%D8%A8%DB%8C%D8%AA%D8%A7+%D8%B3%D8%AD%D8%B1%D8%AE%DB%8C%D8%B2&nocache=1766678355 HTTP/1.1" 200 27915 "-" "Mozilla/5.0 (Linux; Android 6.0.1; Nexus 5X Build/MMB29P) AppleWebKit/537.36 (KHTML, like Gecko) Chrome/146.0.7680.177 Mobile Safari/537.36 (compatible; Googlebot/2.1; +http://www.google.com/bot.html)"
66.249.70.39 - - [17/Apr/2026:00:25:13 +0330] "GET /page/506/?search=%D8%AA%DB%8C%D9%86%D8%A7+%D8%A2%D8%AE%D9%88%D9%86%D8%AF%D8%AA%D8%A8%D8%A7%D8%B1&nocache=1766360922 HTTP/1.1" 200 28906 "-" "Mozilla/5.0 (Linux; Android 6.0.1; Nexus 5X Build/MMB29P) AppleWebKit/537.36 (KHTML, like Gecko) Chrome/146.0.7680.177 Mobile Safari/537.36 (compatible; Googlebot/2.1; +http://www.google.com/bot.html)"
202.46.62.103 - - [17/Apr/2026:00:25:13 +0330] "GET /wp-content/uploads/2025/05/rozbano-69-2-3.jpg HTTP/1.1" 200 44833 "-" "Mozilla/5.0 (Windows NT 10.0; Win64; x64) AppleWebKit/537.36 (KHTML, like Gecko) Chrome/133.0.6943.141 Safari/537.36"
66.249.70.38 - - [17/Apr/2026:00:25:15 +0330] "GET /page/4/?search=%D8%AA%DB%8C%D9%86%D8%A7+%D8%A2%D8%AE%D9%88%D9%86%D8%AF%D8%AA%D8%A8%D8%A7%D8%B1&nocache=1766360922 HTTP/1.1" 200 28889 "-" "Mozilla/5.0 (Linux; Android 6.0.1; Nexus 5X Build/MMB29P) AppleWebKit/537.36 (KHTML, like Gecko) Chrome/146.0.7680.177 Mobile Safari/537.36 (compatible; Googlebot/2.1; +http://www.google.com/bot.html)"
66.249.70.38 - - [17/Apr/2026:00:25:19 +0330] "GET /page/4/?search=search_term_string&nocache=1765807338 HTTP/1.1" 200 27321 "-" "Mozilla/5.0 (Linux; Android 6.0.1; Nexus 5X Build/MMB29P) AppleWebKit/537.36 (KHTML, like Gecko) Chrome/146.0.7680.177 Mobile Safari/537.36 (compatible; Googlebot/2.1; +http://www.google.com/bot.html)"
66.249.70.38 - - [17/Apr/2026:00:25:20 +0330] "GET /page/5/?search=search_term_string&nocache=1766326976 HTTP/1.1" 200 31054 "-" "Mozilla/5.0 (Linux; Android 6.0.1; Nexus 5X Build/MMB29P) AppleWebKit/537.36 (KHTML, like Gecko) Chrome/146.0.7680.177 Mobile Safari/537.36 (compatible; Googlebot/2.1; +http://www.google.com/bot.html)"
83.122.53.92 - - [17/Apr/2026:00:25:26 +0330] "GET /diy-knitted-hair-bow-tutorial-for-beginners/ HTTP/2" 200 34041 "https://zarebin.ir/" "Mozilla/5.0 (Linux; Android 10; K) AppleWebKit/537.36 (KHTML, like Gecko) Chrome/145.0.0.0 Mobile Safari/537.36"
83.122.53.92 - - [17/Apr/2026:00:25:29 +0330] "GET /wp-includes/css/dist/block-library/style-rtl.min.css?ver=6.9.4 HTTP/2" 200 14838 "https://rozbano.com/diy-knitted-hair-bow-tutorial-for-beginners/" "Mozilla/5.0 (Linux; Android 10; K) AppleWebKit/537.36 (KHTML, like Gecko) Chrome/145.0.0.0 Mobile Safari/537.36"
83.122.53.92 - - [17/Apr/2026:00:25:29 +0330] "GET /wp-content/plugins/jet-engine/assets/css/frontend.css?ver=3.7.10 HTTP/2" 200 8353 "https://rozbano.com/diy-knitted-hair-bow-tutorial-for-beginners/" "Mozilla/5.0 (Linux; Android 10; K) AppleWebKit/537.36 (KHTML, like Gecko) Chrome/145.0.0.0 Mobile Safari/537.36"
83.122.53.92 - - [17/Apr/2026:00:25:29 +0330] "GET /wp-content/themes/hello-elementor/style.css?ver=6.9.4 HTTP/2" 200 561 "https://rozbano.com/diy-knitted-hair-bow-tutorial-for-beginners/" "Mozilla/5.0 (Linux; Android 10; K) AppleWebKit/537.36 (KHTML, like Gecko) Chrome/145.0.0.0 Mobile Safari/537.36"
83.122.53.92 - - [17/Apr/2026:00:25:29 +0330] "GET /wp-content/plugins/elementor/assets/css/frontend-rtl.min.css?ver=3.32.3 HTTP/2" 200 6537 "https://rozbano.com/diy-knitted-hair-bow-tutorial-for-beginners/" "Mozilla/5.0 (Linux; Android 10; K) AppleWebKit/537.36 (KHTML, like Gecko) Chrome/145.0.0.0 Mobile Safari/537.36"
83.122.53.92 - - [17/Apr/2026:00:25:29 +0330] "GET /wp-content/plugins/elementor/assets/css/widget-image-rtl.min.css?ver=3.32.3 HTTP/2" 200 119 "https://rozbano.com/diy-knitted-hair-bow-tutorial-for-beginners/" "Mozilla/5.0 (Linux; Android 10; K) AppleWebKit/537.36 (KHTML, like Gecko) Chrome/145.0.0.0 Mobile Safari/537.36"
83.122.53.92 - - [17/Apr/2026:00:25:29 +0330] "GET /wp-content/plugins/elementor/assets/css/widget-social-icons-rtl.min.css?ver=3.32.3 HTTP/2" 200 1069 "https://rozbano.com/diy-knitted-hair-bow-tutorial-for-beginners/" "Mozilla/5.0 (Linux; Android 10; K) AppleWebKit/537.36 (KHTML, like Gecko) Chrome/145.0.0.0 Mobile Safari/537.36"
83.122.53.92 - - [17/Apr/2026:00:25:29 +0330] "GET /wp-content/plugins/elementor/assets/css/conditionals/apple-webkit.min.css?ver=3.32.3 HTTP/2" 200 472 "https://rozbano.com/diy-knitted-hair-bow-tutorial-for-beginners/" "Mozilla/5.0 (Linux; Android 10; K) AppleWebKit/537.36 (KHTML, like Gecko) Chrome/145.0.0.0 Mobile Safari/537.36"
83.122.53.92 - - [17/Apr/2026:00:25:29 +0330] "GET /wp-content/plugins/elementor-pro/assets/css/modules/sticky.min.css?ver=3.32.3 HTTP/2" 200 162 "https://rozbano.com/diy-knitted-hair-bow-tutorial-for-beginners/" "Mozilla/5.0 (Linux; Android 10; K) AppleWebKit/537.36 (KHTML, like Gecko) Chrome/145.0.0.0 Mobile Safari/537.36"
83.122.53.92 - - [17/Apr/2026:00:25:29 +0330] "GET /wp-content/plugins/elementor/assets/css/widget-heading-rtl.min.css?ver=3.32.3 HTTP/2" 200 154 "https://rozbano.com/diy-knitted-hair-bow-tutorial-for-beginners/" "Mozilla/5.0 (Linux; Android 10; K) AppleWebKit/537.36 (KHTML, like Gecko) Chrome/145.0.0.0 Mobile Safari/537.36"
83.122.53.92 - - [17/Apr/2026:00:25:29 +0330] "GET /wp-content/plugins/elementor/assets/css/widget-icon-box-rtl.min.css?ver=3.32.3 HTTP/2" 200 422 "https://rozbano.com/diy-knitted-hair-bow-tutorial-for-beginners/" "Mozilla/5.0 (Linux; Android 10; K) AppleWebKit/537.36 (KHTML, like Gecko) Chrome/145.0.0.0 Mobile Safari/537.36"
83.122.53.92 - - [17/Apr/2026:00:25:29 +0330] "GET /wp-content/plugins/elementor/assets/lib/swiper/v8/css/swiper.min.css?ver=8.4.5 HTTP/2" 200 4248 "https://rozbano.com/diy-knitted-hair-bow-tutorial-for-beginners/" "Mozilla/5.0 (Linux; Android 10; K) AppleWebKit/537.36 (KHTML, like Gecko) Chrome/145.0.0.0 Mobile Safari/537.36"
83.122.53.92 - - [17/Apr/2026:00:25:29 +0330] "GET /wp-content/plugins/elementor/assets/css/conditionals/e-swiper.min.css?ver=3.32.3 HTTP/2" 200 699 "https://rozbano.com/diy-knitted-hair-bow-tutorial-for-beginners/" "Mozilla/5.0 (Linux; Android 10; K) AppleWebKit/537.36 (KHTML, like Gecko) Chrome/145.0.0.0 Mobile Safari/537.36"
83.122.53.92 - - [17/Apr/2026:00:25:29 +0330] "GET /wp-content/plugins/elementor-pro/assets/css/widget-post-info-rtl.min.css?ver=3.32.3 HTTP/2" 200 165 "https://rozbano.com/diy-knitted-hair-bow-tutorial-for-beginners/" "Mozilla/5.0 (Linux; Android 10; K) AppleWebKit/537.36 (KHTML, like Gecko) Chrome/145.0.0.0 Mobile Safari/537.36"
83.122.53.92 - - [17/Apr/2026:00:25:29 +0330] "GET /wp-content/plugins/elementor/assets/css/widget-icon-list-rtl.min.css?ver=3.32.3 HTTP/2" 200 963 "https://rozbano.com/diy-knitted-hair-bow-tutorial-for-beginners/" "Mozilla/5.0 (Linux; Android 10; K) AppleWebKit/537.36 (KHTML, like Gecko) Chrome/145.0.0.0 Mobile Safari/537.36"
83.122.53.92 - - [17/Apr/2026:00:25:29 +0330] "GET /wp-content/plugins/elementor-pro/assets/css/widget-share-buttons-rtl.min.css?ver=3.32.3 HTTP/2" 200 2144 "https://rozbano.com/diy-knitted-hair-bow-tutorial-for-beginners/" "Mozilla/5.0 (Linux; Android 10; K) AppleWebKit/537.36 (KHTML, like Gecko) Chrome/145.0.0.0 Mobile Safari/537.36"
83.122.53.92 - - [17/Apr/2026:00:25:29 +0330] "GET /wp-content/plugins/elementor-pro/assets/css/widget-post-navigation-rtl.min.css?ver=3.32.3 HTTP/2" 200 494 "https://rozbano.com/diy-knitted-hair-bow-tutorial-for-beginners/" "Mozilla/5.0 (Linux; Android 10; K) AppleWebKit/537.36 (KHTML, like Gecko) Chrome/145.0.0.0 Mobile Safari/537.36"
83.122.53.92 - - [17/Apr/2026:00:25:29 +0330] "GET /wp-content/uploads/elementor/css/post-53138.css?ver=1776365957 HTTP/2" 200 3019 "https://rozbano.com/diy-knitted-hair-bow-tutorial-for-beginners/" "Mozilla/5.0 (Linux; Android 10; K) AppleWebKit/537.36 (KHTML, like Gecko) Chrome/145.0.0.0 Mobile Safari/537.36"
83.122.53.92 - - [17/Apr/2026:00:25:29 +0330] "GET /wp-content/uploads/elementor/css/post-53143.css?ver=1776365957 HTTP/2" 200 462 "https://rozbano.com/diy-knitted-hair-bow-tutorial-for-beginners/" "Mozilla/5.0 (Linux; Android 10; K) AppleWebKit/537.36 (KHTML, like Gecko) Chrome/145.0.0.0 Mobile Safari/537.36"
83.122.53.92 - - [17/Apr/2026:00:25:29 +0330] "GET /wp-content/uploads/elementor/css/post-53145.css?ver=1776365957 HTTP/2" 200 1694 "https://rozbano.com/diy-knitted-hair-bow-tutorial-for-beginners/" "Mozilla/5.0 (Linux; Android 10; K) AppleWebKit/537.36 (KHTML, like Gecko) Chrome/145.0.0.0 Mobile Safari/537.36"
83.122.53.92 - - [17/Apr/2026:00:25:29 +0330] "GET /wp-content/uploads/elementor/css/post-53177.css?ver=1776365957 HTTP/2" 200 440 "https://rozbano.com/diy-knitted-hair-bow-tutorial-for-beginners/" "Mozilla/5.0 (Linux; Android 10; K) AppleWebKit/537.36 (KHTML, like Gecko) Chrome/145.0.0.0 Mobile Safari/537.36"
83.122.53.92 - - [17/Apr/2026:00:25:29 +0330] "GET /wp-content/uploads/elementor/css/post-53178.css?ver=1776365957 HTTP/2" 200 415 "https://rozbano.com/diy-knitted-hair-bow-tutorial-for-beginners/" "Mozilla/5.0 (Linux; Android 10; K) AppleWebKit/537.36 (KHTML, like Gecko) Chrome/145.0.0.0 Mobile Safari/537.36"
83.122.53.92 - - [17/Apr/2026:00:25:29 +0330] "GET /wp-content/uploads/elementor/css/post-53316.css?ver=1776365957 HTTP/2" 200 418 "https://rozbano.com/diy-knitted-hair-bow-tutorial-for-beginners/" "Mozilla/5.0 (Linux; Android 10; K) AppleWebKit/537.36 (KHTML, like Gecko) Chrome/145.0.0.0 Mobile Safari/537.36"
83.122.53.92 - - [17/Apr/2026:00:25:29 +0330] "GET /wp-content/uploads/elementor/css/post-53157.css?ver=1776365962 HTTP/2" 200 2256 "https://rozbano.com/diy-knitted-hair-bow-tutorial-for-beginners/" "Mozilla/5.0 (Linux; Android 10; K) AppleWebKit/537.36 (KHTML, like Gecko) Chrome/145.0.0.0 Mobile Safari/537.36"
83.122.53.92 - - [17/Apr/2026:00:25:29 +0330] "GET /wp-content/uploads/elementor/css/post-53179.css?ver=1776365962 HTTP/2" 200 523 "https://rozbano.com/diy-knitted-hair-bow-tutorial-for-beginners/" "Mozilla/5.0 (Linux; Android 10; K) AppleWebKit/537.36 (KHTML, like Gecko) Chrome/145.0.0.0 Mobile Safari/537.36"
83.122.53.92 - - [17/Apr/2026:00:25:29 +0330] "GET /wp-content/plugins/elementor-pro/abzarwp/fonts/all/css/fonts.css?ver=123456 HTTP/2" 200 2919 "https://rozbano.com/diy-knitted-hair-bow-tutorial-for-beginners/" "Mozilla/5.0 (Linux; Android 10; K) AppleWebKit/537.36 (KHTML, like Gecko) Chrome/145.0.0.0 Mobile Safari/537.36"
83.122.53.92 - - [17/Apr/2026:00:25:29 +0330] "GET /wp-content/uploads/elementor/css/post-53149.css?ver=1776365962 HTTP/2" 200 1333 "https://rozbano.com/diy-knitted-hair-bow-tutorial-for-beginners/" "Mozilla/5.0 (Linux; Android 10; K) AppleWebKit/537.36 (KHTML, like Gecko) Chrome/145.0.0.0 Mobile Safari/537.36"
83.122.53.92 - - [17/Apr/2026:00:25:29 +0330] "GET /wp-content/uploads/elementor/css/post-53181.css?ver=1776365963 HTTP/2" 200 413 "https://rozbano.com/diy-knitted-hair-bow-tutorial-for-beginners/" "Mozilla/5.0 (Linux; Android 10; K) AppleWebKit/537.36 (KHTML, like Gecko) Chrome/145.0.0.0 Mobile Safari/537.36"
83.122.53.92 - - [17/Apr/2026:00:25:29 +0330] "GET /wp-content/uploads/elementor/css/post-53234.css?ver=1776365963 HTTP/2" 200 414 "https://rozbano.com/diy-knitted-hair-bow-tutorial-for-beginners/" "Mozilla/5.0 (Linux; Android 10; K) AppleWebKit/537.36 (KHTML, like Gecko) Chrome/145.0.0.0 Mobile Safari/537.36"
83.122.53.92 - - [17/Apr/2026:00:25:29 +0330] "GET /wp-content/uploads/elementor/css/post-53180.css?ver=1776365963 HTTP/2" 200 636 "https://rozbano.com/diy-knitted-hair-bow-tutorial-for-beginners/" "Mozilla/5.0 (Linux; Android 10; K) AppleWebKit/537.36 (KHTML, like Gecko) Chrome/145.0.0.0 Mobile Safari/537.36"
83.122.53.92 - - [17/Apr/2026:00:25:29 +0330] "GET /wp-content/plugins/elementor-pro/assets/css/widget-nav-menu-rtl.min.css?ver=3.32.3 HTTP/2" 200 3246 "https://rozbano.com/diy-knitted-hair-bow-tutorial-for-beginners/" "Mozilla/5.0 (Linux; Android 10; K) AppleWebKit/537.36 (KHTML, like Gecko) Chrome/145.0.0.0 Mobile Safari/537.36"
83.122.53.92 - - [17/Apr/2026:00:25:29 +0330] "GET /wp-content/plugins/elementor-pro/assets/css/conditionals/ribbon.min.css?ver=3.32.3 HTTP/2" 200 250 "https://rozbano.com/diy-knitted-hair-bow-tutorial-for-beginners/" "Mozilla/5.0 (Linux; Android 10; K) AppleWebKit/537.36 (KHTML, like Gecko) Chrome/145.0.0.0 Mobile Safari/537.36"
83.122.53.92 - - [17/Apr/2026:00:25:29 +0330] "GET /wp-content/plugins/elementor-pro/assets/css/widget-call-to-action-rtl.min.css?ver=3.32.3 HTTP/2" 200 1211 "https://rozbano.com/diy-knitted-hair-bow-tutorial-for-beginners/" "Mozilla/5.0 (Linux; Android 10; K) AppleWebKit/537.36 (KHTML, like Gecko) Chrome/145.0.0.0 Mobile Safari/537.36"
83.122.53.92 - - [17/Apr/2026:00:25:29 +0330] "GET /wp-content/plugins/elementor-pro/assets/css/conditionals/transitions.min.css?ver=3.32.3 HTTP/2" 200 599 "https://rozbano.com/diy-knitted-hair-bow-tutorial-for-beginners/" "Mozilla/5.0 (Linux; Android 10; K) AppleWebKit/537.36 (KHTML, like Gecko) Chrome/145.0.0.0 Mobile Safari/537.36"
83.122.53.92 - - [17/Apr/2026:00:25:29 +0330] "GET /wp-includes/js/jquery/jquery.min.js?ver=3.7.1 HTTP/2" 200 29744 "https://rozbano.com/diy-knitted-hair-bow-tutorial-for-beginners/" "Mozilla/5.0 (Linux; Android 10; K) AppleWebKit/537.36 (KHTML, like Gecko) Chrome/145.0.0.0 Mobile Safari/537.36"
83.122.53.92 - - [17/Apr/2026:00:25:29 +0330] "GET /wp-includes/js/jquery/jquery-migrate.min.js?ver=3.4.1 HTTP/2" 200 4678 "https://rozbano.com/diy-knitted-hair-bow-tutorial-for-beginners/" "Mozilla/5.0 (Linux; Android 10; K) AppleWebKit/537.36 (KHTML, like Gecko) Chrome/145.0.0.0 Mobile Safari/537.36"
83.122.53.92 - - [17/Apr/2026:00:25:29 +0330] "GET /wp-content/uploads/2025/05/DIY20Knitted20Hair20Bow20Tutorial20for20Beginners-01.webp HTTP/2" 200 9182 "https://rozbano.com/diy-knitted-hair-bow-tutorial-for-beginners/" "Mozilla/5.0 (Linux; Android 10; K) AppleWebKit/537.36 (KHTML, like Gecko) Chrome/145.0.0.0 Mobile Safari/537.36"
83.122.53.92 - - [17/Apr/2026:00:25:29 +0330] "GET /wp-content/uploads/2025/05/DIY20Knitted20Hair20Bow20Tutorial20for20Beginners.webp HTTP/2" 200 22542 "https://rozbano.com/diy-knitted-hair-bow-tutorial-for-beginners/" "Mozilla/5.0 (Linux; Android 10; K) AppleWebKit/537.36 (KHTML, like Gecko) Chrome/145.0.0.0 Mobile Safari/537.36"
83.122.53.92 - - [17/Apr/2026:00:25:29 +0330] "GET /wp-content/plugins/elementor/assets/js/webpack.runtime.min.js?ver=3.32.3 HTTP/2" 200 2320 "https://rozbano.com/diy-knitted-hair-bow-tutorial-for-beginners/" "Mozilla/5.0 (Linux; Android 10; K) AppleWebKit/537.36 (KHTML, like Gecko) Chrome/145.0.0.0 Mobile Safari/537.36"
83.122.53.92 - - [17/Apr/2026:00:25:30 +0330] "GET /wp-content/plugins/elementor/assets/js/frontend-modules.min.js?ver=3.32.3 HTTP/2" 200 17962 "https://rozbano.com/diy-knitted-hair-bow-tutorial-for-beginners/" "Mozilla/5.0 (Linux; Android 10; K) AppleWebKit/537.36 (KHTML, like Gecko) Chrome/145.0.0.0 Mobile Safari/537.36"
83.122.53.92 - - [17/Apr/2026:00:25:30 +0330] "GET /wp-includes/js/jquery/ui/core.min.js?ver=1.13.3 HTTP/2" 200 6812 "https://rozbano.com/diy-knitted-hair-bow-tutorial-for-beginners/" "Mozilla/5.0 (Linux; Android 10; K) AppleWebKit/537.36 (KHTML, like Gecko) Chrome/145.0.0.0 Mobile Safari/537.36"
83.122.53.92 - - [17/Apr/2026:00:25:30 +0330] "GET /wp-content/plugins/elementor/assets/js/frontend.min.js?ver=3.32.3 HTTP/2" 200 10165 "https://rozbano.com/diy-knitted-hair-bow-tutorial-for-beginners/" "Mozilla/5.0 (Linux; Android 10; K) AppleWebKit/537.36 (KHTML, like Gecko) Chrome/145.0.0.0 Mobile Safari/537.36"
83.122.53.92 - - [17/Apr/2026:00:25:30 +0330] "GET /wp-content/plugins/elementor-pro/assets/lib/sticky/jquery.sticky.min.js?ver=3.32.3 HTTP/2" 200 1442 "https://rozbano.com/diy-knitted-hair-bow-tutorial-for-beginners/" "Mozilla/5.0 (Linux; Android 10; K) AppleWebKit/537.36 (KHTML, like Gecko) Chrome/145.0.0.0 Mobile Safari/537.36"
83.122.53.92 - - [17/Apr/2026:00:25:30 +0330] "GET /wp-content/plugins/elementor/assets/lib/swiper/v8/swiper.min.js?ver=8.4.5 HTTP/2" 200 38152 "https://rozbano.com/diy-knitted-hair-bow-tutorial-for-beginners/" "Mozilla/5.0 (Linux; Android 10; K) AppleWebKit/537.36 (KHTML, like Gecko) Chrome/145.0.0.0 Mobile Safari/537.36"
83.122.53.92 - - [17/Apr/2026:00:25:30 +0330] "GET /wp-content/plugins/elementor-pro/assets/lib/smartmenus/jquery.smartmenus.min.js?ver=1.2.1 HTTP/2" 200 6867 "https://rozbano.com/diy-knitted-hair-bow-tutorial-for-beginners/" "Mozilla/5.0 (Linux; Android 10; K) AppleWebKit/537.36 (KHTML, like Gecko) Chrome/145.0.0.0 Mobile Safari/537.36"
83.122.53.92 - - [17/Apr/2026:00:25:30 +0330] "GET /wp-content/plugins/jet-engine/assets/lib/jet-plugins/jet-plugins.js?ver=1.1.0 HTTP/2" 200 2190 "https://rozbano.com/diy-knitted-hair-bow-tutorial-for-beginners/" "Mozilla/5.0 (Linux; Android 10; K) AppleWebKit/537.36 (KHTML, like Gecko) Chrome/145.0.0.0 Mobile Safari/537.36"
83.122.53.92 - - [17/Apr/2026:00:25:30 +0330] "GET /wp-content/plugins/jet-engine/assets/js/frontend.js?ver=3.7.10 HTTP/2" 200 15312 "https://rozbano.com/diy-knitted-hair-bow-tutorial-for-beginners/" "Mozilla/5.0 (Linux; Android 10; K) AppleWebKit/537.36 (KHTML, like Gecko) Chrome/145.0.0.0 Mobile Safari/537.36"
83.122.53.92 - - [17/Apr/2026:00:25:30 +0330] "GET /wp-content/plugins/elementor-pro/assets/js/webpack-pro.runtime.min.js?ver=3.32.3 HTTP/2" 200 2622 "https://rozbano.com/diy-knitted-hair-bow-tutorial-for-beginners/" "Mozilla/5.0 (Linux; Android 10; K) AppleWebKit/537.36 (KHTML, like Gecko) Chrome/145.0.0.0 Mobile Safari/537.36"
83.122.53.92 - - [17/Apr/2026:00:25:30 +0330] "GET /wp-includes/js/dist/hooks.min.js?ver=dd5603f07f9220ed27f1 HTTP/2" 200 1852 "https://rozbano.com/diy-knitted-hair-bow-tutorial-for-beginners/" "Mozilla/5.0 (Linux; Android 10; K) AppleWebKit/537.36 (KHTML, like Gecko) Chrome/145.0.0.0 Mobile Safari/537.36"
83.122.53.92 - - [17/Apr/2026:00:25:30 +0330] "GET /wp-includes/js/dist/i18n.min.js?ver=c26c3dc7bed366793375 HTTP/2" 200 2119 "https://rozbano.com/diy-knitted-hair-bow-tutorial-for-beginners/" "Mozilla/5.0 (Linux; Android 10; K) AppleWebKit/537.36 (KHTML, like Gecko) Chrome/145.0.0.0 Mobile Safari/537.36"
83.122.53.92 - - [17/Apr/2026:00:25:30 +0330] "GET /wp-content/plugins/elementor-pro/assets/js/frontend.min.js?ver=3.32.3 HTTP/2" 200 6321 "https://rozbano.com/diy-knitted-hair-bow-tutorial-for-beginners/" "Mozilla/5.0 (Linux; Android 10; K) AppleWebKit/537.36 (KHTML, like Gecko) Chrome/145.0.0.0 Mobile Safari/537.36"
83.122.53.92 - - [17/Apr/2026:00:25:30 +0330] "GET /wp-content/plugins/elementor-pro/assets/js/elements-handlers.min.js?ver=3.32.3 HTTP/2" 200 10180 "https://rozbano.com/diy-knitted-hair-bow-tutorial-for-beginners/" "Mozilla/5.0 (Linux; Android 10; K) AppleWebKit/537.36 (KHTML, like Gecko) Chrome/145.0.0.0 Mobile Safari/537.36"
83.122.53.92 - - [17/Apr/2026:00:25:30 +0330] "GET /wp-content/uploads/2025/05/Rozbano-Logo-Web-Nima-new.webp HTTP/2" 200 2430 "https://rozbano.com/diy-knitted-hair-bow-tutorial-for-beginners/" "Mozilla/5.0 (Linux; Android 10; K) AppleWebKit/537.36 (KHTML, like Gecko) Chrome/145.0.0.0 Mobile Safari/537.36"
83.122.53.92 - - [17/Apr/2026:00:25:30 +0330] "GET /wp-content/uploads/2025/10/Free-crochet-tutorial-for-fall-hat-01-150x150.webp HTTP/2" 200 9544 "https://rozbano.com/diy-knitted-hair-bow-tutorial-for-beginners/" "Mozilla/5.0 (Linux; Android 10; K) AppleWebKit/537.36 (KHTML, like Gecko) Chrome/145.0.0.0 Mobile Safari/537.36"
83.122.53.92 - - [17/Apr/2026:00:25:30 +0330] "GET /wp-content/uploads/2025/11/free-crochet-candy-bath-towel-tutorial-01-150x150.webp HTTP/2" 200 5848 "https://rozbano.com/diy-knitted-hair-bow-tutorial-for-beginners/" "Mozilla/5.0 (Linux; Android 10; K) AppleWebKit/537.36 (KHTML, like Gecko) Chrome/145.0.0.0 Mobile Safari/537.36"
83.122.53.92 - - [17/Apr/2026:00:25:30 +0330] "GET /wp-content/uploads/2025/10/Crochet-Kitchen-Napkin-Holder-Free-Tutorial-150x150.webp HTTP/2" 200 5200 "https://rozbano.com/diy-knitted-hair-bow-tutorial-for-beginners/" "Mozilla/5.0 (Linux; Android 10; K) AppleWebKit/537.36 (KHTML, like Gecko) Chrome/145.0.0.0 Mobile Safari/537.36"
83.122.53.92 - - [17/Apr/2026:00:25:30 +0330] "GET /wp-content/uploads/2025/10/Autumn-Kaftan-Sewing-Tutorial-at-Home-150x150.webp HTTP/2" 200 5616 "https://rozbano.com/diy-knitted-hair-bow-tutorial-for-beginners/" "Mozilla/5.0 (Linux; Android 10; K) AppleWebKit/537.36 (KHTML, like Gecko) Chrome/145.0.0.0 Mobile Safari/537.36"
83.122.53.92 - - [17/Apr/2026:00:25:30 +0330] "GET /wp-content/uploads/2025/10/Free-tutorial-sew-versatile-organizer-01-150x150.webp HTTP/2" 200 3474 "https://rozbano.com/diy-knitted-hair-bow-tutorial-for-beginners/" "Mozilla/5.0 (Linux; Android 10; K) AppleWebKit/537.36 (KHTML, like Gecko) Chrome/145.0.0.0 Mobile Safari/537.36"
83.122.53.92 - - [17/Apr/2026:00:25:30 +0330] "GET /wp-content/uploads/2025/10/tutorial-sew-versatile-organizer-with-little-fabric-01-150x150.webp HTTP/2" 200 8812 "https://rozbano.com/diy-knitted-hair-bow-tutorial-for-beginners/" "Mozilla/5.0 (Linux; Android 10; K) AppleWebKit/537.36 (KHTML, like Gecko) Chrome/145.0.0.0 Mobile Safari/537.36"
83.122.53.92 - - [17/Apr/2026:00:25:30 +0330] "GET /wp-content/uploads/2025/05/rozbano-190-16-150x150.jpg HTTP/2" 200 4573 "https://rozbano.com/diy-knitted-hair-bow-tutorial-for-beginners/" "Mozilla/5.0 (Linux; Android 10; K) AppleWebKit/537.36 (KHTML, like Gecko) Chrome/145.0.0.0 Mobile Safari/537.36"
83.122.53.92 - - [17/Apr/2026:00:25:30 +0330] "GET /wp-content/uploads/2025/05/rozbano-298-4-1-124x150.jpg HTTP/2" 200 3160 "https://rozbano.com/diy-knitted-hair-bow-tutorial-for-beginners/" "Mozilla/5.0 (Linux; Android 10; K) AppleWebKit/537.36 (KHTML, like Gecko) Chrome/145.0.0.0 Mobile Safari/537.36"
83.122.53.92 - - [17/Apr/2026:00:25:30 +0330] "GET /wp-content/uploads/2025/05/Raccoon20Felt-22-150x139.jpg HTTP/2" 200 6552 "https://rozbano.com/diy-knitted-hair-bow-tutorial-for-beginners/" "Mozilla/5.0 (Linux; Android 10; K) AppleWebKit/537.36 (KHTML, like Gecko) Chrome/145.0.0.0 Mobile Safari/537.36"
83.122.53.92 - - [17/Apr/2026:00:25:30 +0330] "GET /wp-content/uploads/2025/05/rozbano-425-1-1-150x150.jpg HTTP/2" 200 6457 "https://rozbano.com/diy-knitted-hair-bow-tutorial-for-beginners/" "Mozilla/5.0 (Linux; Android 10; K) AppleWebKit/537.36 (KHTML, like Gecko) Chrome/145.0.0.0 Mobile Safari/537.36"
83.122.53.92 - - [17/Apr/2026:00:25:30 +0330] "GET /wp-content/uploads/2025/05/Nut20cake20recipe-01-150x139.webp HTTP/2" 200 8516 "https://rozbano.com/diy-knitted-hair-bow-tutorial-for-beginners/" "Mozilla/5.0 (Linux; Android 10; K) AppleWebKit/537.36 (KHTML, like Gecko) Chrome/145.0.0.0 Mobile Safari/537.36"
83.122.53.92 - - [17/Apr/2026:00:25:30 +0330] "GET /wp-content/uploads/2025/05/rozbano-147-17-150x150.jpg HTTP/2" 200 5287 "https://rozbano.com/diy-knitted-hair-bow-tutorial-for-beginners/" "Mozilla/5.0 (Linux; Android 10; K) AppleWebKit/537.36 (KHTML, like Gecko) Chrome/145.0.0.0 Mobile Safari/537.36"
83.122.53.92 - - [17/Apr/2026:00:25:30 +0330] "GET /wp-includes/js/comment-reply.min.js?ver=6.9.4 HTTP/2" 200 1247 "https://rozbano.com/diy-knitted-hair-bow-tutorial-for-beginners/" "Mozilla/5.0 (Linux; Android 10; K) AppleWebKit/537.36 (KHTML, like Gecko) Chrome/145.0.0.0 Mobile Safari/537.36"
66.249.70.38 - - [17/Apr/2026:00:25:29 +0330] "GET /page/501/?search=%D8%AA%DB%8C%D9%86%D8%A7+%D8%A2%D8%AE%D9%88%D9%86%D8%AF%D8%AA%D8%A8%D8%A7%D8%B1&nocache=1766284785 HTTP/1.1" 200 28164 "-" "Mozilla/5.0 (Linux; Android 6.0.1; Nexus 5X Build/MMB29P) AppleWebKit/537.36 (KHTML, like Gecko) Chrome/146.0.7680.177 Mobile Safari/537.36 (compatible; Googlebot/2.1; +http://www.google.com/bot.html)"
83.122.53.92 - - [17/Apr/2026:00:25:30 +0330] "GET /wp-content/uploads/2025/12/IRANSansXFaNum-Medium.woff2 HTTP/2" 200 28060 "https://rozbano.com/wp-content/uploads/elementor/css/post-53138.css?ver=1776365957" "Mozilla/5.0 (Linux; Android 10; K) AppleWebKit/537.36 (KHTML, like Gecko) Chrome/145.0.0.0 Mobile Safari/537.36"
83.122.53.92 - - [17/Apr/2026:00:25:30 +0330] "GET /wp-content/uploads/2025/12/IRANSansXFaNum-Regular.woff2 HTTP/2" 200 27012 "https://rozbano.com/wp-content/uploads/elementor/css/post-53138.css?ver=1776365957" "Mozilla/5.0 (Linux; Android 10; K) AppleWebKit/537.36 (KHTML, like Gecko) Chrome/145.0.0.0 Mobile Safari/537.36"
192.15.147.25 - - [17/Apr/2026:00:25:09 +0330] "GET /wp-content/uploads/2025/05/Stylish20summer20manto20sewing20pattern-10.jpg HTTP/2" 200 20936 "https://rozbano.com/stylish-summer-manto-sewing-pattern/" "Mozilla/5.0 (Linux; Android 10; K) AppleWebKit/537.36 (KHTML, like Gecko) Chrome/144.0.0.0 Mobile Safari/537.36"
192.15.147.25 - - [17/Apr/2026:00:25:09 +0330] "GET /wp-includes/js/comment-reply.min.js?ver=6.9.4 HTTP/2" 200 1247 "https://rozbano.com/stylish-summer-manto-sewing-pattern/" "Mozilla/5.0 (Linux; Android 10; K) AppleWebKit/537.36 (KHTML, like Gecko) Chrome/144.0.0.0 Mobile Safari/537.36"
47.128.115.251 - - [17/Apr/2026:00:25:10 +0330] "GET /wp-content/uploads/2025/05/rozbano-70-8-111x150.jpg HTTP/2" 206 4553 "https://rozbano.com/knitte-Knotted-screw-tutorial/" "Mozilla/5.0 (Linux; Android 5.0) AppleWebKit/537.36 (KHTML, like Gecko) Mobile Safari/537.36 (compatible; TikTokSpider; ttspider-feedback@tiktok.com)"
192.15.147.25 - - [17/Apr/2026:00:25:09 +0330] "GET /wp-content/uploads/2016/07/four-steps-to-transform-stress-into-success-01.webp HTTP/2" 200 35464 "https://rozbano.com/stylish-summer-manto-sewing-pattern/" "Mozilla/5.0 (Linux; Android 10; K) AppleWebKit/537.36 (KHTML, like Gecko) Chrome/144.0.0.0 Mobile Safari/537.36"
192.15.147.25 - - [17/Apr/2026:00:25:09 +0330] "GET /wp-content/uploads/2025/10/Free-crochet-tutorial-for-fall-hat-01.webp HTTP/2" 200 72884 "https://rozbano.com/stylish-summer-manto-sewing-pattern/" "Mozilla/5.0 (Linux; Android 10; K) AppleWebKit/537.36 (KHTML, like Gecko) Chrome/144.0.0.0 Mobile Safari/537.36"
192.15.147.25 - - [17/Apr/2026:00:25:09 +0330] "GET /wp-content/uploads/2025/11/free-crochet-candy-bath-towel-tutorial-01.webp HTTP/2" 200 34422 "https://rozbano.com/stylish-summer-manto-sewing-pattern/" "Mozilla/5.0 (Linux; Android 10; K) AppleWebKit/537.36 (KHTML, like Gecko) Chrome/144.0.0.0 Mobile Safari/537.36"
192.15.147.25 - - [17/Apr/2026:00:25:09 +0330] "GET /wp-content/uploads/2025/10/Free-tutorial-sew-versatile-organizer-01.webp HTTP/2" 200 21366 "https://rozbano.com/stylish-summer-manto-sewing-pattern/" "Mozilla/5.0 (Linux; Android 10; K) AppleWebKit/537.36 (KHTML, like Gecko) Chrome/144.0.0.0 Mobile Safari/537.36"
192.15.147.25 - - [17/Apr/2026:00:25:09 +0330] "GET /wp-content/uploads/2025/10/tutorial-sew-versatile-organizer-with-little-fabric-01.webp HTTP/2" 200 64330 "https://rozbano.com/stylish-summer-manto-sewing-pattern/" "Mozilla/5.0 (Linux; Android 10; K) AppleWebKit/537.36 (KHTML, like Gecko) Chrome/144.0.0.0 Mobile Safari/537.36"
192.15.147.25 - - [17/Apr/2026:00:25:10 +0330] "GET /wp-content/plugins/elementor/assets/js/shared-frontend-handlers.4c8abccc3e268b0767b2.bundle.min.js HTTP/2" 200 2542 "https://rozbano.com/stylish-summer-manto-sewing-pattern/" "Mozilla/5.0 (Linux; Android 10; K) AppleWebKit/537.36 (KHTML, like Gecko) Chrome/144.0.0.0 Mobile Safari/537.36"
192.15.147.25 - - [17/Apr/2026:00:25:10 +0330] "GET /wp-content/plugins/elementor-pro/assets/js/share-buttons.63d984f8c96d1e053bc0.bundle.min.js HTTP/2" 200 690 "https://rozbano.com/stylish-summer-manto-sewing-pattern/" "Mozilla/5.0 (Linux; Android 10; K) AppleWebKit/537.36 (KHTML, like Gecko) Chrome/144.0.0.0 Mobile Safari/537.36"
192.15.147.25 - - [17/Apr/2026:00:25:10 +0330] "GET /wp-content/plugins/elementor-pro/assets/js/nav-menu.0edc0c22e9f3101552ed.bundle.min.js HTTP/2" 200 1758 "https://rozbano.com/stylish-summer-manto-sewing-pattern/" "Mozilla/5.0 (Linux; Android 10; K) AppleWebKit/537.36 (KHTML, like Gecko) Chrome/144.0.0.0 Mobile Safari/537.36"
192.15.147.25 - - [17/Apr/2026:00:25:10 +0330] "GET /wp-content/plugins/elementor/assets/lib/share-link/share-link.min.js?ver=3.32.3 HTTP/2" 200 1072 "https://rozbano.com/stylish-summer-manto-sewing-pattern/" "Mozilla/5.0 (Linux; Android 10; K) AppleWebKit/537.36 (KHTML, like Gecko) Chrome/144.0.0.0 Mobile Safari/537.36"
83.122.53.92 - - [17/Apr/2026:00:25:30 +0330] "GET /wp-content/uploads/2025/12/IRANSansXFaNum-Bold.woff2 HTTP/2" 200 28036 "https://rozbano.com/wp-content/uploads/elementor/css/post-53138.css?ver=1776365957" "Mozilla/5.0 (Linux; Android 10; K) AppleWebKit/537.36 (KHTML, like Gecko) Chrome/145.0.0.0 Mobile Safari/537.36"
83.122.53.92 - - [17/Apr/2026:00:25:30 +0330] "GET /wp-content/uploads/2025/12/IRANSansXFaNum-Black.woff2 HTTP/2" 200 26796 "https://rozbano.com/wp-content/uploads/elementor/css/post-53138.css?ver=1776365957" "Mozilla/5.0 (Linux; Android 10; K) AppleWebKit/537.36 (KHTML, like Gecko) Chrome/145.0.0.0 Mobile Safari/537.36"
66.249.70.38 - - [17/Apr/2026:00:25:30 +0330] "GET /page/506/?search=search_term_string&nocache=1766447565 HTTP/1.1" 200 29997 "-" "Mozilla/5.0 (Linux; Android 6.0.1; Nexus 5X Build/MMB29P) AppleWebKit/537.36 (KHTML, like Gecko) Chrome/146.0.7680.177 Mobile Safari/537.36 (compatible; Googlebot/2.1; +http://www.google.com/bot.html)"
83.122.53.92 - - [17/Apr/2026:00:25:31 +0330] "GET /wp-content/plugins/elementor/assets/js/shared-frontend-handlers.4c8abccc3e268b0767b2.bundle.min.js HTTP/2" 200 2542 "https://rozbano.com/diy-knitted-hair-bow-tutorial-for-beginners/" "Mozilla/5.0 (Linux; Android 10; K) AppleWebKit/537.36 (KHTML, like Gecko) Chrome/145.0.0.0 Mobile Safari/537.36"
83.122.53.92 - - [17/Apr/2026:00:25:32 +0330] "GET /wp-content/plugins/elementor-pro/assets/js/share-buttons.63d984f8c96d1e053bc0.bundle.min.js HTTP/2" 200 690 "https://rozbano.com/diy-knitted-hair-bow-tutorial-for-beginners/" "Mozilla/5.0 (Linux; Android 10; K) AppleWebKit/537.36 (KHTML, like Gecko) Chrome/145.0.0.0 Mobile Safari/537.36"
83.122.53.92 - - [17/Apr/2026:00:25:32 +0330] "GET /wp-content/plugins/elementor-pro/assets/js/nav-menu.0edc0c22e9f3101552ed.bundle.min.js HTTP/2" 200 1758 "https://rozbano.com/diy-knitted-hair-bow-tutorial-for-beginners/" "Mozilla/5.0 (Linux; Android 10; K) AppleWebKit/537.36 (KHTML, like Gecko) Chrome/145.0.0.0 Mobile Safari/537.36"
83.122.53.92 - - [17/Apr/2026:00:25:32 +0330] "GET /wp-content/plugins/elementor/assets/lib/share-link/share-link.min.js?ver=3.32.3 HTTP/2" 200 1072 "https://rozbano.com/diy-knitted-hair-bow-tutorial-for-beginners/" "Mozilla/5.0 (Linux; Android 10; K) AppleWebKit/537.36 (KHTML, like Gecko) Chrome/145.0.0.0 Mobile Safari/537.36"
66.249.70.32 - - [17/Apr/2026:00:25:31 +0330] "GET /page/3/?search=%D8%B3%D8%A7%D8%B1%D9%87+%D8%A8%DB%8C%D8%A7%D8%AA&nocache=1765641154 HTTP/1.1" 200 27591 "-" "Mozilla/5.0 (Linux; Android 6.0.1; Nexus 5X Build/MMB29P) AppleWebKit/537.36 (KHTML, like Gecko) Chrome/146.0.7680.177 Mobile Safari/537.36 (compatible; Googlebot/2.1; +http://www.google.com/bot.html)"
83.122.53.92 - - [17/Apr/2026:00:25:32 +0330] "GET /wp-includes/js/wp-emoji-release.min.js?ver=6.9.4 HTTP/2" 200 4949 "https://rozbano.com/diy-knitted-hair-bow-tutorial-for-beginners/" "Mozilla/5.0 (Linux; Android 10; K) AppleWebKit/537.36 (KHTML, like Gecko) Chrome/145.0.0.0 Mobile Safari/537.36"
66.249.70.38 - - [17/Apr/2026:00:25:32 +0330] "GET /?search=%D8%AA%DB%8C%D9%86%D8%A7%20%D8%A2%D8%AE%D9%88%D9%86%D8%AF%D8%AA%D8%A8%D8%A7%D8%B1&nocache=1774254301 HTTP/1.1" 200 29305 "-" "Mozilla/5.0 (Linux; Android 6.0.1; Nexus 5X Build/MMB29P) AppleWebKit/537.36 (KHTML, like Gecko) Chrome/146.0.7680.177 Mobile Safari/537.36 (compatible; Googlebot/2.1; +http://www.google.com/bot.html)"
66.249.70.38 - - [17/Apr/2026:00:25:33 +0330] "GET /page/7/?search=search_term_string&nocache=1773339500 HTTP/1.1" 200 27877 "-" "Mozilla/5.0 (Linux; Android 6.0.1; Nexus 5X Build/MMB29P) AppleWebKit/537.36 (KHTML, like Gecko) Chrome/146.0.7680.177 Mobile Safari/537.36 (compatible; Googlebot/2.1; +http://www.google.com/bot.html)"
66.249.70.32 - - [17/Apr/2026:00:25:34 +0330] "GET /?p=0550438955703 HTTP/1.1" 200 28266 "-" "Mozilla/5.0 (Linux; Android 6.0.1; Nexus 5X Build/MMB29P) AppleWebKit/537.36 (KHTML, like Gecko) Chrome/146.0.7680.177 Mobile Safari/537.36 (compatible; Googlebot/2.1; +http://www.google.com/bot.html)"
5.122.127.128 - - [17/Apr/2026:00:25:11 +0330] "GET /wp-content/uploads/2026/02/Free-size-sewing-blowing-tutorial-at-home-02.webp HTTP/2" 200 28700 "https://rozbano.com/crochet-stylish-and-trendy-mini-scarf-tutorial/" "Mozilla/5.0 (Linux; Android 9; SM-A730F Build/PPR1.180610.011; wv) AppleWebKit/537.36 (KHTML, like Gecko) 4.0 Chrome/138.0.7204.179 Mobile Safari/537.36; bw4"
5.122.127.128 - - [17/Apr/2026:00:25:10 +0330] "GET /tag/%d8%a8%d8%a7%d9%81%d8%aa-%d9%85%db%8c%d9%86%db%8c-%d8%a7%d8%b3%da%a9%d8%a7%d8%b1%d9%81-%d8%b3%d8%a7%d8%af%d9%87/ HTTP/2" 200 28621 "https://rozbano.com/crochet-stylish-and-trendy-mini-scarf-tutorial/" "Mozilla/5.0 (Linux; Android 9; SM-A730F Build/PPR1.180610.011; wv) AppleWebKit/537.36 (KHTML, like Gecko) Version/4.0 Chrome/138.0.7204.179 Mobile Safari/537.36"
66.249.70.39 - - [17/Apr/2026:00:25:19 +0330] "GET /products/detail/185274523 HTTP/1.1" 200 27766 "-" "Mozilla/5.0 (Linux; Android 6.0.1; Nexus 5X Build/MMB29P) AppleWebKit/537.36 (KHTML, like Gecko) Chrome/146.0.7680.177 Mobile Safari/537.36 (compatible; Googlebot/2.1; +http://www.google.com/bot.html)"
103.75.126.223 - - [17/Apr/2026:00:25:19 +0330] "GET /manager/html HTTP/1.0" 301 20 "-" "Mozilla/5.0 zgrab/0.x"
103.75.126.223 - - [17/Apr/2026:00:25:22 +0330] "GET /manager/html HTTP/1.0" 404 14059 "-" "Mozilla/5.0 zgrab/0.x"
66.249.70.39 - - [17/Apr/2026:00:25:34 +0330] "GET /page/510/?search=search_term_string&nocache=1765578561 HTTP/1.1" 200 31238 "-" "Mozilla/5.0 (Linux; Android 6.0.1; Nexus 5X Build/MMB29P) AppleWebKit/537.36 (KHTML, like Gecko) Chrome/146.0.7680.177 Mobile Safari/537.36 (compatible; Googlebot/2.1; +http://www.google.com/bot.html)"
66.249.70.39 - - [17/Apr/2026:00:25:36 +0330] "GET /page/5/?search=search_term_string&nocache=1765836763 HTTP/1.1" 200 28909 "-" "Mozilla/5.0 (Linux; Android 6.0.1; Nexus 5X Build/MMB29P) AppleWebKit/537.36 (KHTML, like Gecko) Chrome/146.0.7680.177 Mobile Safari/537.36 (compatible; Googlebot/2.1; +http://www.google.com/bot.html)"
66.249.70.38 - - [17/Apr/2026:00:25:41 +0330] "GET /page/5/?search=search_term_string&nocache=1766753872 HTTP/1.1" 200 27738 "-" "Mozilla/5.0 (Linux; Android 6.0.1; Nexus 5X Build/MMB29P) AppleWebKit/537.36 (KHTML, like Gecko) Chrome/146.0.7680.177 Mobile Safari/537.36 (compatible; Googlebot/2.1; +http://www.google.com/bot.html)"
66.249.70.34 - - [17/Apr/2026:00:25:44 +0330] "GET /?p=65155154489300 HTTP/1.1" 200 28670 "-" "Mozilla/5.0 (Linux; Android 6.0.1; Nexus 5X Build/MMB29P) AppleWebKit/537.36 (KHTML, like Gecko) Chrome/146.0.7680.177 Mobile Safari/537.36 (compatible; GoogleOther)"
66.249.70.38 - - [17/Apr/2026:00:25:44 +0330] "GET /page/2/?search=search_term_string&nocache=1765845099 HTTP/1.1" 200 27894 "-" "Mozilla/5.0 (Linux; Android 6.0.1; Nexus 5X Build/MMB29P) AppleWebKit/537.36 (KHTML, like Gecko) Chrome/146.0.7680.177 Mobile Safari/537.36 (compatible; Googlebot/2.1; +http://www.google.com/bot.html)"
66.249.70.38 - - [17/Apr/2026:00:25:47 +0330] "GET /page/506/?search=search_term_string&nocache=1765884313 HTTP/1.1" 200 28018 "-" "Mozilla/5.0 (Linux; Android 6.0.1; Nexus 5X Build/MMB29P) AppleWebKit/537.36 (KHTML, like Gecko) Chrome/146.0.7680.177 Mobile Safari/537.36 (compatible; Googlebot/2.1; +http://www.google.com/bot.html)"
66.249.70.32 - - [17/Apr/2026:00:25:52 +0330] "GET /page/4/?search=%D8%B1%D8%B2+%D8%B1%D8%B6%D9%88%DB%8C&nocache=1766046431 HTTP/1.1" 200 28135 "-" "Mozilla/5.0 (Linux; Android 6.0.1; Nexus 5X Build/MMB29P) AppleWebKit/537.36 (KHTML, like Gecko) Chrome/146.0.7680.177 Mobile Safari/537.36 (compatible; Googlebot/2.1; +http://www.google.com/bot.html)"
66.249.70.34 - - [17/Apr/2026:00:25:53 +0330] "GET /?p=04610180226105 HTTP/1.1" 200 29259 "-" "Mozilla/5.0 (Linux; Android 6.0.1; Nexus 5X Build/MMB29P) AppleWebKit/537.36 (KHTML, like Gecko) Chrome/146.0.7680.177 Mobile Safari/537.36 (compatible; GoogleOther)"
83.122.53.92 - - [17/Apr/2026:00:25:34 +0330] "POST /diy-knitted-hair-bow-tutorial-for-beginners/?nocache=1776372928 HTTP/2" 200 4921 "https://rozbano.com/diy-knitted-hair-bow-tutorial-for-beginners/" "Mozilla/5.0 (Linux; Android 10; K) AppleWebKit/537.36 (KHTML, like Gecko) Chrome/145.0.0.0 Mobile Safari/537.36"
66.249.70.39 - - [17/Apr/2026:00:25:46 +0330] "GET /page/3/?search=search_term_string&nocache=1766670524 HTTP/1.1" 200 31350 "-" "Mozilla/5.0 (Linux; Android 6.0.1; Nexus 5X Build/MMB29P) AppleWebKit/537.36 (KHTML, like Gecko) Chrome/146.0.7680.177 Mobile Safari/537.36 (compatible; Googlebot/2.1; +http://www.google.com/bot.html)"
