91.251.51.245 - - [17/Apr/2026:00:13:53 +0330] "GET /wp-content/plugins/elementor/assets/js/frontend-modules.min.js?ver=3.32.3 HTTP/2" 200 17962 "https://rozbano.com/zi-zi-golu-doll-sewing-tutorial/" "Mozilla/5.0 (Linux; Android 10; K) AppleWebKit/537.36 (KHTML, like Gecko) Chrome/145.0.0.0 Mobile Safari/537.36"
91.251.51.245 - - [17/Apr/2026:00:13:53 +0330] "GET /wp-includes/js/jquery/ui/core.min.js?ver=1.13.3 HTTP/2" 200 6812 "https://rozbano.com/zi-zi-golu-doll-sewing-tutorial/" "Mozilla/5.0 (Linux; Android 10; K) AppleWebKit/537.36 (KHTML, like Gecko) Chrome/145.0.0.0 Mobile Safari/537.36"
91.251.51.245 - - [17/Apr/2026:00:13:53 +0330] "GET /wp-content/plugins/elementor/assets/js/frontend.min.js?ver=3.32.3 HTTP/2" 200 10165 "https://rozbano.com/zi-zi-golu-doll-sewing-tutorial/" "Mozilla/5.0 (Linux; Android 10; K) AppleWebKit/537.36 (KHTML, like Gecko) Chrome/145.0.0.0 Mobile Safari/537.36"
91.251.51.245 - - [17/Apr/2026:00:13:53 +0330] "GET /wp-content/plugins/elementor-pro/assets/lib/sticky/jquery.sticky.min.js?ver=3.32.3 HTTP/2" 200 1442 "https://rozbano.com/zi-zi-golu-doll-sewing-tutorial/" "Mozilla/5.0 (Linux; Android 10; K) AppleWebKit/537.36 (KHTML, like Gecko) Chrome/145.0.0.0 Mobile Safari/537.36"
91.251.51.245 - - [17/Apr/2026:00:13:53 +0330] "GET /wp-content/plugins/elementor/assets/lib/swiper/v8/swiper.min.js?ver=8.4.5 HTTP/2" 200 38152 "https://rozbano.com/zi-zi-golu-doll-sewing-tutorial/" "Mozilla/5.0 (Linux; Android 10; K) AppleWebKit/537.36 (KHTML, like Gecko) Chrome/145.0.0.0 Mobile Safari/537.36"
91.251.51.245 - - [17/Apr/2026:00:13:53 +0330] "GET /wp-content/plugins/elementor-pro/assets/lib/smartmenus/jquery.smartmenus.min.js?ver=1.2.1 HTTP/2" 200 6867 "https://rozbano.com/zi-zi-golu-doll-sewing-tutorial/" "Mozilla/5.0 (Linux; Android 10; K) AppleWebKit/537.36 (KHTML, like Gecko) Chrome/145.0.0.0 Mobile Safari/537.36"
91.251.51.245 - - [17/Apr/2026:00:13:53 +0330] "GET /wp-content/plugins/jet-engine/assets/lib/jet-plugins/jet-plugins.js?ver=1.1.0 HTTP/2" 200 2190 "https://rozbano.com/zi-zi-golu-doll-sewing-tutorial/" "Mozilla/5.0 (Linux; Android 10; K) AppleWebKit/537.36 (KHTML, like Gecko) Chrome/145.0.0.0 Mobile Safari/537.36"
91.251.51.245 - - [17/Apr/2026:00:13:53 +0330] "GET /wp-content/plugins/jet-engine/assets/js/frontend.js?ver=3.7.10 HTTP/2" 200 15312 "https://rozbano.com/zi-zi-golu-doll-sewing-tutorial/" "Mozilla/5.0 (Linux; Android 10; K) AppleWebKit/537.36 (KHTML, like Gecko) Chrome/145.0.0.0 Mobile Safari/537.36"
91.251.51.245 - - [17/Apr/2026:00:13:54 +0330] "GET /wp-content/uploads/2025/05/Rozbano-Logo-Web-Nima-new.webp HTTP/2" 200 2430 "https://rozbano.com/zi-zi-golu-doll-sewing-tutorial/" "Mozilla/5.0 (Linux; Android 10; K) AppleWebKit/537.36 (KHTML, like Gecko) Chrome/145.0.0.0 Mobile Safari/537.36"
91.251.51.245 - - [17/Apr/2026:00:13:54 +0330] "GET /wp-content/plugins/elementor-pro/assets/js/webpack-pro.runtime.min.js?ver=3.32.3 HTTP/2" 200 2622 "https://rozbano.com/zi-zi-golu-doll-sewing-tutorial/" "Mozilla/5.0 (Linux; Android 10; K) AppleWebKit/537.36 (KHTML, like Gecko) Chrome/145.0.0.0 Mobile Safari/537.36"
91.251.51.245 - - [17/Apr/2026:00:13:54 +0330] "GET /wp-includes/js/dist/hooks.min.js?ver=dd5603f07f9220ed27f1 HTTP/2" 200 1852 "https://rozbano.com/zi-zi-golu-doll-sewing-tutorial/" "Mozilla/5.0 (Linux; Android 10; K) AppleWebKit/537.36 (KHTML, like Gecko) Chrome/145.0.0.0 Mobile Safari/537.36"
91.251.51.245 - - [17/Apr/2026:00:13:54 +0330] "GET /wp-includes/js/dist/i18n.min.js?ver=c26c3dc7bed366793375 HTTP/2" 200 2119 "https://rozbano.com/zi-zi-golu-doll-sewing-tutorial/" "Mozilla/5.0 (Linux; Android 10; K) AppleWebKit/537.36 (KHTML, like Gecko) Chrome/145.0.0.0 Mobile Safari/537.36"
91.251.51.245 - - [17/Apr/2026:00:13:54 +0330] "GET /wp-content/plugins/elementor-pro/assets/js/frontend.min.js?ver=3.32.3 HTTP/2" 200 6321 "https://rozbano.com/zi-zi-golu-doll-sewing-tutorial/" "Mozilla/5.0 (Linux; Android 10; K) AppleWebKit/537.36 (KHTML, like Gecko) Chrome/145.0.0.0 Mobile Safari/537.36"
91.251.51.245 - - [17/Apr/2026:00:13:54 +0330] "GET /wp-content/plugins/elementor-pro/assets/js/elements-handlers.min.js?ver=3.32.3 HTTP/2" 200 10180 "https://rozbano.com/zi-zi-golu-doll-sewing-tutorial/" "Mozilla/5.0 (Linux; Android 10; K) AppleWebKit/537.36 (KHTML, like Gecko) Chrome/145.0.0.0 Mobile Safari/537.36"
91.251.51.245 - - [17/Apr/2026:00:13:54 +0330] "GET /wp-content/uploads/2025/10/Crochet-Kitchen-Napkin-Holder-Free-Tutorial.webp HTTP/2" 200 31990 "https://rozbano.com/zi-zi-golu-doll-sewing-tutorial/" "Mozilla/5.0 (Linux; Android 10; K) AppleWebKit/537.36 (KHTML, like Gecko) Chrome/145.0.0.0 Mobile Safari/537.36"
91.251.51.245 - - [17/Apr/2026:00:13:54 +0330] "GET /wp-content/uploads/2025/10/Autumn-Kaftan-Sewing-Tutorial-at-Home.webp HTTP/2" 200 22110 "https://rozbano.com/zi-zi-golu-doll-sewing-tutorial/" "Mozilla/5.0 (Linux; Android 10; K) AppleWebKit/537.36 (KHTML, like Gecko) Chrome/145.0.0.0 Mobile Safari/537.36"
91.251.51.245 - - [17/Apr/2026:00:13:54 +0330] "GET /wp-content/uploads/2025/10/Free-tutorial-sew-versatile-organizer-01.webp HTTP/2" 200 21366 "https://rozbano.com/zi-zi-golu-doll-sewing-tutorial/" "Mozilla/5.0 (Linux; Android 10; K) AppleWebKit/537.36 (KHTML, like Gecko) Chrome/145.0.0.0 Mobile Safari/537.36"
91.251.51.245 - - [17/Apr/2026:00:13:54 +0330] "GET /wp-content/uploads/2025/05/rozbano-692-4.jpg HTTP/2" 200 21652 "https://rozbano.com/zi-zi-golu-doll-sewing-tutorial/" "Mozilla/5.0 (Linux; Android 10; K) AppleWebKit/537.36 (KHTML, like Gecko) Chrome/145.0.0.0 Mobile Safari/537.36"
91.251.51.245 - - [17/Apr/2026:00:13:54 +0330] "GET /wp-content/uploads/2025/05/make20felt20pencil20case-15.jpg HTTP/2" 200 8340 "https://rozbano.com/zi-zi-golu-doll-sewing-tutorial/" "Mozilla/5.0 (Linux; Android 10; K) AppleWebKit/537.36 (KHTML, like Gecko) Chrome/145.0.0.0 Mobile Safari/537.36"
91.251.51.245 - - [17/Apr/2026:00:13:54 +0330] "GET /wp-content/uploads/2025/11/free-crochet-candy-bath-towel-tutorial-01.webp HTTP/2" 200 34422 "https://rozbano.com/zi-zi-golu-doll-sewing-tutorial/" "Mozilla/5.0 (Linux; Android 10; K) AppleWebKit/537.36 (KHTML, like Gecko) Chrome/145.0.0.0 Mobile Safari/537.36"
91.251.51.245 - - [17/Apr/2026:00:13:54 +0330] "GET /wp-content/uploads/2025/10/tutorial-sew-versatile-organizer-with-little-fabric-01.webp HTTP/2" 200 64330 "https://rozbano.com/zi-zi-golu-doll-sewing-tutorial/" "Mozilla/5.0 (Linux; Android 10; K) AppleWebKit/537.36 (KHTML, like Gecko) Chrome/145.0.0.0 Mobile Safari/537.36"
91.251.51.245 - - [17/Apr/2026:00:13:54 +0330] "GET /wp-content/uploads/2016/07/new-model-summer-evening-blues-10.webp HTTP/2" 200 46308 "https://rozbano.com/zi-zi-golu-doll-sewing-tutorial/" "Mozilla/5.0 (Linux; Android 10; K) AppleWebKit/537.36 (KHTML, like Gecko) Chrome/145.0.0.0 Mobile Safari/537.36"
91.251.51.245 - - [17/Apr/2026:00:13:54 +0330] "GET /wp-content/uploads/2025/05/rozbano-400-10-194x300.jpg HTTP/2" 200 17735 "https://rozbano.com/zi-zi-golu-doll-sewing-tutorial/" "Mozilla/5.0 (Linux; Android 10; K) AppleWebKit/537.36 (KHTML, like Gecko) Chrome/145.0.0.0 Mobile Safari/537.36"
91.251.51.245 - - [17/Apr/2026:00:13:54 +0330] "GET /wp-content/uploads/2025/05/Weave20a20baby20cross20scarf20and20hat-01.jpg HTTP/2" 200 11176 "https://rozbano.com/zi-zi-golu-doll-sewing-tutorial/" "Mozilla/5.0 (Linux; Android 10; K) AppleWebKit/537.36 (KHTML, like Gecko) Chrome/145.0.0.0 Mobile Safari/537.36"
91.251.51.245 - - [17/Apr/2026:00:13:54 +0330] "GET /wp-includes/js/comment-reply.min.js?ver=6.9.4 HTTP/2" 200 1247 "https://rozbano.com/zi-zi-golu-doll-sewing-tutorial/" "Mozilla/5.0 (Linux; Android 10; K) AppleWebKit/537.36 (KHTML, like Gecko) Chrome/145.0.0.0 Mobile Safari/537.36"
91.251.51.245 - - [17/Apr/2026:00:13:54 +0330] "GET /wp-content/uploads/2025/10/Free-crochet-tutorial-for-fall-hat-01.webp HTTP/2" 200 72884 "https://rozbano.com/zi-zi-golu-doll-sewing-tutorial/" "Mozilla/5.0 (Linux; Android 10; K) AppleWebKit/537.36 (KHTML, like Gecko) Chrome/145.0.0.0 Mobile Safari/537.36"
91.251.51.245 - - [17/Apr/2026:00:13:54 +0330] "GET /wp-content/uploads/2025/03/Healthy-Date-Balls-Recipe-sh.webp HTTP/2" 200 39870 "https://rozbano.com/zi-zi-golu-doll-sewing-tutorial/" "Mozilla/5.0 (Linux; Android 10; K) AppleWebKit/537.36 (KHTML, like Gecko) Chrome/145.0.0.0 Mobile Safari/537.36"
91.251.51.245 - - [17/Apr/2026:00:13:55 +0330] "GET /wp-content/plugins/elementor/assets/js/shared-frontend-handlers.4c8abccc3e268b0767b2.bundle.min.js HTTP/2" 200 2542 "https://rozbano.com/zi-zi-golu-doll-sewing-tutorial/" "Mozilla/5.0 (Linux; Android 10; K) AppleWebKit/537.36 (KHTML, like Gecko) Chrome/145.0.0.0 Mobile Safari/537.36"
91.251.51.245 - - [17/Apr/2026:00:13:55 +0330] "GET /wp-content/plugins/elementor-pro/assets/js/share-buttons.63d984f8c96d1e053bc0.bundle.min.js HTTP/2" 200 690 "https://rozbano.com/zi-zi-golu-doll-sewing-tutorial/" "Mozilla/5.0 (Linux; Android 10; K) AppleWebKit/537.36 (KHTML, like Gecko) Chrome/145.0.0.0 Mobile Safari/537.36"
91.251.51.245 - - [17/Apr/2026:00:13:55 +0330] "GET /wp-content/plugins/elementor-pro/assets/js/nav-menu.0edc0c22e9f3101552ed.bundle.min.js HTTP/2" 200 1758 "https://rozbano.com/zi-zi-golu-doll-sewing-tutorial/" "Mozilla/5.0 (Linux; Android 10; K) AppleWebKit/537.36 (KHTML, like Gecko) Chrome/145.0.0.0 Mobile Safari/537.36"
91.251.51.245 - - [17/Apr/2026:00:13:55 +0330] "GET /wp-includes/js/wp-emoji-release.min.js?ver=6.9.4 HTTP/2" 200 4949 "https://rozbano.com/zi-zi-golu-doll-sewing-tutorial/" "Mozilla/5.0 (Linux; Android 10; K) AppleWebKit/537.36 (KHTML, like Gecko) Chrome/145.0.0.0 Mobile Safari/537.36"
37.63.231.254 - - [17/Apr/2026:00:13:45 +0330] "GET /wp-content/uploads/2025/12/IRANSansXFaNum-Black.woff2 HTTP/2" 200 26796 "https://rozbano.com/wp-content/uploads/elementor/css/post-53138.css?ver=1776365957" "Mozilla/5.0 (Linux; Android 13; SM-A127F Build/TP1A.220624.014; wv) AppleWebKit/537.36 (KHTML, like Gecko) 4.0 Chrome/145.0.7632.120 Mobile Safari/537.36; bw4"
37.63.231.254 - - [17/Apr/2026:00:13:46 +0330] "GET /wp-content/plugins/elementor/assets/js/shared-frontend-handlers.4c8abccc3e268b0767b2.bundle.min.js HTTP/2" 200 2542 "https://rozbano.com/free-tutorial-sewing-womens-comfortable-pants/" "Mozilla/5.0 (Linux; Android 13; SM-A127F Build/TP1A.220624.014; wv) AppleWebKit/537.36 (KHTML, like Gecko) 4.0 Chrome/145.0.7632.120 Mobile Safari/537.36; bw4"
37.63.231.254 - - [17/Apr/2026:00:13:46 +0330] "GET /wp-content/plugins/elementor-pro/assets/js/share-buttons.63d984f8c96d1e053bc0.bundle.min.js HTTP/2" 200 690 "https://rozbano.com/free-tutorial-sewing-womens-comfortable-pants/" "Mozilla/5.0 (Linux; Android 13; SM-A127F Build/TP1A.220624.014; wv) AppleWebKit/537.36 (KHTML, like Gecko) 4.0 Chrome/145.0.7632.120 Mobile Safari/537.36; bw4"
37.63.231.254 - - [17/Apr/2026:00:13:46 +0330] "GET /wp-content/plugins/elementor-pro/assets/js/nav-menu.0edc0c22e9f3101552ed.bundle.min.js HTTP/2" 200 1758 "https://rozbano.com/free-tutorial-sewing-womens-comfortable-pants/" "Mozilla/5.0 (Linux; Android 13; SM-A127F Build/TP1A.220624.014; wv) AppleWebKit/537.36 (KHTML, like Gecko) 4.0 Chrome/145.0.7632.120 Mobile Safari/537.36; bw4"
37.63.231.254 - - [17/Apr/2026:00:13:46 +0330] "GET /wp-content/plugins/elementor/assets/lib/share-link/share-link.min.js?ver=3.32.3 HTTP/2" 200 1072 "https://rozbano.com/free-tutorial-sewing-womens-comfortable-pants/" "Mozilla/5.0 (Linux; Android 13; SM-A127F Build/TP1A.220624.014; wv) AppleWebKit/537.36 (KHTML, like Gecko) 4.0 Chrome/145.0.7632.120 Mobile Safari/537.36; bw4"
37.63.231.254 - - [17/Apr/2026:00:13:46 +0330] "GET /wp-includes/js/wp-emoji-release.min.js?ver=6.9.4 HTTP/2" 200 4949 "https://rozbano.com/free-tutorial-sewing-womens-comfortable-pants/" "Mozilla/5.0 (Linux; Android 13; SM-A127F Build/TP1A.220624.014; wv) AppleWebKit/537.36 (KHTML, like Gecko) 4.0 Chrome/145.0.7632.120 Mobile Safari/537.36; bw4"
66.249.70.38 - - [17/Apr/2026:00:13:48 +0330] "GET /products/detail/68759270 HTTP/1.1" 200 28164 "-" "Mozilla/5.0 (Linux; Android 6.0.1; Nexus 5X Build/MMB29P) AppleWebKit/537.36 (KHTML, like Gecko) Chrome/146.0.7680.177 Mobile Safari/537.36 (compatible; GoogleOther)"
66.249.70.38 - - [17/Apr/2026:00:13:49 +0330] "GET /products/detail/72598129 HTTP/1.1" 200 28307 "-" "Mozilla/5.0 (Linux; Android 6.0.1; Nexus 5X Build/MMB29P) AppleWebKit/537.36 (KHTML, like Gecko) Chrome/146.0.7680.177 Mobile Safari/537.36 (compatible; Googlebot/2.1; +http://www.google.com/bot.html)"
66.249.70.38 - - [17/Apr/2026:00:13:52 +0330] "GET /?p=1734330323600 HTTP/1.1" 200 28619 "-" "Mozilla/5.0 (Linux; Android 6.0.1; Nexus 5X Build/MMB29P) AppleWebKit/537.36 (KHTML, like Gecko) Chrome/146.0.7680.177 Mobile Safari/537.36 (compatible; GoogleOther)"
66.249.70.32 - - [17/Apr/2026:00:13:53 +0330] "GET /page/506/?search=search_term_string&nocache=1765927639 HTTP/1.1" 200 29627 "-" "Mozilla/5.0 (Linux; Android 6.0.1; Nexus 5X Build/MMB29P) AppleWebKit/537.36 (KHTML, like Gecko) Chrome/146.0.7680.177 Mobile Safari/537.36 (compatible; Googlebot/2.1; +http://www.google.com/bot.html)"
37.63.231.254 - - [17/Apr/2026:00:13:48 +0330] "GET /cat/%d8%a2%d9%85%d9%88%d8%b2%d8%b4-%d9%87%d9%86%d8%b1%d9%87%d8%a7%db%8c-%d8%af%d8%b3%d8%aa%db%8c/ HTTP/2" 200 36326 "https://rozbano.com/free-tutorial-sewing-womens-comfortable-pants/" "Mozilla/5.0 (Linux; Android 13; SM-A127F Build/TP1A.220624.014; wv) AppleWebKit/537.36 (KHTML, like Gecko) Version/4.0 Chrome/145.0.7632.120 Mobile Safari/537.36"
91.251.51.245 - - [17/Apr/2026:00:13:54 +0330] "GET /wp-content/uploads/2025/12/IRANSansXFaNum-Medium.woff2 HTTP/2" 200 28060 "https://rozbano.com/wp-content/uploads/elementor/css/post-53138.css?ver=1776365957" "Mozilla/5.0 (Linux; Android 10; K) AppleWebKit/537.36 (KHTML, like Gecko) Chrome/145.0.0.0 Mobile Safari/537.36"
91.251.51.245 - - [17/Apr/2026:00:13:55 +0330] "GET /wp-content/uploads/2025/12/IRANSansXFaNum-Regular.woff2 HTTP/2" 200 27012 "https://rozbano.com/wp-content/uploads/elementor/css/post-53138.css?ver=1776365957" "Mozilla/5.0 (Linux; Android 10; K) AppleWebKit/537.36 (KHTML, like Gecko) Chrome/145.0.0.0 Mobile Safari/537.36"
91.251.51.245 - - [17/Apr/2026:00:13:55 +0330] "GET /wp-content/uploads/2025/12/IRANSansXFaNum-Bold.woff2 HTTP/2" 200 28036 "https://rozbano.com/wp-content/uploads/elementor/css/post-53138.css?ver=1776365957" "Mozilla/5.0 (Linux; Android 10; K) AppleWebKit/537.36 (KHTML, like Gecko) Chrome/145.0.0.0 Mobile Safari/537.36"
91.251.51.245 - - [17/Apr/2026:00:13:55 +0330] "GET /wp-content/uploads/2025/12/IRANSansXFaNum-Black.woff2 HTTP/2" 200 26796 "https://rozbano.com/wp-content/uploads/elementor/css/post-53138.css?ver=1776365957" "Mozilla/5.0 (Linux; Android 10; K) AppleWebKit/537.36 (KHTML, like Gecko) Chrome/145.0.0.0 Mobile Safari/537.36"
66.249.70.39 - - [17/Apr/2026:00:13:55 +0330] "GET /page/10/?search=search_term_string&nocache=1766300070 HTTP/1.1" 200 28362 "-" "Mozilla/5.0 (Linux; Android 6.0.1; Nexus 5X Build/MMB29P) AppleWebKit/537.36 (KHTML, like Gecko) Chrome/146.0.7680.177 Mobile Safari/537.36 (compatible; Googlebot/2.1; +http://www.google.com/bot.html)"
91.251.51.245 - - [17/Apr/2026:00:13:55 +0330] "GET /wp-content/plugins/elementor/assets/lib/share-link/share-link.min.js?ver=3.32.3 HTTP/2" 200 1072 "https://rozbano.com/zi-zi-golu-doll-sewing-tutorial/" "Mozilla/5.0 (Linux; Android 10; K) AppleWebKit/537.36 (KHTML, like Gecko) Chrome/145.0.0.0 Mobile Safari/537.36"
66.249.70.39 - - [17/Apr/2026:00:14:01 +0330] "GET /page/506/?search=search_term_string&nocache=1765563609 HTTP/1.1" 200 28957 "-" "Mozilla/5.0 (Linux; Android 6.0.1; Nexus 5X Build/MMB29P) AppleWebKit/537.36 (KHTML, like Gecko) Chrome/146.0.7680.177 Mobile Safari/537.36 (compatible; Googlebot/2.1; +http://www.google.com/bot.html)"
91.251.51.245 - - [17/Apr/2026:00:13:58 +0330] "GET /author/sadeghmgl/ HTTP/2" 200 36605 "https://rozbano.com/zi-zi-golu-doll-sewing-tutorial/" "Mozilla/5.0 (Linux; Android 10; K) AppleWebKit/537.36 (KHTML, like Gecko) Chrome/145.0.0.0 Mobile Safari/537.36"
91.251.51.245 - - [17/Apr/2026:00:14:02 +0330] "POST /zi-zi-golu-doll-sewing-tutorial/?nocache=1776372232 HTTP/2" 200 4908 "https://rozbano.com/zi-zi-golu-doll-sewing-tutorial/" "Mozilla/5.0 (Linux; Android 10; K) AppleWebKit/537.36 (KHTML, like Gecko) Chrome/145.0.0.0 Mobile Safari/537.36"
91.251.51.245 - - [17/Apr/2026:00:14:04 +0330] "GET /wp-content/uploads/2026/04/crochet-flower-scrubber-tutorial-02.webp HTTP/2" 200 21788 "https://rozbano.com/zi-zi-golu-doll-sewing-tutorial/" "Mozilla/5.0 (Linux; Android 10; K) AppleWebKit/537.36 (KHTML, like Gecko) Chrome/145.0.0.0 Mobile Safari/537.36"
91.251.51.245 - - [17/Apr/2026:00:14:04 +0330] "GET /wp-content/uploads/2026/04/tie-hat-knitting-tutorial-03.webp HTTP/2" 200 9874 "https://rozbano.com/zi-zi-golu-doll-sewing-tutorial/" "Mozilla/5.0 (Linux; Android 10; K) AppleWebKit/537.36 (KHTML, like Gecko) Chrome/145.0.0.0 Mobile Safari/537.36"
91.251.51.245 - - [17/Apr/2026:00:14:04 +0330] "GET /wp-content/uploads/2026/04/crochet-flower-scrubby-tutorial.webp HTTP/2" 200 25296 "https://rozbano.com/zi-zi-golu-doll-sewing-tutorial/" "Mozilla/5.0 (Linux; Android 10; K) AppleWebKit/537.36 (KHTML, like Gecko) Chrome/145.0.0.0 Mobile Safari/537.36"
91.251.51.245 - - [17/Apr/2026:00:14:04 +0330] "GET /wp-content/uploads/2026/03/steering-wheel-cover-crochet-tutorial-01.webp HTTP/2" 200 29978 "https://rozbano.com/zi-zi-golu-doll-sewing-tutorial/" "Mozilla/5.0 (Linux; Android 10; K) AppleWebKit/537.36 (KHTML, like Gecko) Chrome/145.0.0.0 Mobile Safari/537.36"
37.63.231.254 - - [17/Apr/2026:00:13:54 +0330] "GET /2025/08/16/ HTTP/2" 301 20 "https://rozbano.com/free-tutorial-sewing-womens-comfortable-pants/" "Mozilla/5.0 (Linux; Android 13; SM-A127F Build/TP1A.220624.014; wv) AppleWebKit/537.36 (KHTML, like Gecko) Version/4.0 Chrome/145.0.7632.120 Mobile Safari/537.36"
37.63.231.254 - - [17/Apr/2026:00:13:56 +0330] "GET / HTTP/2" 200 37732 "https://rozbano.com/free-tutorial-sewing-womens-comfortable-pants/" "Mozilla/5.0 (Linux; Android 13; SM-A127F Build/TP1A.220624.014; wv) AppleWebKit/537.36 (KHTML, like Gecko) Version/4.0 Chrome/145.0.7632.120 Mobile Safari/537.36"
202.46.62.107 - - [17/Apr/2026:00:14:00 +0330] "GET /chinas-sewing-of-curtains/ HTTP/1.1" 200 34966 "-" "Mozilla/5.0 (Windows NT 10.0; Win64; x64) AppleWebKit/537.36 (KHTML, like Gecko) Chrome/133.0.6943.141 Safari/537.36"
37.63.231.254 - - [17/Apr/2026:00:14:02 +0330] "GET /cat/%d8%a2%d9%85%d9%88%d8%b2%d8%b4-%d9%87%d9%86%d8%b1%d9%87%d8%a7%db%8c-%d8%af%d8%b3%d8%aa%db%8c/%d8%a2%d9%85%d9%88%d8%b2%d8%b4-%d8%ae%db%8c%d8%a7%d8%b7%db%8c-%d8%a7%d9%84%da%af%d9%88-%d8%af%d9%88%d8%ae%d8%aa-%d9%84%d8%a8%d8%a7%d8%b3/ HTTP/2" 200 36194 "https://rozbano.com/free-tutorial-sewing-womens-comfortable-pants/" "Mozilla/5.0 (Linux; Android 13; SM-A127F Build/TP1A.220624.014; wv) AppleWebKit/537.36 (KHTML, like Gecko) Version/4.0 Chrome/145.0.7632.120 Mobile Safari/537.36"
5.115.103.229 - - [17/Apr/2026:00:14:14 +0330] "POST /mantle-set-and-trousers/?nocache=1776372210 HTTP/2" 200 4930 "https://rozbano.com/mantle-set-and-trousers/" "Mozilla/5.0 (Linux; Android 10; K) AppleWebKit/537.36 (KHTML, like Gecko) SamsungBrowser/29.0 Chrome/136.0.0.0 Mobile Safari/537.36"
5.115.103.229 - - [17/Apr/2026:00:14:16 +0330] "GET /wp-content/uploads/2026/03/perfume-buying-guide-tips-05.webp HTTP/2" 200 20800 "https://rozbano.com/mantle-set-and-trousers/" "Mozilla/5.0 (Linux; Android 10; K) AppleWebKit/537.36 (KHTML, like Gecko) SamsungBrowser/29.0 Chrome/136.0.0.0 Mobile Safari/537.36"
5.115.103.229 - - [17/Apr/2026:00:14:16 +0330] "GET /wp-content/uploads/2026/02/Tips-for-a-timeless-stylish-style-03.webp HTTP/2" 200 30104 "https://rozbano.com/mantle-set-and-trousers/" "Mozilla/5.0 (Linux; Android 10; K) AppleWebKit/537.36 (KHTML, like Gecko) SamsungBrowser/29.0 Chrome/136.0.0.0 Mobile Safari/537.36"
5.115.103.229 - - [17/Apr/2026:00:14:16 +0330] "GET /wp-content/uploads/2026/02/What-does-the-Van-Cleef-bracelet-symbolize-03.webp HTTP/2" 200 8132 "https://rozbano.com/mantle-set-and-trousers/" "Mozilla/5.0 (Linux; Android 10; K) AppleWebKit/537.36 (KHTML, like Gecko) SamsungBrowser/29.0 Chrome/136.0.0.0 Mobile Safari/537.36"
5.115.103.229 - - [17/Apr/2026:00:14:16 +0330] "GET /wp-content/uploads/2026/02/What-should-we-buy-for-our-spouse-Nowruz-gift-03.webp HTTP/2" 200 23366 "https://rozbano.com/mantle-set-and-trousers/" "Mozilla/5.0 (Linux; Android 10; K) AppleWebKit/537.36 (KHTML, like Gecko) SamsungBrowser/29.0 Chrome/136.0.0.0 Mobile Safari/537.36"
5.115.103.229 - - [17/Apr/2026:00:14:16 +0330] "GET /wp-content/uploads/2026/01/Secrets-choosing-and-caring-for-underwear-02.webp HTTP/2" 200 7194 "https://rozbano.com/mantle-set-and-trousers/" "Mozilla/5.0 (Linux; Android 10; K) AppleWebKit/537.36 (KHTML, like Gecko) SamsungBrowser/29.0 Chrome/136.0.0.0 Mobile Safari/537.36"
5.115.103.229 - - [17/Apr/2026:00:14:16 +0330] "GET /wp-content/uploads/2026/01/giving-perfume-and-cologne-gifts-cause-separation-02.webp HTTP/2" 200 14802 "https://rozbano.com/mantle-set-and-trousers/" "Mozilla/5.0 (Linux; Android 10; K) AppleWebKit/537.36 (KHTML, like Gecko) SamsungBrowser/29.0 Chrome/136.0.0.0 Mobile Safari/537.36"
5.115.103.229 - - [17/Apr/2026:00:14:16 +0330] "GET /wp-content/uploads/2026/01/difference-between-womens-and-mens-underwear-03.webp HTTP/2" 200 33556 "https://rozbano.com/mantle-set-and-trousers/" "Mozilla/5.0 (Linux; Android 10; K) AppleWebKit/537.36 (KHTML, like Gecko) SamsungBrowser/29.0 Chrome/136.0.0.0 Mobile Safari/537.36"
157.55.39.204 - - [17/Apr/2026:00:13:25 +0330] "GET /wp-content/uploads/elementor/css/post-53145.css HTTP/2" 200 1694 "https://rozbano.com/highlighted-knit-weave-training" "Mozilla/5.0 AppleWebKit/537.36 (KHTML, like Gecko; compatible; bingbot/2.0; +http://www.bing.com/bingbot.htm) Chrome/136.0.0.0 Safari/537.36 AppleWebKit/537.36 (KHTML, like Gecko; compatible; bingbot/2.0; +http://www.bing.com/bingbot.htm) Chrome/116.0.1938.76 Safari/537.36"
157.55.39.204 - - [17/Apr/2026:00:13:26 +0330] "GET /wp-content/uploads/elementor/css/post-53178.css HTTP/2" 200 415 "https://rozbano.com/highlighted-knit-weave-training" "Mozilla/5.0 AppleWebKit/537.36 (KHTML, like Gecko; compatible; bingbot/2.0; +http://www.bing.com/bingbot.htm) Chrome/136.0.0.0 Safari/537.36 AppleWebKit/537.36 (KHTML, like Gecko; compatible; bingbot/2.0; +http://www.bing.com/bingbot.htm) Chrome/116.0.1938.76 Safari/537.36"
157.55.39.204 - - [17/Apr/2026:00:13:26 +0330] "GET /wp-content/plugins/elementor-pro/abzarwp/fonts/all/css/fonts.css HTTP/2" 200 2919 "https://rozbano.com/highlighted-knit-weave-training" "Mozilla/5.0 AppleWebKit/537.36 (KHTML, like Gecko; compatible; bingbot/2.0; +http://www.bing.com/bingbot.htm) Chrome/136.0.0.0 Safari/537.36 AppleWebKit/537.36 (KHTML, like Gecko; compatible; bingbot/2.0; +http://www.bing.com/bingbot.htm) Chrome/116.0.1938.76 Safari/537.36"
91.107.140.88 - - [17/Apr/2026:00:13:46 +0330] "GET / HTTP/1.0" 301 20 "-" "visionheight.com/scan Mozilla/5.0 (Macintosh; Intel Mac OS X 10_15_7) Chrome/126.0.0.0 Safari/537.36"
66.249.70.32 - - [17/Apr/2026:00:13:59 +0330] "GET /page/503/?search=search_term_string&nocache=1766490065 HTTP/1.1" 200 27461 "-" "Mozilla/5.0 (Linux; Android 6.0.1; Nexus 5X Build/MMB29P) AppleWebKit/537.36 (KHTML, like Gecko) Chrome/146.0.7680.177 Mobile Safari/537.36 (compatible; Googlebot/2.1; +http://www.google.com/bot.html)"
62.60.201.135 - - [17/Apr/2026:00:14:03 +0330] "POST /wp-cron.php?doing_wp_cron=1776372243.7934780120849609375000 HTTP/1.1" 200 20 "-" "WordPress/6.9.4; https://rozbano.com"
66.249.70.39 - - [17/Apr/2026:00:14:10 +0330] "GET /page/29/?search=search_term_string&nocache=1766039929 HTTP/1.1" 200 28144 "-" "Mozilla/5.0 (Linux; Android 6.0.1; Nexus 5X Build/MMB29P) AppleWebKit/537.36 (KHTML, like Gecko) Chrome/146.0.7680.177 Mobile Safari/537.36 (compatible; Googlebot/2.1; +http://www.google.com/bot.html)"
66.249.70.39 - - [17/Apr/2026:00:14:12 +0330] "GET /page/9/?search=search_term_string&nocache=1766731135 HTTP/1.1" 200 29482 "-" "Mozilla/5.0 (Linux; Android 6.0.1; Nexus 5X Build/MMB29P) AppleWebKit/537.36 (KHTML, like Gecko) Chrome/146.0.7680.177 Mobile Safari/537.36 (compatible; Googlebot/2.1; +http://www.google.com/bot.html)"
66.249.70.39 - - [17/Apr/2026:00:14:14 +0330] "GET /page/3/?search=%D8%A8%DB%8C%D8%AA%D8%A7+%D8%B3%D8%AD%D8%B1%D8%AE%DB%8C%D8%B2&nocache=1766456998 HTTP/1.1" 200 30049 "-" "Mozilla/5.0 (Linux; Android 6.0.1; Nexus 5X Build/MMB29P) AppleWebKit/537.36 (KHTML, like Gecko) Chrome/146.0.7680.177 Mobile Safari/537.36 (compatible; Googlebot/2.1; +http://www.google.com/bot.html)"
66.249.70.39 - - [17/Apr/2026:00:14:16 +0330] "GET /page/6/?search=search_term_string&nocache=1765724627 HTTP/1.1" 200 29416 "-" "Mozilla/5.0 (Linux; Android 6.0.1; Nexus 5X Build/MMB29P) AppleWebKit/537.36 (KHTML, like Gecko) Chrome/146.0.7680.177 Mobile Safari/537.36 (compatible; Googlebot/2.1; +http://www.google.com/bot.html)"
202.46.62.58 - - [17/Apr/2026:00:14:16 +0330] "POST /chinas-sewing-of-curtains/?nocache=1776372252 HTTP/1.1" 200 5972 "https://rozbano.com/chinas-sewing-of-curtains/" "Mozilla/5.0 (Windows NT 10.0; Win64; x64) AppleWebKit/537.36 (KHTML, like Gecko) Chrome/133.0.6943.141 Safari/537.36"
66.249.70.38 - - [17/Apr/2026:00:14:18 +0330] "GET /page/3/?search=search_term_string&nocache=1766734726 HTTP/1.1" 200 31592 "-" "Mozilla/5.0 (Linux; Android 6.0.1; Nexus 5X Build/MMB29P) AppleWebKit/537.36 (KHTML, like Gecko) Chrome/146.0.7680.177 Mobile Safari/537.36 (compatible; Googlebot/2.1; +http://www.google.com/bot.html)"
151.238.45.206 - - [17/Apr/2026:00:13:28 +0330] "GET /wp-content/plugins/elementor-pro/assets/js/nav-menu.0edc0c22e9f3101552ed.bundle.min.js HTTP/2" 200 1758 "https://rozbano.com/diy-statement-sleeve-tutorial/" "Mozilla/5.0 (Linux; Android 12; SM-A426B Build/SP1A.210812.016; wv) AppleWebKit/537.36 (KHTML, like Gecko) 4.0 Chrome/144.0.7559.132 Mobile Safari/537.36; bw4"
151.238.45.206 - - [17/Apr/2026:00:13:28 +0330] "GET /wp-content/plugins/elementor/assets/lib/share-link/share-link.min.js?ver=3.32.3 HTTP/2" 200 1072 "https://rozbano.com/diy-statement-sleeve-tutorial/" "Mozilla/5.0 (Linux; Android 12; SM-A426B Build/SP1A.210812.016; wv) AppleWebKit/537.36 (KHTML, like Gecko) 4.0 Chrome/144.0.7559.132 Mobile Safari/537.36; bw4"
151.238.45.206 - - [17/Apr/2026:00:13:28 +0330] "GET /wp-includes/js/wp-emoji-release.min.js?ver=6.9.4 HTTP/2" 200 4949 "https://rozbano.com/diy-statement-sleeve-tutorial/" "Mozilla/5.0 (Linux; Android 12; SM-A426B Build/SP1A.210812.016; wv) AppleWebKit/537.36 (KHTML, like Gecko) 4.0 Chrome/144.0.7559.132 Mobile Safari/537.36; bw4"
66.249.70.38 - - [17/Apr/2026:00:13:29 +0330] "GET /products/detail/72598129 HTTP/1.1" 200 28307 "-" "Mozilla/5.0 (Linux; Android 6.0.1; Nexus 5X Build/MMB29P) AppleWebKit/537.36 (KHTML, like Gecko) Chrome/146.0.7680.177 Mobile Safari/537.36 (compatible; GoogleOther)"
66.249.70.38 - - [17/Apr/2026:00:13:57 +0330] "GET /page/4/?search=search_term_string&nocache=1766447639 HTTP/1.1" 200 29035 "-" "Mozilla/5.0 (Linux; Android 6.0.1; Nexus 5X Build/MMB29P) AppleWebKit/537.36 (KHTML, like Gecko) Chrome/146.0.7680.177 Mobile Safari/537.36 (compatible; Googlebot/2.1; +http://www.google.com/bot.html)"
66.249.70.38 - - [17/Apr/2026:00:13:59 +0330] "GET /page/2/?search=search_term_string&nocache=1765480813 HTTP/1.1" 200 27591 "-" "Mozilla/5.0 (Linux; Android 6.0.1; Nexus 5X Build/MMB29P) AppleWebKit/537.36 (KHTML, like Gecko) Chrome/146.0.7680.177 Mobile Safari/537.36 (compatible; Googlebot/2.1; +http://www.google.com/bot.html)"
62.60.201.135 - - [17/Apr/2026:00:14:01 +0330] "POST /wp-cron.php?doing_wp_cron=1776372241.8041439056396484375000 HTTP/1.1" 200 20 "-" "WordPress/6.9.4; https://rozbano.com"
66.249.70.38 - - [17/Apr/2026:00:14:01 +0330] "GET /page/506/?search=search_term_string&nocache=1766501969 HTTP/1.1" 200 29423 "-" "Mozilla/5.0 (Linux; Android 6.0.1; Nexus 5X Build/MMB29P) AppleWebKit/537.36 (KHTML, like Gecko) Chrome/146.0.7680.177 Mobile Safari/537.36 (compatible; Googlebot/2.1; +http://www.google.com/bot.html)"
66.249.70.38 - - [17/Apr/2026:00:14:03 +0330] "GET /page/5/?search=%D8%AA%DB%8C%D9%86%D8%A7+%D8%A2%D8%AE%D9%88%D9%86%D8%AF%D8%AA%D8%A8%D8%A7%D8%B1&nocache=1766737057 HTTP/1.1" 200 27352 "-" "Mozilla/5.0 (Linux; Android 6.0.1; Nexus 5X Build/MMB29P) AppleWebKit/537.36 (KHTML, like Gecko) Chrome/146.0.7680.177 Mobile Safari/537.36 (compatible; Googlebot/2.1; +http://www.google.com/bot.html)"
66.249.70.38 - - [17/Apr/2026:00:14:05 +0330] "GET /page/2/?lsesi=nonce&esi=eyJhY3Rpb24iOiJlbGVtZW50b3ItcHJvLWZyb250ZW5kIiwiX2xzX3NpbGVuY2UiOnRydWV9&_hash=53888cd5c92e80866434c90c40d9a34f&nocache=1773221484 HTTP/1.1" 200 28064 "-" "Mozilla/5.0 (Linux; Android 6.0.1; Nexus 5X Build/MMB29P) AppleWebKit/537.36 (KHTML, like Gecko) Chrome/146.0.7680.177 Mobile Safari/537.36 (compatible; Googlebot/2.1; +http://www.google.com/bot.html)"
66.249.70.38 - - [17/Apr/2026:00:14:07 +0330] "GET /page/10/?search=search_term_string&nocache=1765945238 HTTP/1.1" 200 28530 "-" "Mozilla/5.0 (Linux; Android 6.0.1; Nexus 5X Build/MMB29P) AppleWebKit/537.36 (KHTML, like Gecko) Chrome/146.0.7680.177 Mobile Safari/537.36 (compatible; Googlebot/2.1; +http://www.google.com/bot.html)"
202.46.62.107 - - [17/Apr/2026:00:14:09 +0330] "GET /chinas-sewing-of-curtains/ HTTP/1.1" 200 34838 "-" "Mozilla/5.0 (Windows NT 10.0; Win64; x64) AppleWebKit/537.36 (KHTML, like Gecko) Chrome/133.0.6943.141 Safari/537.36"
37.63.231.254 - - [17/Apr/2026:00:14:16 +0330] "GET /wp-content/uploads/2025/06/cropped-Rozbano-Nima-fav-ico-192x192.webp HTTP/2" 200 6374 "https://rozbano.com/free-tutorial-sewing-womens-comfortable-pants/" "Mozilla/5.0 (Linux; Android 13; SM-A127F Build/TP1A.220624.014; wv) AppleWebKit/537.36 (KHTML, like Gecko) 4.0 Chrome/145.0.7632.120 Mobile Safari/537.36; bw4"
37.63.231.254 - - [17/Apr/2026:00:14:16 +0330] "GET /wp-content/uploads/2025/06/cropped-Rozbano-Nima-fav-ico-32x32.webp HTTP/2" 200 904 "https://rozbano.com/free-tutorial-sewing-womens-comfortable-pants/" "Mozilla/5.0 (Linux; Android 13; SM-A127F Build/TP1A.220624.014; wv) AppleWebKit/537.36 (KHTML, like Gecko) 4.0 Chrome/145.0.7632.120 Mobile Safari/537.36; bw4"
66.249.70.38 - - [17/Apr/2026:00:14:18 +0330] "GET /?p=4617551698201 HTTP/1.1" 200 26740 "-" "Mozilla/5.0 (Linux; Android 6.0.1; Nexus 5X Build/MMB29P) AppleWebKit/537.36 (KHTML, like Gecko) Chrome/146.0.7680.177 Mobile Safari/537.36 (compatible; GoogleOther)"
66.249.70.39 - - [17/Apr/2026:00:14:32 +0330] "GET /page/2/?search=search_term_string&nocache=1765852527 HTTP/1.1" 200 27213 "-" "Mozilla/5.0 (Linux; Android 6.0.1; Nexus 5X Build/MMB29P) AppleWebKit/537.36 (KHTML, like Gecko) Chrome/146.0.7680.177 Mobile Safari/537.36 (compatible; Googlebot/2.1; +http://www.google.com/bot.html)"
66.249.70.39 - - [17/Apr/2026:00:14:37 +0330] "GET /page/4/?search=search_term_string&nocache=1766699757 HTTP/1.1" 200 27715 "-" "Mozilla/5.0 (Linux; Android 6.0.1; Nexus 5X Build/MMB29P) AppleWebKit/537.36 (KHTML, like Gecko) Chrome/146.0.7680.177 Mobile Safari/537.36 (compatible; Googlebot/2.1; +http://www.google.com/bot.html)"
66.249.70.39 - - [17/Apr/2026:00:14:38 +0330] "GET /page/7/?search=search_term_string&nocache=1765836763 HTTP/1.1" 200 27315 "-" "Mozilla/5.0 (Linux; Android 6.0.1; Nexus 5X Build/MMB29P) AppleWebKit/537.36 (KHTML, like Gecko) Chrome/146.0.7680.177 Mobile Safari/537.36 (compatible; Googlebot/2.1; +http://www.google.com/bot.html)"
66.249.70.39 - - [17/Apr/2026:00:14:39 +0330] "GET /?search=search_term_string&nocache=1773515415 HTTP/1.1" 200 27308 "-" "Mozilla/5.0 (Linux; Android 6.0.1; Nexus 5X Build/MMB29P) AppleWebKit/537.36 (KHTML, like Gecko) Chrome/146.0.7680.177 Mobile Safari/537.36 (compatible; Googlebot/2.1; +http://www.google.com/bot.html)"
66.249.70.39 - - [17/Apr/2026:00:14:40 +0330] "GET /page/3/?search=search_term_string&nocache=1765565178 HTTP/1.1" 200 27501 "-" "Mozilla/5.0 (Linux; Android 6.0.1; Nexus 5X Build/MMB29P) AppleWebKit/537.36 (KHTML, like Gecko) Chrome/146.0.7680.177 Mobile Safari/537.36 (compatible; Googlebot/2.1; +http://www.google.com/bot.html)"
83.120.214.74 - - [17/Apr/2026:00:14:37 +0330] "GET /shoulder-open-dress-pattern/ HTTP/2" 200 34445 "https://zarebin.ir/" "Mozilla/5.0 (Linux; Android 14; 23129RAA4G Build/UKQ1.231207.002; wv) AppleWebKit/537.36 (KHTML, like Gecko) 4.0 Chrome/145.0.7632.80 Mobile Safari/537.36; bw4"
83.120.214.74 - - [17/Apr/2026:00:14:41 +0330] "GET /wp-includes/css/dist/block-library/style-rtl.min.css?ver=6.9.4 HTTP/2" 200 14838 "https://rozbano.com/shoulder-open-dress-pattern/" "Mozilla/5.0 (Linux; Android 14; 23129RAA4G Build/UKQ1.231207.002; wv) AppleWebKit/537.36 (KHTML, like Gecko) 4.0 Chrome/145.0.7632.80 Mobile Safari/537.36; bw4"
83.120.214.74 - - [17/Apr/2026:00:14:41 +0330] "GET /wp-content/plugins/jet-engine/assets/css/frontend.css?ver=3.7.10 HTTP/2" 200 8353 "https://rozbano.com/shoulder-open-dress-pattern/" "Mozilla/5.0 (Linux; Android 14; 23129RAA4G Build/UKQ1.231207.002; wv) AppleWebKit/537.36 (KHTML, like Gecko) 4.0 Chrome/145.0.7632.80 Mobile Safari/537.36; bw4"
83.120.214.74 - - [17/Apr/2026:00:14:41 +0330] "GET /wp-content/themes/hello-elementor/style.css?ver=6.9.4 HTTP/2" 200 561 "https://rozbano.com/shoulder-open-dress-pattern/" "Mozilla/5.0 (Linux; Android 14; 23129RAA4G Build/UKQ1.231207.002; wv) AppleWebKit/537.36 (KHTML, like Gecko) 4.0 Chrome/145.0.7632.80 Mobile Safari/537.36; bw4"
83.120.214.74 - - [17/Apr/2026:00:14:41 +0330] "GET /wp-content/plugins/elementor/assets/css/frontend-rtl.min.css?ver=3.32.3 HTTP/2" 200 6537 "https://rozbano.com/shoulder-open-dress-pattern/" "Mozilla/5.0 (Linux; Android 14; 23129RAA4G Build/UKQ1.231207.002; wv) AppleWebKit/537.36 (KHTML, like Gecko) 4.0 Chrome/145.0.7632.80 Mobile Safari/537.36; bw4"
83.120.214.74 - - [17/Apr/2026:00:14:41 +0330] "GET /wp-content/plugins/elementor/assets/css/widget-image-rtl.min.css?ver=3.32.3 HTTP/2" 200 119 "https://rozbano.com/shoulder-open-dress-pattern/" "Mozilla/5.0 (Linux; Android 14; 23129RAA4G Build/UKQ1.231207.002; wv) AppleWebKit/537.36 (KHTML, like Gecko) 4.0 Chrome/145.0.7632.80 Mobile Safari/537.36; bw4"
83.120.214.74 - - [17/Apr/2026:00:14:41 +0330] "GET /wp-content/plugins/elementor/assets/css/widget-social-icons-rtl.min.css?ver=3.32.3 HTTP/2" 200 1069 "https://rozbano.com/shoulder-open-dress-pattern/" "Mozilla/5.0 (Linux; Android 14; 23129RAA4G Build/UKQ1.231207.002; wv) AppleWebKit/537.36 (KHTML, like Gecko) 4.0 Chrome/145.0.7632.80 Mobile Safari/537.36; bw4"
83.120.214.74 - - [17/Apr/2026:00:14:41 +0330] "GET /wp-content/plugins/elementor/assets/css/conditionals/apple-webkit.min.css?ver=3.32.3 HTTP/2" 200 472 "https://rozbano.com/shoulder-open-dress-pattern/" "Mozilla/5.0 (Linux; Android 14; 23129RAA4G Build/UKQ1.231207.002; wv) AppleWebKit/537.36 (KHTML, like Gecko) 4.0 Chrome/145.0.7632.80 Mobile Safari/537.36; bw4"
83.120.214.74 - - [17/Apr/2026:00:14:41 +0330] "GET /wp-content/plugins/elementor-pro/assets/css/modules/sticky.min.css?ver=3.32.3 HTTP/2" 200 162 "https://rozbano.com/shoulder-open-dress-pattern/" "Mozilla/5.0 (Linux; Android 14; 23129RAA4G Build/UKQ1.231207.002; wv) AppleWebKit/537.36 (KHTML, like Gecko) 4.0 Chrome/145.0.7632.80 Mobile Safari/537.36; bw4"
83.120.214.74 - - [17/Apr/2026:00:14:41 +0330] "GET /wp-content/plugins/elementor/assets/css/widget-heading-rtl.min.css?ver=3.32.3 HTTP/2" 200 154 "https://rozbano.com/shoulder-open-dress-pattern/" "Mozilla/5.0 (Linux; Android 14; 23129RAA4G Build/UKQ1.231207.002; wv) AppleWebKit/537.36 (KHTML, like Gecko) 4.0 Chrome/145.0.7632.80 Mobile Safari/537.36; bw4"
83.120.214.74 - - [17/Apr/2026:00:14:41 +0330] "GET /wp-content/plugins/elementor/assets/css/widget-icon-box-rtl.min.css?ver=3.32.3 HTTP/2" 200 422 "https://rozbano.com/shoulder-open-dress-pattern/" "Mozilla/5.0 (Linux; Android 14; 23129RAA4G Build/UKQ1.231207.002; wv) AppleWebKit/537.36 (KHTML, like Gecko) 4.0 Chrome/145.0.7632.80 Mobile Safari/537.36; bw4"
83.120.214.74 - - [17/Apr/2026:00:14:41 +0330] "GET /wp-content/plugins/elementor/assets/lib/swiper/v8/css/swiper.min.css?ver=8.4.5 HTTP/2" 200 4248 "https://rozbano.com/shoulder-open-dress-pattern/" "Mozilla/5.0 (Linux; Android 14; 23129RAA4G Build/UKQ1.231207.002; wv) AppleWebKit/537.36 (KHTML, like Gecko) 4.0 Chrome/145.0.7632.80 Mobile Safari/537.36; bw4"
83.120.214.74 - - [17/Apr/2026:00:14:41 +0330] "GET /wp-content/plugins/elementor/assets/css/conditionals/e-swiper.min.css?ver=3.32.3 HTTP/2" 200 699 "https://rozbano.com/shoulder-open-dress-pattern/" "Mozilla/5.0 (Linux; Android 14; 23129RAA4G Build/UKQ1.231207.002; wv) AppleWebKit/537.36 (KHTML, like Gecko) 4.0 Chrome/145.0.7632.80 Mobile Safari/537.36; bw4"
83.120.214.74 - - [17/Apr/2026:00:14:41 +0330] "GET /wp-content/plugins/elementor-pro/assets/css/widget-post-info-rtl.min.css?ver=3.32.3 HTTP/2" 200 165 "https://rozbano.com/shoulder-open-dress-pattern/" "Mozilla/5.0 (Linux; Android 14; 23129RAA4G Build/UKQ1.231207.002; wv) AppleWebKit/537.36 (KHTML, like Gecko) 4.0 Chrome/145.0.7632.80 Mobile Safari/537.36; bw4"
83.120.214.74 - - [17/Apr/2026:00:14:41 +0330] "GET /wp-content/plugins/elementor/assets/css/widget-icon-list-rtl.min.css?ver=3.32.3 HTTP/2" 200 963 "https://rozbano.com/shoulder-open-dress-pattern/" "Mozilla/5.0 (Linux; Android 14; 23129RAA4G Build/UKQ1.231207.002; wv) AppleWebKit/537.36 (KHTML, like Gecko) 4.0 Chrome/145.0.7632.80 Mobile Safari/537.36; bw4"
83.120.214.74 - - [17/Apr/2026:00:14:41 +0330] "GET /wp-content/plugins/elementor-pro/assets/css/widget-share-buttons-rtl.min.css?ver=3.32.3 HTTP/2" 200 2144 "https://rozbano.com/shoulder-open-dress-pattern/" "Mozilla/5.0 (Linux; Android 14; 23129RAA4G Build/UKQ1.231207.002; wv) AppleWebKit/537.36 (KHTML, like Gecko) 4.0 Chrome/145.0.7632.80 Mobile Safari/537.36; bw4"
83.120.214.74 - - [17/Apr/2026:00:14:41 +0330] "GET /wp-content/plugins/elementor-pro/assets/css/widget-post-navigation-rtl.min.css?ver=3.32.3 HTTP/2" 200 494 "https://rozbano.com/shoulder-open-dress-pattern/" "Mozilla/5.0 (Linux; Android 14; 23129RAA4G Build/UKQ1.231207.002; wv) AppleWebKit/537.36 (KHTML, like Gecko) 4.0 Chrome/145.0.7632.80 Mobile Safari/537.36; bw4"
83.120.214.74 - - [17/Apr/2026:00:14:41 +0330] "GET /wp-content/uploads/elementor/css/post-53138.css?ver=1776365957 HTTP/2" 200 3019 "https://rozbano.com/shoulder-open-dress-pattern/" "Mozilla/5.0 (Linux; Android 14; 23129RAA4G Build/UKQ1.231207.002; wv) AppleWebKit/537.36 (KHTML, like Gecko) 4.0 Chrome/145.0.7632.80 Mobile Safari/537.36; bw4"
83.120.214.74 - - [17/Apr/2026:00:14:41 +0330] "GET /wp-content/uploads/elementor/css/post-53143.css?ver=1776365957 HTTP/2" 200 462 "https://rozbano.com/shoulder-open-dress-pattern/" "Mozilla/5.0 (Linux; Android 14; 23129RAA4G Build/UKQ1.231207.002; wv) AppleWebKit/537.36 (KHTML, like Gecko) 4.0 Chrome/145.0.7632.80 Mobile Safari/537.36; bw4"
83.120.214.74 - - [17/Apr/2026:00:14:41 +0330] "GET /wp-content/uploads/elementor/css/post-53145.css?ver=1776365957 HTTP/2" 200 1694 "https://rozbano.com/shoulder-open-dress-pattern/" "Mozilla/5.0 (Linux; Android 14; 23129RAA4G Build/UKQ1.231207.002; wv) AppleWebKit/537.36 (KHTML, like Gecko) 4.0 Chrome/145.0.7632.80 Mobile Safari/537.36; bw4"
83.120.214.74 - - [17/Apr/2026:00:14:41 +0330] "GET /wp-content/uploads/elementor/css/post-53177.css?ver=1776365957 HTTP/2" 200 440 "https://rozbano.com/shoulder-open-dress-pattern/" "Mozilla/5.0 (Linux; Android 14; 23129RAA4G Build/UKQ1.231207.002; wv) AppleWebKit/537.36 (KHTML, like Gecko) 4.0 Chrome/145.0.7632.80 Mobile Safari/537.36; bw4"
83.120.214.74 - - [17/Apr/2026:00:14:41 +0330] "GET /wp-content/uploads/elementor/css/post-53178.css?ver=1776365957 HTTP/2" 200 415 "https://rozbano.com/shoulder-open-dress-pattern/" "Mozilla/5.0 (Linux; Android 14; 23129RAA4G Build/UKQ1.231207.002; wv) AppleWebKit/537.36 (KHTML, like Gecko) 4.0 Chrome/145.0.7632.80 Mobile Safari/537.36; bw4"
83.120.214.74 - - [17/Apr/2026:00:14:41 +0330] "GET /wp-content/uploads/elementor/css/post-53316.css?ver=1776365957 HTTP/2" 200 418 "https://rozbano.com/shoulder-open-dress-pattern/" "Mozilla/5.0 (Linux; Android 14; 23129RAA4G Build/UKQ1.231207.002; wv) AppleWebKit/537.36 (KHTML, like Gecko) 4.0 Chrome/145.0.7632.80 Mobile Safari/537.36; bw4"
83.120.214.74 - - [17/Apr/2026:00:14:41 +0330] "GET /wp-content/uploads/elementor/css/post-53157.css?ver=1776365962 HTTP/2" 200 2256 "https://rozbano.com/shoulder-open-dress-pattern/" "Mozilla/5.0 (Linux; Android 14; 23129RAA4G Build/UKQ1.231207.002; wv) AppleWebKit/537.36 (KHTML, like Gecko) 4.0 Chrome/145.0.7632.80 Mobile Safari/537.36; bw4"
83.120.214.74 - - [17/Apr/2026:00:14:41 +0330] "GET /wp-content/uploads/elementor/css/post-53179.css?ver=1776365962 HTTP/2" 200 523 "https://rozbano.com/shoulder-open-dress-pattern/" "Mozilla/5.0 (Linux; Android 14; 23129RAA4G Build/UKQ1.231207.002; wv) AppleWebKit/537.36 (KHTML, like Gecko) 4.0 Chrome/145.0.7632.80 Mobile Safari/537.36; bw4"
83.120.214.74 - - [17/Apr/2026:00:14:41 +0330] "GET /wp-content/plugins/elementor-pro/abzarwp/fonts/all/css/fonts.css?ver=123456 HTTP/2" 200 2919 "https://rozbano.com/shoulder-open-dress-pattern/" "Mozilla/5.0 (Linux; Android 14; 23129RAA4G Build/UKQ1.231207.002; wv) AppleWebKit/537.36 (KHTML, like Gecko) 4.0 Chrome/145.0.7632.80 Mobile Safari/537.36; bw4"
83.120.214.74 - - [17/Apr/2026:00:14:41 +0330] "GET /wp-content/uploads/elementor/css/post-53149.css?ver=1776365962 HTTP/2" 200 1333 "https://rozbano.com/shoulder-open-dress-pattern/" "Mozilla/5.0 (Linux; Android 14; 23129RAA4G Build/UKQ1.231207.002; wv) AppleWebKit/537.36 (KHTML, like Gecko) 4.0 Chrome/145.0.7632.80 Mobile Safari/537.36; bw4"
83.120.214.74 - - [17/Apr/2026:00:14:42 +0330] "GET /wp-content/uploads/elementor/css/post-53181.css?ver=1776365963 HTTP/2" 200 413 "https://rozbano.com/shoulder-open-dress-pattern/" "Mozilla/5.0 (Linux; Android 14; 23129RAA4G Build/UKQ1.231207.002; wv) AppleWebKit/537.36 (KHTML, like Gecko) 4.0 Chrome/145.0.7632.80 Mobile Safari/537.36; bw4"
83.120.214.74 - - [17/Apr/2026:00:14:42 +0330] "GET /wp-content/uploads/elementor/css/post-53234.css?ver=1776365963 HTTP/2" 200 414 "https://rozbano.com/shoulder-open-dress-pattern/" "Mozilla/5.0 (Linux; Android 14; 23129RAA4G Build/UKQ1.231207.002; wv) AppleWebKit/537.36 (KHTML, like Gecko) 4.0 Chrome/145.0.7632.80 Mobile Safari/537.36; bw4"
83.120.214.74 - - [17/Apr/2026:00:14:42 +0330] "GET /wp-content/uploads/elementor/css/post-53180.css?ver=1776365963 HTTP/2" 200 636 "https://rozbano.com/shoulder-open-dress-pattern/" "Mozilla/5.0 (Linux; Android 14; 23129RAA4G Build/UKQ1.231207.002; wv) AppleWebKit/537.36 (KHTML, like Gecko) 4.0 Chrome/145.0.7632.80 Mobile Safari/537.36; bw4"
83.120.214.74 - - [17/Apr/2026:00:14:42 +0330] "GET /wp-content/plugins/elementor-pro/assets/css/widget-nav-menu-rtl.min.css?ver=3.32.3 HTTP/2" 200 3246 "https://rozbano.com/shoulder-open-dress-pattern/" "Mozilla/5.0 (Linux; Android 14; 23129RAA4G Build/UKQ1.231207.002; wv) AppleWebKit/537.36 (KHTML, like Gecko) 4.0 Chrome/145.0.7632.80 Mobile Safari/537.36; bw4"
83.120.214.74 - - [17/Apr/2026:00:14:42 +0330] "GET /wp-content/plugins/elementor-pro/assets/css/conditionals/ribbon.min.css?ver=3.32.3 HTTP/2" 200 250 "https://rozbano.com/shoulder-open-dress-pattern/" "Mozilla/5.0 (Linux; Android 14; 23129RAA4G Build/UKQ1.231207.002; wv) AppleWebKit/537.36 (KHTML, like Gecko) 4.0 Chrome/145.0.7632.80 Mobile Safari/537.36; bw4"
83.120.214.74 - - [17/Apr/2026:00:14:42 +0330] "GET /wp-content/plugins/elementor-pro/assets/css/widget-call-to-action-rtl.min.css?ver=3.32.3 HTTP/2" 200 1211 "https://rozbano.com/shoulder-open-dress-pattern/" "Mozilla/5.0 (Linux; Android 14; 23129RAA4G Build/UKQ1.231207.002; wv) AppleWebKit/537.36 (KHTML, like Gecko) 4.0 Chrome/145.0.7632.80 Mobile Safari/537.36; bw4"
83.120.214.74 - - [17/Apr/2026:00:14:42 +0330] "GET /wp-content/plugins/elementor-pro/assets/css/conditionals/transitions.min.css?ver=3.32.3 HTTP/2" 200 599 "https://rozbano.com/shoulder-open-dress-pattern/" "Mozilla/5.0 (Linux; Android 14; 23129RAA4G Build/UKQ1.231207.002; wv) AppleWebKit/537.36 (KHTML, like Gecko) 4.0 Chrome/145.0.7632.80 Mobile Safari/537.36; bw4"
83.120.214.74 - - [17/Apr/2026:00:14:42 +0330] "GET /wp-includes/js/jquery/jquery.min.js?ver=3.7.1 HTTP/2" 200 29744 "https://rozbano.com/shoulder-open-dress-pattern/" "Mozilla/5.0 (Linux; Android 14; 23129RAA4G Build/UKQ1.231207.002; wv) AppleWebKit/537.36 (KHTML, like Gecko) 4.0 Chrome/145.0.7632.80 Mobile Safari/537.36; bw4"
83.120.214.74 - - [17/Apr/2026:00:14:42 +0330] "GET /wp-includes/js/jquery/jquery-migrate.min.js?ver=3.4.1 HTTP/2" 200 4678 "https://rozbano.com/shoulder-open-dress-pattern/" "Mozilla/5.0 (Linux; Android 14; 23129RAA4G Build/UKQ1.231207.002; wv) AppleWebKit/537.36 (KHTML, like Gecko) 4.0 Chrome/145.0.7632.80 Mobile Safari/537.36; bw4"
83.120.214.74 - - [17/Apr/2026:00:14:42 +0330] "GET /wp-content/uploads/2025/05/Shoulder20open20dress20pattern-02.jpg HTTP/2" 200 143575 "https://rozbano.com/shoulder-open-dress-pattern/" "Mozilla/5.0 (Linux; Android 14; 23129RAA4G Build/UKQ1.231207.002; wv) AppleWebKit/537.36 (KHTML, like Gecko) 4.0 Chrome/145.0.7632.80 Mobile Safari/537.36; bw4"
83.120.214.74 - - [17/Apr/2026:00:14:42 +0330] "GET /wp-content/uploads/2025/05/Shoulder20open20dress20pattern-05.jpg HTTP/2" 200 13111 "https://rozbano.com/shoulder-open-dress-pattern/" "Mozilla/5.0 (Linux; Android 14; 23129RAA4G Build/UKQ1.231207.002; wv) AppleWebKit/537.36 (KHTML, like Gecko) 4.0 Chrome/145.0.7632.80 Mobile Safari/537.36; bw4"
83.120.214.74 - - [17/Apr/2026:00:14:42 +0330] "GET /wp-content/uploads/2025/05/Shoulder20open20dress20pattern.jpg HTTP/2" 200 42104 "https://rozbano.com/shoulder-open-dress-pattern/" "Mozilla/5.0 (Linux; Android 14; 23129RAA4G Build/UKQ1.231207.002; wv) AppleWebKit/537.36 (KHTML, like Gecko) 4.0 Chrome/145.0.7632.80 Mobile Safari/537.36; bw4"
83.120.214.74 - - [17/Apr/2026:00:14:42 +0330] "GET /wp-content/plugins/elementor/assets/js/webpack.runtime.min.js?ver=3.32.3 HTTP/2" 200 2320 "https://rozbano.com/shoulder-open-dress-pattern/" "Mozilla/5.0 (Linux; Android 14; 23129RAA4G Build/UKQ1.231207.002; wv) AppleWebKit/537.36 (KHTML, like Gecko) 4.0 Chrome/145.0.7632.80 Mobile Safari/537.36; bw4"
83.120.214.74 - - [17/Apr/2026:00:14:42 +0330] "GET /wp-content/uploads/2025/05/Shoulder20open20dress20pattern-03.jpg HTTP/2" 200 177474 "https://rozbano.com/shoulder-open-dress-pattern/" "Mozilla/5.0 (Linux; Android 14; 23129RAA4G Build/UKQ1.231207.002; wv) AppleWebKit/537.36 (KHTML, like Gecko) 4.0 Chrome/145.0.7632.80 Mobile Safari/537.36; bw4"
83.120.214.74 - - [17/Apr/2026:00:14:42 +0330] "GET /wp-content/uploads/2025/05/Shoulder20open20dress20pattern-04.jpg HTTP/2" 200 159126 "https://rozbano.com/shoulder-open-dress-pattern/" "Mozilla/5.0 (Linux; Android 14; 23129RAA4G Build/UKQ1.231207.002; wv) AppleWebKit/537.36 (KHTML, like Gecko) 4.0 Chrome/145.0.7632.80 Mobile Safari/537.36; bw4"
83.120.214.74 - - [17/Apr/2026:00:14:42 +0330] "GET /wp-content/plugins/elementor/assets/js/frontend-modules.min.js?ver=3.32.3 HTTP/2" 200 17962 "https://rozbano.com/shoulder-open-dress-pattern/" "Mozilla/5.0 (Linux; Android 14; 23129RAA4G Build/UKQ1.231207.002; wv) AppleWebKit/537.36 (KHTML, like Gecko) 4.0 Chrome/145.0.7632.80 Mobile Safari/537.36; bw4"
83.120.214.74 - - [17/Apr/2026:00:14:42 +0330] "GET /wp-includes/js/jquery/ui/core.min.js?ver=1.13.3 HTTP/2" 200 6812 "https://rozbano.com/shoulder-open-dress-pattern/" "Mozilla/5.0 (Linux; Android 14; 23129RAA4G Build/UKQ1.231207.002; wv) AppleWebKit/537.36 (KHTML, like Gecko) 4.0 Chrome/145.0.7632.80 Mobile Safari/537.36; bw4"
83.120.214.74 - - [17/Apr/2026:00:14:42 +0330] "GET /wp-content/plugins/elementor/assets/js/frontend.min.js?ver=3.32.3 HTTP/2" 200 10165 "https://rozbano.com/shoulder-open-dress-pattern/" "Mozilla/5.0 (Linux; Android 14; 23129RAA4G Build/UKQ1.231207.002; wv) AppleWebKit/537.36 (KHTML, like Gecko) 4.0 Chrome/145.0.7632.80 Mobile Safari/537.36; bw4"
83.120.214.74 - - [17/Apr/2026:00:14:42 +0330] "GET /wp-content/plugins/elementor-pro/assets/lib/sticky/jquery.sticky.min.js?ver=3.32.3 HTTP/2" 200 1442 "https://rozbano.com/shoulder-open-dress-pattern/" "Mozilla/5.0 (Linux; Android 14; 23129RAA4G Build/UKQ1.231207.002; wv) AppleWebKit/537.36 (KHTML, like Gecko) 4.0 Chrome/145.0.7632.80 Mobile Safari/537.36; bw4"
83.120.214.74 - - [17/Apr/2026:00:14:42 +0330] "GET /wp-content/plugins/elementor-pro/assets/lib/smartmenus/jquery.smartmenus.min.js?ver=1.2.1 HTTP/2" 200 6867 "https://rozbano.com/shoulder-open-dress-pattern/" "Mozilla/5.0 (Linux; Android 14; 23129RAA4G Build/UKQ1.231207.002; wv) AppleWebKit/537.36 (KHTML, like Gecko) 4.0 Chrome/145.0.7632.80 Mobile Safari/537.36; bw4"
83.120.214.74 - - [17/Apr/2026:00:14:42 +0330] "GET /wp-content/plugins/jet-engine/assets/lib/jet-plugins/jet-plugins.js?ver=1.1.0 HTTP/2" 200 2190 "https://rozbano.com/shoulder-open-dress-pattern/" "Mozilla/5.0 (Linux; Android 14; 23129RAA4G Build/UKQ1.231207.002; wv) AppleWebKit/537.36 (KHTML, like Gecko) 4.0 Chrome/145.0.7632.80 Mobile Safari/537.36; bw4"
83.120.214.74 - - [17/Apr/2026:00:14:42 +0330] "GET /wp-content/plugins/jet-engine/assets/js/frontend.js?ver=3.7.10 HTTP/2" 200 15312 "https://rozbano.com/shoulder-open-dress-pattern/" "Mozilla/5.0 (Linux; Android 14; 23129RAA4G Build/UKQ1.231207.002; wv) AppleWebKit/537.36 (KHTML, like Gecko) 4.0 Chrome/145.0.7632.80 Mobile Safari/537.36; bw4"
83.120.214.74 - - [17/Apr/2026:00:14:42 +0330] "GET /wp-content/plugins/elementor-pro/assets/js/webpack-pro.runtime.min.js?ver=3.32.3 HTTP/2" 200 2622 "https://rozbano.com/shoulder-open-dress-pattern/" "Mozilla/5.0 (Linux; Android 14; 23129RAA4G Build/UKQ1.231207.002; wv) AppleWebKit/537.36 (KHTML, like Gecko) 4.0 Chrome/145.0.7632.80 Mobile Safari/537.36; bw4"
