66.249.70.32 - - [17/Apr/2026:00:22:04 +0330] "GET /products/detail/73785442%20%20%20%20%20%20%20%20%20%20%20%20%20%20%20%20%20%20%20%20%20%20%20%20%20%20%20%20%20%20%20%20class= HTTP/1.1" 200 29067 "-" "Mozilla/5.0 (Linux; Android 6.0.1; Nexus 5X Build/MMB29P) AppleWebKit/537.36 (KHTML, like Gecko) Chrome/146.0.7680.177 Mobile Safari/537.36 (compatible; GoogleOther)"
103.75.126.223 - - [17/Apr/2026:00:22:04 +0330] "GET /app/vendor/phpunit/phpunit/src/Util/PHP/eval-stdin.php HTTP/1.0" 301 0 "-" "libredtail-http"
103.75.126.223 - - [17/Apr/2026:00:22:06 +0330] "GET /app/vendor/phpunit/phpunit/src/Util/PHP/eval-stdin.php HTTP/1.0" 404 56165 "-" "libredtail-http"
66.249.70.39 - - [17/Apr/2026:00:22:19 +0330] "GET /cat/%D8%A2%D9%85%D9%88%D8%B2%D8%B4-%D9%87%D9%86%D8%B1%D9%87%D8%A7%DB%8C-%D8%AF%D8%B3%D8%AA%DB%8C/page/8/?nocache=1775930540 HTTP/1.1" 200 28254 "-" "Mozilla/5.0 (Linux; Android 6.0.1; Nexus 5X Build/MMB29P) AppleWebKit/537.36 (KHTML, like Gecko) Chrome/146.0.7680.177 Mobile Safari/537.36 (compatible; Googlebot/2.1; +http://www.google.com/bot.html)"
54.236.1.11 - - [17/Apr/2026:00:22:20 +0330] "GET /knitted-glasses-model.html HTTP/1.1" 301 20 "-" "Mozilla/5.0 (compatible; Pinterestbot/1.0; +http://www.pinterest.com/bot.html)"
202.46.62.75 - - [17/Apr/2026:00:22:25 +0330] "GET /wp-content/uploads/2025/05/rozbano-303-3.jpg HTTP/1.1" 200 55580 "https://rozbano.com/cat/%D8%A2%D9%85%D9%88%D8%B2%D8%B4-%D9%87%D9%86%D8%B1%D9%87%D8%A7%DB%8C-%D8%AF%D8%B3%D8%AA%DB%8C/%D8%A2%D9%85%D9%88%D8%B2%D8%B4-%D9%82%D9%84%D8%A7%D8%A8-%D8%A8%D8%A7%D9%81%DB%8C-%D9%85%DB%8C%D9%84-%D8%A8%D8%A7%D9%81%DB%8C/page/28/" "Mozilla/5.0 (Windows NT 10.0; Win64; x64) AppleWebKit/537.36 (KHTML, like Gecko) Chrome/133.0.6943.141 Safari/537.36"
66.249.70.32 - - [17/Apr/2026:00:22:27 +0330] "GET /products/detail/261581684 HTTP/1.1" 200 30482 "-" "Mozilla/5.0 (Linux; Android 6.0.1; Nexus 5X Build/MMB29P) AppleWebKit/537.36 (KHTML, like Gecko) Chrome/146.0.7680.177 Mobile Safari/537.36 (compatible; GoogleOther)"
202.46.62.100 - - [17/Apr/2026:00:22:26 +0330] "POST /cat/%D8%A2%D9%85%D9%88%D8%B2%D8%B4-%D9%87%D9%86%D8%B1%D9%87%D8%A7%DB%8C-%D8%AF%D8%B3%D8%AA%DB%8C/%D8%A2%D9%85%D9%88%D8%B2%D8%B4-%D9%82%D9%84%D8%A7%D8%A8-%D8%A8%D8%A7%D9%81%DB%8C-%D9%85%DB%8C%D9%84-%D8%A8%D8%A7%D9%81%DB%8C/page/28/?nocache=1776372731 HTTP/1.1" 200 4391 "https://rozbano.com/cat/%D8%A2%D9%85%D9%88%D8%B2%D8%B4-%D9%87%D9%86%D8%B1%D9%87%D8%A7%DB%8C-%D8%AF%D8%B3%D8%AA%DB%8C/%D8%A2%D9%85%D9%88%D8%B2%D8%B4-%D9%82%D9%84%D8%A7%D8%A8-%D8%A8%D8%A7%D9%81%DB%8C-%D9%85%DB%8C%D9%84-%D8%A8%D8%A7%D9%81%DB%8C/page/28/" "Mozilla/5.0 (Windows NT 10.0; Win64; x64) AppleWebKit/537.36 (KHTML, like Gecko) Chrome/133.0.6943.141 Safari/537.36"
202.46.62.10 - - [17/Apr/2026:00:21:49 +0330] "POST /tag/%D9%85%D8%AF%D9%84-%D9%87%D8%A7%DB%8C-%D8%A2%D8%B1%D8%A7%DB%8C%D8%B4-%D8%AF%D8%B1-%D8%AC%D8%B4%D9%86%D9%88%D8%A7%D8%B1%D9%87-%DA%A9%D9%86-%D8%AC%D8%B0%D8%A7%D8%A8/?nocache=1776372693 HTTP/1.1" 200 5972 "https://rozbano.com/tag/%D9%85%D8%AF%D9%84-%D9%87%D8%A7%DB%8C-%D8%A2%D8%B1%D8%A7%DB%8C%D8%B4-%D8%AF%D8%B1-%D8%AC%D8%B4%D9%86%D9%88%D8%A7%D8%B1%D9%87-%DA%A9%D9%86-%D8%AC%D8%B0%D8%A7%D8%A8/" "Mozilla/5.0 (Windows NT 10.0; Win64; x64) AppleWebKit/537.36 (KHTML, like Gecko) Chrome/133.0.6943.141 Safari/537.36"
66.249.70.34 - - [17/Apr/2026:00:21:52 +0330] "GET /page/14/?search=search_term_string&nocache=1766535062 HTTP/1.1" 200 27821 "-" "Mozilla/5.0 (Linux; Android 6.0.1; Nexus 5X Build/MMB29P) AppleWebKit/537.36 (KHTML, like Gecko) Chrome/146.0.7680.177 Mobile Safari/537.36 (compatible; Googlebot/2.1; +http://www.google.com/bot.html)"
66.249.70.34 - - [17/Apr/2026:00:21:55 +0330] "GET /page/506/?search=%D8%AA%DB%8C%D9%86%D8%A7+%D8%A2%D8%AE%D9%88%D9%86%D8%AF%D8%AA%D8%A8%D8%A7%D8%B1&nocache=1774110554 HTTP/1.1" 200 29538 "-" "Mozilla/5.0 (Linux; Android 6.0.1; Nexus 5X Build/MMB29P) AppleWebKit/537.36 (KHTML, like Gecko) Chrome/146.0.7680.177 Mobile Safari/537.36 (compatible; Googlebot/2.1; +http://www.google.com/bot.html)"
193.105.234.89 - - [17/Apr/2026:00:22:03 +0330] "GET /products/detail/71284018 HTTP/1.1" 301 20 "https://www.rozbano.com/" "Mozilla/5.0 (Linux; Android 13; SM-S918B) AppleWebKit/537.36 (KHTML, like Gecko) Chrome/113.0.0.0 Mobile Safari/537.36"
66.249.70.38 - - [17/Apr/2026:00:22:08 +0330] "GET /page/4/?search=search_term_string&nocache=1766289258 HTTP/1.1" 200 27339 "-" "Mozilla/5.0 (Linux; Android 6.0.1; Nexus 5X Build/MMB29P) AppleWebKit/537.36 (KHTML, like Gecko) Chrome/146.0.7680.177 Mobile Safari/537.36 (compatible; Googlebot/2.1; +http://www.google.com/bot.html)"
66.249.70.38 - - [17/Apr/2026:00:22:10 +0330] "GET /page/4/?search=search_term_string&nocache=1766064958 HTTP/1.1" 200 31688 "-" "Mozilla/5.0 (Linux; Android 6.0.1; Nexus 5X Build/MMB29P) AppleWebKit/537.36 (KHTML, like Gecko) Chrome/146.0.7680.177 Mobile Safari/537.36 (compatible; Googlebot/2.1; +http://www.google.com/bot.html)"
103.75.126.223 - - [17/Apr/2026:00:22:09 +0330] "GET /index.php?s=/index/\\think\\app/invokefunction&function=call_user_func_array&vars[0]=md5&vars[1][]=Hello HTTP/1.0" 200 189501 "-" "libredtail-http"
66.249.70.38 - - [17/Apr/2026:00:22:15 +0330] "GET /page/504/?search=search_term_string&nocache=1766486787 HTTP/1.1" 200 29965 "-" "Mozilla/5.0 (Linux; Android 6.0.1; Nexus 5X Build/MMB29P) AppleWebKit/537.36 (KHTML, like Gecko) Chrome/146.0.7680.177 Mobile Safari/537.36 (compatible; Googlebot/2.1; +http://www.google.com/bot.html)"
66.249.70.38 - - [17/Apr/2026:00:22:17 +0330] "GET /page/3/?MA&nocache=1774244798 HTTP/1.1" 200 27738 "-" "Mozilla/5.0 (Linux; Android 6.0.1; Nexus 5X Build/MMB29P) AppleWebKit/537.36 (KHTML, like Gecko) Chrome/146.0.7680.177 Mobile Safari/537.36 (compatible; Googlebot/2.1; +http://www.google.com/bot.html)"
54.236.1.11 - - [17/Apr/2026:00:22:21 +0330] "GET /knitted-glasses-model HTTP/1.1" 301 20 "-" "Mozilla/5.0 (compatible; Pinterestbot/1.0; +http://www.pinterest.com/bot.html)"
202.46.62.51 - - [17/Apr/2026:00:22:26 +0330] "GET /wp-content/uploads/2025/05/Crochet20flower20tutorial-01-150x139.webp HTTP/1.1" 200 4290 "https://rozbano.com/cat/%D8%A2%D9%85%D9%88%D8%B2%D8%B4-%D9%87%D9%86%D8%B1%D9%87%D8%A7%DB%8C-%D8%AF%D8%B3%D8%AA%DB%8C/%D8%A2%D9%85%D9%88%D8%B2%D8%B4-%D9%82%D9%84%D8%A7%D8%A8-%D8%A8%D8%A7%D9%81%DB%8C-%D9%85%DB%8C%D9%84-%D8%A8%D8%A7%D9%81%DB%8C/page/28/" "Mozilla/5.0 (Windows NT 10.0; Win64; x64) AppleWebKit/537.36 (KHTML, like Gecko) Chrome/133.0.6943.141 Safari/537.36"
54.236.1.11 - - [17/Apr/2026:00:22:23 +0330] "GET /knitted-glasses-model/ HTTP/1.1" 200 34419 "-" "Mozilla/5.0 (compatible; Pinterestbot/1.0; +http://www.pinterest.com/bot.html)"
202.46.62.15 - - [17/Apr/2026:00:22:08 +0330] "GET /cat/%D8%A2%D9%85%D9%88%D8%B2%D8%B4-%D9%87%D9%86%D8%B1%D9%87%D8%A7%DB%8C-%D8%AF%D8%B3%D8%AA%DB%8C/%D8%A2%D9%85%D9%88%D8%B2%D8%B4-%D9%82%D9%84%D8%A7%D8%A8-%D8%A8%D8%A7%D9%81%DB%8C-%D9%85%DB%8C%D9%84-%D8%A8%D8%A7%D9%81%DB%8C/page/28/ HTTP/2" 200 32248 "-" "Mozilla/5.0 (Windows NT 10.0; Win64; x64) AppleWebKit/537.36 (KHTML, like Gecko) Chrome/133.0.6943.141 Safari/537.36"
66.249.70.32 - - [17/Apr/2026:00:22:13 +0330] "GET /page/500/?search=search_term_string&nocache=1766747404 HTTP/1.1" 200 29550 "-" "Mozilla/5.0 (Linux; Android 6.0.1; Nexus 5X Build/MMB29P) AppleWebKit/537.36 (KHTML, like Gecko) Chrome/146.0.7680.177 Mobile Safari/537.36 (compatible; Googlebot/2.1; +http://www.google.com/bot.html)"
202.46.62.42 - - [17/Apr/2026:00:22:14 +0330] "GET /fish-in-the-oven/feed/ HTTP/1.1" 200 648 "-" "Mozilla/5.0 (Windows NT 10.0; Win64; x64) AppleWebKit/537.36 (KHTML, like Gecko) Chrome/133.0.6943.141 Safari/537.36"
103.75.126.223 - - [17/Apr/2026:00:22:16 +0330] "GET /public/index.php?s=/index/\\think\\app/invokefunction&function=call_user_func_array&vars[0]=md5&vars[1][]=Hello HTTP/1.0" 301 0 "-" "libredtail-http"
66.249.70.39 - - [17/Apr/2026:00:22:18 +0330] "GET /page/506/?search=search_term_string&nocache=1766486787 HTTP/1.1" 200 27738 "-" "Mozilla/5.0 (Linux; Android 6.0.1; Nexus 5X Build/MMB29P) AppleWebKit/537.36 (KHTML, like Gecko) Chrome/146.0.7680.177 Mobile Safari/537.36 (compatible; Googlebot/2.1; +http://www.google.com/bot.html)"
103.75.126.223 - - [17/Apr/2026:00:22:18 +0330] "GET /public/?s=/index/thinkapp/invokefunction&function=call_user_func_array&vars[0]=md5&vars[1][]=Hello HTTP/1.0" 404 56223 "-" "libredtail-http"
103.75.126.223 - - [17/Apr/2026:00:22:21 +0330] "GET /index.php?lang=../../../../../../../../usr/local/lib/php/pearcmd&+config-create+/&/<\?echo(md5(\"hi\"));?>+/tmp/index1.php HTTP/1.0" 301 0 "-" "libredtail-http"
66.249.70.38 - - [17/Apr/2026:00:22:27 +0330] "GET /page/3/?search=%D8%A8%DB%8C%D8%AA%D8%A7%20%D8%B3%D8%AD%D8%B1%D8%AE%DB%8C%D8%B2&nocache=1766247237 HTTP/1.1" 200 27291 "-" "Mozilla/5.0 (Linux; Android 6.0.1; Nexus 5X Build/MMB29P) AppleWebKit/537.36 (KHTML, like Gecko) Chrome/146.0.7680.177 Mobile Safari/537.36 (compatible; Googlebot/2.1; +http://www.google.com/bot.html)"
66.249.70.32 - - [17/Apr/2026:00:22:35 +0330] "GET /page/502/?search=search_term_string&nocache=1765936072 HTTP/1.1" 200 27670 "-" "Mozilla/5.0 (Linux; Android 6.0.1; Nexus 5X Build/MMB29P) AppleWebKit/537.36 (KHTML, like Gecko) Chrome/146.0.7680.177 Mobile Safari/537.36 (compatible; Googlebot/2.1; +http://www.google.com/bot.html)"
66.249.70.32 - - [17/Apr/2026:00:22:36 +0330] "GET /page/3/?search=search_term_string&nocache=1765563446 HTTP/1.1" 200 29617 "-" "Mozilla/5.0 (Linux; Android 6.0.1; Nexus 5X Build/MMB29P) AppleWebKit/537.36 (KHTML, like Gecko) Chrome/146.0.7680.177 Mobile Safari/537.36 (compatible; Googlebot/2.1; +http://www.google.com/bot.html)"
66.249.70.32 - - [17/Apr/2026:00:22:39 +0330] "GET /page/501/?search=search_term_string&nocache=1766451372 HTTP/1.1" 200 28623 "-" "Mozilla/5.0 (Linux; Android 6.0.1; Nexus 5X Build/MMB29P) AppleWebKit/537.36 (KHTML, like Gecko) Chrome/146.0.7680.177 Mobile Safari/537.36 (compatible; Googlebot/2.1; +http://www.google.com/bot.html)"
66.249.70.32 - - [17/Apr/2026:00:22:47 +0330] "GET /page/3/?search=%D8%AA%DB%8C%D9%86%D8%A7+%D8%A2%D8%AE%D9%88%D9%86%D8%AF%D8%AA%D8%A8%D8%A7%D8%B1&nocache=1766480281 HTTP/1.1" 200 30638 "-" "Mozilla/5.0 (Linux; Android 6.0.1; Nexus 5X Build/MMB29P) AppleWebKit/537.36 (KHTML, like Gecko) Chrome/146.0.7680.177 Mobile Safari/537.36 (compatible; Googlebot/2.1; +http://www.google.com/bot.html)"
164.68.110.165 - - [17/Apr/2026:00:22:54 +0330] "GET /manager/html HTTP/1.0" 301 20 "-" "Mozilla/5.0 zgrab/0.x"
202.46.62.23 - - [17/Apr/2026:00:22:29 +0330] "POST /cat/%D8%A2%D9%85%D9%88%D8%B2%D8%B4-%D9%87%D9%86%D8%B1%D9%87%D8%A7%DB%8C-%D8%AF%D8%B3%D8%AA%DB%8C/%D8%A2%D9%85%D9%88%D8%B2%D8%B4-%D9%82%D9%84%D8%A7%D8%A8-%D8%A8%D8%A7%D9%81%DB%8C-%D9%85%DB%8C%D9%84-%D8%A8%D8%A7%D9%81%DB%8C/page/28/?nocache=1776372731 HTTP/1.1" 500 800 "https://rozbano.com/cat/%D8%A2%D9%85%D9%88%D8%B2%D8%B4-%D9%87%D9%86%D8%B1%D9%87%D8%A7%DB%8C-%D8%AF%D8%B3%D8%AA%DB%8C/%D8%A2%D9%85%D9%88%D8%B2%D8%B4-%D9%82%D9%84%D8%A7%D8%A8-%D8%A8%D8%A7%D9%81%DB%8C-%D9%85%DB%8C%D9%84-%D8%A8%D8%A7%D9%81%DB%8C/page/28/" "Mozilla/5.0 (Windows NT 10.0; Win64; x64) AppleWebKit/537.36 (KHTML, like Gecko) Chrome/133.0.6943.141 Safari/537.36"
66.249.70.33 - - [17/Apr/2026:00:22:33 +0330] "GET /page/503/?search=%D8%A8%DB%8C%D8%AA%D8%A7+%D8%B3%D8%AD%D8%B1%D8%AE%DB%8C%D8%B2&nocache=1766450252 HTTP/1.1" 200 30746 "-" "Mozilla/5.0 (Linux; Android 6.0.1; Nexus 5X Build/MMB29P) AppleWebKit/537.36 (KHTML, like Gecko) Chrome/146.0.7680.177 Mobile Safari/537.36 (compatible; Googlebot/2.1; +http://www.google.com/bot.html)"
66.249.70.33 - - [17/Apr/2026:00:22:37 +0330] "GET /?p=276312533601 HTTP/1.1" 200 27220 "-" "Mozilla/5.0 (Linux; Android 6.0.1; Nexus 5X Build/MMB29P) AppleWebKit/537.36 (KHTML, like Gecko) Chrome/146.0.7680.177 Mobile Safari/537.36 (compatible; Googlebot/2.1; +http://www.google.com/bot.html)"
66.249.70.33 - - [17/Apr/2026:00:22:41 +0330] "GET /page/504/?search=search_term_string&nocache=1765709240 HTTP/1.1" 200 30064 "-" "Mozilla/5.0 (Linux; Android 6.0.1; Nexus 5X Build/MMB29P) AppleWebKit/537.36 (KHTML, like Gecko) Chrome/146.0.7680.177 Mobile Safari/537.36 (compatible; GoogleOther)"
66.249.70.33 - - [17/Apr/2026:00:22:43 +0330] "GET /page/510/?search=search_term_string&nocache=1765668800 HTTP/1.1" 200 27669 "-" "Mozilla/5.0 (Linux; Android 6.0.1; Nexus 5X Build/MMB29P) AppleWebKit/537.36 (KHTML, like Gecko) Chrome/146.0.7680.177 Mobile Safari/537.36 (compatible; Googlebot/2.1; +http://www.google.com/bot.html)"
66.249.70.38 - - [17/Apr/2026:00:22:45 +0330] "GET /page/506/?search=search_term_string&nocache=1766481329 HTTP/1.1" 200 27274 "-" "Mozilla/5.0 (Linux; Android 6.0.1; Nexus 5X Build/MMB29P) AppleWebKit/537.36 (KHTML, like Gecko) Chrome/146.0.7680.177 Mobile Safari/537.36 (compatible; Googlebot/2.1; +http://www.google.com/bot.html)"
20.215.220.119 - - [17/Apr/2026:00:22:51 +0330] "GET / HTTP/2" 200 0 "-" "Mozilla/5.0 AppleWebKit/537.36 (KHTML, like Gecko); compatible; ChatGPT-User/1.0; +https://openai.com/bot"
20.215.220.119 - - [17/Apr/2026:00:22:56 +0330] "GET / HTTP/2" 200 0 "-" "Mozilla/5.0 AppleWebKit/537.36 (KHTML, like Gecko); compatible; ChatGPT-User/1.0; +https://openai.com/bot"
13.76.115.253 - - [17/Apr/2026:00:22:57 +0330] "GET /products/detail/162574836 HTTP/2" 200 0 "-" "Mozilla/5.0 AppleWebKit/537.36 (KHTML, like Gecko); compatible; ChatGPT-User/1.0; +https://openai.com/bot"
66.249.70.33 - - [17/Apr/2026:00:23:02 +0330] "GET /page/506/?search=search_term_string&nocache=1766451372 HTTP/1.1" 200 27592 "-" "Mozilla/5.0 (Linux; Android 6.0.1; Nexus 5X Build/MMB29P) AppleWebKit/537.36 (KHTML, like Gecko) Chrome/146.0.7680.177 Mobile Safari/537.36 (compatible; Googlebot/2.1; +http://www.google.com/bot.html)"
5.121.66.57 - - [17/Apr/2026:00:22:59 +0330] "GET /concrete-chair/ HTTP/2" 200 34443 "https://www.google.com/" "Mozilla/5.0 (Linux; Android 10; K) AppleWebKit/537.36 (KHTML, like Gecko) Chrome/140.0.0.0 Mobile Safari/537.36"
185.191.171.3 - - [17/Apr/2026:00:23:03 +0330] "GET /carrot-halva/ HTTP/1.1" 403 20 "-" "Mozilla/5.0 (compatible; SemrushBot/7~bl; +http://www.semrush.com/bot.html)"
5.121.66.57 - - [17/Apr/2026:00:23:03 +0330] "GET /wp-includes/css/dist/block-library/style-rtl.min.css?ver=6.9.4 HTTP/2" 200 14838 "https://rozbano.com/concrete-chair/" "Mozilla/5.0 (Linux; Android 10; K) AppleWebKit/537.36 (KHTML, like Gecko) Chrome/140.0.0.0 Mobile Safari/537.36"
5.121.66.57 - - [17/Apr/2026:00:23:03 +0330] "GET /wp-content/plugins/jet-engine/assets/css/frontend.css?ver=3.7.10 HTTP/2" 200 8353 "https://rozbano.com/concrete-chair/" "Mozilla/5.0 (Linux; Android 10; K) AppleWebKit/537.36 (KHTML, like Gecko) Chrome/140.0.0.0 Mobile Safari/537.36"
5.121.66.57 - - [17/Apr/2026:00:23:03 +0330] "GET /wp-content/themes/hello-elementor/style.css?ver=6.9.4 HTTP/2" 200 561 "https://rozbano.com/concrete-chair/" "Mozilla/5.0 (Linux; Android 10; K) AppleWebKit/537.36 (KHTML, like Gecko) Chrome/140.0.0.0 Mobile Safari/537.36"
5.121.66.57 - - [17/Apr/2026:00:23:03 +0330] "GET /wp-content/plugins/elementor/assets/css/frontend-rtl.min.css?ver=3.32.3 HTTP/2" 200 6537 "https://rozbano.com/concrete-chair/" "Mozilla/5.0 (Linux; Android 10; K) AppleWebKit/537.36 (KHTML, like Gecko) Chrome/140.0.0.0 Mobile Safari/537.36"
5.121.66.57 - - [17/Apr/2026:00:23:03 +0330] "GET /wp-content/plugins/elementor/assets/css/widget-image-rtl.min.css?ver=3.32.3 HTTP/2" 200 119 "https://rozbano.com/concrete-chair/" "Mozilla/5.0 (Linux; Android 10; K) AppleWebKit/537.36 (KHTML, like Gecko) Chrome/140.0.0.0 Mobile Safari/537.36"
5.121.66.57 - - [17/Apr/2026:00:23:03 +0330] "GET /wp-content/plugins/elementor/assets/css/widget-social-icons-rtl.min.css?ver=3.32.3 HTTP/2" 200 1069 "https://rozbano.com/concrete-chair/" "Mozilla/5.0 (Linux; Android 10; K) AppleWebKit/537.36 (KHTML, like Gecko) Chrome/140.0.0.0 Mobile Safari/537.36"
5.121.66.57 - - [17/Apr/2026:00:23:03 +0330] "GET /wp-content/plugins/elementor/assets/css/conditionals/apple-webkit.min.css?ver=3.32.3 HTTP/2" 200 472 "https://rozbano.com/concrete-chair/" "Mozilla/5.0 (Linux; Android 10; K) AppleWebKit/537.36 (KHTML, like Gecko) Chrome/140.0.0.0 Mobile Safari/537.36"
5.121.66.57 - - [17/Apr/2026:00:23:03 +0330] "GET /wp-content/plugins/elementor-pro/assets/css/modules/sticky.min.css?ver=3.32.3 HTTP/2" 200 162 "https://rozbano.com/concrete-chair/" "Mozilla/5.0 (Linux; Android 10; K) AppleWebKit/537.36 (KHTML, like Gecko) Chrome/140.0.0.0 Mobile Safari/537.36"
5.121.66.57 - - [17/Apr/2026:00:23:03 +0330] "GET /wp-content/plugins/elementor/assets/css/widget-heading-rtl.min.css?ver=3.32.3 HTTP/2" 200 154 "https://rozbano.com/concrete-chair/" "Mozilla/5.0 (Linux; Android 10; K) AppleWebKit/537.36 (KHTML, like Gecko) Chrome/140.0.0.0 Mobile Safari/537.36"
5.121.66.57 - - [17/Apr/2026:00:23:03 +0330] "GET /wp-content/plugins/elementor/assets/css/widget-icon-box-rtl.min.css?ver=3.32.3 HTTP/2" 200 422 "https://rozbano.com/concrete-chair/" "Mozilla/5.0 (Linux; Android 10; K) AppleWebKit/537.36 (KHTML, like Gecko) Chrome/140.0.0.0 Mobile Safari/537.36"
5.121.66.57 - - [17/Apr/2026:00:23:03 +0330] "GET /wp-content/plugins/elementor/assets/lib/swiper/v8/css/swiper.min.css?ver=8.4.5 HTTP/2" 200 4248 "https://rozbano.com/concrete-chair/" "Mozilla/5.0 (Linux; Android 10; K) AppleWebKit/537.36 (KHTML, like Gecko) Chrome/140.0.0.0 Mobile Safari/537.36"
5.121.66.57 - - [17/Apr/2026:00:23:03 +0330] "GET /wp-content/plugins/elementor/assets/css/conditionals/e-swiper.min.css?ver=3.32.3 HTTP/2" 200 699 "https://rozbano.com/concrete-chair/" "Mozilla/5.0 (Linux; Android 10; K) AppleWebKit/537.36 (KHTML, like Gecko) Chrome/140.0.0.0 Mobile Safari/537.36"
5.121.66.57 - - [17/Apr/2026:00:23:03 +0330] "GET /wp-content/plugins/elementor-pro/assets/css/widget-post-info-rtl.min.css?ver=3.32.3 HTTP/2" 200 165 "https://rozbano.com/concrete-chair/" "Mozilla/5.0 (Linux; Android 10; K) AppleWebKit/537.36 (KHTML, like Gecko) Chrome/140.0.0.0 Mobile Safari/537.36"
5.121.66.57 - - [17/Apr/2026:00:23:03 +0330] "GET /wp-content/plugins/elementor/assets/css/widget-icon-list-rtl.min.css?ver=3.32.3 HTTP/2" 200 963 "https://rozbano.com/concrete-chair/" "Mozilla/5.0 (Linux; Android 10; K) AppleWebKit/537.36 (KHTML, like Gecko) Chrome/140.0.0.0 Mobile Safari/537.36"
5.121.66.57 - - [17/Apr/2026:00:23:03 +0330] "GET /wp-content/plugins/elementor-pro/assets/css/widget-share-buttons-rtl.min.css?ver=3.32.3 HTTP/2" 200 2144 "https://rozbano.com/concrete-chair/" "Mozilla/5.0 (Linux; Android 10; K) AppleWebKit/537.36 (KHTML, like Gecko) Chrome/140.0.0.0 Mobile Safari/537.36"
5.121.66.57 - - [17/Apr/2026:00:23:03 +0330] "GET /wp-content/plugins/elementor-pro/assets/css/widget-post-navigation-rtl.min.css?ver=3.32.3 HTTP/2" 200 494 "https://rozbano.com/concrete-chair/" "Mozilla/5.0 (Linux; Android 10; K) AppleWebKit/537.36 (KHTML, like Gecko) Chrome/140.0.0.0 Mobile Safari/537.36"
5.121.66.57 - - [17/Apr/2026:00:23:03 +0330] "GET /wp-content/uploads/elementor/css/post-53138.css?ver=1776365957 HTTP/2" 200 3019 "https://rozbano.com/concrete-chair/" "Mozilla/5.0 (Linux; Android 10; K) AppleWebKit/537.36 (KHTML, like Gecko) Chrome/140.0.0.0 Mobile Safari/537.36"
5.121.66.57 - - [17/Apr/2026:00:23:03 +0330] "GET /wp-content/uploads/elementor/css/post-53143.css?ver=1776365957 HTTP/2" 200 462 "https://rozbano.com/concrete-chair/" "Mozilla/5.0 (Linux; Android 10; K) AppleWebKit/537.36 (KHTML, like Gecko) Chrome/140.0.0.0 Mobile Safari/537.36"
5.121.66.57 - - [17/Apr/2026:00:23:03 +0330] "GET /wp-content/uploads/elementor/css/post-53145.css?ver=1776365957 HTTP/2" 200 1694 "https://rozbano.com/concrete-chair/" "Mozilla/5.0 (Linux; Android 10; K) AppleWebKit/537.36 (KHTML, like Gecko) Chrome/140.0.0.0 Mobile Safari/537.36"
5.121.66.57 - - [17/Apr/2026:00:23:03 +0330] "GET /wp-content/uploads/elementor/css/post-53177.css?ver=1776365957 HTTP/2" 200 440 "https://rozbano.com/concrete-chair/" "Mozilla/5.0 (Linux; Android 10; K) AppleWebKit/537.36 (KHTML, like Gecko) Chrome/140.0.0.0 Mobile Safari/537.36"
5.121.66.57 - - [17/Apr/2026:00:23:03 +0330] "GET /wp-content/uploads/elementor/css/post-53178.css?ver=1776365957 HTTP/2" 200 415 "https://rozbano.com/concrete-chair/" "Mozilla/5.0 (Linux; Android 10; K) AppleWebKit/537.36 (KHTML, like Gecko) Chrome/140.0.0.0 Mobile Safari/537.36"
5.121.66.57 - - [17/Apr/2026:00:23:03 +0330] "GET /wp-content/uploads/elementor/css/post-53316.css?ver=1776365957 HTTP/2" 200 418 "https://rozbano.com/concrete-chair/" "Mozilla/5.0 (Linux; Android 10; K) AppleWebKit/537.36 (KHTML, like Gecko) Chrome/140.0.0.0 Mobile Safari/537.36"
5.121.66.57 - - [17/Apr/2026:00:23:03 +0330] "GET /wp-content/uploads/elementor/css/post-53157.css?ver=1776365962 HTTP/2" 200 2256 "https://rozbano.com/concrete-chair/" "Mozilla/5.0 (Linux; Android 10; K) AppleWebKit/537.36 (KHTML, like Gecko) Chrome/140.0.0.0 Mobile Safari/537.36"
5.121.66.57 - - [17/Apr/2026:00:23:03 +0330] "GET /wp-content/uploads/elementor/css/post-53179.css?ver=1776365962 HTTP/2" 200 523 "https://rozbano.com/concrete-chair/" "Mozilla/5.0 (Linux; Android 10; K) AppleWebKit/537.36 (KHTML, like Gecko) Chrome/140.0.0.0 Mobile Safari/537.36"
5.121.66.57 - - [17/Apr/2026:00:23:03 +0330] "GET /wp-content/plugins/elementor-pro/abzarwp/fonts/all/css/fonts.css?ver=123456 HTTP/2" 200 2919 "https://rozbano.com/concrete-chair/" "Mozilla/5.0 (Linux; Android 10; K) AppleWebKit/537.36 (KHTML, like Gecko) Chrome/140.0.0.0 Mobile Safari/537.36"
5.121.66.57 - - [17/Apr/2026:00:23:03 +0330] "GET /wp-content/uploads/elementor/css/post-53149.css?ver=1776365962 HTTP/2" 200 1333 "https://rozbano.com/concrete-chair/" "Mozilla/5.0 (Linux; Android 10; K) AppleWebKit/537.36 (KHTML, like Gecko) Chrome/140.0.0.0 Mobile Safari/537.36"
5.121.66.57 - - [17/Apr/2026:00:23:03 +0330] "GET /wp-content/uploads/elementor/css/post-53181.css?ver=1776365963 HTTP/2" 200 413 "https://rozbano.com/concrete-chair/" "Mozilla/5.0 (Linux; Android 10; K) AppleWebKit/537.36 (KHTML, like Gecko) Chrome/140.0.0.0 Mobile Safari/537.36"
5.121.66.57 - - [17/Apr/2026:00:23:03 +0330] "GET /wp-content/uploads/elementor/css/post-53234.css?ver=1776365963 HTTP/2" 200 414 "https://rozbano.com/concrete-chair/" "Mozilla/5.0 (Linux; Android 10; K) AppleWebKit/537.36 (KHTML, like Gecko) Chrome/140.0.0.0 Mobile Safari/537.36"
5.121.66.57 - - [17/Apr/2026:00:23:03 +0330] "GET /wp-content/uploads/elementor/css/post-53180.css?ver=1776365963 HTTP/2" 200 636 "https://rozbano.com/concrete-chair/" "Mozilla/5.0 (Linux; Android 10; K) AppleWebKit/537.36 (KHTML, like Gecko) Chrome/140.0.0.0 Mobile Safari/537.36"
5.121.66.57 - - [17/Apr/2026:00:23:03 +0330] "GET /wp-content/plugins/elementor-pro/assets/css/widget-nav-menu-rtl.min.css?ver=3.32.3 HTTP/2" 200 3246 "https://rozbano.com/concrete-chair/" "Mozilla/5.0 (Linux; Android 10; K) AppleWebKit/537.36 (KHTML, like Gecko) Chrome/140.0.0.0 Mobile Safari/537.36"
5.121.66.57 - - [17/Apr/2026:00:23:03 +0330] "GET /wp-content/plugins/elementor-pro/assets/css/conditionals/ribbon.min.css?ver=3.32.3 HTTP/2" 200 250 "https://rozbano.com/concrete-chair/" "Mozilla/5.0 (Linux; Android 10; K) AppleWebKit/537.36 (KHTML, like Gecko) Chrome/140.0.0.0 Mobile Safari/537.36"
5.121.66.57 - - [17/Apr/2026:00:23:03 +0330] "GET /wp-content/plugins/elementor-pro/assets/css/widget-call-to-action-rtl.min.css?ver=3.32.3 HTTP/2" 200 1211 "https://rozbano.com/concrete-chair/" "Mozilla/5.0 (Linux; Android 10; K) AppleWebKit/537.36 (KHTML, like Gecko) Chrome/140.0.0.0 Mobile Safari/537.36"
5.121.66.57 - - [17/Apr/2026:00:23:03 +0330] "GET /wp-content/plugins/elementor-pro/assets/css/conditionals/transitions.min.css?ver=3.32.3 HTTP/2" 200 599 "https://rozbano.com/concrete-chair/" "Mozilla/5.0 (Linux; Android 10; K) AppleWebKit/537.36 (KHTML, like Gecko) Chrome/140.0.0.0 Mobile Safari/537.36"
5.121.66.57 - - [17/Apr/2026:00:23:03 +0330] "GET /wp-includes/js/jquery/jquery.min.js?ver=3.7.1 HTTP/2" 200 29744 "https://rozbano.com/concrete-chair/" "Mozilla/5.0 (Linux; Android 10; K) AppleWebKit/537.36 (KHTML, like Gecko) Chrome/140.0.0.0 Mobile Safari/537.36"
5.121.66.57 - - [17/Apr/2026:00:23:03 +0330] "GET /wp-includes/js/jquery/jquery-migrate.min.js?ver=3.4.1 HTTP/2" 200 4678 "https://rozbano.com/concrete-chair/" "Mozilla/5.0 (Linux; Android 10; K) AppleWebKit/537.36 (KHTML, like Gecko) Chrome/140.0.0.0 Mobile Safari/537.36"
5.121.66.57 - - [17/Apr/2026:00:23:03 +0330] "GET /wp-content/uploads/2025/05/Concrete-chair-01-compressor.jpg HTTP/2" 200 10606 "https://rozbano.com/concrete-chair/" "Mozilla/5.0 (Linux; Android 10; K) AppleWebKit/537.36 (KHTML, like Gecko) Chrome/140.0.0.0 Mobile Safari/537.36"
5.121.66.57 - - [17/Apr/2026:00:23:03 +0330] "GET /wp-content/uploads/2025/05/Concrete20chair.jpg HTTP/2" 200 40501 "https://rozbano.com/concrete-chair/" "Mozilla/5.0 (Linux; Android 10; K) AppleWebKit/537.36 (KHTML, like Gecko) Chrome/140.0.0.0 Mobile Safari/537.36"
5.121.66.57 - - [17/Apr/2026:00:23:03 +0330] "GET /wp-content/uploads/2025/05/Concrete20chair-02.jpg HTTP/2" 200 70065 "https://rozbano.com/concrete-chair/" "Mozilla/5.0 (Linux; Android 10; K) AppleWebKit/537.36 (KHTML, like Gecko) Chrome/140.0.0.0 Mobile Safari/537.36"
5.121.66.57 - - [17/Apr/2026:00:23:03 +0330] "GET /wp-content/uploads/2025/05/Concrete20chair-03.jpg HTTP/2" 200 42548 "https://rozbano.com/concrete-chair/" "Mozilla/5.0 (Linux; Android 10; K) AppleWebKit/537.36 (KHTML, like Gecko) Chrome/140.0.0.0 Mobile Safari/537.36"
5.121.66.57 - - [17/Apr/2026:00:23:03 +0330] "GET /wp-content/uploads/2025/05/Concrete20chair-04.jpg HTTP/2" 200 44254 "https://rozbano.com/concrete-chair/" "Mozilla/5.0 (Linux; Android 10; K) AppleWebKit/537.36 (KHTML, like Gecko) Chrome/140.0.0.0 Mobile Safari/537.36"
5.121.66.57 - - [17/Apr/2026:00:23:03 +0330] "GET /wp-content/plugins/elementor/assets/js/webpack.runtime.min.js?ver=3.32.3 HTTP/2" 200 2320 "https://rozbano.com/concrete-chair/" "Mozilla/5.0 (Linux; Android 10; K) AppleWebKit/537.36 (KHTML, like Gecko) Chrome/140.0.0.0 Mobile Safari/537.36"
5.121.66.57 - - [17/Apr/2026:00:23:04 +0330] "GET /wp-content/plugins/elementor/assets/js/frontend-modules.min.js?ver=3.32.3 HTTP/2" 200 17962 "https://rozbano.com/concrete-chair/" "Mozilla/5.0 (Linux; Android 10; K) AppleWebKit/537.36 (KHTML, like Gecko) Chrome/140.0.0.0 Mobile Safari/537.36"
5.121.66.57 - - [17/Apr/2026:00:23:04 +0330] "GET /wp-includes/js/jquery/ui/core.min.js?ver=1.13.3 HTTP/2" 200 6812 "https://rozbano.com/concrete-chair/" "Mozilla/5.0 (Linux; Android 10; K) AppleWebKit/537.36 (KHTML, like Gecko) Chrome/140.0.0.0 Mobile Safari/537.36"
5.121.66.57 - - [17/Apr/2026:00:23:04 +0330] "GET /wp-content/plugins/elementor/assets/js/frontend.min.js?ver=3.32.3 HTTP/2" 200 10165 "https://rozbano.com/concrete-chair/" "Mozilla/5.0 (Linux; Android 10; K) AppleWebKit/537.36 (KHTML, like Gecko) Chrome/140.0.0.0 Mobile Safari/537.36"
5.121.66.57 - - [17/Apr/2026:00:23:04 +0330] "GET /wp-content/plugins/elementor-pro/assets/lib/sticky/jquery.sticky.min.js?ver=3.32.3 HTTP/2" 200 1442 "https://rozbano.com/concrete-chair/" "Mozilla/5.0 (Linux; Android 10; K) AppleWebKit/537.36 (KHTML, like Gecko) Chrome/140.0.0.0 Mobile Safari/537.36"
5.121.66.57 - - [17/Apr/2026:00:23:04 +0330] "GET /wp-content/plugins/elementor/assets/lib/swiper/v8/swiper.min.js?ver=8.4.5 HTTP/2" 200 38152 "https://rozbano.com/concrete-chair/" "Mozilla/5.0 (Linux; Android 10; K) AppleWebKit/537.36 (KHTML, like Gecko) Chrome/140.0.0.0 Mobile Safari/537.36"
5.121.66.57 - - [17/Apr/2026:00:23:04 +0330] "GET /wp-content/uploads/2025/05/Rozbano-Logo-Web-Nima-new.webp HTTP/2" 200 2430 "https://rozbano.com/concrete-chair/" "Mozilla/5.0 (Linux; Android 10; K) AppleWebKit/537.36 (KHTML, like Gecko) Chrome/140.0.0.0 Mobile Safari/537.36"
5.121.66.57 - - [17/Apr/2026:00:23:04 +0330] "GET /wp-content/plugins/elementor-pro/assets/lib/smartmenus/jquery.smartmenus.min.js?ver=1.2.1 HTTP/2" 200 6867 "https://rozbano.com/concrete-chair/" "Mozilla/5.0 (Linux; Android 10; K) AppleWebKit/537.36 (KHTML, like Gecko) Chrome/140.0.0.0 Mobile Safari/537.36"
5.121.66.57 - - [17/Apr/2026:00:23:04 +0330] "GET /wp-content/plugins/jet-engine/assets/lib/jet-plugins/jet-plugins.js?ver=1.1.0 HTTP/2" 200 2190 "https://rozbano.com/concrete-chair/" "Mozilla/5.0 (Linux; Android 10; K) AppleWebKit/537.36 (KHTML, like Gecko) Chrome/140.0.0.0 Mobile Safari/537.36"
5.121.66.57 - - [17/Apr/2026:00:23:04 +0330] "GET /wp-content/plugins/jet-engine/assets/js/frontend.js?ver=3.7.10 HTTP/2" 200 15312 "https://rozbano.com/concrete-chair/" "Mozilla/5.0 (Linux; Android 10; K) AppleWebKit/537.36 (KHTML, like Gecko) Chrome/140.0.0.0 Mobile Safari/537.36"
5.121.66.57 - - [17/Apr/2026:00:23:04 +0330] "GET /wp-content/plugins/elementor-pro/assets/js/webpack-pro.runtime.min.js?ver=3.32.3 HTTP/2" 200 2622 "https://rozbano.com/concrete-chair/" "Mozilla/5.0 (Linux; Android 10; K) AppleWebKit/537.36 (KHTML, like Gecko) Chrome/140.0.0.0 Mobile Safari/537.36"
5.121.66.57 - - [17/Apr/2026:00:23:04 +0330] "GET /wp-includes/js/dist/hooks.min.js?ver=dd5603f07f9220ed27f1 HTTP/2" 200 1852 "https://rozbano.com/concrete-chair/" "Mozilla/5.0 (Linux; Android 10; K) AppleWebKit/537.36 (KHTML, like Gecko) Chrome/140.0.0.0 Mobile Safari/537.36"
5.121.66.57 - - [17/Apr/2026:00:23:04 +0330] "GET /wp-includes/js/dist/i18n.min.js?ver=c26c3dc7bed366793375 HTTP/2" 200 2119 "https://rozbano.com/concrete-chair/" "Mozilla/5.0 (Linux; Android 10; K) AppleWebKit/537.36 (KHTML, like Gecko) Chrome/140.0.0.0 Mobile Safari/537.36"
5.121.66.57 - - [17/Apr/2026:00:23:04 +0330] "GET /wp-content/plugins/elementor-pro/assets/js/frontend.min.js?ver=3.32.3 HTTP/2" 200 6321 "https://rozbano.com/concrete-chair/" "Mozilla/5.0 (Linux; Android 10; K) AppleWebKit/537.36 (KHTML, like Gecko) Chrome/140.0.0.0 Mobile Safari/537.36"
5.121.66.57 - - [17/Apr/2026:00:23:04 +0330] "GET /wp-content/plugins/elementor-pro/assets/js/elements-handlers.min.js?ver=3.32.3 HTTP/2" 200 10180 "https://rozbano.com/concrete-chair/" "Mozilla/5.0 (Linux; Android 10; K) AppleWebKit/537.36 (KHTML, like Gecko) Chrome/140.0.0.0 Mobile Safari/537.36"
5.121.66.57 - - [17/Apr/2026:00:23:04 +0330] "GET /wp-content/uploads/2025/10/Free-crochet-tutorial-for-fall-hat-01.webp HTTP/2" 200 72884 "https://rozbano.com/concrete-chair/" "Mozilla/5.0 (Linux; Android 10; K) AppleWebKit/537.36 (KHTML, like Gecko) Chrome/140.0.0.0 Mobile Safari/537.36"
5.121.66.57 - - [17/Apr/2026:00:23:04 +0330] "GET /wp-content/uploads/2025/11/free-crochet-candy-bath-towel-tutorial-01.webp HTTP/2" 200 34422 "https://rozbano.com/concrete-chair/" "Mozilla/5.0 (Linux; Android 10; K) AppleWebKit/537.36 (KHTML, like Gecko) Chrome/140.0.0.0 Mobile Safari/537.36"
5.121.66.57 - - [17/Apr/2026:00:23:04 +0330] "GET /wp-content/uploads/2025/10/Crochet-Kitchen-Napkin-Holder-Free-Tutorial.webp HTTP/2" 200 31990 "https://rozbano.com/concrete-chair/" "Mozilla/5.0 (Linux; Android 10; K) AppleWebKit/537.36 (KHTML, like Gecko) Chrome/140.0.0.0 Mobile Safari/537.36"
5.121.66.57 - - [17/Apr/2026:00:23:04 +0330] "GET /wp-content/uploads/2025/10/Autumn-Kaftan-Sewing-Tutorial-at-Home.webp HTTP/2" 200 22110 "https://rozbano.com/concrete-chair/" "Mozilla/5.0 (Linux; Android 10; K) AppleWebKit/537.36 (KHTML, like Gecko) Chrome/140.0.0.0 Mobile Safari/537.36"
5.121.66.57 - - [17/Apr/2026:00:23:04 +0330] "GET /wp-content/uploads/2025/10/Free-tutorial-sew-versatile-organizer-01.webp HTTP/2" 200 21366 "https://rozbano.com/concrete-chair/" "Mozilla/5.0 (Linux; Android 10; K) AppleWebKit/537.36 (KHTML, like Gecko) Chrome/140.0.0.0 Mobile Safari/537.36"
5.121.66.57 - - [17/Apr/2026:00:23:04 +0330] "GET /wp-content/uploads/2025/10/tutorial-sew-versatile-organizer-with-little-fabric-01.webp HTTP/2" 200 64330 "https://rozbano.com/concrete-chair/" "Mozilla/5.0 (Linux; Android 10; K) AppleWebKit/537.36 (KHTML, like Gecko) Chrome/140.0.0.0 Mobile Safari/537.36"
5.121.66.57 - - [17/Apr/2026:00:23:04 +0330] "GET /wp-content/uploads/2025/05/rozbano-328-1-2-280x300.jpg HTTP/2" 200 18382 "https://rozbano.com/concrete-chair/" "Mozilla/5.0 (Linux; Android 10; K) AppleWebKit/537.36 (KHTML, like Gecko) Chrome/140.0.0.0 Mobile Safari/537.36"
5.121.66.57 - - [17/Apr/2026:00:23:04 +0330] "GET /wp-content/uploads/2025/05/rozbano-08-15-241x300.jpg HTTP/2" 200 17043 "https://rozbano.com/concrete-chair/" "Mozilla/5.0 (Linux; Android 10; K) AppleWebKit/537.36 (KHTML, like Gecko) Chrome/140.0.0.0 Mobile Safari/537.36"
5.121.66.57 - - [17/Apr/2026:00:23:04 +0330] "GET /wp-content/uploads/2025/05/rozbano-758-1.jpg HTTP/2" 200 21443 "https://rozbano.com/concrete-chair/" "Mozilla/5.0 (Linux; Android 10; K) AppleWebKit/537.36 (KHTML, like Gecko) Chrome/140.0.0.0 Mobile Safari/537.36"
5.121.66.57 - - [17/Apr/2026:00:23:04 +0330] "GET /wp-content/uploads/2025/05/Bathroom20markers-07.jpg HTTP/2" 200 11742 "https://rozbano.com/concrete-chair/" "Mozilla/5.0 (Linux; Android 10; K) AppleWebKit/537.36 (KHTML, like Gecko) Chrome/140.0.0.0 Mobile Safari/537.36"
5.121.66.57 - - [17/Apr/2026:00:23:04 +0330] "GET /wp-content/uploads/2025/05/Match20Room20Cow20plan-10.jpg HTTP/2" 200 9467 "https://rozbano.com/concrete-chair/" "Mozilla/5.0 (Linux; Android 10; K) AppleWebKit/537.36 (KHTML, like Gecko) Chrome/140.0.0.0 Mobile Safari/537.36"
5.121.66.57 - - [17/Apr/2026:00:23:04 +0330] "GET /wp-content/uploads/2025/05/rzbano-281-300x228.png HTTP/2" 200 29645 "https://rozbano.com/concrete-chair/" "Mozilla/5.0 (Linux; Android 10; K) AppleWebKit/537.36 (KHTML, like Gecko) Chrome/140.0.0.0 Mobile Safari/537.36"
5.121.66.57 - - [17/Apr/2026:00:23:04 +0330] "GET /wp-content/uploads/2025/05/Concrete20chair-05.jpg HTTP/2" 200 43487 "https://rozbano.com/concrete-chair/" "Mozilla/5.0 (Linux; Android 10; K) AppleWebKit/537.36 (KHTML, like Gecko) Chrome/140.0.0.0 Mobile Safari/537.36"
5.121.66.57 - - [17/Apr/2026:00:23:04 +0330] "GET /wp-content/uploads/2025/05/Concrete20chair-06.jpg HTTP/2" 200 83416 "https://rozbano.com/concrete-chair/" "Mozilla/5.0 (Linux; Android 10; K) AppleWebKit/537.36 (KHTML, like Gecko) Chrome/140.0.0.0 Mobile Safari/537.36"
5.121.66.57 - - [17/Apr/2026:00:23:04 +0330] "GET /wp-content/uploads/2025/05/Concrete20chair-07.jpg HTTP/2" 200 64481 "https://rozbano.com/concrete-chair/" "Mozilla/5.0 (Linux; Android 10; K) AppleWebKit/537.36 (KHTML, like Gecko) Chrome/140.0.0.0 Mobile Safari/537.36"
103.75.126.223 - - [17/Apr/2026:00:22:23 +0330] "GET /?lang=..%2F..%2F..%2F..%2F..%2F..%2F..%2F..%2Fusr%2Flocal%2Flib%2Fphp%2Fpearcmd&config-create_%2F&%2F%3C%3Fecho%28md5%28%5C%22hi%5C%22%29%29%3B%3F%3E_%2Ftmp%2Findex1_php HTTP/1.0" 200 352823 "-" "libredtail-http"
66.249.70.38 - - [17/Apr/2026:00:22:28 +0330] "GET /page/506/?search=search_term_string&nocache=1766736635 HTTP/1.1" 200 28760 "-" "Mozilla/5.0 (Linux; Android 6.0.1; Nexus 5X Build/MMB29P) AppleWebKit/537.36 (KHTML, like Gecko) Chrome/146.0.7680.177 Mobile Safari/537.36 (compatible; Googlebot/2.1; +http://www.google.com/bot.html)"
66.249.70.39 - - [17/Apr/2026:00:22:33 +0330] "GET /?lsesi=nonce&esi=eyJhY3Rpb24iOiJlbGVtZW50b3ItcHJvLWZyb250ZW5kIiwiX2xzX3NpbGVuY2UiOnRydWV9&_hash=53888cd5c92e80866434c90c40d9a34f&nocache=1774616463 HTTP/1.1" 200 27649 "-" "Mozilla/5.0 (Linux; Android 6.0.1; Nexus 5X Build/MMB29P) AppleWebKit/537.36 (KHTML, like Gecko) Chrome/146.0.7680.177 Mobile Safari/537.36 (compatible; Googlebot/2.1; +http://www.google.com/bot.html)"
103.75.126.223 - - [17/Apr/2026:00:22:30 +0330] "GET /index.php?lang=../../../../../../../../tmp/index1 HTTP/1.0" 301 0 "-" "libredtail-http"
66.249.70.33 - - [17/Apr/2026:00:22:33 +0330] "GET /page/4/?search=%D8%A8%DB%8C%D8%AA%D8%A7%20%D8%B3%D8%AD%D8%B1%D8%AE%DB%8C%D8%B2&nocache=1766454196 HTTP/1.1" 200 29637 "-" "Mozilla/5.0 (Linux; Android 6.0.1; Nexus 5X Build/MMB29P) AppleWebKit/537.36 (KHTML, like Gecko) Chrome/146.0.7680.177 Mobile Safari/537.36 (compatible; Googlebot/2.1; +http://www.google.com/bot.html)"
103.75.126.223 - - [17/Apr/2026:00:22:34 +0330] "GET /?lang=..%2F..%2F..%2F..%2F..%2F..%2F..%2F..%2Ftmp%2Findex1 HTTP/1.0" 200 352462 "-" "libredtail-http"
103.75.126.223 - - [17/Apr/2026:00:22:42 +0330] "GET /containers/json HTTP/1.0" 404 56122 "-" "libredtail-http"
66.249.70.35 - - [17/Apr/2026:00:22:51 +0330] "GET /page/502/?search=search_term_string&nocache=1766451372 HTTP/1.1" 200 28992 "-" "Mozilla/5.0 (Linux; Android 6.0.1; Nexus 5X Build/MMB29P) AppleWebKit/537.36 (KHTML, like Gecko) Chrome/146.0.7680.177 Mobile Safari/537.36 (compatible; Googlebot/2.1; +http://www.google.com/bot.html)"
66.249.70.33 - - [17/Apr/2026:00:22:52 +0330] "GET /page/506/?search=search_term_string&nocache=1766067731 HTTP/1.1" 200 28666 "-" "Mozilla/5.0 (Linux; Android 6.0.1; Nexus 5X Build/MMB29P) AppleWebKit/537.36 (KHTML, like Gecko) Chrome/146.0.7680.177 Mobile Safari/537.36 (compatible; Googlebot/2.1; +http://www.google.com/bot.html)"
66.249.70.35 - - [17/Apr/2026:00:22:53 +0330] "GET /page/506/?search=search_term_string&nocache=1765907876 HTTP/1.1" 200 27562 "-" "Mozilla/5.0 (Linux; Android 6.0.1; Nexus 5X Build/MMB29P) AppleWebKit/537.36 (KHTML, like Gecko) Chrome/146.0.7680.177 Mobile Safari/537.36 (compatible; Googlebot/2.1; +http://www.google.com/bot.html)"
66.249.70.35 - - [17/Apr/2026:00:22:56 +0330] "GET /page/2/?search=%D8%A8%DB%8C%D8%AA%D8%A7+%D8%B3%D8%AD%D8%B1%D8%AE%DB%8C%D8%B2&nocache=1766169047 HTTP/1.1" 200 28403 "-" "Mozilla/5.0 (Linux; Android 6.0.1; Nexus 5X Build/MMB29P) AppleWebKit/537.36 (KHTML, like Gecko) Chrome/146.0.7680.177 Mobile Safari/537.36 (compatible; Googlebot/2.1; +http://www.google.com/bot.html)"
164.68.110.165 - - [17/Apr/2026:00:22:56 +0330] "GET /manager/html HTTP/1.0" 404 14059 "-" "Mozilla/5.0 zgrab/0.x"
66.249.70.38 - - [17/Apr/2026:00:22:58 +0330] "GET /page/504/?search=search_term_string&nocache=1765707642 HTTP/1.1" 200 28559 "-" "Mozilla/5.0 (Linux; Android 6.0.1; Nexus 5X Build/MMB29P) AppleWebKit/537.36 (KHTML, like Gecko) Chrome/146.0.7680.177 Mobile Safari/537.36 (compatible; Googlebot/2.1; +http://www.google.com/bot.html)"
20.215.220.113 - - [17/Apr/2026:00:22:59 +0330] "GET / HTTP/2" 200 0 "-" "Mozilla/5.0 AppleWebKit/537.36 (KHTML, like Gecko); compatible; ChatGPT-User/1.0; +https://openai.com/bot"
20.215.220.113 - - [17/Apr/2026:00:23:01 +0330] "GET / HTTP/2" 200 0 "-" "Mozilla/5.0 AppleWebKit/537.36 (KHTML, like Gecko); compatible; ChatGPT-User/1.0; +https://openai.com/bot"
5.121.66.57 - - [17/Apr/2026:00:23:04 +0330] "GET /wp-includes/js/comment-reply.min.js?ver=6.9.4 HTTP/2" 200 1247 "https://rozbano.com/concrete-chair/" "Mozilla/5.0 (Linux; Android 10; K) AppleWebKit/537.36 (KHTML, like Gecko) Chrome/140.0.0.0 Mobile Safari/537.36"
5.121.66.57 - - [17/Apr/2026:00:23:04 +0330] "GET /wp-content/uploads/2025/12/IRANSansXFaNum-Medium.woff2 HTTP/2" 200 28060 "https://rozbano.com/wp-content/uploads/elementor/css/post-53138.css?ver=1776365957" "Mozilla/5.0 (Linux; Android 10; K) AppleWebKit/537.36 (KHTML, like Gecko) Chrome/140.0.0.0 Mobile Safari/537.36"
5.121.66.57 - - [17/Apr/2026:00:23:04 +0330] "GET /wp-content/uploads/2025/12/IRANSansXFaNum-Regular.woff2 HTTP/2" 200 27012 "https://rozbano.com/wp-content/uploads/elementor/css/post-53138.css?ver=1776365957" "Mozilla/5.0 (Linux; Android 10; K) AppleWebKit/537.36 (KHTML, like Gecko) Chrome/140.0.0.0 Mobile Safari/537.36"
5.121.66.57 - - [17/Apr/2026:00:23:04 +0330] "GET /wp-content/uploads/2025/12/IRANSansXFaNum-Bold.woff2 HTTP/2" 200 28036 "https://rozbano.com/wp-content/uploads/elementor/css/post-53138.css?ver=1776365957" "Mozilla/5.0 (Linux; Android 10; K) AppleWebKit/537.36 (KHTML, like Gecko) Chrome/140.0.0.0 Mobile Safari/537.36"
5.121.66.57 - - [17/Apr/2026:00:23:04 +0330] "GET /wp-content/uploads/2025/12/IRANSansXFaNum-Black.woff2 HTTP/2" 200 26796 "https://rozbano.com/wp-content/uploads/elementor/css/post-53138.css?ver=1776365957" "Mozilla/5.0 (Linux; Android 10; K) AppleWebKit/537.36 (KHTML, like Gecko) Chrome/140.0.0.0 Mobile Safari/537.36"
5.121.66.57 - - [17/Apr/2026:00:23:04 +0330] "GET /wp-content/plugins/elementor/assets/js/shared-frontend-handlers.4c8abccc3e268b0767b2.bundle.min.js HTTP/2" 200 2542 "https://rozbano.com/concrete-chair/" "Mozilla/5.0 (Linux; Android 10; K) AppleWebKit/537.36 (KHTML, like Gecko) Chrome/140.0.0.0 Mobile Safari/537.36"
5.121.66.57 - - [17/Apr/2026:00:23:04 +0330] "GET /wp-content/plugins/elementor-pro/assets/js/share-buttons.63d984f8c96d1e053bc0.bundle.min.js HTTP/2" 200 690 "https://rozbano.com/concrete-chair/" "Mozilla/5.0 (Linux; Android 10; K) AppleWebKit/537.36 (KHTML, like Gecko) Chrome/140.0.0.0 Mobile Safari/537.36"
5.121.66.57 - - [17/Apr/2026:00:23:04 +0330] "GET /wp-content/plugins/elementor-pro/assets/js/nav-menu.0edc0c22e9f3101552ed.bundle.min.js HTTP/2" 200 1758 "https://rozbano.com/concrete-chair/" "Mozilla/5.0 (Linux; Android 10; K) AppleWebKit/537.36 (KHTML, like Gecko) Chrome/140.0.0.0 Mobile Safari/537.36"
5.121.66.57 - - [17/Apr/2026:00:23:04 +0330] "GET /wp-includes/js/wp-emoji-release.min.js?ver=6.9.4 HTTP/2" 200 4949 "https://rozbano.com/concrete-chair/" "Mozilla/5.0 (Linux; Android 10; K) AppleWebKit/537.36 (KHTML, like Gecko) Chrome/140.0.0.0 Mobile Safari/537.36"
5.121.66.57 - - [17/Apr/2026:00:23:05 +0330] "GET /wp-content/plugins/elementor/assets/lib/share-link/share-link.min.js?ver=3.32.3 HTTP/2" 200 1072 "https://rozbano.com/concrete-chair/" "Mozilla/5.0 (Linux; Android 10; K) AppleWebKit/537.36 (KHTML, like Gecko) Chrome/140.0.0.0 Mobile Safari/537.36"
66.249.70.33 - - [17/Apr/2026:00:23:06 +0330] "GET /page/4/?search=search_term_string&nocache=1766066628 HTTP/1.1" 200 28253 "-" "Mozilla/5.0 (Linux; Android 6.0.1; Nexus 5X Build/MMB29P) AppleWebKit/537.36 (KHTML, like Gecko) Chrome/146.0.7680.177 Mobile Safari/537.36 (compatible; Googlebot/2.1; +http://www.google.com/bot.html)"
5.121.66.57 - - [17/Apr/2026:00:23:10 +0330] "GET /wp-content/uploads/2025/06/cropped-Rozbano-Nima-fav-ico-192x192.webp HTTP/2" 200 6374 "https://rozbano.com/concrete-chair/" "Mozilla/5.0 (Linux; Android 10; K) AppleWebKit/537.36 (KHTML, like Gecko) Chrome/140.0.0.0 Mobile Safari/537.36"
5.121.66.57 - - [17/Apr/2026:00:23:10 +0330] "GET /wp-content/uploads/2025/06/cropped-Rozbano-Nima-fav-ico-180x180.webp HTTP/2" 200 6122 "https://rozbano.com/concrete-chair/" "Mozilla/5.0 (Linux; Android 10; K) AppleWebKit/537.36 (KHTML, like Gecko) Chrome/140.0.0.0 Mobile Safari/537.36"
66.249.70.32 - - [17/Apr/2026:00:23:00 +0330] "GET /?search=search_term_string&nocache=1774874178 HTTP/1.1" 200 27968 "-" "Mozilla/5.0 (Linux; Android 6.0.1; Nexus 5X Build/MMB29P) AppleWebKit/537.36 (KHTML, like Gecko) Chrome/146.0.7680.177 Mobile Safari/537.36 (compatible; Googlebot/2.1; +http://www.google.com/bot.html)"
66.249.70.38 - - [17/Apr/2026:00:23:01 +0330] "GET /page/7/?search=search_term_string&nocache=1765755786 HTTP/1.1" 200 31037 "-" "Mozilla/5.0 (Linux; Android 6.0.1; Nexus 5X Build/MMB29P) AppleWebKit/537.36 (KHTML, like Gecko) Chrome/146.0.7680.177 Mobile Safari/537.36 (compatible; GoogleOther)"
66.249.70.39 - - [17/Apr/2026:00:23:03 +0330] "GET /page/6/?search=search_term_string&nocache=1766066628 HTTP/1.1" 200 27599 "-" "Mozilla/5.0 (Linux; Android 6.0.1; Nexus 5X Build/MMB29P) AppleWebKit/537.36 (KHTML, like Gecko) Chrome/146.0.7680.177 Mobile Safari/537.36 (compatible; Googlebot/2.1; +http://www.google.com/bot.html)"
66.249.70.32 - - [17/Apr/2026:00:23:04 +0330] "GET /page/501/?search=search_term_string&nocache=1766390730 HTTP/1.1" 200 31485 "-" "Mozilla/5.0 (Linux; Android 6.0.1; Nexus 5X Build/MMB29P) AppleWebKit/537.36 (KHTML, like Gecko) Chrome/146.0.7680.177 Mobile Safari/537.36 (compatible; Googlebot/2.1; +http://www.google.com/bot.html)"
46.232.249.77 - - [17/Apr/2026:00:23:07 +0330] "GET /wp-content/uploads/elementor/css/post-53145.css?ver=1776365957 HTTP/1.1" 200 19466 "-" "Mozilla/5.0 (Windows NT 10.0; Win64; x64; rv:148.0) Gecko/20100101 Firefox/148.0"
66.249.70.38 - - [17/Apr/2026:00:23:13 +0330] "GET /page/508/?search=search_term_string&nocache=1766080383 HTTP/1.1" 200 26742 "-" "Mozilla/5.0 (Linux; Android 6.0.1; Nexus 5X Build/MMB29P) AppleWebKit/537.36 (KHTML, like Gecko) Chrome/146.0.7680.177 Mobile Safari/537.36 (compatible; Googlebot/2.1; +http://www.google.com/bot.html)"
66.249.70.38 - - [17/Apr/2026:00:23:17 +0330] "GET /page/505/?search=search_term_string&nocache=1766715299 HTTP/1.1" 200 29473 "-" "Mozilla/5.0 (Linux; Android 6.0.1; Nexus 5X Build/MMB29P) AppleWebKit/537.36 (KHTML, like Gecko) Chrome/146.0.7680.177 Mobile Safari/537.36 (compatible; Googlebot/2.1; +http://www.google.com/bot.html)"
66.249.70.32 - - [17/Apr/2026:00:23:24 +0330] "GET /page/503/?search=search_term_string&nocache=1766065491 HTTP/1.1" 200 29896 "-" "Mozilla/5.0 (Linux; Android 6.0.1; Nexus 5X Build/MMB29P) AppleWebKit/537.36 (KHTML, like Gecko) Chrome/146.0.7680.177 Mobile Safari/537.36 (compatible; Googlebot/2.1; +http://www.google.com/bot.html)"
66.249.70.32 - - [17/Apr/2026:00:23:26 +0330] "GET /products/detail/63605543 HTTP/1.1" 200 27748 "-" "Mozilla/5.0 (Linux; Android 6.0.1; Nexus 5X Build/MMB29P) AppleWebKit/537.36 (KHTML, like Gecko) Chrome/146.0.7680.177 Mobile Safari/537.36 (compatible; Googlebot/2.1; +http://www.google.com/bot.html)"
66.249.70.38 - - [17/Apr/2026:00:23:26 +0330] "GET /?p=17218127013603 HTTP/1.1" 200 28448 "-" "Mozilla/5.0 (Linux; Android 6.0.1; Nexus 5X Build/MMB29P) AppleWebKit/537.36 (KHTML, like Gecko) Chrome/146.0.7680.177 Mobile Safari/537.36 (compatible; GoogleOther)"
66.249.70.32 - - [17/Apr/2026:00:23:30 +0330] "GET /page/506/?search=search_term_string&nocache=1765795926 HTTP/1.1" 200 27629 "-" "Mozilla/5.0 (Linux; Android 6.0.1; Nexus 5X Build/MMB29P) AppleWebKit/537.36 (KHTML, like Gecko) Chrome/146.0.7680.177 Mobile Safari/537.36 (compatible; Googlebot/2.1; +http://www.google.com/bot.html)"
66.249.70.32 - - [17/Apr/2026:00:23:32 +0330] "GET /page/505/?search=search_term_string&nocache=1766548138 HTTP/1.1" 200 29869 "-" "Mozilla/5.0 (Linux; Android 6.0.1; Nexus 5X Build/MMB29P) AppleWebKit/537.36 (KHTML, like Gecko) Chrome/146.0.7680.177 Mobile Safari/537.36 (compatible; Googlebot/2.1; +http://www.google.com/bot.html)"
185.170.167.18 - - [17/Apr/2026:00:23:36 +0330] "GET /new-images-inspired-by-da-race-and-her-daughter/ HTTP/1.1" 200 32529 "-" "Mozilla/5.0 (compatible; BacklinksExtendedBot)"
62.60.201.135 - - [17/Apr/2026:00:23:06 +0330] "POST /wp-cron.php?doing_wp_cron=1776372786.4096329212188720703125 HTTP/1.1" 200 20 "-" "WordPress/6.9.4; https://rozbano.com"
66.249.70.39 - - [17/Apr/2026:00:23:09 +0330] "GET /page/506/?search=search_term_string&nocache=1766727127 HTTP/1.1" 200 35541 "-" "Mozilla/5.0 (Linux; Android 6.0.1; Nexus 5X Build/MMB29P) AppleWebKit/537.36 (KHTML, like Gecko) Chrome/146.0.7680.177 Mobile Safari/537.36 (compatible; Googlebot/2.1; +http://www.google.com/bot.html)"
185.170.167.18 - - [17/Apr/2026:00:23:08 +0330] "GET /carrot-halva/ HTTP/1.1" 200 33813 "-" "Mozilla/5.0 (compatible; BacklinksExtendedBot)"
66.249.70.39 - - [17/Apr/2026:00:23:11 +0330] "GET /page/7/?search=search_term_string&nocache=1766066628 HTTP/1.1" 200 28243 "-" "Mozilla/5.0 (Linux; Android 6.0.1; Nexus 5X Build/MMB29P) AppleWebKit/537.36 (KHTML, like Gecko) Chrome/146.0.7680.177 Mobile Safari/537.36 (compatible; Googlebot/2.1; +http://www.google.com/bot.html)"
66.249.70.39 - - [17/Apr/2026:00:23:14 +0330] "GET /page/7/?search=%D8%AA%DB%8C%D9%86%D8%A7%20%D8%A2%D8%AE%D9%88%D9%86%D8%AF%D8%AA%D8%A8%D8%A7%D8%B1&nocache=1767383351 HTTP/1.1" 200 28384 "-" "Mozilla/5.0 (Linux; Android 6.0.1; Nexus 5X Build/MMB29P) AppleWebKit/537.36 (KHTML, like Gecko) Chrome/146.0.7680.177 Mobile Safari/537.36 (compatible; Googlebot/2.1; +http://www.google.com/bot.html)"
66.249.70.39 - - [17/Apr/2026:00:23:17 +0330] "GET /page/3/?nocache=1773976500 HTTP/1.1" 200 27450 "-" "Mozilla/5.0 (Linux; Android 6.0.1; Nexus 5X Build/MMB29P) AppleWebKit/537.36 (KHTML, like Gecko) Chrome/146.0.7680.177 Mobile Safari/537.36 (compatible; Googlebot/2.1; +http://www.google.com/bot.html)"
66.249.70.39 - - [17/Apr/2026:00:23:18 +0330] "GET /page/504/?search=search_term_string&nocache=1766258049 HTTP/1.1" 200 30780 "-" "Mozilla/5.0 (Linux; Android 6.0.1; Nexus 5X Build/MMB29P) AppleWebKit/537.36 (KHTML, like Gecko) Chrome/146.0.7680.177 Mobile Safari/537.36 (compatible; Googlebot/2.1; +http://www.google.com/bot.html)"
66.249.70.39 - - [17/Apr/2026:00:23:19 +0330] "GET /page/510/?search=search_term_string&nocache=1765850157 HTTP/1.1" 200 28673 "-" "Mozilla/5.0 (Linux; Android 6.0.1; Nexus 5X Build/MMB29P) AppleWebKit/537.36 (KHTML, like Gecko) Chrome/146.0.7680.177 Mobile Safari/537.36 (compatible; Googlebot/2.1; +http://www.google.com/bot.html)"
207.46.13.155 - - [17/Apr/2026:00:23:20 +0330] "GET /chocolate-fudge-cake-recipe/ HTTP/2" 200 27257 "-" "Mozilla/5.0 AppleWebKit/537.36 (KHTML, like Gecko; compatible; bingbot/2.0; +http://www.bing.com/bingbot.htm) Chrome/116.0.1938.76 Safari/537.36"
66.249.70.39 - - [17/Apr/2026:00:23:21 +0330] "GET /page/31/?search=search_term_string&nocache=1766039929 HTTP/1.1" 200 29095 "-" "Mozilla/5.0 (Linux; Android 6.0.1; Nexus 5X Build/MMB29P) AppleWebKit/537.36 (KHTML, like Gecko) Chrome/146.0.7680.177 Mobile Safari/537.36 (compatible; Googlebot/2.1; +http://www.google.com/bot.html)"
66.249.70.38 - - [17/Apr/2026:00:22:30 +0330] "GET /page/505/?search=%D8%A8%DB%8C%D8%AA%D8%A7+%D8%B3%D8%AD%D8%B1%D8%AE%DB%8C%D8%B2&nocache=1766718475 HTTP/1.1" 200 14185 "-" "Mozilla/5.0 (Linux; Android 6.0.1; Nexus 5X Build/MMB29P) AppleWebKit/537.36 (KHTML, like Gecko) Chrome/146.0.7680.177 Mobile Safari/537.36 (compatible; Googlebot/2.1; +http://www.google.com/bot.html)"
85.208.96.212 - - [17/Apr/2026:00:23:31 +0330] "GET /new-images-inspired-by-da-race-and-her-daughter/ HTTP/1.1" 403 20 "-" "Mozilla/5.0 (compatible; SemrushBot/7~bl; +http://www.semrush.com/bot.html)"
66.249.70.32 - - [17/Apr/2026:00:23:36 +0330] "GET /page/505/?search=search_term_string&nocache=1766551665 HTTP/1.1" 200 27558 "-" "Mozilla/5.0 (Linux; Android 6.0.1; Nexus 5X Build/MMB29P) AppleWebKit/537.36 (KHTML, like Gecko) Chrome/146.0.7680.177 Mobile Safari/537.36 (compatible; GoogleOther)"
