66.249.70.39 - - [17/Apr/2026:00:09:24 +0330] "GET /page/496/?nocache=1766327371 HTTP/1.1" 200 27484 "-" "Mozilla/5.0 (Linux; Android 6.0.1; Nexus 5X Build/MMB29P) AppleWebKit/537.36 (KHTML, like Gecko) Chrome/146.0.7680.177 Mobile Safari/537.36 (compatible; Googlebot/2.1; +http://www.google.com/bot.html)"
202.46.62.6 - - [17/Apr/2026:00:09:25 +0330] "GET /wp-json/wp/v2/tags/27951 HTTP/2" 200 399 "-" "Mozilla/5.0 (Windows NT 10.0; Win64; x64) AppleWebKit/537.36 (KHTML, like Gecko) Chrome/133.0.6943.141 Safari/537.36"
66.249.70.38 - - [17/Apr/2026:00:09:26 +0330] "GET /page/504/?search=search_term_string&nocache=1766455845 HTTP/1.1" 200 27405 "-" "Mozilla/5.0 (Linux; Android 6.0.1; Nexus 5X Build/MMB29P) AppleWebKit/537.36 (KHTML, like Gecko) Chrome/146.0.7680.177 Mobile Safari/537.36 (compatible; Googlebot/2.1; +http://www.google.com/bot.html)"
216.73.216.0 - - [17/Apr/2026:00:09:10 +0330] "GET /wp-includes/images/uploader-icons.png HTTP/2" 200 1556 "-" "Mozilla/5.0 AppleWebKit/537.36 (KHTML, like Gecko; compatible; ClaudeBot/1.0; +claudebot@anthropic.com)"
83.120.186.64 - - [17/Apr/2026:00:09:11 +0330] "POST /peacock-wing-pattern-texture/?nocache=1776371879 HTTP/2" 200 4912 "https://rozbano.com/peacock-wing-pattern-texture/" "Mozilla/5.0 (Linux; Android 10; K) AppleWebKit/537.36 (KHTML, like Gecko) Chrome/138.0.0.0 Mobile Safari/537.36"
216.73.216.0 - - [17/Apr/2026:00:09:13 +0330] "GET /wp-includes/images/wpicons-2x.png HTTP/2" 200 14931 "-" "Mozilla/5.0 AppleWebKit/537.36 (KHTML, like Gecko; compatible; ClaudeBot/1.0; +claudebot@anthropic.com)"
83.120.186.64 - - [17/Apr/2026:00:09:14 +0330] "GET /wp-content/uploads/2026/04/crochet-flower-scrubber-tutorial-02.webp HTTP/2" 200 21788 "https://rozbano.com/peacock-wing-pattern-texture/" "Mozilla/5.0 (Linux; Android 10; K) AppleWebKit/537.36 (KHTML, like Gecko) Chrome/138.0.0.0 Mobile Safari/537.36"
83.120.186.64 - - [17/Apr/2026:00:09:14 +0330] "GET /wp-content/uploads/2026/04/tie-hat-knitting-tutorial-03.webp HTTP/2" 200 9874 "https://rozbano.com/peacock-wing-pattern-texture/" "Mozilla/5.0 (Linux; Android 10; K) AppleWebKit/537.36 (KHTML, like Gecko) Chrome/138.0.0.0 Mobile Safari/537.36"
83.120.186.64 - - [17/Apr/2026:00:09:14 +0330] "GET /wp-content/uploads/2026/04/crochet-flower-scrubby-tutorial.webp HTTP/2" 200 25296 "https://rozbano.com/peacock-wing-pattern-texture/" "Mozilla/5.0 (Linux; Android 10; K) AppleWebKit/537.36 (KHTML, like Gecko) Chrome/138.0.0.0 Mobile Safari/537.36"
83.120.186.64 - - [17/Apr/2026:00:09:14 +0330] "GET /wp-content/uploads/2026/03/steering-wheel-cover-crochet-tutorial-01.webp HTTP/2" 200 29978 "https://rozbano.com/peacock-wing-pattern-texture/" "Mozilla/5.0 (Linux; Android 10; K) AppleWebKit/537.36 (KHTML, like Gecko) Chrome/138.0.0.0 Mobile Safari/537.36"
83.120.186.64 - - [17/Apr/2026:00:09:14 +0330] "GET /wp-content/uploads/2026/02/Free-size-sewing-blowing-tutorial-at-home-02.webp HTTP/2" 200 28700 "https://rozbano.com/peacock-wing-pattern-texture/" "Mozilla/5.0 (Linux; Android 10; K) AppleWebKit/537.36 (KHTML, like Gecko) Chrome/138.0.0.0 Mobile Safari/537.36"
83.120.186.64 - - [17/Apr/2026:00:09:14 +0330] "GET /wp-content/uploads/2026/02/Free-tutorial-sewing-coat-with-lace-combination-04.webp HTTP/2" 200 26780 "https://rozbano.com/peacock-wing-pattern-texture/" "Mozilla/5.0 (Linux; Android 10; K) AppleWebKit/537.36 (KHTML, like Gecko) Chrome/138.0.0.0 Mobile Safari/537.36"
83.120.186.64 - - [17/Apr/2026:00:09:14 +0330] "GET /wp-content/uploads/2026/02/Free-tutorial-crochet-beautiful-flower.webp HTTP/2" 200 32450 "https://rozbano.com/peacock-wing-pattern-texture/" "Mozilla/5.0 (Linux; Android 10; K) AppleWebKit/537.36 (KHTML, like Gecko) Chrome/138.0.0.0 Mobile Safari/537.36"
83.120.186.64 - - [17/Apr/2026:00:09:14 +0330] "GET /wp-content/uploads/2026/02/Free-tutorial-crochet-triple-crochet-pattern.webp HTTP/2" 200 53318 "https://rozbano.com/peacock-wing-pattern-texture/" "Mozilla/5.0 (Linux; Android 10; K) AppleWebKit/537.36 (KHTML, like Gecko) Chrome/138.0.0.0 Mobile Safari/537.36"
66.249.70.39 - - [17/Apr/2026:00:09:19 +0330] "GET /?p=7184867709207 HTTP/1.1" 200 27590 "-" "Mozilla/5.0 (Linux; Android 6.0.1; Nexus 5X Build/MMB29P) AppleWebKit/537.36 (KHTML, like Gecko) Chrome/146.0.7680.177 Mobile Safari/537.36 (compatible; GoogleOther)"
66.249.70.32 - - [17/Apr/2026:00:09:19 +0330] "GET /page/495/?nocache=1766488158 HTTP/1.1" 200 27355 "-" "Mozilla/5.0 (Linux; Android 6.0.1; Nexus 5X Build/MMB29P) AppleWebKit/537.36 (KHTML, like Gecko) Chrome/146.0.7680.177 Mobile Safari/537.36 (compatible; Googlebot/2.1; +http://www.google.com/bot.html)"
66.249.70.33 - - [17/Apr/2026:00:09:29 +0330] "GET /page/502/?nocache=1766532868 HTTP/1.1" 200 29311 "-" "Mozilla/5.0 (Linux; Android 6.0.1; Nexus 5X Build/MMB29P) AppleWebKit/537.36 (KHTML, like Gecko) Chrome/146.0.7680.177 Mobile Safari/537.36 (compatible; Googlebot/2.1; +http://www.google.com/bot.html)"
66.249.70.38 - - [17/Apr/2026:00:09:16 +0330] "GET /page/506/?search=search_term_string&nocache=1765885136 HTTP/1.1" 200 27418 "-" "Mozilla/5.0 (Linux; Android 6.0.1; Nexus 5X Build/MMB29P) AppleWebKit/537.36 (KHTML, like Gecko) Chrome/146.0.7680.177 Mobile Safari/537.36 (compatible; Googlebot/2.1; +http://www.google.com/bot.html)"
216.73.216.0 - - [17/Apr/2026:00:09:16 +0330] "GET /wp-includes/widgets/class-wp-widget-recent-comments.php HTTP/2" 500 20 "-" "Mozilla/5.0 AppleWebKit/537.36 (KHTML, like Gecko; compatible; ClaudeBot/1.0; +claudebot@anthropic.com)"
66.249.70.39 - - [17/Apr/2026:00:09:17 +0330] "GET /page/503/?search=search_term_string&nocache=1766083147 HTTP/1.1" 200 27155 "-" "Mozilla/5.0 (Linux; Android 6.0.1; Nexus 5X Build/MMB29P) AppleWebKit/537.36 (KHTML, like Gecko) Chrome/146.0.7680.177 Mobile Safari/537.36 (compatible; Googlebot/2.1; +http://www.google.com/bot.html)"
66.249.70.39 - - [17/Apr/2026:00:09:19 +0330] "GET /page/3/?search=search_term_string&nocache=1765795640 HTTP/1.1" 200 28237 "-" "Mozilla/5.0 (Linux; Android 6.0.1; Nexus 5X Build/MMB29P) AppleWebKit/537.36 (KHTML, like Gecko) Chrome/146.0.7680.177 Mobile Safari/537.36 (compatible; Googlebot/2.1; +http://www.google.com/bot.html)"
216.73.216.0 - - [17/Apr/2026:00:09:21 +0330] "GET /wp-includes/css/classic-themes.css HTTP/2" 200 366 "-" "Mozilla/5.0 AppleWebKit/537.36 (KHTML, like Gecko; compatible; ClaudeBot/1.0; +claudebot@anthropic.com)"
66.249.70.39 - - [17/Apr/2026:00:09:23 +0330] "GET /page/506/?search=search_term_string&nocache=1766044833 HTTP/1.1" 200 29278 "-" "Mozilla/5.0 (Linux; Android 6.0.1; Nexus 5X Build/MMB29P) AppleWebKit/537.36 (KHTML, like Gecko) Chrome/146.0.7680.177 Mobile Safari/537.36 (compatible; Googlebot/2.1; +http://www.google.com/bot.html)"
66.249.70.39 - - [17/Apr/2026:00:09:24 +0330] "GET /page/2/?search=search_term_string&nocache=1774586614 HTTP/1.1" 200 30100 "-" "Mozilla/5.0 (Linux; Android 6.0.1; Nexus 5X Build/MMB29P) AppleWebKit/537.36 (KHTML, like Gecko) Chrome/146.0.7680.177 Mobile Safari/537.36 (compatible; Googlebot/2.1; +http://www.google.com/bot.html)"
40.77.167.58 - - [17/Apr/2026:00:09:24 +0330] "GET /education-maintenance-of-indoor-plants/?nocache=1773950022 HTTP/2" 200 29492 "-" "Mozilla/5.0 AppleWebKit/537.36 (KHTML, like Gecko; compatible; bingbot/2.0; +http://www.bing.com/bingbot.htm) Chrome/116.0.1938.76 Safari/537.36"
216.73.216.0 - - [17/Apr/2026:00:09:26 +0330] "GET /wp-includes/block-bindings/pattern-overrides.php HTTP/2" 500 20 "-" "Mozilla/5.0 AppleWebKit/537.36 (KHTML, like Gecko; compatible; ClaudeBot/1.0; +claudebot@anthropic.com)"
66.249.70.32 - - [17/Apr/2026:00:09:26 +0330] "GET /page/499/?nocache=1766378744 HTTP/1.1" 200 33270 "-" "Mozilla/5.0 (Linux; Android 6.0.1; Nexus 5X Build/MMB29P) AppleWebKit/537.36 (KHTML, like Gecko) Chrome/146.0.7680.177 Mobile Safari/537.36 (compatible; Googlebot/2.1; +http://www.google.com/bot.html)"
216.73.216.0 - - [17/Apr/2026:00:09:31 +0330] "GET /wp-includes/widgets/class-wp-widget-custom-html.php HTTP/2" 500 20 "-" "Mozilla/5.0 AppleWebKit/537.36 (KHTML, like Gecko; compatible; ClaudeBot/1.0; +claudebot@anthropic.com)"
216.73.216.0 - - [17/Apr/2026:00:09:36 +0330] "GET /wp-includes/css/customize-preview-rtl.css HTTP/2" 200 980 "-" "Mozilla/5.0 AppleWebKit/537.36 (KHTML, like Gecko; compatible; ClaudeBot/1.0; +claudebot@anthropic.com)"
216.73.216.0 - - [17/Apr/2026:00:09:41 +0330] "GET /wp-includes/css/editor-rtl.min.css HTTP/2" 200 5670 "-" "Mozilla/5.0 AppleWebKit/537.36 (KHTML, like Gecko; compatible; ClaudeBot/1.0; +claudebot@anthropic.com)"
66.249.70.33 - - [17/Apr/2026:00:09:45 +0330] "GET /page/3/?search=search_term_string&nocache=1765869842 HTTP/1.1" 200 29185 "-" "Mozilla/5.0 (Linux; Android 6.0.1; Nexus 5X Build/MMB29P) AppleWebKit/537.36 (KHTML, like Gecko) Chrome/146.0.7680.177 Mobile Safari/537.36 (compatible; Googlebot/2.1; +http://www.google.com/bot.html)"
66.249.70.32 - - [17/Apr/2026:00:09:27 +0330] "GET /page/506/?search=search_term_string&nocache=1766452352 HTTP/1.1" 200 30356 "-" "Mozilla/5.0 (Linux; Android 6.0.1; Nexus 5X Build/MMB29P) AppleWebKit/537.36 (KHTML, like Gecko) Chrome/146.0.7680.177 Mobile Safari/537.36 (compatible; Googlebot/2.1; +http://www.google.com/bot.html)"
66.249.70.33 - - [17/Apr/2026:00:09:31 +0330] "GET /products/detail/211846785 HTTP/1.1" 200 28368 "-" "Mozilla/5.0 (Linux; Android 6.0.1; Nexus 5X Build/MMB29P) AppleWebKit/537.36 (KHTML, like Gecko) Chrome/146.0.7680.177 Mobile Safari/537.36 (compatible; Googlebot/2.1; +http://www.google.com/bot.html)"
66.249.70.32 - - [17/Apr/2026:00:09:32 +0330] "GET /products/detail/155675987 HTTP/1.1" 200 28339 "-" "Mozilla/5.0 (Linux; Android 6.0.1; Nexus 5X Build/MMB29P) AppleWebKit/537.36 (KHTML, like Gecko) Chrome/146.0.7680.177 Mobile Safari/537.36 (compatible; Googlebot/2.1; +http://www.google.com/bot.html)"
66.249.70.39 - - [17/Apr/2026:00:09:34 +0330] "GET /page/500/?nocache=1766484023 HTTP/1.1" 200 27822 "-" "Mozilla/5.0 (Linux; Android 6.0.1; Nexus 5X Build/MMB29P) AppleWebKit/537.36 (KHTML, like Gecko) Chrome/146.0.7680.177 Mobile Safari/537.36 (compatible; Googlebot/2.1; +http://www.google.com/bot.html)"
66.249.70.38 - - [17/Apr/2026:00:09:36 +0330] "GET /page/2/?search=search_term_string&nocache=1765879529 HTTP/1.1" 200 29665 "-" "Mozilla/5.0 (Linux; Android 6.0.1; Nexus 5X Build/MMB29P) AppleWebKit/537.36 (KHTML, like Gecko) Chrome/146.0.7680.177 Mobile Safari/537.36 (compatible; Googlebot/2.1; +http://www.google.com/bot.html)"
66.249.70.32 - - [17/Apr/2026:00:09:37 +0330] "GET /page/500/?nocache=1766320685 HTTP/1.1" 200 30488 "-" "Mozilla/5.0 (Linux; Android 6.0.1; Nexus 5X Build/MMB29P) AppleWebKit/537.36 (KHTML, like Gecko) Chrome/146.0.7680.177 Mobile Safari/537.36 (compatible; Googlebot/2.1; +http://www.google.com/bot.html)"
66.249.70.33 - - [17/Apr/2026:00:09:38 +0330] "GET /page/11/?nocache=1766101948 HTTP/1.1" 200 30297 "-" "Mozilla/5.0 (Linux; Android 6.0.1; Nexus 5X Build/MMB29P) AppleWebKit/537.36 (KHTML, like Gecko) Chrome/146.0.7680.177 Mobile Safari/537.36 (compatible; Googlebot/2.1; +http://www.google.com/bot.html)"
66.249.70.32 - - [17/Apr/2026:00:09:39 +0330] "GET /products/detail/196661876 HTTP/1.1" 200 29516 "-" "Mozilla/5.0 (Linux; Android 6.0.1; Nexus 5X Build/MMB29P) AppleWebKit/537.36 (KHTML, like Gecko) Chrome/146.0.7680.177 Mobile Safari/537.36 (compatible; GoogleOther)"
66.249.70.32 - - [17/Apr/2026:00:09:39 +0330] "GET /continuous-dandelion-design/ HTTP/1.1" 200 28767 "-" "Mozilla/5.0 (Linux; Android 6.0.1; Nexus 5X Build/MMB29P) AppleWebKit/537.36 (KHTML, like Gecko) Chrome/146.0.7680.177 Mobile Safari/537.36 (compatible; Googlebot/2.1; +http://www.google.com/bot.html)"
66.249.70.38 - - [17/Apr/2026:00:09:40 +0330] "GET /page/500/?search=search_term_string&nocache=1766813438 HTTP/1.1" 200 29018 "-" "Mozilla/5.0 (Linux; Android 6.0.1; Nexus 5X Build/MMB29P) AppleWebKit/537.36 (KHTML, like Gecko) Chrome/146.0.7680.177 Mobile Safari/537.36 (compatible; Googlebot/2.1; +http://www.google.com/bot.html)"
66.249.70.32 - - [17/Apr/2026:00:09:43 +0330] "GET /?p=6120054832608 HTTP/1.1" 200 28061 "-" "Mozilla/5.0 (Linux; Android 6.0.1; Nexus 5X Build/MMB29P) AppleWebKit/537.36 (KHTML, like Gecko) Chrome/146.0.7680.177 Mobile Safari/537.36 (compatible; GoogleOther)"
66.249.70.38 - - [17/Apr/2026:00:09:47 +0330] "GET /page/19/?nocache=1767243084 HTTP/1.1" 200 27120 "-" "Mozilla/5.0 (Linux; Android 6.0.1; Nexus 5X Build/MMB29P) AppleWebKit/537.36 (KHTML, like Gecko) Chrome/146.0.7680.177 Mobile Safari/537.36 (compatible; Googlebot/2.1; +http://www.google.com/bot.html)"
66.249.70.38 - - [17/Apr/2026:00:09:53 +0330] "GET /page/506/?search=search_term_string&nocache=1766488028 HTTP/1.1" 200 27754 "-" "Mozilla/5.0 (Linux; Android 6.0.1; Nexus 5X Build/MMB29P) AppleWebKit/537.36 (KHTML, like Gecko) Chrome/146.0.7680.177 Mobile Safari/537.36 (compatible; Googlebot/2.1; +http://www.google.com/bot.html)"
5.117.95.88 - - [17/Apr/2026:00:09:21 +0330] "GET /wp-content/uploads/2026/02/Free-tutorial-sewing-coat-with-lace-combination-04.webp HTTP/2" 200 26780 "https://rozbano.com/spring-mini-scarf-knitting-tutorial/" "Mozilla/5.0 (Linux; Android 12; SM-A125F Build/SP1A.210812.016; wv) AppleWebKit/537.36 (KHTML, like Gecko) 4.0 Chrome/145.0.7632.79 Mobile Safari/537.36; bw4"
5.117.95.88 - - [17/Apr/2026:00:09:21 +0330] "GET /wp-content/uploads/2026/02/Free-tutorial-crochet-beautiful-flower.webp HTTP/2" 200 32450 "https://rozbano.com/spring-mini-scarf-knitting-tutorial/" "Mozilla/5.0 (Linux; Android 12; SM-A125F Build/SP1A.210812.016; wv) AppleWebKit/537.36 (KHTML, like Gecko) 4.0 Chrome/145.0.7632.79 Mobile Safari/537.36; bw4"
5.117.95.88 - - [17/Apr/2026:00:09:26 +0330] "GET /crochet-flower-scrubby-tutorial/ HTTP/2" 200 35291 "https://rozbano.com/spring-mini-scarf-knitting-tutorial/" "Mozilla/5.0 (Linux; Android 12; SM-A125F Build/SP1A.210812.016; wv) AppleWebKit/537.36 (KHTML, like Gecko) Version/4.0 Chrome/145.0.7632.79 Mobile Safari/537.36"
5.117.95.88 - - [17/Apr/2026:00:09:31 +0330] "GET /free-size-sewing-blowing-tutorial-at-home/ HTTP/2" 200 0 "https://rozbano.com/spring-mini-scarf-knitting-tutorial/" "Mozilla/5.0 (Linux; Android 12; SM-A125F Build/SP1A.210812.016; wv) AppleWebKit/537.36 (KHTML, like Gecko) Version/4.0 Chrome/145.0.7632.79 Mobile Safari/537.36"
66.249.70.33 - - [17/Apr/2026:00:09:53 +0330] "GET /?p=80287120229710 HTTP/1.1" 200 28860 "-" "Mozilla/5.0 (Linux; Android 6.0.1; Nexus 5X Build/MMB29P) AppleWebKit/537.36 (KHTML, like Gecko) Chrome/146.0.7680.177 Mobile Safari/537.36 (compatible; GoogleOther)"
66.249.70.39 - - [17/Apr/2026:00:09:55 +0330] "GET /page/511/?search=search_term_string&nocache=1773874018 HTTP/1.1" 200 29444 "-" "Mozilla/5.0 (Linux; Android 6.0.1; Nexus 5X Build/MMB29P) AppleWebKit/537.36 (KHTML, like Gecko) Chrome/146.0.7680.177 Mobile Safari/537.36 (compatible; Googlebot/2.1; +http://www.google.com/bot.html)"
178.131.130.144 - - [17/Apr/2026:00:09:56 +0330] "GET /tutorial-on-how-to-make-a-ball-rose-with-paper/ HTTP/2" 200 33852 "https://zarebin.ir/" "Mozilla/5.0 (Linux; Android 10; K) AppleWebKit/537.36 (KHTML, like Gecko) Chrome/145.0.0.0 Mobile Safari/537.36"
178.131.130.144 - - [17/Apr/2026:00:10:00 +0330] "GET /wp-includes/css/dist/block-library/style-rtl.min.css?ver=6.9.4 HTTP/2" 200 14838 "https://rozbano.com/tutorial-on-how-to-make-a-ball-rose-with-paper/" "Mozilla/5.0 (Linux; Android 10; K) AppleWebKit/537.36 (KHTML, like Gecko) Chrome/145.0.0.0 Mobile Safari/537.36"
178.131.130.144 - - [17/Apr/2026:00:10:00 +0330] "GET /wp-content/plugins/jet-engine/assets/css/frontend.css?ver=3.7.10 HTTP/2" 200 8353 "https://rozbano.com/tutorial-on-how-to-make-a-ball-rose-with-paper/" "Mozilla/5.0 (Linux; Android 10; K) AppleWebKit/537.36 (KHTML, like Gecko) Chrome/145.0.0.0 Mobile Safari/537.36"
178.131.130.144 - - [17/Apr/2026:00:10:00 +0330] "GET /wp-content/themes/hello-elementor/style.css?ver=6.9.4 HTTP/2" 200 561 "https://rozbano.com/tutorial-on-how-to-make-a-ball-rose-with-paper/" "Mozilla/5.0 (Linux; Android 10; K) AppleWebKit/537.36 (KHTML, like Gecko) Chrome/145.0.0.0 Mobile Safari/537.36"
178.131.130.144 - - [17/Apr/2026:00:10:00 +0330] "GET /wp-content/plugins/elementor/assets/css/frontend-rtl.min.css?ver=3.32.3 HTTP/2" 200 6537 "https://rozbano.com/tutorial-on-how-to-make-a-ball-rose-with-paper/" "Mozilla/5.0 (Linux; Android 10; K) AppleWebKit/537.36 (KHTML, like Gecko) Chrome/145.0.0.0 Mobile Safari/537.36"
178.131.130.144 - - [17/Apr/2026:00:10:00 +0330] "GET /wp-content/plugins/elementor/assets/css/widget-image-rtl.min.css?ver=3.32.3 HTTP/2" 200 119 "https://rozbano.com/tutorial-on-how-to-make-a-ball-rose-with-paper/" "Mozilla/5.0 (Linux; Android 10; K) AppleWebKit/537.36 (KHTML, like Gecko) Chrome/145.0.0.0 Mobile Safari/537.36"
178.131.130.144 - - [17/Apr/2026:00:10:00 +0330] "GET /wp-content/plugins/elementor/assets/css/widget-social-icons-rtl.min.css?ver=3.32.3 HTTP/2" 200 1069 "https://rozbano.com/tutorial-on-how-to-make-a-ball-rose-with-paper/" "Mozilla/5.0 (Linux; Android 10; K) AppleWebKit/537.36 (KHTML, like Gecko) Chrome/145.0.0.0 Mobile Safari/537.36"
178.131.130.144 - - [17/Apr/2026:00:10:00 +0330] "GET /wp-content/plugins/elementor/assets/css/conditionals/apple-webkit.min.css?ver=3.32.3 HTTP/2" 200 472 "https://rozbano.com/tutorial-on-how-to-make-a-ball-rose-with-paper/" "Mozilla/5.0 (Linux; Android 10; K) AppleWebKit/537.36 (KHTML, like Gecko) Chrome/145.0.0.0 Mobile Safari/537.36"
178.131.130.144 - - [17/Apr/2026:00:10:00 +0330] "GET /wp-content/plugins/elementor-pro/assets/css/modules/sticky.min.css?ver=3.32.3 HTTP/2" 200 162 "https://rozbano.com/tutorial-on-how-to-make-a-ball-rose-with-paper/" "Mozilla/5.0 (Linux; Android 10; K) AppleWebKit/537.36 (KHTML, like Gecko) Chrome/145.0.0.0 Mobile Safari/537.36"
178.131.130.144 - - [17/Apr/2026:00:10:00 +0330] "GET /wp-content/plugins/elementor/assets/css/widget-heading-rtl.min.css?ver=3.32.3 HTTP/2" 200 154 "https://rozbano.com/tutorial-on-how-to-make-a-ball-rose-with-paper/" "Mozilla/5.0 (Linux; Android 10; K) AppleWebKit/537.36 (KHTML, like Gecko) Chrome/145.0.0.0 Mobile Safari/537.36"
178.131.130.144 - - [17/Apr/2026:00:10:00 +0330] "GET /wp-content/plugins/elementor/assets/css/widget-icon-box-rtl.min.css?ver=3.32.3 HTTP/2" 200 422 "https://rozbano.com/tutorial-on-how-to-make-a-ball-rose-with-paper/" "Mozilla/5.0 (Linux; Android 10; K) AppleWebKit/537.36 (KHTML, like Gecko) Chrome/145.0.0.0 Mobile Safari/537.36"
178.131.130.144 - - [17/Apr/2026:00:10:00 +0330] "GET /wp-content/plugins/elementor/assets/lib/swiper/v8/css/swiper.min.css?ver=8.4.5 HTTP/2" 200 4248 "https://rozbano.com/tutorial-on-how-to-make-a-ball-rose-with-paper/" "Mozilla/5.0 (Linux; Android 10; K) AppleWebKit/537.36 (KHTML, like Gecko) Chrome/145.0.0.0 Mobile Safari/537.36"
178.131.130.144 - - [17/Apr/2026:00:10:00 +0330] "GET /wp-content/plugins/elementor/assets/css/conditionals/e-swiper.min.css?ver=3.32.3 HTTP/2" 200 699 "https://rozbano.com/tutorial-on-how-to-make-a-ball-rose-with-paper/" "Mozilla/5.0 (Linux; Android 10; K) AppleWebKit/537.36 (KHTML, like Gecko) Chrome/145.0.0.0 Mobile Safari/537.36"
178.131.130.144 - - [17/Apr/2026:00:10:00 +0330] "GET /wp-content/plugins/elementor-pro/assets/css/widget-post-info-rtl.min.css?ver=3.32.3 HTTP/2" 200 165 "https://rozbano.com/tutorial-on-how-to-make-a-ball-rose-with-paper/" "Mozilla/5.0 (Linux; Android 10; K) AppleWebKit/537.36 (KHTML, like Gecko) Chrome/145.0.0.0 Mobile Safari/537.36"
178.131.130.144 - - [17/Apr/2026:00:10:00 +0330] "GET /wp-content/plugins/elementor/assets/css/widget-icon-list-rtl.min.css?ver=3.32.3 HTTP/2" 200 963 "https://rozbano.com/tutorial-on-how-to-make-a-ball-rose-with-paper/" "Mozilla/5.0 (Linux; Android 10; K) AppleWebKit/537.36 (KHTML, like Gecko) Chrome/145.0.0.0 Mobile Safari/537.36"
178.131.130.144 - - [17/Apr/2026:00:10:00 +0330] "GET /wp-content/plugins/elementor-pro/assets/css/widget-share-buttons-rtl.min.css?ver=3.32.3 HTTP/2" 200 2144 "https://rozbano.com/tutorial-on-how-to-make-a-ball-rose-with-paper/" "Mozilla/5.0 (Linux; Android 10; K) AppleWebKit/537.36 (KHTML, like Gecko) Chrome/145.0.0.0 Mobile Safari/537.36"
178.131.130.144 - - [17/Apr/2026:00:10:00 +0330] "GET /wp-content/plugins/elementor-pro/assets/css/widget-post-navigation-rtl.min.css?ver=3.32.3 HTTP/2" 200 494 "https://rozbano.com/tutorial-on-how-to-make-a-ball-rose-with-paper/" "Mozilla/5.0 (Linux; Android 10; K) AppleWebKit/537.36 (KHTML, like Gecko) Chrome/145.0.0.0 Mobile Safari/537.36"
178.131.130.144 - - [17/Apr/2026:00:10:00 +0330] "GET /wp-content/uploads/elementor/css/post-53138.css?ver=1776365957 HTTP/2" 200 3019 "https://rozbano.com/tutorial-on-how-to-make-a-ball-rose-with-paper/" "Mozilla/5.0 (Linux; Android 10; K) AppleWebKit/537.36 (KHTML, like Gecko) Chrome/145.0.0.0 Mobile Safari/537.36"
178.131.130.144 - - [17/Apr/2026:00:10:00 +0330] "GET /wp-content/uploads/elementor/css/post-53143.css?ver=1776365957 HTTP/2" 200 462 "https://rozbano.com/tutorial-on-how-to-make-a-ball-rose-with-paper/" "Mozilla/5.0 (Linux; Android 10; K) AppleWebKit/537.36 (KHTML, like Gecko) Chrome/145.0.0.0 Mobile Safari/537.36"
178.131.130.144 - - [17/Apr/2026:00:10:00 +0330] "GET /wp-content/uploads/elementor/css/post-53145.css?ver=1776365957 HTTP/2" 200 1694 "https://rozbano.com/tutorial-on-how-to-make-a-ball-rose-with-paper/" "Mozilla/5.0 (Linux; Android 10; K) AppleWebKit/537.36 (KHTML, like Gecko) Chrome/145.0.0.0 Mobile Safari/537.36"
178.131.130.144 - - [17/Apr/2026:00:10:00 +0330] "GET /wp-content/uploads/elementor/css/post-53177.css?ver=1776365957 HTTP/2" 200 440 "https://rozbano.com/tutorial-on-how-to-make-a-ball-rose-with-paper/" "Mozilla/5.0 (Linux; Android 10; K) AppleWebKit/537.36 (KHTML, like Gecko) Chrome/145.0.0.0 Mobile Safari/537.36"
178.131.130.144 - - [17/Apr/2026:00:10:00 +0330] "GET /wp-content/uploads/elementor/css/post-53178.css?ver=1776365957 HTTP/2" 200 415 "https://rozbano.com/tutorial-on-how-to-make-a-ball-rose-with-paper/" "Mozilla/5.0 (Linux; Android 10; K) AppleWebKit/537.36 (KHTML, like Gecko) Chrome/145.0.0.0 Mobile Safari/537.36"
178.131.130.144 - - [17/Apr/2026:00:10:00 +0330] "GET /wp-content/uploads/elementor/css/post-53316.css?ver=1776365957 HTTP/2" 200 418 "https://rozbano.com/tutorial-on-how-to-make-a-ball-rose-with-paper/" "Mozilla/5.0 (Linux; Android 10; K) AppleWebKit/537.36 (KHTML, like Gecko) Chrome/145.0.0.0 Mobile Safari/537.36"
178.131.130.144 - - [17/Apr/2026:00:10:00 +0330] "GET /wp-content/uploads/elementor/css/post-53157.css?ver=1776365962 HTTP/2" 200 2256 "https://rozbano.com/tutorial-on-how-to-make-a-ball-rose-with-paper/" "Mozilla/5.0 (Linux; Android 10; K) AppleWebKit/537.36 (KHTML, like Gecko) Chrome/145.0.0.0 Mobile Safari/537.36"
178.131.130.144 - - [17/Apr/2026:00:10:00 +0330] "GET /wp-content/uploads/elementor/css/post-53179.css?ver=1776365962 HTTP/2" 200 523 "https://rozbano.com/tutorial-on-how-to-make-a-ball-rose-with-paper/" "Mozilla/5.0 (Linux; Android 10; K) AppleWebKit/537.36 (KHTML, like Gecko) Chrome/145.0.0.0 Mobile Safari/537.36"
178.131.130.144 - - [17/Apr/2026:00:10:00 +0330] "GET /wp-content/plugins/elementor-pro/abzarwp/fonts/all/css/fonts.css?ver=123456 HTTP/2" 200 2919 "https://rozbano.com/tutorial-on-how-to-make-a-ball-rose-with-paper/" "Mozilla/5.0 (Linux; Android 10; K) AppleWebKit/537.36 (KHTML, like Gecko) Chrome/145.0.0.0 Mobile Safari/537.36"
178.131.130.144 - - [17/Apr/2026:00:10:00 +0330] "GET /wp-content/uploads/elementor/css/post-53149.css?ver=1776365962 HTTP/2" 200 1333 "https://rozbano.com/tutorial-on-how-to-make-a-ball-rose-with-paper/" "Mozilla/5.0 (Linux; Android 10; K) AppleWebKit/537.36 (KHTML, like Gecko) Chrome/145.0.0.0 Mobile Safari/537.36"
178.131.130.144 - - [17/Apr/2026:00:10:00 +0330] "GET /wp-content/uploads/elementor/css/post-53181.css?ver=1776365963 HTTP/2" 200 413 "https://rozbano.com/tutorial-on-how-to-make-a-ball-rose-with-paper/" "Mozilla/5.0 (Linux; Android 10; K) AppleWebKit/537.36 (KHTML, like Gecko) Chrome/145.0.0.0 Mobile Safari/537.36"
178.131.130.144 - - [17/Apr/2026:00:10:00 +0330] "GET /wp-content/uploads/elementor/css/post-53234.css?ver=1776365963 HTTP/2" 200 414 "https://rozbano.com/tutorial-on-how-to-make-a-ball-rose-with-paper/" "Mozilla/5.0 (Linux; Android 10; K) AppleWebKit/537.36 (KHTML, like Gecko) Chrome/145.0.0.0 Mobile Safari/537.36"
178.131.130.144 - - [17/Apr/2026:00:10:00 +0330] "GET /wp-content/uploads/elementor/css/post-53180.css?ver=1776365963 HTTP/2" 200 636 "https://rozbano.com/tutorial-on-how-to-make-a-ball-rose-with-paper/" "Mozilla/5.0 (Linux; Android 10; K) AppleWebKit/537.36 (KHTML, like Gecko) Chrome/145.0.0.0 Mobile Safari/537.36"
178.131.130.144 - - [17/Apr/2026:00:10:00 +0330] "GET /wp-content/plugins/elementor-pro/assets/css/widget-nav-menu-rtl.min.css?ver=3.32.3 HTTP/2" 200 3246 "https://rozbano.com/tutorial-on-how-to-make-a-ball-rose-with-paper/" "Mozilla/5.0 (Linux; Android 10; K) AppleWebKit/537.36 (KHTML, like Gecko) Chrome/145.0.0.0 Mobile Safari/537.36"
178.131.130.144 - - [17/Apr/2026:00:10:00 +0330] "GET /wp-content/plugins/elementor-pro/assets/css/conditionals/ribbon.min.css?ver=3.32.3 HTTP/2" 200 250 "https://rozbano.com/tutorial-on-how-to-make-a-ball-rose-with-paper/" "Mozilla/5.0 (Linux; Android 10; K) AppleWebKit/537.36 (KHTML, like Gecko) Chrome/145.0.0.0 Mobile Safari/537.36"
178.131.130.144 - - [17/Apr/2026:00:10:00 +0330] "GET /wp-content/plugins/elementor-pro/assets/css/widget-call-to-action-rtl.min.css?ver=3.32.3 HTTP/2" 200 1211 "https://rozbano.com/tutorial-on-how-to-make-a-ball-rose-with-paper/" "Mozilla/5.0 (Linux; Android 10; K) AppleWebKit/537.36 (KHTML, like Gecko) Chrome/145.0.0.0 Mobile Safari/537.36"
178.131.130.144 - - [17/Apr/2026:00:10:00 +0330] "GET /wp-content/plugins/elementor-pro/assets/css/conditionals/transitions.min.css?ver=3.32.3 HTTP/2" 200 599 "https://rozbano.com/tutorial-on-how-to-make-a-ball-rose-with-paper/" "Mozilla/5.0 (Linux; Android 10; K) AppleWebKit/537.36 (KHTML, like Gecko) Chrome/145.0.0.0 Mobile Safari/537.36"
178.131.130.144 - - [17/Apr/2026:00:10:00 +0330] "GET /wp-includes/js/jquery/jquery.min.js?ver=3.7.1 HTTP/2" 200 29744 "https://rozbano.com/tutorial-on-how-to-make-a-ball-rose-with-paper/" "Mozilla/5.0 (Linux; Android 10; K) AppleWebKit/537.36 (KHTML, like Gecko) Chrome/145.0.0.0 Mobile Safari/537.36"
178.131.130.144 - - [17/Apr/2026:00:10:00 +0330] "GET /wp-includes/js/jquery/jquery-migrate.min.js?ver=3.4.1 HTTP/2" 200 4678 "https://rozbano.com/tutorial-on-how-to-make-a-ball-rose-with-paper/" "Mozilla/5.0 (Linux; Android 10; K) AppleWebKit/537.36 (KHTML, like Gecko) Chrome/145.0.0.0 Mobile Safari/537.36"
178.131.130.144 - - [17/Apr/2026:00:10:00 +0330] "GET /wp-content/uploads/2025/05/Tutorial20on20how20to20make20a20ball20rose20with20paper-23.jpg HTTP/2" 200 11303 "https://rozbano.com/tutorial-on-how-to-make-a-ball-rose-with-paper/" "Mozilla/5.0 (Linux; Android 10; K) AppleWebKit/537.36 (KHTML, like Gecko) Chrome/145.0.0.0 Mobile Safari/537.36"
178.131.130.144 - - [17/Apr/2026:00:10:00 +0330] "GET /wp-content/uploads/2025/05/Tutorial20on20how20to20make20a20ball20rose20with20paper.jpg HTTP/2" 200 64630 "https://rozbano.com/tutorial-on-how-to-make-a-ball-rose-with-paper/" "Mozilla/5.0 (Linux; Android 10; K) AppleWebKit/537.36 (KHTML, like Gecko) Chrome/145.0.0.0 Mobile Safari/537.36"
178.131.130.144 - - [17/Apr/2026:00:10:00 +0330] "GET /wp-content/uploads/2025/05/Tutorial20on20how20to20make20a20ball20rose20with20paper-01.jpg HTTP/2" 200 42160 "https://rozbano.com/tutorial-on-how-to-make-a-ball-rose-with-paper/" "Mozilla/5.0 (Linux; Android 10; K) AppleWebKit/537.36 (KHTML, like Gecko) Chrome/145.0.0.0 Mobile Safari/537.36"
178.131.130.144 - - [17/Apr/2026:00:10:00 +0330] "GET /wp-content/uploads/2025/05/Tutorial20on20how20to20make20a20ball20rose20with20paper-02.jpg HTTP/2" 200 53742 "https://rozbano.com/tutorial-on-how-to-make-a-ball-rose-with-paper/" "Mozilla/5.0 (Linux; Android 10; K) AppleWebKit/537.36 (KHTML, like Gecko) Chrome/145.0.0.0 Mobile Safari/537.36"
178.131.130.144 - - [17/Apr/2026:00:10:00 +0330] "GET /wp-content/uploads/2025/05/Tutorial20on20how20to20make20a20ball20rose20with20paper-03.jpg HTTP/2" 200 38987 "https://rozbano.com/tutorial-on-how-to-make-a-ball-rose-with-paper/" "Mozilla/5.0 (Linux; Android 10; K) AppleWebKit/537.36 (KHTML, like Gecko) Chrome/145.0.0.0 Mobile Safari/537.36"
178.131.130.144 - - [17/Apr/2026:00:10:00 +0330] "GET /wp-content/plugins/elementor/assets/js/webpack.runtime.min.js?ver=3.32.3 HTTP/2" 200 2320 "https://rozbano.com/tutorial-on-how-to-make-a-ball-rose-with-paper/" "Mozilla/5.0 (Linux; Android 10; K) AppleWebKit/537.36 (KHTML, like Gecko) Chrome/145.0.0.0 Mobile Safari/537.36"
178.131.130.144 - - [17/Apr/2026:00:10:00 +0330] "GET /wp-content/plugins/elementor/assets/js/frontend-modules.min.js?ver=3.32.3 HTTP/2" 200 17962 "https://rozbano.com/tutorial-on-how-to-make-a-ball-rose-with-paper/" "Mozilla/5.0 (Linux; Android 10; K) AppleWebKit/537.36 (KHTML, like Gecko) Chrome/145.0.0.0 Mobile Safari/537.36"
178.131.130.144 - - [17/Apr/2026:00:10:00 +0330] "GET /wp-includes/js/jquery/ui/core.min.js?ver=1.13.3 HTTP/2" 200 6812 "https://rozbano.com/tutorial-on-how-to-make-a-ball-rose-with-paper/" "Mozilla/5.0 (Linux; Android 10; K) AppleWebKit/537.36 (KHTML, like Gecko) Chrome/145.0.0.0 Mobile Safari/537.36"
178.131.130.144 - - [17/Apr/2026:00:10:00 +0330] "GET /wp-content/plugins/elementor/assets/js/frontend.min.js?ver=3.32.3 HTTP/2" 200 10165 "https://rozbano.com/tutorial-on-how-to-make-a-ball-rose-with-paper/" "Mozilla/5.0 (Linux; Android 10; K) AppleWebKit/537.36 (KHTML, like Gecko) Chrome/145.0.0.0 Mobile Safari/537.36"
178.131.130.144 - - [17/Apr/2026:00:10:00 +0330] "GET /wp-content/plugins/elementor-pro/assets/lib/sticky/jquery.sticky.min.js?ver=3.32.3 HTTP/2" 200 1442 "https://rozbano.com/tutorial-on-how-to-make-a-ball-rose-with-paper/" "Mozilla/5.0 (Linux; Android 10; K) AppleWebKit/537.36 (KHTML, like Gecko) Chrome/145.0.0.0 Mobile Safari/537.36"
178.131.130.144 - - [17/Apr/2026:00:10:00 +0330] "GET /wp-content/plugins/elementor/assets/lib/swiper/v8/swiper.min.js?ver=8.4.5 HTTP/2" 200 38152 "https://rozbano.com/tutorial-on-how-to-make-a-ball-rose-with-paper/" "Mozilla/5.0 (Linux; Android 10; K) AppleWebKit/537.36 (KHTML, like Gecko) Chrome/145.0.0.0 Mobile Safari/537.36"
178.131.130.144 - - [17/Apr/2026:00:10:00 +0330] "GET /wp-content/plugins/elementor-pro/assets/lib/smartmenus/jquery.smartmenus.min.js?ver=1.2.1 HTTP/2" 200 6867 "https://rozbano.com/tutorial-on-how-to-make-a-ball-rose-with-paper/" "Mozilla/5.0 (Linux; Android 10; K) AppleWebKit/537.36 (KHTML, like Gecko) Chrome/145.0.0.0 Mobile Safari/537.36"
178.131.130.144 - - [17/Apr/2026:00:10:00 +0330] "GET /wp-content/plugins/jet-engine/assets/lib/jet-plugins/jet-plugins.js?ver=1.1.0 HTTP/2" 200 2190 "https://rozbano.com/tutorial-on-how-to-make-a-ball-rose-with-paper/" "Mozilla/5.0 (Linux; Android 10; K) AppleWebKit/537.36 (KHTML, like Gecko) Chrome/145.0.0.0 Mobile Safari/537.36"
178.131.130.144 - - [17/Apr/2026:00:10:00 +0330] "GET /wp-content/plugins/jet-engine/assets/js/frontend.js?ver=3.7.10 HTTP/2" 200 15312 "https://rozbano.com/tutorial-on-how-to-make-a-ball-rose-with-paper/" "Mozilla/5.0 (Linux; Android 10; K) AppleWebKit/537.36 (KHTML, like Gecko) Chrome/145.0.0.0 Mobile Safari/537.36"
178.131.130.144 - - [17/Apr/2026:00:10:00 +0330] "GET /wp-content/plugins/elementor-pro/assets/js/webpack-pro.runtime.min.js?ver=3.32.3 HTTP/2" 200 2622 "https://rozbano.com/tutorial-on-how-to-make-a-ball-rose-with-paper/" "Mozilla/5.0 (Linux; Android 10; K) AppleWebKit/537.36 (KHTML, like Gecko) Chrome/145.0.0.0 Mobile Safari/537.36"
178.131.130.144 - - [17/Apr/2026:00:10:00 +0330] "GET /wp-includes/js/dist/hooks.min.js?ver=dd5603f07f9220ed27f1 HTTP/2" 200 1852 "https://rozbano.com/tutorial-on-how-to-make-a-ball-rose-with-paper/" "Mozilla/5.0 (Linux; Android 10; K) AppleWebKit/537.36 (KHTML, like Gecko) Chrome/145.0.0.0 Mobile Safari/537.36"
178.131.130.144 - - [17/Apr/2026:00:10:00 +0330] "GET /wp-includes/js/dist/i18n.min.js?ver=c26c3dc7bed366793375 HTTP/2" 200 2119 "https://rozbano.com/tutorial-on-how-to-make-a-ball-rose-with-paper/" "Mozilla/5.0 (Linux; Android 10; K) AppleWebKit/537.36 (KHTML, like Gecko) Chrome/145.0.0.0 Mobile Safari/537.36"
178.131.130.144 - - [17/Apr/2026:00:10:00 +0330] "GET /wp-content/plugins/elementor-pro/assets/js/frontend.min.js?ver=3.32.3 HTTP/2" 200 6321 "https://rozbano.com/tutorial-on-how-to-make-a-ball-rose-with-paper/" "Mozilla/5.0 (Linux; Android 10; K) AppleWebKit/537.36 (KHTML, like Gecko) Chrome/145.0.0.0 Mobile Safari/537.36"
178.131.130.144 - - [17/Apr/2026:00:10:00 +0330] "GET /wp-content/plugins/elementor-pro/assets/js/elements-handlers.min.js?ver=3.32.3 HTTP/2" 200 10180 "https://rozbano.com/tutorial-on-how-to-make-a-ball-rose-with-paper/" "Mozilla/5.0 (Linux; Android 10; K) AppleWebKit/537.36 (KHTML, like Gecko) Chrome/145.0.0.0 Mobile Safari/537.36"
178.131.130.144 - - [17/Apr/2026:00:10:00 +0330] "GET /wp-content/uploads/2025/05/Rozbano-Logo-Web-Nima-new.webp HTTP/2" 200 2430 "https://rozbano.com/tutorial-on-how-to-make-a-ball-rose-with-paper/" "Mozilla/5.0 (Linux; Android 10; K) AppleWebKit/537.36 (KHTML, like Gecko) Chrome/145.0.0.0 Mobile Safari/537.36"
178.131.130.144 - - [17/Apr/2026:00:10:00 +0330] "GET /wp-content/uploads/2025/10/Free-crochet-tutorial-for-fall-hat-01.webp HTTP/2" 200 72884 "https://rozbano.com/tutorial-on-how-to-make-a-ball-rose-with-paper/" "Mozilla/5.0 (Linux; Android 10; K) AppleWebKit/537.36 (KHTML, like Gecko) Chrome/145.0.0.0 Mobile Safari/537.36"
178.131.130.144 - - [17/Apr/2026:00:10:00 +0330] "GET /wp-content/uploads/2025/11/free-crochet-candy-bath-towel-tutorial-01.webp HTTP/2" 200 34422 "https://rozbano.com/tutorial-on-how-to-make-a-ball-rose-with-paper/" "Mozilla/5.0 (Linux; Android 10; K) AppleWebKit/537.36 (KHTML, like Gecko) Chrome/145.0.0.0 Mobile Safari/537.36"
178.131.130.144 - - [17/Apr/2026:00:10:00 +0330] "GET /wp-content/uploads/2025/10/Crochet-Kitchen-Napkin-Holder-Free-Tutorial.webp HTTP/2" 200 31990 "https://rozbano.com/tutorial-on-how-to-make-a-ball-rose-with-paper/" "Mozilla/5.0 (Linux; Android 10; K) AppleWebKit/537.36 (KHTML, like Gecko) Chrome/145.0.0.0 Mobile Safari/537.36"
178.131.130.144 - - [17/Apr/2026:00:10:00 +0330] "GET /wp-content/uploads/2025/10/Autumn-Kaftan-Sewing-Tutorial-at-Home.webp HTTP/2" 200 22110 "https://rozbano.com/tutorial-on-how-to-make-a-ball-rose-with-paper/" "Mozilla/5.0 (Linux; Android 10; K) AppleWebKit/537.36 (KHTML, like Gecko) Chrome/145.0.0.0 Mobile Safari/537.36"
178.131.130.144 - - [17/Apr/2026:00:10:00 +0330] "GET /wp-content/uploads/2025/10/Free-tutorial-sew-versatile-organizer-01.webp HTTP/2" 200 21366 "https://rozbano.com/tutorial-on-how-to-make-a-ball-rose-with-paper/" "Mozilla/5.0 (Linux; Android 10; K) AppleWebKit/537.36 (KHTML, like Gecko) Chrome/145.0.0.0 Mobile Safari/537.36"
178.131.130.144 - - [17/Apr/2026:00:10:00 +0330] "GET /wp-content/uploads/2025/10/tutorial-sew-versatile-organizer-with-little-fabric-01.webp HTTP/2" 200 64330 "https://rozbano.com/tutorial-on-how-to-make-a-ball-rose-with-paper/" "Mozilla/5.0 (Linux; Android 10; K) AppleWebKit/537.36 (KHTML, like Gecko) Chrome/145.0.0.0 Mobile Safari/537.36"
178.131.130.144 - - [17/Apr/2026:00:10:00 +0330] "GET /wp-content/uploads/2025/12/IRANSansXFaNum-Medium.woff2 HTTP/2" 200 28060 "https://rozbano.com/wp-content/uploads/elementor/css/post-53138.css?ver=1776365957" "Mozilla/5.0 (Linux; Android 10; K) AppleWebKit/537.36 (KHTML, like Gecko) Chrome/145.0.0.0 Mobile Safari/537.36"
178.131.130.144 - - [17/Apr/2026:00:10:00 +0330] "GET /wp-content/uploads/2025/05/rzbano-295-2-1-147x150.jpg HTTP/2" 200 10869 "https://rozbano.com/tutorial-on-how-to-make-a-ball-rose-with-paper/" "Mozilla/5.0 (Linux; Android 10; K) AppleWebKit/537.36 (KHTML, like Gecko) Chrome/145.0.0.0 Mobile Safari/537.36"
178.131.130.144 - - [17/Apr/2026:00:10:00 +0330] "GET /wp-content/uploads/2025/12/IRANSansXFaNum-Regular.woff2 HTTP/2" 200 27012 "https://rozbano.com/wp-content/uploads/elementor/css/post-53138.css?ver=1776365957" "Mozilla/5.0 (Linux; Android 10; K) AppleWebKit/537.36 (KHTML, like Gecko) Chrome/145.0.0.0 Mobile Safari/537.36"
178.131.130.144 - - [17/Apr/2026:00:10:00 +0330] "GET /wp-content/uploads/2016/06/texture-tonics-most-beautiful-models-in-2016-12.webp HTTP/2" 200 17804 "https://rozbano.com/tutorial-on-how-to-make-a-ball-rose-with-paper/" "Mozilla/5.0 (Linux; Android 10; K) AppleWebKit/537.36 (KHTML, like Gecko) Chrome/145.0.0.0 Mobile Safari/537.36"
178.131.130.144 - - [17/Apr/2026:00:10:00 +0330] "GET /wp-content/uploads/2025/05/rozbano-77-4-300x172.jpg HTTP/2" 200 20471 "https://rozbano.com/tutorial-on-how-to-make-a-ball-rose-with-paper/" "Mozilla/5.0 (Linux; Android 10; K) AppleWebKit/537.36 (KHTML, like Gecko) Chrome/145.0.0.0 Mobile Safari/537.36"
178.131.130.144 - - [17/Apr/2026:00:10:00 +0330] "GET /wp-content/uploads/2016/06/new-pictures-with-lindsay-lohan-biography-07.webp HTTP/2" 200 17528 "https://rozbano.com/tutorial-on-how-to-make-a-ball-rose-with-paper/" "Mozilla/5.0 (Linux; Android 10; K) AppleWebKit/537.36 (KHTML, like Gecko) Chrome/145.0.0.0 Mobile Safari/537.36"
178.131.130.144 - - [17/Apr/2026:00:10:00 +0330] "GET /wp-content/uploads/2025/05/rozbano-234-13-300x206.jpg HTTP/2" 200 17793 "https://rozbano.com/tutorial-on-how-to-make-a-ball-rose-with-paper/" "Mozilla/5.0 (Linux; Android 10; K) AppleWebKit/537.36 (KHTML, like Gecko) Chrome/145.0.0.0 Mobile Safari/537.36"
178.131.130.144 - - [17/Apr/2026:00:10:00 +0330] "GET /wp-content/uploads/2025/05/Tutorial20on20how20to20make20a20ball20rose20with20paper-04.jpg HTTP/2" 200 31276 "https://rozbano.com/tutorial-on-how-to-make-a-ball-rose-with-paper/" "Mozilla/5.0 (Linux; Android 10; K) AppleWebKit/537.36 (KHTML, like Gecko) Chrome/145.0.0.0 Mobile Safari/537.36"
178.131.130.144 - - [17/Apr/2026:00:10:00 +0330] "GET /wp-content/uploads/2025/05/Tutorial20on20how20to20make20a20ball20rose20with20paper-05.jpg HTTP/2" 200 27435 "https://rozbano.com/tutorial-on-how-to-make-a-ball-rose-with-paper/" "Mozilla/5.0 (Linux; Android 10; K) AppleWebKit/537.36 (KHTML, like Gecko) Chrome/145.0.0.0 Mobile Safari/537.36"
178.131.130.144 - - [17/Apr/2026:00:10:00 +0330] "GET /wp-content/uploads/2025/05/Tutorial20on20how20to20make20a20ball20rose20with20paper-07.jpg HTTP/2" 200 28880 "https://rozbano.com/tutorial-on-how-to-make-a-ball-rose-with-paper/" "Mozilla/5.0 (Linux; Android 10; K) AppleWebKit/537.36 (KHTML, like Gecko) Chrome/145.0.0.0 Mobile Safari/537.36"
178.131.130.144 - - [17/Apr/2026:00:10:00 +0330] "GET /wp-includes/js/comment-reply.min.js?ver=6.9.4 HTTP/2" 200 1247 "https://rozbano.com/tutorial-on-how-to-make-a-ball-rose-with-paper/" "Mozilla/5.0 (Linux; Android 10; K) AppleWebKit/537.36 (KHTML, like Gecko) Chrome/145.0.0.0 Mobile Safari/537.36"
178.131.130.144 - - [17/Apr/2026:00:10:00 +0330] "GET /wp-content/uploads/2025/05/Tutorial20on20how20to20make20a20ball20rose20with20paper-06.jpg HTTP/2" 200 41227 "https://rozbano.com/tutorial-on-how-to-make-a-ball-rose-with-paper/" "Mozilla/5.0 (Linux; Android 10; K) AppleWebKit/537.36 (KHTML, like Gecko) Chrome/145.0.0.0 Mobile Safari/537.36"
178.131.130.144 - - [17/Apr/2026:00:10:00 +0330] "GET /wp-content/uploads/2025/05/Tutorial20on20how20to20make20a20ball20rose20with20paper-06-1.jpg HTTP/2" 200 41385 "https://rozbano.com/tutorial-on-how-to-make-a-ball-rose-with-paper/" "Mozilla/5.0 (Linux; Android 10; K) AppleWebKit/537.36 (KHTML, like Gecko) Chrome/145.0.0.0 Mobile Safari/537.36"
178.131.130.144 - - [17/Apr/2026:00:10:01 +0330] "GET /wp-content/uploads/2025/12/IRANSansXFaNum-Bold.woff2 HTTP/2" 200 28036 "https://rozbano.com/wp-content/uploads/elementor/css/post-53138.css?ver=1776365957" "Mozilla/5.0 (Linux; Android 10; K) AppleWebKit/537.36 (KHTML, like Gecko) Chrome/145.0.0.0 Mobile Safari/537.36"
178.131.130.144 - - [17/Apr/2026:00:10:01 +0330] "GET /wp-content/uploads/2025/12/IRANSansXFaNum-Black.woff2 HTTP/2" 200 26796 "https://rozbano.com/wp-content/uploads/elementor/css/post-53138.css?ver=1776365957" "Mozilla/5.0 (Linux; Android 10; K) AppleWebKit/537.36 (KHTML, like Gecko) Chrome/145.0.0.0 Mobile Safari/537.36"
178.131.130.144 - - [17/Apr/2026:00:10:00 +0330] "GET /wp-content/uploads/2025/05/Tutorial20on20how20to20make20a20ball20rose20with20paper-06-2.jpg HTTP/2" 200 40278 "https://rozbano.com/tutorial-on-how-to-make-a-ball-rose-with-paper/" "Mozilla/5.0 (Linux; Android 10; K) AppleWebKit/537.36 (KHTML, like Gecko) Chrome/145.0.0.0 Mobile Safari/537.36"
178.131.130.144 - - [17/Apr/2026:00:10:00 +0330] "GET /wp-content/uploads/2025/05/Tutorial20on20how20to20make20a20ball20rose20with20paper-08.jpg HTTP/2" 200 41769 "https://rozbano.com/tutorial-on-how-to-make-a-ball-rose-with-paper/" "Mozilla/5.0 (Linux; Android 10; K) AppleWebKit/537.36 (KHTML, like Gecko) Chrome/145.0.0.0 Mobile Safari/537.36"
178.131.130.144 - - [17/Apr/2026:00:10:00 +0330] "GET /wp-content/uploads/2025/05/Tutorial20on20how20to20make20a20ball20rose20with20paper-09.jpg HTTP/2" 200 37111 "https://rozbano.com/tutorial-on-how-to-make-a-ball-rose-with-paper/" "Mozilla/5.0 (Linux; Android 10; K) AppleWebKit/537.36 (KHTML, like Gecko) Chrome/145.0.0.0 Mobile Safari/537.36"
178.131.130.144 - - [17/Apr/2026:00:10:00 +0330] "GET /wp-content/uploads/2025/05/Tutorial20on20how20to20make20a20ball20rose20with20paper-10.jpg HTTP/2" 200 36187 "https://rozbano.com/tutorial-on-how-to-make-a-ball-rose-with-paper/" "Mozilla/5.0 (Linux; Android 10; K) AppleWebKit/537.36 (KHTML, like Gecko) Chrome/145.0.0.0 Mobile Safari/537.36"
178.131.130.144 - - [17/Apr/2026:00:10:00 +0330] "GET /wp-content/uploads/2025/05/Tutorial20on20how20to20make20a20ball20rose20with20paper-11.jpg HTTP/2" 200 36782 "https://rozbano.com/tutorial-on-how-to-make-a-ball-rose-with-paper/" "Mozilla/5.0 (Linux; Android 10; K) AppleWebKit/537.36 (KHTML, like Gecko) Chrome/145.0.0.0 Mobile Safari/537.36"
178.131.130.144 - - [17/Apr/2026:00:10:00 +0330] "GET /wp-content/uploads/2025/05/Tutorial20on20how20to20make20a20ball20rose20with20paper-12.jpg HTTP/2" 200 37082 "https://rozbano.com/tutorial-on-how-to-make-a-ball-rose-with-paper/" "Mozilla/5.0 (Linux; Android 10; K) AppleWebKit/537.36 (KHTML, like Gecko) Chrome/145.0.0.0 Mobile Safari/537.36"
178.131.130.144 - - [17/Apr/2026:00:10:00 +0330] "GET /wp-content/uploads/2025/05/Tutorial20on20how20to20make20a20ball20rose20with20paper-13.jpg HTTP/2" 200 37124 "https://rozbano.com/tutorial-on-how-to-make-a-ball-rose-with-paper/" "Mozilla/5.0 (Linux; Android 10; K) AppleWebKit/537.36 (KHTML, like Gecko) Chrome/145.0.0.0 Mobile Safari/537.36"
178.131.130.144 - - [17/Apr/2026:00:10:00 +0330] "GET /wp-content/uploads/2025/05/Tutorial20on20how20to20make20a20ball20rose20with20paper-14.jpg HTTP/2" 200 34839 "https://rozbano.com/tutorial-on-how-to-make-a-ball-rose-with-paper/" "Mozilla/5.0 (Linux; Android 10; K) AppleWebKit/537.36 (KHTML, like Gecko) Chrome/145.0.0.0 Mobile Safari/537.36"
178.131.130.144 - - [17/Apr/2026:00:10:00 +0330] "GET /wp-content/uploads/2025/05/Tutorial20on20how20to20make20a20ball20rose20with20paper-15.jpg HTTP/2" 200 31424 "https://rozbano.com/tutorial-on-how-to-make-a-ball-rose-with-paper/" "Mozilla/5.0 (Linux; Android 10; K) AppleWebKit/537.36 (KHTML, like Gecko) Chrome/145.0.0.0 Mobile Safari/537.36"
178.131.130.144 - - [17/Apr/2026:00:10:00 +0330] "GET /wp-content/uploads/2025/05/Tutorial20on20how20to20make20a20ball20rose20with20paper-16.jpg HTTP/2" 200 38469 "https://rozbano.com/tutorial-on-how-to-make-a-ball-rose-with-paper/" "Mozilla/5.0 (Linux; Android 10; K) AppleWebKit/537.36 (KHTML, like Gecko) Chrome/145.0.0.0 Mobile Safari/537.36"
178.131.130.144 - - [17/Apr/2026:00:10:00 +0330] "GET /wp-content/uploads/2025/05/Tutorial20on20how20to20make20a20ball20rose20with20paper-17.jpg HTTP/2" 200 37627 "https://rozbano.com/tutorial-on-how-to-make-a-ball-rose-with-paper/" "Mozilla/5.0 (Linux; Android 10; K) AppleWebKit/537.36 (KHTML, like Gecko) Chrome/145.0.0.0 Mobile Safari/537.36"
178.131.130.144 - - [17/Apr/2026:00:10:00 +0330] "GET /wp-content/uploads/2025/05/Tutorial20on20how20to20make20a20ball20rose20with20paper-18.jpg HTTP/2" 200 35502 "https://rozbano.com/tutorial-on-how-to-make-a-ball-rose-with-paper/" "Mozilla/5.0 (Linux; Android 10; K) AppleWebKit/537.36 (KHTML, like Gecko) Chrome/145.0.0.0 Mobile Safari/537.36"
66.249.70.33 - - [17/Apr/2026:00:09:32 +0330] "GET /page/2/?search=search_term_string&nocache=1765868646 HTTP/1.1" 200 30163 "-" "Mozilla/5.0 (Linux; Android 6.0.1; Nexus 5X Build/MMB29P) AppleWebKit/537.36 (KHTML, like Gecko) Chrome/146.0.7680.177 Mobile Safari/537.36 (compatible; Googlebot/2.1; +http://www.google.com/bot.html)"
66.249.70.34 - - [17/Apr/2026:00:09:42 +0330] "GET /page/498/?nocache=1766688263 HTTP/1.1" 200 29242 "-" "Mozilla/5.0 (Linux; Android 6.0.1; Nexus 5X Build/MMB29P) AppleWebKit/537.36 (KHTML, like Gecko) Chrome/146.0.7680.177 Mobile Safari/537.36 (compatible; Googlebot/2.1; +http://www.google.com/bot.html)"
66.249.70.35 - - [17/Apr/2026:00:09:45 +0330] "GET /page/86/?nocache=1774072156 HTTP/1.1" 200 29851 "-" "Mozilla/5.0 (Linux; Android 6.0.1; Nexus 5X Build/MMB29P) AppleWebKit/537.36 (KHTML, like Gecko) Chrome/146.0.7680.177 Mobile Safari/537.36 (compatible; Googlebot/2.1; +http://www.google.com/bot.html)"
66.249.70.39 - - [17/Apr/2026:00:09:49 +0330] "GET /page/13/?search=search_term_string&nocache=1765773495 HTTP/1.1" 200 34967 "-" "Mozilla/5.0 (Linux; Android 6.0.1; Nexus 5X Build/MMB29P) AppleWebKit/537.36 (KHTML, like Gecko) Chrome/146.0.7680.177 Mobile Safari/537.36 (compatible; Googlebot/2.1; +http://www.google.com/bot.html)"
66.249.70.34 - - [17/Apr/2026:00:10:00 +0330] "GET /page/2/?search=search_term_string&nocache=1766450072 HTTP/1.1" 200 27463 "-" "Mozilla/5.0 (Linux; Android 6.0.1; Nexus 5X Build/MMB29P) AppleWebKit/537.36 (KHTML, like Gecko) Chrome/146.0.7680.177 Mobile Safari/537.36 (compatible; Googlebot/2.1; +http://www.google.com/bot.html)"
46.100.168.31 - - [17/Apr/2026:00:10:10 +0330] "GET /tag/%D8%A8%D8%A7%D9%81%D8%AA-%D8%AF%D8%B3%D8%AA%DA%AF%DB%8C%D8%B1%D9%87/feed/ HTTP/2" 200 7541 "https://zarebin.ir/" "Mozilla/5.0 (Linux; Android 10; K) AppleWebKit/537.36 (KHTML, like Gecko) Chrome/145.0.0.0 Mobile Safari/537.36"
46.100.168.31 - - [17/Apr/2026:00:10:12 +0330] "GET /favicon.ico HTTP/2" 404 796 "https://rozbano.com/tag/%D8%A8%D8%A7%D9%81%D8%AA-%D8%AF%D8%B3%D8%AA%DA%AF%DB%8C%D8%B1%D9%87/feed/" "Mozilla/5.0 (Linux; Android 10; K) AppleWebKit/537.36 (KHTML, like Gecko) Chrome/145.0.0.0 Mobile Safari/537.36"
83.120.186.64 - - [17/Apr/2026:00:10:13 +0330] "GET /wp-content/uploads/2025/06/cropped-Rozbano-Nima-fav-ico-192x192.webp HTTP/2" 200 6374 "https://rozbano.com/peacock-wing-pattern-texture/" "Mozilla/5.0 (Linux; Android 10; K) AppleWebKit/537.36 (KHTML, like Gecko) Chrome/138.0.0.0 Mobile Safari/537.36"
83.120.186.64 - - [17/Apr/2026:00:10:13 +0330] "GET /wp-content/uploads/2025/06/cropped-Rozbano-Nima-fav-ico-180x180.webp HTTP/2" 200 6122 "https://rozbano.com/peacock-wing-pattern-texture/" "Mozilla/5.0 (Linux; Android 10; K) AppleWebKit/537.36 (KHTML, like Gecko) Chrome/138.0.0.0 Mobile Safari/537.36"
66.249.70.39 - - [17/Apr/2026:00:10:17 +0330] "GET /page/10/?search=search_term_string&nocache=1766535062 HTTP/1.1" 200 28678 "-" "Mozilla/5.0 (Linux; Android 6.0.1; Nexus 5X Build/MMB29P) AppleWebKit/537.36 (KHTML, like Gecko) Chrome/146.0.7680.177 Mobile Safari/537.36 (compatible; Googlebot/2.1; +http://www.google.com/bot.html)"
54.236.1.13 - - [17/Apr/2026:00:10:22 +0330] "GET /eyeliner-for-an-eye HTTP/1.1" 301 20 "-" "Mozilla/5.0 (compatible; Pinterestbot/1.0; +http://www.pinterest.com/bot.html)"
66.249.70.38 - - [17/Apr/2026:00:10:24 +0330] "GET /page/502/?nocache=1765836418 HTTP/1.1" 200 29438 "-" "Mozilla/5.0 (Linux; Android 6.0.1; Nexus 5X Build/MMB29P) AppleWebKit/537.36 (KHTML, like Gecko) Chrome/146.0.7680.177 Mobile Safari/537.36 (compatible; Googlebot/2.1; +http://www.google.com/bot.html)"
66.249.70.38 - - [17/Apr/2026:00:10:26 +0330] "GET /page/506/?search=search_term_string&nocache=1766729367 HTTP/1.1" 200 28729 "-" "Mozilla/5.0 (Linux; Android 6.0.1; Nexus 5X Build/MMB29P) AppleWebKit/537.36 (KHTML, like Gecko) Chrome/146.0.7680.177 Mobile Safari/537.36 (compatible; Googlebot/2.1; +http://www.google.com/bot.html)"
66.249.70.35 - - [17/Apr/2026:00:09:57 +0330] "GET /page/4/?nocache=1765781135 HTTP/1.1" 200 29362 "-" "Mozilla/5.0 (Linux; Android 6.0.1; Nexus 5X Build/MMB29P) AppleWebKit/537.36 (KHTML, like Gecko) Chrome/146.0.7680.177 Mobile Safari/537.36 (compatible; Googlebot/2.1; +http://www.google.com/bot.html)"
66.249.70.35 - - [17/Apr/2026:00:10:01 +0330] "GET /page/2/?search=%D8%A7%D9%84%D9%87%D8%A7%D9%85+%D8%AD%D9%85%DB%8C%D8%AF%DB%8C&nocache=1766303671 HTTP/1.1" 200 28896 "-" "Mozilla/5.0 (Linux; Android 6.0.1; Nexus 5X Build/MMB29P) AppleWebKit/537.36 (KHTML, like Gecko) Chrome/146.0.7680.177 Mobile Safari/537.36 (compatible; Googlebot/2.1; +http://www.google.com/bot.html)"
66.249.70.35 - - [17/Apr/2026:00:10:03 +0330] "GET /page/3/?search=search_term_string&nocache=1765914252 HTTP/1.1" 200 28541 "-" "Mozilla/5.0 (Linux; Android 6.0.1; Nexus 5X Build/MMB29P) AppleWebKit/537.36 (KHTML, like Gecko) Chrome/146.0.7680.177 Mobile Safari/537.36 (compatible; Googlebot/2.1; +http://www.google.com/bot.html)"
66.249.66.67 - - [17/Apr/2026:00:10:08 +0330] "GET /page/5/?nocache=1767277087 HTTP/1.1" 200 27967 "-" "Mozilla/5.0 (Linux; Android 6.0.1; Nexus 5X Build/MMB29P) AppleWebKit/537.36 (KHTML, like Gecko) Chrome/146.0.7680.177 Mobile Safari/537.36 (compatible; Googlebot/2.1; +http://www.google.com/bot.html)"
66.249.70.39 - - [17/Apr/2026:00:10:09 +0330] "GET /page/510/?search=search_term_string&nocache=1766480889 HTTP/1.1" 200 27531 "-" "Mozilla/5.0 (Linux; Android 6.0.1; Nexus 5X Build/MMB29P) AppleWebKit/537.36 (KHTML, like Gecko) Chrome/146.0.7680.177 Mobile Safari/537.36 (compatible; Googlebot/2.1; +http://www.google.com/bot.html)"
