130.255.223.237 - - [17/Apr/2026:00:17:34 +0330] "GET /wp-content/uploads/2025/05/rozbano-160-22-150x113.jpg HTTP/2" 200 6374 "https://rozbano.com/free-crochet-candy-bath-towel-tutorial/" "Mozilla/5.0 (Linux; Android 12; SM-A125F Build/SP1A.210812.016; wv) AppleWebKit/537.36 (KHTML, like Gecko) 4.0 Chrome/145.0.7632.79 Mobile Safari/537.36; bw4"
130.255.223.237 - - [17/Apr/2026:00:17:35 +0330] "GET /wp-content/uploads/2025/05/rozbano-545-1-1-150x150.jpg HTTP/2" 200 8544 "https://rozbano.com/free-crochet-candy-bath-towel-tutorial/" "Mozilla/5.0 (Linux; Android 12; SM-A125F Build/SP1A.210812.016; wv) AppleWebKit/537.36 (KHTML, like Gecko) 4.0 Chrome/145.0.7632.79 Mobile Safari/537.36; bw4"
130.255.223.237 - - [17/Apr/2026:00:17:35 +0330] "GET /wp-content/uploads/2025/05/rozbano-221-12-150x115.jpg HTTP/2" 200 4644 "https://rozbano.com/free-crochet-candy-bath-towel-tutorial/" "Mozilla/5.0 (Linux; Android 12; SM-A125F Build/SP1A.210812.016; wv) AppleWebKit/537.36 (KHTML, like Gecko) 4.0 Chrome/145.0.7632.79 Mobile Safari/537.36; bw4"
130.255.223.237 - - [17/Apr/2026:00:17:35 +0330] "GET /wp-content/uploads/2025/05/rozbano-249-8-150x127.jpg HTTP/2" 200 6162 "https://rozbano.com/free-crochet-candy-bath-towel-tutorial/" "Mozilla/5.0 (Linux; Android 12; SM-A125F Build/SP1A.210812.016; wv) AppleWebKit/537.36 (KHTML, like Gecko) 4.0 Chrome/145.0.7632.79 Mobile Safari/537.36; bw4"
66.249.70.39 - - [17/Apr/2026:00:17:39 +0330] "GET /page/503/?search=search_term_string&nocache=1766713649 HTTP/1.1" 200 27432 "-" "Mozilla/5.0 (Linux; Android 6.0.1; Nexus 5X Build/MMB29P) AppleWebKit/537.36 (KHTML, like Gecko) Chrome/146.0.7680.177 Mobile Safari/537.36 (compatible; Googlebot/2.1; +http://www.google.com/bot.html)"
66.249.70.38 - - [17/Apr/2026:00:17:40 +0330] "GET /products/detail/119192816 HTTP/1.1" 200 28177 "-" "Mozilla/5.0 (Linux; Android 6.0.1; Nexus 5X Build/MMB29P) AppleWebKit/537.36 (KHTML, like Gecko) Chrome/146.0.7680.177 Mobile Safari/537.36 (compatible; GoogleOther)"
193.105.234.89 - - [17/Apr/2026:00:17:40 +0330] "GET /products/detail/64430735 HTTP/1.1" 301 20 "https://www.rozbano.com/" "Mozilla/5.0 (Linux; Android 13; Pixel 7) AppleWebKit/537.36 (KHTML, like Gecko) Chrome/116.0.5845.140 Mobile Safari/537.36"
130.255.223.237 - - [17/Apr/2026:00:17:39 +0330] "GET / HTTP/2" 200 37703 "https://rozbano.com/free-crochet-candy-bath-towel-tutorial/" "Mozilla/5.0 (Linux; Android 12; SM-A125F Build/SP1A.210812.016; wv) AppleWebKit/537.36 (KHTML, like Gecko) Version/4.0 Chrome/145.0.7632.79 Mobile Safari/537.36"
43.172.194.95 - - [17/Apr/2026:00:17:47 +0330] "POST /tag/%D8%B1%D8%A7%D9%87%D9%86%D9%85%D8%A7%DB%8C-%D8%A8%D8%A7%D9%81%D8%AA-%D9%BE%D8%A7%D9%BE%D9%88%D8%B4/?nocache=1776372461 HTTP/1.1" 200 4410 "https://rozbano.com/tag/%D8%B1%D8%A7%D9%87%D9%86%D9%85%D8%A7%DB%8C-%D8%A8%D8%A7%D9%81%D8%AA-%D9%BE%D8%A7%D9%BE%D9%88%D8%B4/" "Mozilla/5.0 (Windows NT 10.0; Win64; x64) AppleWebKit/537.36 (KHTML, like Gecko) Chrome/111.0.0.0 Safari/537.36"
130.255.223.237 - - [17/Apr/2026:00:17:50 +0330] "POST /free-crochet-candy-bath-towel-tutorial/?nocache=1776372451 HTTP/2" 200 4909 "https://rozbano.com/free-crochet-candy-bath-towel-tutorial/" "Mozilla/5.0 (Linux; Android 12; SM-A125F Build/SP1A.210812.016; wv) AppleWebKit/537.36 (KHTML, like Gecko) 4.0 Chrome/145.0.7632.79 Mobile Safari/537.36; bw4"
130.255.223.237 - - [17/Apr/2026:00:17:50 +0330] "GET /free-tutorial-on-weaving-with-yomush-yarn/ HTTP/2" 200 35078 "https://rozbano.com/free-crochet-candy-bath-towel-tutorial/" "Mozilla/5.0 (Linux; Android 12; SM-A125F Build/SP1A.210812.016; wv) AppleWebKit/537.36 (KHTML, like Gecko) Version/4.0 Chrome/145.0.7632.79 Mobile Safari/537.36"
66.249.70.39 - - [17/Apr/2026:00:17:54 +0330] "GET /page/508/?search=search_term_string&nocache=1766850443 HTTP/1.1" 200 27533 "-" "Mozilla/5.0 (Linux; Android 6.0.1; Nexus 5X Build/MMB29P) AppleWebKit/537.36 (KHTML, like Gecko) Chrome/146.0.7680.177 Mobile Safari/537.36 (compatible; Googlebot/2.1; +http://www.google.com/bot.html)"
37.63.231.254 - - [17/Apr/2026:00:17:33 +0330] "GET /wp-content/uploads/2025/05/How20to20connect20the20collar20to20the20hem20tutorial-01-150x139.webp HTTP/2" 200 4720 "https://rozbano.com/free-tutorial-sewing-womens-comfortable-pants/" "Mozilla/5.0 (Linux; Android 13; SM-A127F Build/TP1A.220624.014; wv) AppleWebKit/537.36 (KHTML, like Gecko) 4.0 Chrome/145.0.7632.120 Mobile Safari/537.36; bw4"
37.63.231.254 - - [17/Apr/2026:00:17:33 +0330] "GET /wp-content/uploads/2025/05/rozbano-154-10-150x90.jpg HTTP/2" 200 7184 "https://rozbano.com/free-tutorial-sewing-womens-comfortable-pants/" "Mozilla/5.0 (Linux; Android 13; SM-A127F Build/TP1A.220624.014; wv) AppleWebKit/537.36 (KHTML, like Gecko) 4.0 Chrome/145.0.7632.120 Mobile Safari/537.36; bw4"
37.63.231.254 - - [17/Apr/2026:00:17:33 +0330] "GET /wp-content/uploads/2025/05/rozbano-60-19-150x86.jpg HTTP/2" 200 8169 "https://rozbano.com/free-tutorial-sewing-womens-comfortable-pants/" "Mozilla/5.0 (Linux; Android 13; SM-A127F Build/TP1A.220624.014; wv) AppleWebKit/537.36 (KHTML, like Gecko) 4.0 Chrome/145.0.7632.120 Mobile Safari/537.36; bw4"
37.63.231.254 - - [17/Apr/2026:00:17:33 +0330] "GET /wp-content/uploads/2025/05/Training20beautiful20crocheting20flowers-05-150x139.jpg HTTP/2" 200 6851 "https://rozbano.com/free-tutorial-sewing-womens-comfortable-pants/" "Mozilla/5.0 (Linux; Android 13; SM-A127F Build/TP1A.220624.014; wv) AppleWebKit/537.36 (KHTML, like Gecko) 4.0 Chrome/145.0.7632.120 Mobile Safari/537.36; bw4"
37.63.231.254 - - [17/Apr/2026:00:17:33 +0330] "GET /wp-content/uploads/2025/05/rozbano-101-4-4-148x150.jpg HTTP/2" 200 5830 "https://rozbano.com/free-tutorial-sewing-womens-comfortable-pants/" "Mozilla/5.0 (Linux; Android 13; SM-A127F Build/TP1A.220624.014; wv) AppleWebKit/537.36 (KHTML, like Gecko) 4.0 Chrome/145.0.7632.120 Mobile Safari/537.36; bw4"
37.63.231.254 - - [17/Apr/2026:00:17:33 +0330] "GET /wp-content/uploads/2025/05/rozbano-360-4-150x136.jpg HTTP/2" 200 4872 "https://rozbano.com/free-tutorial-sewing-womens-comfortable-pants/" "Mozilla/5.0 (Linux; Android 13; SM-A127F Build/TP1A.220624.014; wv) AppleWebKit/537.36 (KHTML, like Gecko) 4.0 Chrome/145.0.7632.120 Mobile Safari/537.36; bw4"
66.249.70.33 - - [17/Apr/2026:00:17:35 +0330] "GET /products/detail/310411189 HTTP/1.1" 200 27991 "-" "Mozilla/5.0 (Linux; Android 6.0.1; Nexus 5X Build/MMB29P) AppleWebKit/537.36 (KHTML, like Gecko) Chrome/146.0.7680.177 Mobile Safari/537.36 (compatible; Googlebot/2.1; +http://www.google.com/bot.html)"
85.208.96.206 - - [17/Apr/2026:00:17:40 +0330] "GET /page/3/?search=%D8%A8%DB%8C%D8%AA%D8%A7%2B%D8%B3%D8%AD%D8%B1%D8%AE%DB%8C%D8%B2 HTTP/1.1" 403 20 "-" "Mozilla/5.0 (compatible; SemrushBot/7~bl; +http://www.semrush.com/bot.html)"
37.63.231.254 - - [17/Apr/2026:00:17:35 +0330] "GET /cat/%d8%a2%d9%85%d9%88%d8%b2%d8%b4-%d9%87%d9%86%d8%b1%d9%87%d8%a7%db%8c-%d8%af%d8%b3%d8%aa%db%8c/ HTTP/2" 200 36254 "https://rozbano.com/free-tutorial-sewing-womens-comfortable-pants/" "Mozilla/5.0 (Linux; Android 13; SM-A127F Build/TP1A.220624.014; wv) AppleWebKit/537.36 (KHTML, like Gecko) Version/4.0 Chrome/145.0.7632.120 Mobile Safari/537.36"
43.172.195.56 - - [17/Apr/2026:00:17:38 +0330] "GET /tag/%D8%B1%D8%A7%D9%87%D9%86%D9%85%D8%A7%DB%8C-%D8%A8%D8%A7%D9%81%D8%AA-%D9%BE%D8%A7%D9%BE%D9%88%D8%B4/ HTTP/1.1" 200 28485 "-" "Mozilla/5.0 (Windows NT 10.0; Win64; x64) AppleWebKit/537.36 (KHTML, like Gecko) Chrome/111.0.0.0 Safari/537.36"
164.68.110.165 - - [17/Apr/2026:00:17:46 +0330] "GET /.env HTTP/1.0" 403 20 "-" "Python/3.11 aiohttp/3.13.5"
5.125.21.150 - - [17/Apr/2026:00:17:58 +0330] "POST /crochet-charger-cord-cover-tutorial/?nocache=1776372394 HTTP/2" 200 4911 "https://rozbano.com/crochet-charger-cord-cover-tutorial/" "Mozilla/5.0 (iPhone; CPU iPhone OS 18_7 like Mac OS X) AppleWebKit/605.1.15 (KHTML, like Gecko) Version/26.2 Mobile/15E148 Safari/604.1"
66.249.70.39 - - [17/Apr/2026:00:17:56 +0330] "GET /page/3/?search=search_term_string&nocache=1765876843 HTTP/1.1" 200 28874 "-" "Mozilla/5.0 (Linux; Android 6.0.1; Nexus 5X Build/MMB29P) AppleWebKit/537.36 (KHTML, like Gecko) Chrome/146.0.7680.177 Mobile Safari/537.36 (compatible; Googlebot/2.1; +http://www.google.com/bot.html)"
130.255.223.237 - - [17/Apr/2026:00:17:55 +0330] "POST /free-crochet-candy-bath-towel-tutorial/?nocache=1776372451 HTTP/2" 200 5975 "https://rozbano.com/free-crochet-candy-bath-towel-tutorial/" "Mozilla/5.0 (Linux; Android 12; SM-A125F Build/SP1A.210812.016; wv) AppleWebKit/537.36 (KHTML, like Gecko) 4.0 Chrome/145.0.7632.79 Mobile Safari/537.36; bw4"
66.249.70.39 - - [17/Apr/2026:00:17:58 +0330] "GET /page/5/?search=search_term_string&nocache=1766448746 HTTP/1.1" 200 29111 "-" "Mozilla/5.0 (Linux; Android 6.0.1; Nexus 5X Build/MMB29P) AppleWebKit/537.36 (KHTML, like Gecko) Chrome/146.0.7680.177 Mobile Safari/537.36 (compatible; Googlebot/2.1; +http://www.google.com/bot.html)"
130.255.223.237 - - [17/Apr/2026:00:17:56 +0330] "GET /free-tutorial-sewing-coat-with-lace-combination/ HTTP/2" 200 37728 "https://rozbano.com/free-crochet-candy-bath-towel-tutorial/" "Mozilla/5.0 (Linux; Android 12; SM-A125F Build/SP1A.210812.016; wv) AppleWebKit/537.36 (KHTML, like Gecko) Version/4.0 Chrome/145.0.7632.79 Mobile Safari/537.36"
130.255.223.237 - - [17/Apr/2026:00:17:59 +0330] "POST /free-crochet-candy-bath-towel-tutorial/?nocache=1776372451 HTTP/2" 200 4417 "https://rozbano.com/free-crochet-candy-bath-towel-tutorial/" "Mozilla/5.0 (Linux; Android 12; SM-A125F Build/SP1A.210812.016; wv) AppleWebKit/537.36 (KHTML, like Gecko) 4.0 Chrome/145.0.7632.79 Mobile Safari/537.36; bw4"
130.255.223.237 - - [17/Apr/2026:00:17:59 +0330] "POST /free-crochet-candy-bath-towel-tutorial/?nocache=1776372451 HTTP/2" 200 4375 "https://rozbano.com/free-crochet-candy-bath-towel-tutorial/" "Mozilla/5.0 (Linux; Android 12; SM-A125F Build/SP1A.210812.016; wv) AppleWebKit/537.36 (KHTML, like Gecko) 4.0 Chrome/145.0.7632.79 Mobile Safari/537.36; bw4"
66.249.70.39 - - [17/Apr/2026:00:18:02 +0330] "GET /cat/%D8%A2%D9%85%D9%88%D8%B2%D8%B4-%D9%87%D9%86%D8%B1%D9%87%D8%A7%DB%8C-%D8%AF%D8%B3%D8%AA%DB%8C/?nocache=1775151443 HTTP/1.1" 200 29663 "-" "Mozilla/5.0 (Linux; Android 6.0.1; Nexus 5X Build/MMB29P) AppleWebKit/537.36 (KHTML, like Gecko) Chrome/146.0.7680.177 Mobile Safari/537.36 (compatible; Googlebot/2.1; +http://www.google.com/bot.html)"
130.255.223.237 - - [17/Apr/2026:00:18:03 +0330] "GET /wp-content/uploads/2016/07/how-to-prepare-chocolate-cake-and-apricot-04.webp HTTP/2" 200 22784 "https://rozbano.com/free-crochet-candy-bath-towel-tutorial/" "Mozilla/5.0 (Linux; Android 12; SM-A125F Build/SP1A.210812.016; wv) AppleWebKit/537.36 (KHTML, like Gecko) 4.0 Chrome/145.0.7632.79 Mobile Safari/537.36; bw4"
130.255.223.237 - - [17/Apr/2026:00:18:03 +0330] "GET /wp-content/uploads/2016/07/the-most-effective-in-evening-dress-suit.webp HTTP/2" 200 13640 "https://rozbano.com/free-crochet-candy-bath-towel-tutorial/" "Mozilla/5.0 (Linux; Android 12; SM-A125F Build/SP1A.210812.016; wv) AppleWebKit/537.36 (KHTML, like Gecko) 4.0 Chrome/145.0.7632.79 Mobile Safari/537.36; bw4"
130.255.223.237 - - [17/Apr/2026:00:18:04 +0330] "GET /wp-content/uploads/2016/07/how-to-prepare-pachyny-02.webp HTTP/2" 200 41944 "https://rozbano.com/free-crochet-candy-bath-towel-tutorial/" "Mozilla/5.0 (Linux; Android 12; SM-A125F Build/SP1A.210812.016; wv) AppleWebKit/537.36 (KHTML, like Gecko) 4.0 Chrome/145.0.7632.79 Mobile Safari/537.36; bw4"
130.255.223.237 - - [17/Apr/2026:00:18:01 +0330] "GET /free-crochet-candy-bath-towel-tutorial/ HTTP/2" 200 35469 "https://rozbano.com/free-crochet-candy-bath-towel-tutorial/" "Mozilla/5.0 (Linux; Android 12; SM-A125F Build/SP1A.210812.016; wv) AppleWebKit/537.36 (KHTML, like Gecko) Version/4.0 Chrome/145.0.7632.79 Mobile Safari/537.36"
66.249.70.33 - - [17/Apr/2026:00:17:06 +0330] "GET /stylish-and-attractive-girly-sarong-texture/?nocache=1773897699 HTTP/1.1" 200 28369 "-" "Mozilla/5.0 (Linux; Android 6.0.1; Nexus 5X Build/MMB29P) AppleWebKit/537.36 (KHTML, like Gecko) Chrome/146.0.7680.177 Mobile Safari/537.36 (compatible; Googlebot/2.1; +http://www.google.com/bot.html)"
66.249.70.33 - - [17/Apr/2026:00:17:09 +0330] "GET /products/detail/294527321 HTTP/1.1" 200 28512 "-" "Mozilla/5.0 (Linux; Android 6.0.1; Nexus 5X Build/MMB29P) AppleWebKit/537.36 (KHTML, like Gecko) Chrome/146.0.7680.177 Mobile Safari/537.36 (compatible; GoogleOther)"
66.249.70.33 - - [17/Apr/2026:00:17:11 +0330] "GET /products/detail/22722038 HTTP/1.1" 200 28067 "-" "Mozilla/5.0 (Linux; Android 6.0.1; Nexus 5X Build/MMB29P) AppleWebKit/537.36 (KHTML, like Gecko) Chrome/146.0.7680.177 Mobile Safari/537.36 (compatible; Googlebot/2.1; +http://www.google.com/bot.html)"
66.249.70.39 - - [17/Apr/2026:00:17:18 +0330] "GET /?p=93715214710201 HTTP/1.1" 200 28836 "-" "Mozilla/5.0 (Linux; Android 6.0.1; Nexus 5X Build/MMB29P) AppleWebKit/537.36 (KHTML, like Gecko) Chrome/146.0.7680.177 Mobile Safari/537.36 (compatible; GoogleOther)"
83.121.221.37 - - [17/Apr/2026:00:17:25 +0330] "GET /wp-content/uploads/2025/05/rozbano-398-16.jpg HTTP/2" 200 34562 "https://www.google.com/" "Mozilla/5.0 (Linux; Android 10; K) AppleWebKit/537.36 (KHTML, like Gecko) Chrome/145.0.0.0 Mobile Safari/537.36"
94.177.51.162 - - [17/Apr/2026:00:17:27 +0330] "GET / HTTP/1.0" 301 0 "-" "Mozilla/5.0"
66.249.70.32 - - [17/Apr/2026:00:17:35 +0330] "GET /page/4/?nocache=1766505735 HTTP/1.1" 200 28615 "-" "Mozilla/5.0 (Linux; Android 6.0.1; Nexus 5X Build/MMB29P) AppleWebKit/537.36 (KHTML, like Gecko) Chrome/146.0.7680.177 Mobile Safari/537.36 (compatible; Googlebot/2.1; +http://www.google.com/bot.html)"
66.249.70.35 - - [17/Apr/2026:00:17:47 +0330] "GET /page/12/?nocache=1774773791 HTTP/1.1" 200 27901 "-" "Mozilla/5.0 (Linux; Android 6.0.1; Nexus 5X Build/MMB29P) AppleWebKit/537.36 (KHTML, like Gecko) Chrome/146.0.7680.177 Mobile Safari/537.36 (compatible; Googlebot/2.1; +http://www.google.com/bot.html)"
66.249.70.34 - - [17/Apr/2026:00:17:48 +0330] "GET /page/501/?search=search_term_string&nocache=1765921620 HTTP/1.1" 200 27406 "-" "Mozilla/5.0 (Linux; Android 6.0.1; Nexus 5X Build/MMB29P) AppleWebKit/537.36 (KHTML, like Gecko) Chrome/146.0.7680.177 Mobile Safari/537.36 (compatible; Googlebot/2.1; +http://www.google.com/bot.html)"
66.249.70.34 - - [17/Apr/2026:00:17:53 +0330] "GET /products/detail/22269775 HTTP/1.1" 200 29340 "-" "Mozilla/5.0 (Linux; Android 6.0.1; Nexus 5X Build/MMB29P) AppleWebKit/537.36 (KHTML, like Gecko) Chrome/146.0.7680.177 Mobile Safari/537.36 (compatible; GoogleOther)"
62.60.201.135 - - [17/Apr/2026:00:18:01 +0330] "POST /wp-cron.php?doing_wp_cron=1776372481.6599609851837158203125 HTTP/1.1" 200 20 "-" "WordPress/6.9.4; https://rozbano.com"
66.249.70.38 - - [17/Apr/2026:00:18:05 +0330] "GET /page/507/?search=search_term_string&nocache=1765720467 HTTP/1.1" 200 28954 "-" "Mozilla/5.0 (Linux; Android 6.0.1; Nexus 5X Build/MMB29P) AppleWebKit/537.36 (KHTML, like Gecko) Chrome/146.0.7680.177 Mobile Safari/537.36 (compatible; Googlebot/2.1; +http://www.google.com/bot.html)"
66.249.70.33 - - [17/Apr/2026:00:18:06 +0330] "GET /products/detail/37749008 HTTP/1.1" 200 28386 "-" "Mozilla/5.0 (Linux; Android 6.0.1; Nexus 5X Build/MMB29P) AppleWebKit/537.36 (KHTML, like Gecko) Chrome/146.0.7680.177 Mobile Safari/537.36 (compatible; GoogleOther)"
66.249.70.38 - - [17/Apr/2026:00:18:08 +0330] "GET /page/506/?search=search_term_string&nocache=1765859041 HTTP/1.1" 200 30021 "-" "Mozilla/5.0 (Linux; Android 6.0.1; Nexus 5X Build/MMB29P) AppleWebKit/537.36 (KHTML, like Gecko) Chrome/146.0.7680.177 Mobile Safari/537.36 (compatible; Googlebot/2.1; +http://www.google.com/bot.html)"
66.249.70.38 - - [17/Apr/2026:00:17:37 +0330] "GET /page/510/?search=search_term_string&nocache=1765405281 HTTP/1.1" 200 27887 "-" "Mozilla/5.0 (Linux; Android 6.0.1; Nexus 5X Build/MMB29P) AppleWebKit/537.36 (KHTML, like Gecko) Chrome/146.0.7680.177 Mobile Safari/537.36 (compatible; Googlebot/2.1; +http://www.google.com/bot.html)"
66.249.70.38 - - [17/Apr/2026:00:17:41 +0330] "GET /page/504/?search=search_term_string&nocache=1765739327 HTTP/1.1" 200 28824 "-" "Mozilla/5.0 (Linux; Android 6.0.1; Nexus 5X Build/MMB29P) AppleWebKit/537.36 (KHTML, like Gecko) Chrome/146.0.7680.177 Mobile Safari/537.36 (compatible; Googlebot/2.1; +http://www.google.com/bot.html)"
66.249.70.38 - - [17/Apr/2026:00:17:47 +0330] "GET /page/506/?search=search_term_string&nocache=1765728174 HTTP/1.1" 200 27198 "-" "Mozilla/5.0 (Linux; Android 6.0.1; Nexus 5X Build/MMB29P) AppleWebKit/537.36 (KHTML, like Gecko) Chrome/146.0.7680.177 Mobile Safari/537.36 (compatible; Googlebot/2.1; +http://www.google.com/bot.html)"
43.173.177.49 - - [17/Apr/2026:00:17:47 +0330] "POST /tag/%D8%B1%D8%A7%D9%87%D9%86%D9%85%D8%A7%DB%8C-%D8%A8%D8%A7%D9%81%D8%AA-%D9%BE%D8%A7%D9%BE%D9%88%D8%B4/?nocache=1776372461 HTTP/1.1" 200 4393 "https://rozbano.com/tag/%D8%B1%D8%A7%D9%87%D9%86%D9%85%D8%A7%DB%8C-%D8%A8%D8%A7%D9%81%D8%AA-%D9%BE%D8%A7%D9%BE%D9%88%D8%B4/" "Mozilla/5.0 (Windows NT 10.0; Win64; x64) AppleWebKit/537.36 (KHTML, like Gecko) Chrome/111.0.0.0 Safari/537.36"
43.173.174.92 - - [17/Apr/2026:00:17:47 +0330] "POST /tag/%D8%B1%D8%A7%D9%87%D9%86%D9%85%D8%A7%DB%8C-%D8%A8%D8%A7%D9%81%D8%AA-%D9%BE%D8%A7%D9%BE%D9%88%D8%B4/?nocache=1776372461 HTTP/1.1" 200 4366 "https://rozbano.com/tag/%D8%B1%D8%A7%D9%87%D9%86%D9%85%D8%A7%DB%8C-%D8%A8%D8%A7%D9%81%D8%AA-%D9%BE%D8%A7%D9%BE%D9%88%D8%B4/" "Mozilla/5.0 (Windows NT 10.0; Win64; x64) AppleWebKit/537.36 (KHTML, like Gecko) Chrome/111.0.0.0 Safari/537.36"
66.249.70.38 - - [17/Apr/2026:00:17:49 +0330] "GET /page/505/?search=search_term_string&nocache=1766693744 HTTP/1.1" 200 29005 "-" "Mozilla/5.0 (Linux; Android 6.0.1; Nexus 5X Build/MMB29P) AppleWebKit/537.36 (KHTML, like Gecko) Chrome/146.0.7680.177 Mobile Safari/537.36 (compatible; Googlebot/2.1; +http://www.google.com/bot.html)"
66.249.70.38 - - [17/Apr/2026:00:17:50 +0330] "GET /page/506/?search=search_term_string&nocache=1765873919 HTTP/1.1" 200 29873 "-" "Mozilla/5.0 (Linux; Android 6.0.1; Nexus 5X Build/MMB29P) AppleWebKit/537.36 (KHTML, like Gecko) Chrome/146.0.7680.177 Mobile Safari/537.36 (compatible; Googlebot/2.1; +http://www.google.com/bot.html)"
66.249.70.38 - - [17/Apr/2026:00:17:52 +0330] "GET /page/506/?search=search_term_string&nocache=1765909719 HTTP/1.1" 200 29194 "-" "Mozilla/5.0 (Linux; Android 6.0.1; Nexus 5X Build/MMB29P) AppleWebKit/537.36 (KHTML, like Gecko) Chrome/146.0.7680.177 Mobile Safari/537.36 (compatible; Googlebot/2.1; +http://www.google.com/bot.html)"
66.249.70.32 - - [17/Apr/2026:00:18:01 +0330] "GET /page/506/?search=search_term_string&nocache=1766481201 HTTP/1.1" 200 31170 "-" "Mozilla/5.0 (Linux; Android 6.0.1; Nexus 5X Build/MMB29P) AppleWebKit/537.36 (KHTML, like Gecko) Chrome/146.0.7680.177 Mobile Safari/537.36 (compatible; Googlebot/2.1; +http://www.google.com/bot.html)"
66.249.70.38 - - [17/Apr/2026:00:18:15 +0330] "GET /page/2/?search=search_term_string&nocache=1766695358 HTTP/1.1" 200 28710 "-" "Mozilla/5.0 (Linux; Android 6.0.1; Nexus 5X Build/MMB29P) AppleWebKit/537.36 (KHTML, like Gecko) Chrome/146.0.7680.177 Mobile Safari/537.36 (compatible; Googlebot/2.1; +http://www.google.com/bot.html)"
66.249.70.38 - - [17/Apr/2026:00:18:18 +0330] "GET /page/5/?search=search_term_string&nocache=1766043722 HTTP/1.1" 200 29586 "-" "Mozilla/5.0 (Linux; Android 6.0.1; Nexus 5X Build/MMB29P) AppleWebKit/537.36 (KHTML, like Gecko) Chrome/146.0.7680.177 Mobile Safari/537.36 (compatible; Googlebot/2.1; +http://www.google.com/bot.html)"
130.255.223.237 - - [17/Apr/2026:00:18:05 +0330] "GET /wp-content/uploads/2025/07/Free-crochet-frog-keychain-tutorial-02-150x150.webp HTTP/2" 200 6290 "https://rozbano.com/free-crochet-candy-bath-towel-tutorial/" "Mozilla/5.0 (Linux; Android 12; SM-A125F Build/SP1A.210812.016; wv) AppleWebKit/537.36 (KHTML, like Gecko) 4.0 Chrome/145.0.7632.79 Mobile Safari/537.36; bw4"
130.255.223.237 - - [17/Apr/2026:00:18:05 +0330] "GET /wp-content/uploads/2025/10/Fancy-solid-sewing-tutorial-with-pattern-01-150x150.webp HTTP/2" 200 8842 "https://rozbano.com/free-crochet-candy-bath-towel-tutorial/" "Mozilla/5.0 (Linux; Android 12; SM-A125F Build/SP1A.210812.016; wv) AppleWebKit/537.36 (KHTML, like Gecko) 4.0 Chrome/145.0.7632.79 Mobile Safari/537.36; bw4"
130.255.223.237 - - [17/Apr/2026:00:18:05 +0330] "GET /wp-content/uploads/2016/06/aram-jafaris-pictures-in-new-shop-veil-sh-150x150.webp HTTP/2" 200 5954 "https://rozbano.com/free-crochet-candy-bath-towel-tutorial/" "Mozilla/5.0 (Linux; Android 12; SM-A125F Build/SP1A.210812.016; wv) AppleWebKit/537.36 (KHTML, like Gecko) 4.0 Chrome/145.0.7632.79 Mobile Safari/537.36; bw4"
130.255.223.237 - - [17/Apr/2026:00:18:06 +0330] "GET /wp-content/uploads/2025/11/Free-bread-bag-sewing-tutorial-150x150.webp HTTP/2" 200 3734 "https://rozbano.com/free-crochet-candy-bath-towel-tutorial/" "Mozilla/5.0 (Linux; Android 12; SM-A125F Build/SP1A.210812.016; wv) AppleWebKit/537.36 (KHTML, like Gecko) 4.0 Chrome/145.0.7632.79 Mobile Safari/537.36; bw4"
66.249.70.39 - - [17/Apr/2026:00:18:09 +0330] "GET /?p=70856148216907 HTTP/1.1" 200 27273 "-" "Mozilla/5.0 (Linux; Android 6.0.1; Nexus 5X Build/MMB29P) AppleWebKit/537.36 (KHTML, like Gecko) Chrome/146.0.7680.177 Mobile Safari/537.36 (compatible; Googlebot/2.1; +http://www.google.com/bot.html)"
130.255.223.237 - - [17/Apr/2026:00:18:05 +0330] "GET /tutorial-sew-versatile-organizer-with-little-fabric/ HTTP/2" 200 35240 "https://rozbano.com/free-crochet-candy-bath-towel-tutorial/" "Mozilla/5.0 (Linux; Android 12; SM-A125F Build/SP1A.210812.016; wv) AppleWebKit/537.36 (KHTML, like Gecko) Version/4.0 Chrome/145.0.7632.79 Mobile Safari/537.36"
66.249.70.34 - - [17/Apr/2026:00:18:09 +0330] "GET /?p=9924749576402 HTTP/1.1" 200 29595 "-" "Mozilla/5.0 (Linux; Android 6.0.1; Nexus 5X Build/MMB29P) AppleWebKit/537.36 (KHTML, like Gecko) Chrome/146.0.7680.177 Mobile Safari/537.36 (compatible; Googlebot/2.1; +http://www.google.com/bot.html)"
66.249.70.39 - - [17/Apr/2026:00:18:11 +0330] "GET /page/509/?search=search_term_string&nocache=1767221705 HTTP/1.1" 200 29211 "-" "Mozilla/5.0 (Linux; Android 6.0.1; Nexus 5X Build/MMB29P) AppleWebKit/537.36 (KHTML, like Gecko) Chrome/146.0.7680.177 Mobile Safari/537.36 (compatible; Googlebot/2.1; +http://www.google.com/bot.html)"
66.249.70.39 - - [17/Apr/2026:00:18:16 +0330] "GET /page/2/?search=search_term_string&nocache=1765861936 HTTP/1.1" 200 28763 "-" "Mozilla/5.0 (Linux; Android 6.0.1; Nexus 5X Build/MMB29P) AppleWebKit/537.36 (KHTML, like Gecko) Chrome/146.0.7680.177 Mobile Safari/537.36 (compatible; Googlebot/2.1; +http://www.google.com/bot.html)"
130.255.223.237 - - [17/Apr/2026:00:18:15 +0330] "GET / HTTP/2" 200 0 "https://rozbano.com/" "Mozilla/5.0 (Linux; Android 12; SM-A125F Build/SP1A.210812.016; wv) AppleWebKit/537.36 (KHTML, like Gecko) 4.0 Chrome/145.0.7632.79 Mobile Safari/537.36; bw4"
66.249.70.39 - - [17/Apr/2026:00:18:27 +0330] "GET /page/506/?search=%D8%A8%DB%8C%D8%AA%D8%A7+%D8%B3%D8%AD%D8%B1%D8%AE%DB%8C%D8%B2&nocache=1765561316 HTTP/1.1" 200 28419 "-" "Mozilla/5.0 (Linux; Android 6.0.1; Nexus 5X Build/MMB29P) AppleWebKit/537.36 (KHTML, like Gecko) Chrome/146.0.7680.177 Mobile Safari/537.36 (compatible; Googlebot/2.1; +http://www.google.com/bot.html)"
66.249.70.38 - - [17/Apr/2026:00:18:27 +0330] "GET /?p=08157190440100 HTTP/1.1" 200 29482 "-" "Mozilla/5.0 (Linux; Android 6.0.1; Nexus 5X Build/MMB29P) AppleWebKit/537.36 (KHTML, like Gecko) Chrome/146.0.7680.177 Mobile Safari/537.36 (compatible; GoogleOther)"
5.125.21.150 - - [17/Apr/2026:00:18:00 +0330] "GET /wp-content/uploads/2026/04/crochet-flower-scrubber-tutorial-02.webp HTTP/2" 200 21788 "https://rozbano.com/crochet-charger-cord-cover-tutorial/" "Mozilla/5.0 (iPhone; CPU iPhone OS 18_7 like Mac OS X) AppleWebKit/605.1.15 (KHTML, like Gecko) Version/26.2 Mobile/15E148 Safari/604.1"
5.125.21.150 - - [17/Apr/2026:00:18:00 +0330] "GET /wp-content/uploads/2026/04/tie-hat-knitting-tutorial-03.webp HTTP/2" 200 9874 "https://rozbano.com/crochet-charger-cord-cover-tutorial/" "Mozilla/5.0 (iPhone; CPU iPhone OS 18_7 like Mac OS X) AppleWebKit/605.1.15 (KHTML, like Gecko) Version/26.2 Mobile/15E148 Safari/604.1"
5.125.21.150 - - [17/Apr/2026:00:18:00 +0330] "GET /wp-content/uploads/2026/03/steering-wheel-cover-crochet-tutorial-01.webp HTTP/2" 200 29978 "https://rozbano.com/crochet-charger-cord-cover-tutorial/" "Mozilla/5.0 (iPhone; CPU iPhone OS 18_7 like Mac OS X) AppleWebKit/605.1.15 (KHTML, like Gecko) Version/26.2 Mobile/15E148 Safari/604.1"
5.125.21.150 - - [17/Apr/2026:00:18:00 +0330] "GET /wp-content/uploads/2026/04/crochet-flower-scrubby-tutorial.webp HTTP/2" 200 25296 "https://rozbano.com/crochet-charger-cord-cover-tutorial/" "Mozilla/5.0 (iPhone; CPU iPhone OS 18_7 like Mac OS X) AppleWebKit/605.1.15 (KHTML, like Gecko) Version/26.2 Mobile/15E148 Safari/604.1"
5.125.21.150 - - [17/Apr/2026:00:18:00 +0330] "GET /wp-content/uploads/2026/02/Free-size-sewing-blowing-tutorial-at-home-02.webp HTTP/2" 200 28700 "https://rozbano.com/crochet-charger-cord-cover-tutorial/" "Mozilla/5.0 (iPhone; CPU iPhone OS 18_7 like Mac OS X) AppleWebKit/605.1.15 (KHTML, like Gecko) Version/26.2 Mobile/15E148 Safari/604.1"
5.125.21.150 - - [17/Apr/2026:00:18:00 +0330] "GET /wp-content/uploads/2026/02/Free-tutorial-crochet-triple-crochet-pattern.webp HTTP/2" 200 53318 "https://rozbano.com/crochet-charger-cord-cover-tutorial/" "Mozilla/5.0 (iPhone; CPU iPhone OS 18_7 like Mac OS X) AppleWebKit/605.1.15 (KHTML, like Gecko) Version/26.2 Mobile/15E148 Safari/604.1"
5.125.21.150 - - [17/Apr/2026:00:18:01 +0330] "GET /wp-content/uploads/2026/02/Free-tutorial-sewing-coat-with-lace-combination-04.webp HTTP/2" 200 26780 "https://rozbano.com/crochet-charger-cord-cover-tutorial/" "Mozilla/5.0 (iPhone; CPU iPhone OS 18_7 like Mac OS X) AppleWebKit/605.1.15 (KHTML, like Gecko) Version/26.2 Mobile/15E148 Safari/604.1"
5.125.21.150 - - [17/Apr/2026:00:18:01 +0330] "GET /wp-content/uploads/2026/02/Free-tutorial-crochet-beautiful-flower.webp HTTP/2" 200 32450 "https://rozbano.com/crochet-charger-cord-cover-tutorial/" "Mozilla/5.0 (iPhone; CPU iPhone OS 18_7 like Mac OS X) AppleWebKit/605.1.15 (KHTML, like Gecko) Version/26.2 Mobile/15E148 Safari/604.1"
66.249.70.33 - - [17/Apr/2026:00:18:09 +0330] "GET /page/506/?search=search_term_string&nocache=1766429156 HTTP/1.1" 200 27605 "-" "Mozilla/5.0 (Linux; Android 6.0.1; Nexus 5X Build/MMB29P) AppleWebKit/537.36 (KHTML, like Gecko) Chrome/146.0.7680.177 Mobile Safari/537.36 (compatible; Googlebot/2.1; +http://www.google.com/bot.html)"
66.249.70.32 - - [17/Apr/2026:00:18:10 +0330] "GET /page/506/?search=search_term_string&nocache=1765767507 HTTP/1.1" 200 27453 "-" "Mozilla/5.0 (Linux; Android 6.0.1; Nexus 5X Build/MMB29P) AppleWebKit/537.36 (KHTML, like Gecko) Chrome/146.0.7680.177 Mobile Safari/537.36 (compatible; Googlebot/2.1; +http://www.google.com/bot.html)"
37.63.231.254 - - [17/Apr/2026:00:18:33 +0330] "POST /free-tutorial-sewing-womens-comfortable-pants/?nocache=1776372451 HTTP/2" 200 4907 "https://rozbano.com/free-tutorial-sewing-womens-comfortable-pants/" "Mozilla/5.0 (Linux; Android 13; SM-A127F Build/TP1A.220624.014; wv) AppleWebKit/537.36 (KHTML, like Gecko) 4.0 Chrome/145.0.7632.120 Mobile Safari/537.36; bw4"
66.249.70.33 - - [17/Apr/2026:00:18:37 +0330] "GET /page/499/?search=search_term_string&nocache=1766752266 HTTP/1.1" 200 28450 "-" "Mozilla/5.0 (Linux; Android 6.0.1; Nexus 5X Build/MMB29P) AppleWebKit/537.36 (KHTML, like Gecko) Chrome/146.0.7680.177 Mobile Safari/537.36 (compatible; Googlebot/2.1; +http://www.google.com/bot.html)"
103.75.126.223 - - [17/Apr/2026:00:18:44 +0330] "POST /hello.world?d-allow_url_include=1-d-auto_prepend_file=php://input HTTP/1.0" 404 56180 "-" "libredtail-http"
66.249.70.38 - - [17/Apr/2026:00:18:50 +0330] "GET /products/detail/55992775%20%20%20%20%20%20%20%20%20%20%20%20%20%20%20%20%20%20%20%20%20%20%20%20%20%20%20%20%20%20%20%20class= HTTP/1.1" 200 27624 "-" "Mozilla/5.0 (Linux; Android 6.0.1; Nexus 5X Build/MMB29P) AppleWebKit/537.36 (KHTML, like Gecko) Chrome/146.0.7680.177 Mobile Safari/537.36 (compatible; GoogleOther)"
66.249.70.34 - - [17/Apr/2026:00:18:51 +0330] "GET /page/506/?search=search_term_string&nocache=1765856173 HTTP/1.1" 200 27993 "-" "Mozilla/5.0 (Linux; Android 6.0.1; Nexus 5X Build/MMB29P) AppleWebKit/537.36 (KHTML, like Gecko) Chrome/146.0.7680.177 Mobile Safari/537.36 (compatible; Googlebot/2.1; +http://www.google.com/bot.html)"
66.249.70.34 - - [17/Apr/2026:00:18:52 +0330] "GET /page/502/?search=search_term_string&nocache=1765856173 HTTP/1.1" 200 27873 "-" "Mozilla/5.0 (Linux; Android 6.0.1; Nexus 5X Build/MMB29P) AppleWebKit/537.36 (KHTML, like Gecko) Chrome/146.0.7680.177 Mobile Safari/537.36 (compatible; Googlebot/2.1; +http://www.google.com/bot.html)"
66.249.70.35 - - [17/Apr/2026:00:18:56 +0330] "GET /training-making-chamomile-flower-with-felt/?nocache=1775999665 HTTP/1.1" 200 27734 "-" "Mozilla/5.0 (Linux; Android 6.0.1; Nexus 5X Build/MMB29P) AppleWebKit/537.36 (KHTML, like Gecko) Chrome/146.0.7680.177 Mobile Safari/537.36 (compatible; Googlebot/2.1; +http://www.google.com/bot.html)"
62.60.201.135 - - [17/Apr/2026:00:19:01 +0330] "POST /wp-cron.php?doing_wp_cron=1776372541.9139509201049804687500 HTTP/1.1" 200 20 "-" "WordPress/6.9.4; https://rozbano.com"
5.126.72.96 - - [17/Apr/2026:00:18:58 +0330] "GET /free-tutorial-crochet-sunflower-motif/ HTTP/2" 200 35349 "https://zarebin.ir/" "Mozilla/5.0 (Linux; Android 14; SM-A065F Build/UP1A.231005.007; wv) AppleWebKit/537.36 (KHTML, like Gecko) 4.0 Chrome/145.0.7632.79 Mobile Safari/537.36; bw4"
5.126.72.96 - - [17/Apr/2026:00:19:02 +0330] "GET /wp-includes/css/dist/block-library/style-rtl.min.css?ver=6.9.4 HTTP/2" 200 14838 "https://rozbano.com/free-tutorial-crochet-sunflower-motif/" "Mozilla/5.0 (Linux; Android 14; SM-A065F Build/UP1A.231005.007; wv) AppleWebKit/537.36 (KHTML, like Gecko) 4.0 Chrome/145.0.7632.79 Mobile Safari/537.36; bw4"
5.126.72.96 - - [17/Apr/2026:00:19:02 +0330] "GET /wp-content/plugins/jet-engine/assets/css/frontend.css?ver=3.7.10 HTTP/2" 200 8353 "https://rozbano.com/free-tutorial-crochet-sunflower-motif/" "Mozilla/5.0 (Linux; Android 14; SM-A065F Build/UP1A.231005.007; wv) AppleWebKit/537.36 (KHTML, like Gecko) 4.0 Chrome/145.0.7632.79 Mobile Safari/537.36; bw4"
5.126.72.96 - - [17/Apr/2026:00:19:02 +0330] "GET /wp-content/themes/hello-elementor/style.css?ver=6.9.4 HTTP/2" 200 561 "https://rozbano.com/free-tutorial-crochet-sunflower-motif/" "Mozilla/5.0 (Linux; Android 14; SM-A065F Build/UP1A.231005.007; wv) AppleWebKit/537.36 (KHTML, like Gecko) 4.0 Chrome/145.0.7632.79 Mobile Safari/537.36; bw4"
5.126.72.96 - - [17/Apr/2026:00:19:02 +0330] "GET /wp-content/plugins/elementor/assets/css/frontend-rtl.min.css?ver=3.32.3 HTTP/2" 200 6537 "https://rozbano.com/free-tutorial-crochet-sunflower-motif/" "Mozilla/5.0 (Linux; Android 14; SM-A065F Build/UP1A.231005.007; wv) AppleWebKit/537.36 (KHTML, like Gecko) 4.0 Chrome/145.0.7632.79 Mobile Safari/537.36; bw4"
5.126.72.96 - - [17/Apr/2026:00:19:02 +0330] "GET /wp-content/plugins/elementor/assets/css/widget-image-rtl.min.css?ver=3.32.3 HTTP/2" 200 119 "https://rozbano.com/free-tutorial-crochet-sunflower-motif/" "Mozilla/5.0 (Linux; Android 14; SM-A065F Build/UP1A.231005.007; wv) AppleWebKit/537.36 (KHTML, like Gecko) 4.0 Chrome/145.0.7632.79 Mobile Safari/537.36; bw4"
5.126.72.96 - - [17/Apr/2026:00:19:02 +0330] "GET /wp-content/plugins/elementor/assets/css/widget-social-icons-rtl.min.css?ver=3.32.3 HTTP/2" 200 1069 "https://rozbano.com/free-tutorial-crochet-sunflower-motif/" "Mozilla/5.0 (Linux; Android 14; SM-A065F Build/UP1A.231005.007; wv) AppleWebKit/537.36 (KHTML, like Gecko) 4.0 Chrome/145.0.7632.79 Mobile Safari/537.36; bw4"
5.126.72.96 - - [17/Apr/2026:00:19:02 +0330] "GET /wp-content/plugins/elementor/assets/css/conditionals/apple-webkit.min.css?ver=3.32.3 HTTP/2" 200 472 "https://rozbano.com/free-tutorial-crochet-sunflower-motif/" "Mozilla/5.0 (Linux; Android 14; SM-A065F Build/UP1A.231005.007; wv) AppleWebKit/537.36 (KHTML, like Gecko) 4.0 Chrome/145.0.7632.79 Mobile Safari/537.36; bw4"
5.126.72.96 - - [17/Apr/2026:00:19:02 +0330] "GET /wp-content/plugins/elementor-pro/assets/css/modules/sticky.min.css?ver=3.32.3 HTTP/2" 200 162 "https://rozbano.com/free-tutorial-crochet-sunflower-motif/" "Mozilla/5.0 (Linux; Android 14; SM-A065F Build/UP1A.231005.007; wv) AppleWebKit/537.36 (KHTML, like Gecko) 4.0 Chrome/145.0.7632.79 Mobile Safari/537.36; bw4"
5.126.72.96 - - [17/Apr/2026:00:19:02 +0330] "GET /wp-content/plugins/elementor/assets/css/widget-heading-rtl.min.css?ver=3.32.3 HTTP/2" 200 154 "https://rozbano.com/free-tutorial-crochet-sunflower-motif/" "Mozilla/5.0 (Linux; Android 14; SM-A065F Build/UP1A.231005.007; wv) AppleWebKit/537.36 (KHTML, like Gecko) 4.0 Chrome/145.0.7632.79 Mobile Safari/537.36; bw4"
5.126.72.96 - - [17/Apr/2026:00:19:02 +0330] "GET /wp-content/plugins/elementor/assets/css/widget-icon-box-rtl.min.css?ver=3.32.3 HTTP/2" 200 422 "https://rozbano.com/free-tutorial-crochet-sunflower-motif/" "Mozilla/5.0 (Linux; Android 14; SM-A065F Build/UP1A.231005.007; wv) AppleWebKit/537.36 (KHTML, like Gecko) 4.0 Chrome/145.0.7632.79 Mobile Safari/537.36; bw4"
5.126.72.96 - - [17/Apr/2026:00:19:02 +0330] "GET /wp-content/plugins/elementor/assets/lib/swiper/v8/css/swiper.min.css?ver=8.4.5 HTTP/2" 200 4248 "https://rozbano.com/free-tutorial-crochet-sunflower-motif/" "Mozilla/5.0 (Linux; Android 14; SM-A065F Build/UP1A.231005.007; wv) AppleWebKit/537.36 (KHTML, like Gecko) 4.0 Chrome/145.0.7632.79 Mobile Safari/537.36; bw4"
5.126.72.96 - - [17/Apr/2026:00:19:02 +0330] "GET /wp-content/plugins/elementor/assets/css/conditionals/e-swiper.min.css?ver=3.32.3 HTTP/2" 200 699 "https://rozbano.com/free-tutorial-crochet-sunflower-motif/" "Mozilla/5.0 (Linux; Android 14; SM-A065F Build/UP1A.231005.007; wv) AppleWebKit/537.36 (KHTML, like Gecko) 4.0 Chrome/145.0.7632.79 Mobile Safari/537.36; bw4"
5.126.72.96 - - [17/Apr/2026:00:19:02 +0330] "GET /wp-content/plugins/elementor-pro/assets/css/widget-post-info-rtl.min.css?ver=3.32.3 HTTP/2" 200 165 "https://rozbano.com/free-tutorial-crochet-sunflower-motif/" "Mozilla/5.0 (Linux; Android 14; SM-A065F Build/UP1A.231005.007; wv) AppleWebKit/537.36 (KHTML, like Gecko) 4.0 Chrome/145.0.7632.79 Mobile Safari/537.36; bw4"
5.126.72.96 - - [17/Apr/2026:00:19:02 +0330] "GET /wp-content/plugins/elementor/assets/css/widget-icon-list-rtl.min.css?ver=3.32.3 HTTP/2" 200 963 "https://rozbano.com/free-tutorial-crochet-sunflower-motif/" "Mozilla/5.0 (Linux; Android 14; SM-A065F Build/UP1A.231005.007; wv) AppleWebKit/537.36 (KHTML, like Gecko) 4.0 Chrome/145.0.7632.79 Mobile Safari/537.36; bw4"
5.126.72.96 - - [17/Apr/2026:00:19:02 +0330] "GET /wp-content/plugins/elementor-pro/assets/css/widget-share-buttons-rtl.min.css?ver=3.32.3 HTTP/2" 200 2144 "https://rozbano.com/free-tutorial-crochet-sunflower-motif/" "Mozilla/5.0 (Linux; Android 14; SM-A065F Build/UP1A.231005.007; wv) AppleWebKit/537.36 (KHTML, like Gecko) 4.0 Chrome/145.0.7632.79 Mobile Safari/537.36; bw4"
5.126.72.96 - - [17/Apr/2026:00:19:02 +0330] "GET /wp-content/plugins/elementor-pro/assets/css/widget-post-navigation-rtl.min.css?ver=3.32.3 HTTP/2" 200 494 "https://rozbano.com/free-tutorial-crochet-sunflower-motif/" "Mozilla/5.0 (Linux; Android 14; SM-A065F Build/UP1A.231005.007; wv) AppleWebKit/537.36 (KHTML, like Gecko) 4.0 Chrome/145.0.7632.79 Mobile Safari/537.36; bw4"
5.126.72.96 - - [17/Apr/2026:00:19:02 +0330] "GET /wp-content/uploads/elementor/css/post-53138.css?ver=1776365957 HTTP/2" 200 3019 "https://rozbano.com/free-tutorial-crochet-sunflower-motif/" "Mozilla/5.0 (Linux; Android 14; SM-A065F Build/UP1A.231005.007; wv) AppleWebKit/537.36 (KHTML, like Gecko) 4.0 Chrome/145.0.7632.79 Mobile Safari/537.36; bw4"
5.126.72.96 - - [17/Apr/2026:00:19:02 +0330] "GET /wp-content/uploads/elementor/css/post-53143.css?ver=1776365957 HTTP/2" 200 462 "https://rozbano.com/free-tutorial-crochet-sunflower-motif/" "Mozilla/5.0 (Linux; Android 14; SM-A065F Build/UP1A.231005.007; wv) AppleWebKit/537.36 (KHTML, like Gecko) 4.0 Chrome/145.0.7632.79 Mobile Safari/537.36; bw4"
5.126.72.96 - - [17/Apr/2026:00:19:02 +0330] "GET /wp-content/uploads/elementor/css/post-53145.css?ver=1776365957 HTTP/2" 200 1694 "https://rozbano.com/free-tutorial-crochet-sunflower-motif/" "Mozilla/5.0 (Linux; Android 14; SM-A065F Build/UP1A.231005.007; wv) AppleWebKit/537.36 (KHTML, like Gecko) 4.0 Chrome/145.0.7632.79 Mobile Safari/537.36; bw4"
5.126.72.96 - - [17/Apr/2026:00:19:02 +0330] "GET /wp-content/uploads/elementor/css/post-53177.css?ver=1776365957 HTTP/2" 200 440 "https://rozbano.com/free-tutorial-crochet-sunflower-motif/" "Mozilla/5.0 (Linux; Android 14; SM-A065F Build/UP1A.231005.007; wv) AppleWebKit/537.36 (KHTML, like Gecko) 4.0 Chrome/145.0.7632.79 Mobile Safari/537.36; bw4"
5.126.72.96 - - [17/Apr/2026:00:19:02 +0330] "GET /wp-content/uploads/elementor/css/post-53178.css?ver=1776365957 HTTP/2" 200 415 "https://rozbano.com/free-tutorial-crochet-sunflower-motif/" "Mozilla/5.0 (Linux; Android 14; SM-A065F Build/UP1A.231005.007; wv) AppleWebKit/537.36 (KHTML, like Gecko) 4.0 Chrome/145.0.7632.79 Mobile Safari/537.36; bw4"
5.126.72.96 - - [17/Apr/2026:00:19:02 +0330] "GET /wp-content/uploads/elementor/css/post-53316.css?ver=1776365957 HTTP/2" 200 418 "https://rozbano.com/free-tutorial-crochet-sunflower-motif/" "Mozilla/5.0 (Linux; Android 14; SM-A065F Build/UP1A.231005.007; wv) AppleWebKit/537.36 (KHTML, like Gecko) 4.0 Chrome/145.0.7632.79 Mobile Safari/537.36; bw4"
5.126.72.96 - - [17/Apr/2026:00:19:02 +0330] "GET /wp-content/uploads/elementor/css/post-53157.css?ver=1776365962 HTTP/2" 200 2256 "https://rozbano.com/free-tutorial-crochet-sunflower-motif/" "Mozilla/5.0 (Linux; Android 14; SM-A065F Build/UP1A.231005.007; wv) AppleWebKit/537.36 (KHTML, like Gecko) 4.0 Chrome/145.0.7632.79 Mobile Safari/537.36; bw4"
5.126.72.96 - - [17/Apr/2026:00:19:02 +0330] "GET /wp-content/uploads/elementor/css/post-53179.css?ver=1776365962 HTTP/2" 200 523 "https://rozbano.com/free-tutorial-crochet-sunflower-motif/" "Mozilla/5.0 (Linux; Android 14; SM-A065F Build/UP1A.231005.007; wv) AppleWebKit/537.36 (KHTML, like Gecko) 4.0 Chrome/145.0.7632.79 Mobile Safari/537.36; bw4"
5.126.72.96 - - [17/Apr/2026:00:19:02 +0330] "GET /wp-content/plugins/elementor-pro/abzarwp/fonts/all/css/fonts.css?ver=123456 HTTP/2" 200 2919 "https://rozbano.com/free-tutorial-crochet-sunflower-motif/" "Mozilla/5.0 (Linux; Android 14; SM-A065F Build/UP1A.231005.007; wv) AppleWebKit/537.36 (KHTML, like Gecko) 4.0 Chrome/145.0.7632.79 Mobile Safari/537.36; bw4"
5.126.72.96 - - [17/Apr/2026:00:19:02 +0330] "GET /wp-content/uploads/elementor/css/post-53149.css?ver=1776365962 HTTP/2" 200 1333 "https://rozbano.com/free-tutorial-crochet-sunflower-motif/" "Mozilla/5.0 (Linux; Android 14; SM-A065F Build/UP1A.231005.007; wv) AppleWebKit/537.36 (KHTML, like Gecko) 4.0 Chrome/145.0.7632.79 Mobile Safari/537.36; bw4"
5.126.72.96 - - [17/Apr/2026:00:19:02 +0330] "GET /wp-content/uploads/elementor/css/post-53181.css?ver=1776365963 HTTP/2" 200 413 "https://rozbano.com/free-tutorial-crochet-sunflower-motif/" "Mozilla/5.0 (Linux; Android 14; SM-A065F Build/UP1A.231005.007; wv) AppleWebKit/537.36 (KHTML, like Gecko) 4.0 Chrome/145.0.7632.79 Mobile Safari/537.36; bw4"
5.126.72.96 - - [17/Apr/2026:00:19:02 +0330] "GET /wp-content/uploads/elementor/css/post-53234.css?ver=1776365963 HTTP/2" 200 414 "https://rozbano.com/free-tutorial-crochet-sunflower-motif/" "Mozilla/5.0 (Linux; Android 14; SM-A065F Build/UP1A.231005.007; wv) AppleWebKit/537.36 (KHTML, like Gecko) 4.0 Chrome/145.0.7632.79 Mobile Safari/537.36; bw4"
5.126.72.96 - - [17/Apr/2026:00:19:02 +0330] "GET /wp-content/uploads/elementor/css/post-53180.css?ver=1776365963 HTTP/2" 200 636 "https://rozbano.com/free-tutorial-crochet-sunflower-motif/" "Mozilla/5.0 (Linux; Android 14; SM-A065F Build/UP1A.231005.007; wv) AppleWebKit/537.36 (KHTML, like Gecko) 4.0 Chrome/145.0.7632.79 Mobile Safari/537.36; bw4"
5.126.72.96 - - [17/Apr/2026:00:19:02 +0330] "GET /wp-content/plugins/elementor-pro/assets/css/widget-nav-menu-rtl.min.css?ver=3.32.3 HTTP/2" 200 3246 "https://rozbano.com/free-tutorial-crochet-sunflower-motif/" "Mozilla/5.0 (Linux; Android 14; SM-A065F Build/UP1A.231005.007; wv) AppleWebKit/537.36 (KHTML, like Gecko) 4.0 Chrome/145.0.7632.79 Mobile Safari/537.36; bw4"
5.126.72.96 - - [17/Apr/2026:00:19:02 +0330] "GET /wp-content/plugins/elementor-pro/assets/css/conditionals/ribbon.min.css?ver=3.32.3 HTTP/2" 200 250 "https://rozbano.com/free-tutorial-crochet-sunflower-motif/" "Mozilla/5.0 (Linux; Android 14; SM-A065F Build/UP1A.231005.007; wv) AppleWebKit/537.36 (KHTML, like Gecko) 4.0 Chrome/145.0.7632.79 Mobile Safari/537.36; bw4"
5.126.72.96 - - [17/Apr/2026:00:19:02 +0330] "GET /wp-content/plugins/elementor-pro/assets/css/widget-call-to-action-rtl.min.css?ver=3.32.3 HTTP/2" 200 1211 "https://rozbano.com/free-tutorial-crochet-sunflower-motif/" "Mozilla/5.0 (Linux; Android 14; SM-A065F Build/UP1A.231005.007; wv) AppleWebKit/537.36 (KHTML, like Gecko) 4.0 Chrome/145.0.7632.79 Mobile Safari/537.36; bw4"
5.126.72.96 - - [17/Apr/2026:00:19:02 +0330] "GET /wp-content/plugins/elementor-pro/assets/css/conditionals/transitions.min.css?ver=3.32.3 HTTP/2" 200 599 "https://rozbano.com/free-tutorial-crochet-sunflower-motif/" "Mozilla/5.0 (Linux; Android 14; SM-A065F Build/UP1A.231005.007; wv) AppleWebKit/537.36 (KHTML, like Gecko) 4.0 Chrome/145.0.7632.79 Mobile Safari/537.36; bw4"
5.126.72.96 - - [17/Apr/2026:00:19:02 +0330] "GET /wp-includes/js/jquery/jquery.min.js?ver=3.7.1 HTTP/2" 200 29744 "https://rozbano.com/free-tutorial-crochet-sunflower-motif/" "Mozilla/5.0 (Linux; Android 14; SM-A065F Build/UP1A.231005.007; wv) AppleWebKit/537.36 (KHTML, like Gecko) 4.0 Chrome/145.0.7632.79 Mobile Safari/537.36; bw4"
5.126.72.96 - - [17/Apr/2026:00:19:02 +0330] "GET /wp-includes/js/jquery/jquery-migrate.min.js?ver=3.4.1 HTTP/2" 200 4678 "https://rozbano.com/free-tutorial-crochet-sunflower-motif/" "Mozilla/5.0 (Linux; Android 14; SM-A065F Build/UP1A.231005.007; wv) AppleWebKit/537.36 (KHTML, like Gecko) 4.0 Chrome/145.0.7632.79 Mobile Safari/537.36; bw4"
5.126.72.96 - - [17/Apr/2026:00:19:02 +0330] "GET /wp-content/uploads/2025/09/Free-tutorial-crochet-sunflower-motif-768x576.webp HTTP/2" 200 94852 "https://rozbano.com/free-tutorial-crochet-sunflower-motif/" "Mozilla/5.0 (Linux; Android 14; SM-A065F Build/UP1A.231005.007; wv) AppleWebKit/537.36 (KHTML, like Gecko) 4.0 Chrome/145.0.7632.79 Mobile Safari/537.36; bw4"
5.126.72.96 - - [17/Apr/2026:00:19:02 +0330] "GET /wp-content/plugins/elementor/assets/js/webpack.runtime.min.js?ver=3.32.3 HTTP/2" 200 2320 "https://rozbano.com/free-tutorial-crochet-sunflower-motif/" "Mozilla/5.0 (Linux; Android 14; SM-A065F Build/UP1A.231005.007; wv) AppleWebKit/537.36 (KHTML, like Gecko) 4.0 Chrome/145.0.7632.79 Mobile Safari/537.36; bw4"
5.126.72.96 - - [17/Apr/2026:00:19:02 +0330] "GET /wp-content/uploads/2025/09/Free-tutorial-crochet-sunflower-motif-01.webp HTTP/2" 200 49200 "https://rozbano.com/free-tutorial-crochet-sunflower-motif/" "Mozilla/5.0 (Linux; Android 14; SM-A065F Build/UP1A.231005.007; wv) AppleWebKit/537.36 (KHTML, like Gecko) 4.0 Chrome/145.0.7632.79 Mobile Safari/537.36; bw4"
5.126.72.96 - - [17/Apr/2026:00:19:02 +0330] "GET /wp-content/plugins/elementor/assets/js/frontend-modules.min.js?ver=3.32.3 HTTP/2" 200 17962 "https://rozbano.com/free-tutorial-crochet-sunflower-motif/" "Mozilla/5.0 (Linux; Android 14; SM-A065F Build/UP1A.231005.007; wv) AppleWebKit/537.36 (KHTML, like Gecko) 4.0 Chrome/145.0.7632.79 Mobile Safari/537.36; bw4"
5.126.72.96 - - [17/Apr/2026:00:19:02 +0330] "GET /wp-includes/js/jquery/ui/core.min.js?ver=1.13.3 HTTP/2" 200 6812 "https://rozbano.com/free-tutorial-crochet-sunflower-motif/" "Mozilla/5.0 (Linux; Android 14; SM-A065F Build/UP1A.231005.007; wv) AppleWebKit/537.36 (KHTML, like Gecko) 4.0 Chrome/145.0.7632.79 Mobile Safari/537.36; bw4"
5.126.72.96 - - [17/Apr/2026:00:19:02 +0330] "GET /wp-content/plugins/elementor/assets/js/frontend.min.js?ver=3.32.3 HTTP/2" 200 10165 "https://rozbano.com/free-tutorial-crochet-sunflower-motif/" "Mozilla/5.0 (Linux; Android 14; SM-A065F Build/UP1A.231005.007; wv) AppleWebKit/537.36 (KHTML, like Gecko) 4.0 Chrome/145.0.7632.79 Mobile Safari/537.36; bw4"
5.126.72.96 - - [17/Apr/2026:00:19:02 +0330] "GET /wp-content/plugins/elementor-pro/assets/lib/sticky/jquery.sticky.min.js?ver=3.32.3 HTTP/2" 200 1442 "https://rozbano.com/free-tutorial-crochet-sunflower-motif/" "Mozilla/5.0 (Linux; Android 14; SM-A065F Build/UP1A.231005.007; wv) AppleWebKit/537.36 (KHTML, like Gecko) 4.0 Chrome/145.0.7632.79 Mobile Safari/537.36; bw4"
5.126.72.96 - - [17/Apr/2026:00:19:02 +0330] "GET /wp-content/plugins/elementor/assets/lib/swiper/v8/swiper.min.js?ver=8.4.5 HTTP/2" 200 38152 "https://rozbano.com/free-tutorial-crochet-sunflower-motif/" "Mozilla/5.0 (Linux; Android 14; SM-A065F Build/UP1A.231005.007; wv) AppleWebKit/537.36 (KHTML, like Gecko) 4.0 Chrome/145.0.7632.79 Mobile Safari/537.36; bw4"
5.126.72.96 - - [17/Apr/2026:00:19:02 +0330] "GET /wp-content/plugins/elementor-pro/assets/lib/smartmenus/jquery.smartmenus.min.js?ver=1.2.1 HTTP/2" 200 6867 "https://rozbano.com/free-tutorial-crochet-sunflower-motif/" "Mozilla/5.0 (Linux; Android 14; SM-A065F Build/UP1A.231005.007; wv) AppleWebKit/537.36 (KHTML, like Gecko) 4.0 Chrome/145.0.7632.79 Mobile Safari/537.36; bw4"
5.126.72.96 - - [17/Apr/2026:00:19:02 +0330] "GET /wp-content/plugins/jet-engine/assets/lib/jet-plugins/jet-plugins.js?ver=1.1.0 HTTP/2" 200 2190 "https://rozbano.com/free-tutorial-crochet-sunflower-motif/" "Mozilla/5.0 (Linux; Android 14; SM-A065F Build/UP1A.231005.007; wv) AppleWebKit/537.36 (KHTML, like Gecko) 4.0 Chrome/145.0.7632.79 Mobile Safari/537.36; bw4"
5.126.72.96 - - [17/Apr/2026:00:19:02 +0330] "GET /wp-content/plugins/jet-engine/assets/js/frontend.js?ver=3.7.10 HTTP/2" 200 15312 "https://rozbano.com/free-tutorial-crochet-sunflower-motif/" "Mozilla/5.0 (Linux; Android 14; SM-A065F Build/UP1A.231005.007; wv) AppleWebKit/537.36 (KHTML, like Gecko) 4.0 Chrome/145.0.7632.79 Mobile Safari/537.36; bw4"
5.126.72.96 - - [17/Apr/2026:00:19:02 +0330] "GET /wp-content/plugins/elementor-pro/assets/js/webpack-pro.runtime.min.js?ver=3.32.3 HTTP/2" 200 2622 "https://rozbano.com/free-tutorial-crochet-sunflower-motif/" "Mozilla/5.0 (Linux; Android 14; SM-A065F Build/UP1A.231005.007; wv) AppleWebKit/537.36 (KHTML, like Gecko) 4.0 Chrome/145.0.7632.79 Mobile Safari/537.36; bw4"
5.126.72.96 - - [17/Apr/2026:00:19:02 +0330] "GET /wp-includes/js/dist/hooks.min.js?ver=dd5603f07f9220ed27f1 HTTP/2" 200 1852 "https://rozbano.com/free-tutorial-crochet-sunflower-motif/" "Mozilla/5.0 (Linux; Android 14; SM-A065F Build/UP1A.231005.007; wv) AppleWebKit/537.36 (KHTML, like Gecko) 4.0 Chrome/145.0.7632.79 Mobile Safari/537.36; bw4"
5.126.72.96 - - [17/Apr/2026:00:19:02 +0330] "GET /wp-includes/js/dist/i18n.min.js?ver=c26c3dc7bed366793375 HTTP/2" 200 2119 "https://rozbano.com/free-tutorial-crochet-sunflower-motif/" "Mozilla/5.0 (Linux; Android 14; SM-A065F Build/UP1A.231005.007; wv) AppleWebKit/537.36 (KHTML, like Gecko) 4.0 Chrome/145.0.7632.79 Mobile Safari/537.36; bw4"
5.126.72.96 - - [17/Apr/2026:00:19:02 +0330] "GET /wp-content/plugins/elementor-pro/assets/js/frontend.min.js?ver=3.32.3 HTTP/2" 200 6321 "https://rozbano.com/free-tutorial-crochet-sunflower-motif/" "Mozilla/5.0 (Linux; Android 14; SM-A065F Build/UP1A.231005.007; wv) AppleWebKit/537.36 (KHTML, like Gecko) 4.0 Chrome/145.0.7632.79 Mobile Safari/537.36; bw4"
5.126.72.96 - - [17/Apr/2026:00:19:02 +0330] "GET /wp-content/plugins/elementor-pro/assets/js/elements-handlers.min.js?ver=3.32.3 HTTP/2" 200 10180 "https://rozbano.com/free-tutorial-crochet-sunflower-motif/" "Mozilla/5.0 (Linux; Android 14; SM-A065F Build/UP1A.231005.007; wv) AppleWebKit/537.36 (KHTML, like Gecko) 4.0 Chrome/145.0.7632.79 Mobile Safari/537.36; bw4"
5.126.72.96 - - [17/Apr/2026:00:19:02 +0330] "GET /wp-content/uploads/2025/05/Rozbano-Logo-Web-Nima-new.webp HTTP/2" 200 2430 "https://rozbano.com/free-tutorial-crochet-sunflower-motif/" "Mozilla/5.0 (Linux; Android 14; SM-A065F Build/UP1A.231005.007; wv) AppleWebKit/537.36 (KHTML, like Gecko) 4.0 Chrome/145.0.7632.79 Mobile Safari/537.36; bw4"
5.126.72.96 - - [17/Apr/2026:00:19:02 +0330] "GET /wp-content/uploads/2025/10/Free-crochet-tutorial-for-fall-hat-01-150x150.webp HTTP/2" 200 9544 "https://rozbano.com/free-tutorial-crochet-sunflower-motif/" "Mozilla/5.0 (Linux; Android 14; SM-A065F Build/UP1A.231005.007; wv) AppleWebKit/537.36 (KHTML, like Gecko) 4.0 Chrome/145.0.7632.79 Mobile Safari/537.36; bw4"
5.126.72.96 - - [17/Apr/2026:00:19:02 +0330] "GET /wp-content/uploads/2025/11/free-crochet-candy-bath-towel-tutorial-01-150x150.webp HTTP/2" 200 5848 "https://rozbano.com/free-tutorial-crochet-sunflower-motif/" "Mozilla/5.0 (Linux; Android 14; SM-A065F Build/UP1A.231005.007; wv) AppleWebKit/537.36 (KHTML, like Gecko) 4.0 Chrome/145.0.7632.79 Mobile Safari/537.36; bw4"
5.126.72.96 - - [17/Apr/2026:00:19:02 +0330] "GET /wp-content/uploads/2025/10/Crochet-Kitchen-Napkin-Holder-Free-Tutorial-150x150.webp HTTP/2" 200 5200 "https://rozbano.com/free-tutorial-crochet-sunflower-motif/" "Mozilla/5.0 (Linux; Android 14; SM-A065F Build/UP1A.231005.007; wv) AppleWebKit/537.36 (KHTML, like Gecko) 4.0 Chrome/145.0.7632.79 Mobile Safari/537.36; bw4"
5.126.72.96 - - [17/Apr/2026:00:19:02 +0330] "GET /wp-content/uploads/2025/10/Autumn-Kaftan-Sewing-Tutorial-at-Home-150x150.webp HTTP/2" 200 5616 "https://rozbano.com/free-tutorial-crochet-sunflower-motif/" "Mozilla/5.0 (Linux; Android 14; SM-A065F Build/UP1A.231005.007; wv) AppleWebKit/537.36 (KHTML, like Gecko) 4.0 Chrome/145.0.7632.79 Mobile Safari/537.36; bw4"
