5.125.21.150 - - [17/Apr/2026:00:16:35 +0330] "GET /wp-content/plugins/elementor-pro/assets/lib/sticky/jquery.sticky.min.js?ver=3.32.3 HTTP/2" 200 1442 "https://rozbano.com/crochet-charger-cord-cover-tutorial/" "Mozilla/5.0 (iPhone; CPU iPhone OS 18_7 like Mac OS X) AppleWebKit/605.1.15 (KHTML, like Gecko) Version/26.2 Mobile/15E148 Safari/604.1"
5.125.21.150 - - [17/Apr/2026:00:16:35 +0330] "GET /wp-content/plugins/elementor-pro/assets/lib/smartmenus/jquery.smartmenus.min.js?ver=1.2.1 HTTP/2" 200 6867 "https://rozbano.com/crochet-charger-cord-cover-tutorial/" "Mozilla/5.0 (iPhone; CPU iPhone OS 18_7 like Mac OS X) AppleWebKit/605.1.15 (KHTML, like Gecko) Version/26.2 Mobile/15E148 Safari/604.1"
5.125.21.150 - - [17/Apr/2026:00:16:35 +0330] "GET /wp-content/plugins/jet-engine/assets/lib/jet-plugins/jet-plugins.js?ver=1.1.0 HTTP/2" 200 2190 "https://rozbano.com/crochet-charger-cord-cover-tutorial/" "Mozilla/5.0 (iPhone; CPU iPhone OS 18_7 like Mac OS X) AppleWebKit/605.1.15 (KHTML, like Gecko) Version/26.2 Mobile/15E148 Safari/604.1"
5.125.21.150 - - [17/Apr/2026:00:16:35 +0330] "GET /wp-content/plugins/jet-engine/assets/js/frontend.js?ver=3.7.10 HTTP/2" 200 15312 "https://rozbano.com/crochet-charger-cord-cover-tutorial/" "Mozilla/5.0 (iPhone; CPU iPhone OS 18_7 like Mac OS X) AppleWebKit/605.1.15 (KHTML, like Gecko) Version/26.2 Mobile/15E148 Safari/604.1"
5.125.21.150 - - [17/Apr/2026:00:16:35 +0330] "GET /wp-content/plugins/elementor-pro/assets/js/webpack-pro.runtime.min.js?ver=3.32.3 HTTP/2" 200 2622 "https://rozbano.com/crochet-charger-cord-cover-tutorial/" "Mozilla/5.0 (iPhone; CPU iPhone OS 18_7 like Mac OS X) AppleWebKit/605.1.15 (KHTML, like Gecko) Version/26.2 Mobile/15E148 Safari/604.1"
5.125.21.150 - - [17/Apr/2026:00:16:35 +0330] "GET /wp-includes/js/dist/hooks.min.js?ver=dd5603f07f9220ed27f1 HTTP/2" 200 1852 "https://rozbano.com/crochet-charger-cord-cover-tutorial/" "Mozilla/5.0 (iPhone; CPU iPhone OS 18_7 like Mac OS X) AppleWebKit/605.1.15 (KHTML, like Gecko) Version/26.2 Mobile/15E148 Safari/604.1"
5.125.21.150 - - [17/Apr/2026:00:16:35 +0330] "GET /wp-includes/js/dist/i18n.min.js?ver=c26c3dc7bed366793375 HTTP/2" 200 2119 "https://rozbano.com/crochet-charger-cord-cover-tutorial/" "Mozilla/5.0 (iPhone; CPU iPhone OS 18_7 like Mac OS X) AppleWebKit/605.1.15 (KHTML, like Gecko) Version/26.2 Mobile/15E148 Safari/604.1"
5.125.21.150 - - [17/Apr/2026:00:16:35 +0330] "GET /wp-content/plugins/elementor-pro/assets/js/frontend.min.js?ver=3.32.3 HTTP/2" 200 6321 "https://rozbano.com/crochet-charger-cord-cover-tutorial/" "Mozilla/5.0 (iPhone; CPU iPhone OS 18_7 like Mac OS X) AppleWebKit/605.1.15 (KHTML, like Gecko) Version/26.2 Mobile/15E148 Safari/604.1"
5.125.21.150 - - [17/Apr/2026:00:16:35 +0330] "GET /wp-content/plugins/elementor-pro/assets/js/elements-handlers.min.js?ver=3.32.3 HTTP/2" 200 10180 "https://rozbano.com/crochet-charger-cord-cover-tutorial/" "Mozilla/5.0 (iPhone; CPU iPhone OS 18_7 like Mac OS X) AppleWebKit/605.1.15 (KHTML, like Gecko) Version/26.2 Mobile/15E148 Safari/604.1"
5.125.21.150 - - [17/Apr/2026:00:16:35 +0330] "GET /wp-includes/js/jquery/jquery.min.js?ver=3.7.1 HTTP/2" 200 29744 "https://rozbano.com/crochet-charger-cord-cover-tutorial/" "Mozilla/5.0 (iPhone; CPU iPhone OS 18_7 like Mac OS X) AppleWebKit/605.1.15 (KHTML, like Gecko) Version/26.2 Mobile/15E148 Safari/604.1"
5.125.21.150 - - [17/Apr/2026:00:16:35 +0330] "GET /wp-content/uploads/2025/09/Crochet-charger-cord-cover-tutorial.webp HTTP/2" 200 55204 "https://rozbano.com/crochet-charger-cord-cover-tutorial/" "Mozilla/5.0 (iPhone; CPU iPhone OS 18_7 like Mac OS X) AppleWebKit/605.1.15 (KHTML, like Gecko) Version/26.2 Mobile/15E148 Safari/604.1"
5.125.21.150 - - [17/Apr/2026:00:16:35 +0330] "GET /wp-content/plugins/elementor/assets/lib/swiper/v8/swiper.min.js?ver=8.4.5 HTTP/2" 200 38152 "https://rozbano.com/crochet-charger-cord-cover-tutorial/" "Mozilla/5.0 (iPhone; CPU iPhone OS 18_7 like Mac OS X) AppleWebKit/605.1.15 (KHTML, like Gecko) Version/26.2 Mobile/15E148 Safari/604.1"
5.125.21.150 - - [17/Apr/2026:00:16:35 +0330] "GET /wp-content/uploads/2025/05/Rozbano-Logo-Web-Nima-new.webp HTTP/2" 200 2430 "https://rozbano.com/crochet-charger-cord-cover-tutorial/" "Mozilla/5.0 (iPhone; CPU iPhone OS 18_7 like Mac OS X) AppleWebKit/605.1.15 (KHTML, like Gecko) Version/26.2 Mobile/15E148 Safari/604.1"
5.125.21.150 - - [17/Apr/2026:00:16:35 +0330] "GET /wp-content/uploads/2025/10/Free-crochet-tutorial-for-fall-hat-01.webp HTTP/2" 200 72884 "https://rozbano.com/crochet-charger-cord-cover-tutorial/" "Mozilla/5.0 (iPhone; CPU iPhone OS 18_7 like Mac OS X) AppleWebKit/605.1.15 (KHTML, like Gecko) Version/26.2 Mobile/15E148 Safari/604.1"
5.125.21.150 - - [17/Apr/2026:00:16:35 +0330] "GET /wp-content/uploads/2025/12/IRANSansXFaNum-Medium.woff2 HTTP/2" 200 28060 "https://rozbano.com/crochet-charger-cord-cover-tutorial/" "Mozilla/5.0 (iPhone; CPU iPhone OS 18_7 like Mac OS X) AppleWebKit/605.1.15 (KHTML, like Gecko) Version/26.2 Mobile/15E148 Safari/604.1"
5.125.21.150 - - [17/Apr/2026:00:16:36 +0330] "GET /wp-content/uploads/2025/12/IRANSansXFaNum-Regular.woff2 HTTP/2" 200 27012 "https://rozbano.com/crochet-charger-cord-cover-tutorial/" "Mozilla/5.0 (iPhone; CPU iPhone OS 18_7 like Mac OS X) AppleWebKit/605.1.15 (KHTML, like Gecko) Version/26.2 Mobile/15E148 Safari/604.1"
5.125.21.150 - - [17/Apr/2026:00:16:36 +0330] "GET /wp-content/uploads/2025/12/IRANSansXFaNum-Bold.woff2 HTTP/2" 200 28036 "https://rozbano.com/crochet-charger-cord-cover-tutorial/" "Mozilla/5.0 (iPhone; CPU iPhone OS 18_7 like Mac OS X) AppleWebKit/605.1.15 (KHTML, like Gecko) Version/26.2 Mobile/15E148 Safari/604.1"
5.125.21.150 - - [17/Apr/2026:00:16:36 +0330] "GET /wp-content/uploads/2025/12/IRANSansXFaNum-Black.woff2 HTTP/2" 200 26796 "https://rozbano.com/crochet-charger-cord-cover-tutorial/" "Mozilla/5.0 (iPhone; CPU iPhone OS 18_7 like Mac OS X) AppleWebKit/605.1.15 (KHTML, like Gecko) Version/26.2 Mobile/15E148 Safari/604.1"
5.125.21.150 - - [17/Apr/2026:00:16:36 +0330] "GET /wp-content/uploads/2025/09/Crochet-charger-cord-cover-tutorial-01.webp HTTP/2" 200 27716 "https://rozbano.com/crochet-charger-cord-cover-tutorial/" "Mozilla/5.0 (iPhone; CPU iPhone OS 18_7 like Mac OS X) AppleWebKit/605.1.15 (KHTML, like Gecko) Version/26.2 Mobile/15E148 Safari/604.1"
5.125.21.150 - - [17/Apr/2026:00:16:36 +0330] "GET /wp-content/uploads/2025/11/free-crochet-candy-bath-towel-tutorial-01.webp HTTP/2" 200 34422 "https://rozbano.com/crochet-charger-cord-cover-tutorial/" "Mozilla/5.0 (iPhone; CPU iPhone OS 18_7 like Mac OS X) AppleWebKit/605.1.15 (KHTML, like Gecko) Version/26.2 Mobile/15E148 Safari/604.1"
5.125.21.150 - - [17/Apr/2026:00:16:36 +0330] "GET /wp-content/uploads/2025/10/Crochet-Kitchen-Napkin-Holder-Free-Tutorial.webp HTTP/2" 200 31990 "https://rozbano.com/crochet-charger-cord-cover-tutorial/" "Mozilla/5.0 (iPhone; CPU iPhone OS 18_7 like Mac OS X) AppleWebKit/605.1.15 (KHTML, like Gecko) Version/26.2 Mobile/15E148 Safari/604.1"
66.249.70.38 - - [17/Apr/2026:00:15:36 +0330] "GET /?p=26979199307509 HTTP/1.1" 200 29256 "-" "Mozilla/5.0 (Linux; Android 6.0.1; Nexus 5X Build/MMB29P) AppleWebKit/537.36 (KHTML, like Gecko) Chrome/146.0.7680.177 Mobile Safari/537.36 (compatible; GoogleOther)"
66.249.70.32 - - [17/Apr/2026:00:15:44 +0330] "GET /page/2/?search=search_term_string&nocache=1766102984 HTTP/1.1" 200 28276 "-" "Mozilla/5.0 (Linux; Android 6.0.1; Nexus 5X Build/MMB29P) AppleWebKit/537.36 (KHTML, like Gecko) Chrome/146.0.7680.177 Mobile Safari/537.36 (compatible; Googlebot/2.1; +http://www.google.com/bot.html)"
66.249.70.38 - - [17/Apr/2026:00:15:48 +0330] "GET /page/493/?nocache=1766694017 HTTP/1.1" 200 27313 "-" "Mozilla/5.0 (Linux; Android 6.0.1; Nexus 5X Build/MMB29P) AppleWebKit/537.36 (KHTML, like Gecko) Chrome/146.0.7680.177 Mobile Safari/537.36 (compatible; Googlebot/2.1; +http://www.google.com/bot.html)"
66.249.70.39 - - [17/Apr/2026:00:15:49 +0330] "GET /?p=5105788029803 HTTP/1.1" 200 29574 "-" "Mozilla/5.0 (Linux; Android 6.0.1; Nexus 5X Build/MMB29P) AppleWebKit/537.36 (KHTML, like Gecko) Chrome/146.0.7680.177 Mobile Safari/537.36 (compatible; GoogleOther)"
66.249.70.39 - - [17/Apr/2026:00:15:55 +0330] "GET /page/505/?search=search_term_string&nocache=1766733562 HTTP/1.1" 200 29186 "-" "Mozilla/5.0 (Linux; Android 6.0.1; Nexus 5X Build/MMB29P) AppleWebKit/537.36 (KHTML, like Gecko) Chrome/146.0.7680.177 Mobile Safari/537.36 (compatible; Googlebot/2.1; +http://www.google.com/bot.html)"
66.249.70.39 - - [17/Apr/2026:00:15:56 +0330] "GET /page/500/?nocache=1765475402 HTTP/1.1" 200 27882 "-" "Mozilla/5.0 (Linux; Android 6.0.1; Nexus 5X Build/MMB29P) AppleWebKit/537.36 (KHTML, like Gecko) Chrome/146.0.7680.177 Mobile Safari/537.36 (compatible; Googlebot/2.1; +http://www.google.com/bot.html)"
66.249.70.35 - - [17/Apr/2026:00:15:56 +0330] "GET /page/11/?nocache=1773862186 HTTP/1.1" 200 28186 "-" "Mozilla/5.0 (Linux; Android 6.0.1; Nexus 5X Build/MMB29P) AppleWebKit/537.36 (KHTML, like Gecko) Chrome/146.0.7680.177 Mobile Safari/537.36 (compatible; Googlebot/2.1; +http://www.google.com/bot.html)"
66.249.70.39 - - [17/Apr/2026:00:15:57 +0330] "GET /hat-hat/ HTTP/1.1" 200 27414 "-" "Mozilla/5.0 (Linux; Android 6.0.1; Nexus 5X Build/MMB29P) AppleWebKit/537.36 (KHTML, like Gecko) Chrome/146.0.7680.177 Mobile Safari/537.36 (compatible; Googlebot/2.1; +http://www.google.com/bot.html)"
82.21.231.253 - - [17/Apr/2026:00:15:55 +0330] "GET / HTTP/1.1" 200 37710 "-" "Mozilla/5.0 (Windows NT 10.0; Win64; x64) AppleWebKit/537.36 (KHTML, like Gecko) Chrome/122.0.0.0 Safari/537.36"
62.60.201.135 - - [17/Apr/2026:00:16:06 +0330] "POST /wp-cron.php?doing_wp_cron=1776372366.9543170928955078125000 HTTP/1.1" 200 20 "-" "WordPress/6.9.4; https://rozbano.com"
202.46.62.56 - - [17/Apr/2026:00:16:09 +0330] "GET /wp-content/uploads/2025/05/Women20felt20shoes-03.jpg HTTP/2" 200 19482 "-" "Mozilla/5.0 (Windows NT 10.0; Win64; x64) AppleWebKit/537.36 (KHTML, like Gecko) Chrome/133.0.6943.141 Safari/537.36"
66.249.70.32 - - [17/Apr/2026:00:16:10 +0330] "GET /page/2/?search=search_term_string&nocache=1765612147 HTTP/1.1" 200 28597 "-" "Mozilla/5.0 (Linux; Android 6.0.1; Nexus 5X Build/MMB29P) AppleWebKit/537.36 (KHTML, like Gecko) Chrome/146.0.7680.177 Mobile Safari/537.36 (compatible; Googlebot/2.1; +http://www.google.com/bot.html)"
202.46.62.63 - - [17/Apr/2026:00:16:10 +0330] "GET /wp-json/wp/v2/tags/42094 HTTP/2" 200 402 "-" "Mozilla/5.0 (Windows NT 10.0; Win64; x64) AppleWebKit/537.36 (KHTML, like Gecko) Chrome/133.0.6943.141 Safari/537.36"
66.249.70.32 - - [17/Apr/2026:00:16:11 +0330] "GET /page/506/?search=search_term_string&nocache=1766485910 HTTP/1.1" 200 27144 "-" "Mozilla/5.0 (Linux; Android 6.0.1; Nexus 5X Build/MMB29P) AppleWebKit/537.36 (KHTML, like Gecko) Chrome/146.0.7680.177 Mobile Safari/537.36 (compatible; Googlebot/2.1; +http://www.google.com/bot.html)"
5.125.21.150 - - [17/Apr/2026:00:16:36 +0330] "GET /wp-content/plugins/elementor/assets/js/shared-frontend-handlers.4c8abccc3e268b0767b2.bundle.min.js HTTP/2" 200 2542 "https://rozbano.com/crochet-charger-cord-cover-tutorial/" "Mozilla/5.0 (iPhone; CPU iPhone OS 18_7 like Mac OS X) AppleWebKit/605.1.15 (KHTML, like Gecko) Version/26.2 Mobile/15E148 Safari/604.1"
5.125.21.150 - - [17/Apr/2026:00:16:36 +0330] "GET /wp-content/plugins/elementor-pro/assets/js/share-buttons.63d984f8c96d1e053bc0.bundle.min.js HTTP/2" 200 690 "https://rozbano.com/crochet-charger-cord-cover-tutorial/" "Mozilla/5.0 (iPhone; CPU iPhone OS 18_7 like Mac OS X) AppleWebKit/605.1.15 (KHTML, like Gecko) Version/26.2 Mobile/15E148 Safari/604.1"
5.125.21.150 - - [17/Apr/2026:00:16:36 +0330] "GET /wp-content/plugins/elementor-pro/assets/js/nav-menu.0edc0c22e9f3101552ed.bundle.min.js HTTP/2" 200 1758 "https://rozbano.com/crochet-charger-cord-cover-tutorial/" "Mozilla/5.0 (iPhone; CPU iPhone OS 18_7 like Mac OS X) AppleWebKit/605.1.15 (KHTML, like Gecko) Version/26.2 Mobile/15E148 Safari/604.1"
5.125.21.150 - - [17/Apr/2026:00:16:36 +0330] "GET /wp-includes/js/wp-emoji-release.min.js?ver=6.9.4 HTTP/2" 200 4949 "https://rozbano.com/crochet-charger-cord-cover-tutorial/" "Mozilla/5.0 (iPhone; CPU iPhone OS 18_7 like Mac OS X) AppleWebKit/605.1.15 (KHTML, like Gecko) Version/26.2 Mobile/15E148 Safari/604.1"
5.125.21.150 - - [17/Apr/2026:00:16:36 +0330] "GET /wp-content/uploads/2025/10/Autumn-Kaftan-Sewing-Tutorial-at-Home.webp HTTP/2" 200 22110 "https://rozbano.com/crochet-charger-cord-cover-tutorial/" "Mozilla/5.0 (iPhone; CPU iPhone OS 18_7 like Mac OS X) AppleWebKit/605.1.15 (KHTML, like Gecko) Version/26.2 Mobile/15E148 Safari/604.1"
5.125.21.150 - - [17/Apr/2026:00:16:36 +0330] "GET /wp-content/uploads/2025/10/Free-tutorial-sew-versatile-organizer-01.webp HTTP/2" 200 21366 "https://rozbano.com/crochet-charger-cord-cover-tutorial/" "Mozilla/5.0 (iPhone; CPU iPhone OS 18_7 like Mac OS X) AppleWebKit/605.1.15 (KHTML, like Gecko) Version/26.2 Mobile/15E148 Safari/604.1"
5.125.21.150 - - [17/Apr/2026:00:16:36 +0330] "GET /wp-content/plugins/elementor/assets/lib/share-link/share-link.min.js?ver=3.32.3 HTTP/2" 200 1072 "https://rozbano.com/crochet-charger-cord-cover-tutorial/" "Mozilla/5.0 (iPhone; CPU iPhone OS 18_7 like Mac OS X) AppleWebKit/605.1.15 (KHTML, like Gecko) Version/26.2 Mobile/15E148 Safari/604.1"
5.125.21.150 - - [17/Apr/2026:00:16:36 +0330] "GET /wp-content/uploads/2025/10/tutorial-sew-versatile-organizer-with-little-fabric-01.webp HTTP/2" 200 64330 "https://rozbano.com/crochet-charger-cord-cover-tutorial/" "Mozilla/5.0 (iPhone; CPU iPhone OS 18_7 like Mac OS X) AppleWebKit/605.1.15 (KHTML, like Gecko) Version/26.2 Mobile/15E148 Safari/604.1"
5.125.21.150 - - [17/Apr/2026:00:16:36 +0330] "GET /wp-content/uploads/2025/05/Homemade20glass20sausage20recipe-01.webp HTTP/2" 200 16006 "https://rozbano.com/crochet-charger-cord-cover-tutorial/" "Mozilla/5.0 (iPhone; CPU iPhone OS 18_7 like Mac OS X) AppleWebKit/605.1.15 (KHTML, like Gecko) Version/26.2 Mobile/15E148 Safari/604.1"
5.125.21.150 - - [17/Apr/2026:00:16:36 +0330] "GET /wp-content/uploads/2025/05/rozbano-348-1-1.jpg HTTP/2" 200 19316 "https://rozbano.com/crochet-charger-cord-cover-tutorial/" "Mozilla/5.0 (iPhone; CPU iPhone OS 18_7 like Mac OS X) AppleWebKit/605.1.15 (KHTML, like Gecko) Version/26.2 Mobile/15E148 Safari/604.1"
5.125.21.150 - - [17/Apr/2026:00:16:36 +0330] "GET /wp-content/uploads/2016/07/a-10-minute-train-assembly-02.webp HTTP/2" 200 12710 "https://rozbano.com/crochet-charger-cord-cover-tutorial/" "Mozilla/5.0 (iPhone; CPU iPhone OS 18_7 like Mac OS X) AppleWebKit/605.1.15 (KHTML, like Gecko) Version/26.2 Mobile/15E148 Safari/604.1"
5.125.21.150 - - [17/Apr/2026:00:16:36 +0330] "GET /wp-content/uploads/2016/06/new-photos-and-biography-ghazal-karmali.webp HTTP/2" 200 26290 "https://rozbano.com/crochet-charger-cord-cover-tutorial/" "Mozilla/5.0 (iPhone; CPU iPhone OS 18_7 like Mac OS X) AppleWebKit/605.1.15 (KHTML, like Gecko) Version/26.2 Mobile/15E148 Safari/604.1"
5.125.21.150 - - [17/Apr/2026:00:16:36 +0330] "GET /wp-content/uploads/2025/12/Women-driving-heavy-machinery-02.webp HTTP/2" 200 15826 "https://rozbano.com/crochet-charger-cord-cover-tutorial/" "Mozilla/5.0 (iPhone; CPU iPhone OS 18_7 like Mac OS X) AppleWebKit/605.1.15 (KHTML, like Gecko) Version/26.2 Mobile/15E148 Safari/604.1"
5.125.21.150 - - [17/Apr/2026:00:16:36 +0330] "GET /wp-content/uploads/2025/05/Fish-shaped20leaf20texture-01_343662.jpg HTTP/2" 200 17936 "https://rozbano.com/crochet-charger-cord-cover-tutorial/" "Mozilla/5.0 (iPhone; CPU iPhone OS 18_7 like Mac OS X) AppleWebKit/605.1.15 (KHTML, like Gecko) Version/26.2 Mobile/15E148 Safari/604.1"
5.125.21.150 - - [17/Apr/2026:00:16:36 +0330] "GET /wp-includes/js/comment-reply.min.js?ver=6.9.4 HTTP/2" 200 1247 "https://rozbano.com/crochet-charger-cord-cover-tutorial/" "Mozilla/5.0 (iPhone; CPU iPhone OS 18_7 like Mac OS X) AppleWebKit/605.1.15 (KHTML, like Gecko) Version/26.2 Mobile/15E148 Safari/604.1"
130.255.223.237 - - [17/Apr/2026:00:16:32 +0330] "GET / HTTP/2" 200 37668 "https://rozbano.com/" "Mozilla/5.0 (Linux; Android 12; SM-A125F Build/SP1A.210812.016; wv) AppleWebKit/537.36 (KHTML, like Gecko) 4.0 Chrome/145.0.7632.79 Mobile Safari/537.36; bw4"
130.255.223.237 - - [17/Apr/2026:00:16:39 +0330] "GET / HTTP/2" 200 0 "https://rozbano.com/" "Mozilla/5.0 (Linux; Android 12; SM-A125F Build/SP1A.210812.016; wv) AppleWebKit/537.36 (KHTML, like Gecko) Version/4.0 Chrome/145.0.7632.79 Mobile Safari/537.36"
130.255.223.237 - - [17/Apr/2026:00:16:39 +0330] "GET /wp-content/uploads/2025/05/Womens20top20sewing20tutorial-02-150x139.webp HTTP/2" 200 3400 "https://rozbano.com/" "Mozilla/5.0 (Linux; Android 12; SM-A125F Build/SP1A.210812.016; wv) AppleWebKit/537.36 (KHTML, like Gecko) 4.0 Chrome/145.0.7632.79 Mobile Safari/537.36; bw4"
130.255.223.237 - - [17/Apr/2026:00:16:39 +0330] "GET /wp-content/uploads/2025/05/rozbano-107-3-150x150.jpg HTTP/2" 200 5034 "https://rozbano.com/" "Mozilla/5.0 (Linux; Android 12; SM-A125F Build/SP1A.210812.016; wv) AppleWebKit/537.36 (KHTML, like Gecko) 4.0 Chrome/145.0.7632.79 Mobile Safari/537.36; bw4"
130.255.223.237 - - [17/Apr/2026:00:16:39 +0330] "GET /wp-content/uploads/2025/05/The20recipe20for20four20cake20models20with20just20one20recipe-01-150x139.jpg HTTP/2" 200 7553 "https://rozbano.com/" "Mozilla/5.0 (Linux; Android 12; SM-A125F Build/SP1A.210812.016; wv) AppleWebKit/537.36 (KHTML, like Gecko) 4.0 Chrome/145.0.7632.79 Mobile Safari/537.36; bw4"
130.255.223.237 - - [17/Apr/2026:00:16:39 +0330] "GET /wp-content/uploads/2025/05/rozbano-57-10-150x150.jpg HTTP/2" 200 5531 "https://rozbano.com/" "Mozilla/5.0 (Linux; Android 12; SM-A125F Build/SP1A.210812.016; wv) AppleWebKit/537.36 (KHTML, like Gecko) 4.0 Chrome/145.0.7632.79 Mobile Safari/537.36; bw4"
130.255.223.237 - - [17/Apr/2026:00:16:39 +0330] "GET /wp-content/uploads/2025/05/Snowman20Doll-43-150x139.jpg HTTP/2" 200 5242 "https://rozbano.com/" "Mozilla/5.0 (Linux; Android 12; SM-A125F Build/SP1A.210812.016; wv) AppleWebKit/537.36 (KHTML, like Gecko) 4.0 Chrome/145.0.7632.79 Mobile Safari/537.36; bw4"
130.255.223.237 - - [17/Apr/2026:00:16:39 +0330] "GET /wp-content/uploads/2025/05/Little20Mouse20doll20crocheted-10-150x139.jpg HTTP/2" 200 6244 "https://rozbano.com/" "Mozilla/5.0 (Linux; Android 12; SM-A125F Build/SP1A.210812.016; wv) AppleWebKit/537.36 (KHTML, like Gecko) 4.0 Chrome/145.0.7632.79 Mobile Safari/537.36; bw4"
66.249.70.32 - - [17/Apr/2026:00:16:40 +0330] "GET /page/503/?search=%D8%A8%DB%8C%D8%AA%D8%A7+%D8%B3%D8%AD%D8%B1%D8%AE%DB%8C%D8%B2&nocache=1766489934 HTTP/1.1" 200 29679 "-" "Mozilla/5.0 (Linux; Android 6.0.1; Nexus 5X Build/MMB29P) AppleWebKit/537.36 (KHTML, like Gecko) Chrome/146.0.7680.177 Mobile Safari/537.36 (compatible; Googlebot/2.1; +http://www.google.com/bot.html)"
66.249.70.32 - - [17/Apr/2026:00:16:35 +0330] "GET /?p=96922128537311 HTTP/1.1" 200 27945 "-" "Mozilla/5.0 (Linux; Android 6.0.1; Nexus 5X Build/MMB29P) AppleWebKit/537.36 (KHTML, like Gecko) Chrome/146.0.7680.177 Mobile Safari/537.36 (compatible; GoogleOther)"
66.249.70.39 - - [17/Apr/2026:00:16:37 +0330] "GET /page/500/?search=search_term_string&nocache=1766492037 HTTP/1.1" 200 27738 "-" "Mozilla/5.0 (Linux; Android 6.0.1; Nexus 5X Build/MMB29P) AppleWebKit/537.36 (KHTML, like Gecko) Chrome/146.0.7680.177 Mobile Safari/537.36 (compatible; Googlebot/2.1; +http://www.google.com/bot.html)"
66.249.70.38 - - [17/Apr/2026:00:16:39 +0330] "GET /page/4/?search=search_term_string&nocache=1766455522 HTTP/1.1" 200 27727 "-" "Mozilla/5.0 (Linux; Android 6.0.1; Nexus 5X Build/MMB29P) AppleWebKit/537.36 (KHTML, like Gecko) Chrome/146.0.7680.177 Mobile Safari/537.36 (compatible; Googlebot/2.1; +http://www.google.com/bot.html)"
66.249.70.33 - - [17/Apr/2026:00:16:41 +0330] "GET /products/detail/91911775 HTTP/1.1" 200 27551 "-" "Mozilla/5.0 (Linux; Android 6.0.1; Nexus 5X Build/MMB29P) AppleWebKit/537.36 (KHTML, like Gecko) Chrome/146.0.7680.177 Mobile Safari/537.36 (compatible; GoogleOther)"
66.249.70.33 - - [17/Apr/2026:00:16:44 +0330] "GET /page/502/?lsesi=nonce&esi=eyJhY3Rpb24iOiJlbGVtZW50b3ItcHJvLWZyb250ZW5kIiwiX2xzX3NpbGVuY2UiOnRydWV9&_hash=53888cd5c92e80866434c90c40d9a34f&nocache=1775892925 HTTP/1.1" 200 29556 "-" "Mozilla/5.0 (Linux; Android 6.0.1; Nexus 5X Build/MMB29P) AppleWebKit/537.36 (KHTML, like Gecko) Chrome/146.0.7680.177 Mobile Safari/537.36 (compatible; GoogleOther)"
66.249.70.38 - - [17/Apr/2026:00:16:44 +0330] "GET /page/503/?search=search_term_string&nocache=1765787283 HTTP/1.1" 200 27586 "-" "Mozilla/5.0 (Linux; Android 6.0.1; Nexus 5X Build/MMB29P) AppleWebKit/537.36 (KHTML, like Gecko) Chrome/146.0.7680.177 Mobile Safari/537.36 (compatible; Googlebot/2.1; +http://www.google.com/bot.html)"
66.249.70.38 - - [17/Apr/2026:00:16:47 +0330] "GET /page/6/?search=%D8%AA%DB%8C%D9%86%D8%A7+%D8%A2%D8%AE%D9%88%D9%86%D8%AF%D8%AA%D8%A8%D8%A7%D8%B1&nocache=1766706596 HTTP/1.1" 200 27858 "-" "Mozilla/5.0 (Linux; Android 6.0.1; Nexus 5X Build/MMB29P) AppleWebKit/537.36 (KHTML, like Gecko) Chrome/146.0.7680.177 Mobile Safari/537.36 (compatible; Googlebot/2.1; +http://www.google.com/bot.html)"
47.128.49.200 - - [17/Apr/2026:00:16:49 +0330] "GET /2022/04/20/ HTTP/2" 403 20 "-" "Mozilla/5.0 (Linux; Android 5.0) AppleWebKit/537.36 (KHTML, like Gecko) Mobile Safari/537.36 (compatible; Bytespider; spider-feedback@bytedance.com)"
66.249.70.39 - - [17/Apr/2026:00:16:50 +0330] "GET /page/2/?search=%D8%AA%DB%8C%D9%86%D8%A7+%D8%A2%D8%AE%D9%88%D9%86%D8%AF%D8%AA%D8%A8%D8%A7%D8%B1&nocache=1765843309 HTTP/1.1" 200 29522 "-" "Mozilla/5.0 (Linux; Android 6.0.1; Nexus 5X Build/MMB29P) AppleWebKit/537.36 (KHTML, like Gecko) Chrome/146.0.7680.177 Mobile Safari/537.36 (compatible; Googlebot/2.1; +http://www.google.com/bot.html)"
66.249.70.38 - - [17/Apr/2026:00:16:55 +0330] "GET /page/505/?search=%D8%AA%DB%8C%D9%86%D8%A7+%D8%A2%D8%AE%D9%88%D9%86%D8%AF%D8%AA%D8%A8%D8%A7%D8%B1&nocache=1766753861 HTTP/1.1" 200 27824 "-" "Mozilla/5.0 (Linux; Android 6.0.1; Nexus 5X Build/MMB29P) AppleWebKit/537.36 (KHTML, like Gecko) Chrome/146.0.7680.177 Mobile Safari/537.36 (compatible; Googlebot/2.1; +http://www.google.com/bot.html)"
66.249.70.38 - - [17/Apr/2026:00:16:58 +0330] "GET /page/3/?search=search_term_string&nocache=1766038747 HTTP/1.1" 200 28330 "-" "Mozilla/5.0 (Linux; Android 6.0.1; Nexus 5X Build/MMB29P) AppleWebKit/537.36 (KHTML, like Gecko) Chrome/146.0.7680.177 Mobile Safari/537.36 (compatible; Googlebot/2.1; +http://www.google.com/bot.html)"
66.249.70.33 - - [17/Apr/2026:00:17:01 +0330] "GET /page/6/?search=search_term_string&nocache=1765807244 HTTP/1.1" 200 27103 "-" "Mozilla/5.0 (Linux; Android 6.0.1; Nexus 5X Build/MMB29P) AppleWebKit/537.36 (KHTML, like Gecko) Chrome/146.0.7680.177 Mobile Safari/537.36 (compatible; Googlebot/2.1; +http://www.google.com/bot.html)"
83.120.12.158 - - [17/Apr/2026:00:16:06 +0330] "GET /wp-content/uploads/2026/02/Free-tutorial-sewing-coat-with-lace-combination-04.webp HTTP/2" 200 26780 "https://rozbano.com/making-turtle-felt-dolls/" "Mozilla/5.0 (Linux; Android 13; 23129RAA4G Build/TKQ1.221114.001; wv) AppleWebKit/537.36 (KHTML, like Gecko) 4.0 Chrome/145.0.7632.79 Mobile Safari/537.36; bw4"
83.120.12.158 - - [17/Apr/2026:00:16:06 +0330] "GET /wp-content/uploads/2026/02/Free-tutorial-crochet-beautiful-flower.webp HTTP/2" 200 32450 "https://rozbano.com/making-turtle-felt-dolls/" "Mozilla/5.0 (Linux; Android 13; 23129RAA4G Build/TKQ1.221114.001; wv) AppleWebKit/537.36 (KHTML, like Gecko) 4.0 Chrome/145.0.7632.79 Mobile Safari/537.36; bw4"
66.249.70.33 - - [17/Apr/2026:00:16:05 +0330] "GET /page/506/?search=search_term_string&nocache=1766496844 HTTP/1.1" 200 27017 "-" "Mozilla/5.0 (Linux; Android 6.0.1; Nexus 5X Build/MMB29P) AppleWebKit/537.36 (KHTML, like Gecko) Chrome/146.0.7680.177 Mobile Safari/537.36 (compatible; Googlebot/2.1; +http://www.google.com/bot.html)"
66.249.70.33 - - [17/Apr/2026:00:16:07 +0330] "GET /page/13/?search=search_term_string&nocache=1766848133 HTTP/1.1" 200 28644 "-" "Mozilla/5.0 (Linux; Android 6.0.1; Nexus 5X Build/MMB29P) AppleWebKit/537.36 (KHTML, like Gecko) Chrome/146.0.7680.177 Mobile Safari/537.36 (compatible; Googlebot/2.1; +http://www.google.com/bot.html)"
66.249.70.32 - - [17/Apr/2026:00:16:10 +0330] "GET /?p=1858318420802 HTTP/1.1" 200 28613 "-" "Mozilla/5.0 (Linux; Android 6.0.1; Nexus 5X Build/MMB29P) AppleWebKit/537.36 (KHTML, like Gecko) Chrome/146.0.7680.177 Mobile Safari/537.36 (compatible; GoogleOther)"
83.120.12.158 - - [17/Apr/2026:00:16:22 +0330] "GET /wp-content/uploads/2025/05/Making20Turtle20Felt20Dolls-27.jpg HTTP/2" 200 84460 "-" "Dalvik/2.1.0 (Linux; U; Android 13; 23129RAA4G Build/TKQ1.221114.001)"
52.22.0.11 - - [17/Apr/2026:00:16:25 +0330] "HEAD /Felt-shoulder-bag HTTP/1.1" 301 0 "-" "Mozilla/5.0 (X11; Linux x86_64) AppleWebKit/537.36 (KHTML, like Gecko) Chrome/120.0.0.0 Safari/537.36"
52.22.0.11 - - [17/Apr/2026:00:16:27 +0330] "HEAD /Felt-shoulder-bag/ HTTP/1.1" 200 0 "-" "Mozilla/5.0 (X11; Linux x86_64) AppleWebKit/537.36 (KHTML, like Gecko) Chrome/120.0.0.0 Safari/537.36"
52.22.0.11 - - [17/Apr/2026:00:16:29 +0330] "HEAD /Felt-shoulder-bag/ HTTP/1.1" 200 0 "-" "Mozilla/5.0 (X11; Linux x86_64) AppleWebKit/537.36 (KHTML, like Gecko) Chrome/120.0.0.0 Safari/537.36"
83.120.12.158 - - [17/Apr/2026:00:16:35 +0330] "GET /wp-content/uploads/2025/05/Making20Turtle20Felt20Dolls.jpg HTTP/2" 200 34299 "-" "Dalvik/2.1.0 (Linux; U; Android 13; 23129RAA4G Build/TKQ1.221114.001)"
66.249.70.38 - - [17/Apr/2026:00:16:38 +0330] "GET /page/505/?search=search_term_string&nocache=1766690963 HTTP/1.1" 200 28315 "-" "Mozilla/5.0 (Linux; Android 6.0.1; Nexus 5X Build/MMB29P) AppleWebKit/537.36 (KHTML, like Gecko) Chrome/146.0.7680.177 Mobile Safari/537.36 (compatible; Googlebot/2.1; +http://www.google.com/bot.html)"
52.167.144.213 - - [17/Apr/2026:00:16:50 +0330] "GET /wp-content/uploads/2016/07/hazal-kaya-laila-biography-08.webp HTTP/2" 200 20650 "-" "Mozilla/5.0 AppleWebKit/537.36 (KHTML, like Gecko; compatible; bingbot/2.0; +http://www.bing.com/bingbot.htm) Chrome/116.0.1938.76 Safari/537.36"
66.249.70.32 - - [17/Apr/2026:00:16:50 +0330] "GET /products/detail/310411189 HTTP/1.1" 200 27991 "-" "Mozilla/5.0 (Linux; Android 6.0.1; Nexus 5X Build/MMB29P) AppleWebKit/537.36 (KHTML, like Gecko) Chrome/146.0.7680.177 Mobile Safari/537.36 (compatible; GoogleOther)"
66.249.70.32 - - [17/Apr/2026:00:16:56 +0330] "GET /page/7/?search=search_term_string&nocache=1766321303 HTTP/1.1" 200 30370 "-" "Mozilla/5.0 (Linux; Android 6.0.1; Nexus 5X Build/MMB29P) AppleWebKit/537.36 (KHTML, like Gecko) Chrome/146.0.7680.177 Mobile Safari/537.36 (compatible; Googlebot/2.1; +http://www.google.com/bot.html)"
83.120.186.64 - - [17/Apr/2026:00:16:07 +0330] "GET /wp-content/uploads/2025/05/rozbano-95-1-1-150x139.jpg HTTP/2" 200 8165 "https://rozbano.com/peacock-wing-pattern-texture/" "Mozilla/5.0 (Linux; Android 10; K) AppleWebKit/537.36 (KHTML, like Gecko) Chrome/138.0.0.0 Mobile Safari/537.36"
83.120.186.64 - - [17/Apr/2026:00:16:07 +0330] "GET /wp-content/uploads/2025/05/rozbano-280-150x139.jpg HTTP/2" 200 9358 "https://rozbano.com/peacock-wing-pattern-texture/" "Mozilla/5.0 (Linux; Android 10; K) AppleWebKit/537.36 (KHTML, like Gecko) Chrome/138.0.0.0 Mobile Safari/537.36"
83.120.186.64 - - [17/Apr/2026:00:16:10 +0330] "GET /peacock-wing-pattern-texture.html HTTP/2" 200 0 "android-app://com.pinterest/" "Mozilla/5.0 (Linux; Android 10; K) AppleWebKit/537.36 (KHTML, like Gecko) Chrome/138.0.0.0 Mobile Safari/537.36"
66.249.70.38 - - [17/Apr/2026:00:16:12 +0330] "GET /page/63/?search=search_term_string HTTP/1.1" 200 29038 "-" "Mozilla/5.0 (Linux; Android 6.0.1; Nexus 5X Build/MMB29P) AppleWebKit/537.36 (KHTML, like Gecko) Chrome/146.0.7680.177 Mobile Safari/537.36 (compatible; Googlebot/2.1; +http://www.google.com/bot.html)"
83.120.186.64 - - [17/Apr/2026:00:16:11 +0330] "GET /peacock-wing-pattern-texture.html HTTP/2" 301 20 "android-app://com.pinterest/" "Mozilla/5.0 (Linux; Android 10; K) AppleWebKit/537.36 (KHTML, like Gecko) Chrome/138.0.0.0 Mobile Safari/537.36"
83.120.186.64 - - [17/Apr/2026:00:16:13 +0330] "GET /peacock-wing-pattern-texture/ HTTP/2" 200 0 "android-app://com.pinterest/" "Mozilla/5.0 (Linux; Android 10; K) AppleWebKit/537.36 (KHTML, like Gecko) Chrome/138.0.0.0 Mobile Safari/537.36"
66.249.70.38 - - [17/Apr/2026:00:16:15 +0330] "GET /page/9/?search=%D8%A8%DB%8C%D8%AA%D8%A7+%D8%B3%D8%AD%D8%B1%D8%AE%DB%8C%D8%B2&nocache=1766095148 HTTP/1.1" 200 27727 "-" "Mozilla/5.0 (Linux; Android 6.0.1; Nexus 5X Build/MMB29P) AppleWebKit/537.36 (KHTML, like Gecko) Chrome/146.0.7680.177 Mobile Safari/537.36 (compatible; Googlebot/2.1; +http://www.google.com/bot.html)"
72.14.201.152 - - [17/Apr/2026:00:16:16 +0330] "GET /products/detail/140517179 HTTP/2" 200 529 "https://www.google.com/" "Mozilla/5.0 (Windows NT 10.0; Win64; x64) AppleWebKit/537.36 (KHTML, like Gecko) Chrome/147.0.0.0 Safari/537.36"
66.249.70.33 - - [17/Apr/2026:00:16:40 +0330] "GET /?p=7800435108903 HTTP/1.1" 200 27622 "-" "Mozilla/5.0 (Linux; Android 6.0.1; Nexus 5X Build/MMB29P) AppleWebKit/537.36 (KHTML, like Gecko) Chrome/146.0.7680.177 Mobile Safari/537.36 (compatible; GoogleOther)"
66.249.70.33 - - [17/Apr/2026:00:16:44 +0330] "GET /?p=19782103191102 HTTP/1.1" 200 29836 "-" "Mozilla/5.0 (Linux; Android 6.0.1; Nexus 5X Build/MMB29P) AppleWebKit/537.36 (KHTML, like Gecko) Chrome/146.0.7680.177 Mobile Safari/537.36 (compatible; GoogleOther)"
66.249.70.39 - - [17/Apr/2026:00:16:57 +0330] "GET /page/504/?search=search_term_string&nocache=1765790644 HTTP/1.1" 200 27761 "-" "Mozilla/5.0 (Linux; Android 6.0.1; Nexus 5X Build/MMB29P) AppleWebKit/537.36 (KHTML, like Gecko) Chrome/146.0.7680.177 Mobile Safari/537.36 (compatible; Googlebot/2.1; +http://www.google.com/bot.html)"
185.191.171.7 - - [17/Apr/2026:00:16:59 +0330] "GET /page/497/?search=%D9%85%D8%B1%D8%AC%D8%A7%D9%86%D9%87%2B%DA%AF%D9%84%DA%86%DB%8C%D9%86 HTTP/1.1" 403 20 "-" "Mozilla/5.0 (compatible; SemrushBot/7~bl; +http://www.semrush.com/bot.html)"
66.249.70.39 - - [17/Apr/2026:00:17:00 +0330] "GET /page/500/?nocache=1766532266 HTTP/1.1" 200 29040 "-" "Mozilla/5.0 (Linux; Android 6.0.1; Nexus 5X Build/MMB29P) AppleWebKit/537.36 (KHTML, like Gecko) Chrome/146.0.7680.177 Mobile Safari/537.36 (compatible; Googlebot/2.1; +http://www.google.com/bot.html)"
66.249.70.34 - - [17/Apr/2026:00:17:05 +0330] "GET /products/detail/91911775 HTTP/1.1" 200 27551 "-" "Mozilla/5.0 (Linux; Android 6.0.1; Nexus 5X Build/MMB29P) AppleWebKit/537.36 (KHTML, like Gecko) Chrome/146.0.7680.177 Mobile Safari/537.36 (compatible; Googlebot/2.1; +http://www.google.com/bot.html)"
66.249.70.32 - - [17/Apr/2026:00:16:43 +0330] "GET /page/505/?search=search_term_string&nocache=1766342338 HTTP/1.1" 200 29329 "-" "Mozilla/5.0 (Linux; Android 6.0.1; Nexus 5X Build/MMB29P) AppleWebKit/537.36 (KHTML, like Gecko) Chrome/146.0.7680.177 Mobile Safari/537.36 (compatible; Googlebot/2.1; +http://www.google.com/bot.html)"
130.255.223.237 - - [17/Apr/2026:00:16:41 +0330] "GET /tiramisu-recipe-original/ HTTP/2" 200 36396 "https://rozbano.com/" "Mozilla/5.0 (Linux; Android 12; SM-A125F Build/SP1A.210812.016; wv) AppleWebKit/537.36 (KHTML, like Gecko) Version/4.0 Chrome/145.0.7632.79 Mobile Safari/537.36"
202.46.62.73 - - [17/Apr/2026:00:16:45 +0330] "GET /tag/%D8%A2%D9%85%D9%88%D8%B2%D8%B4-%D8%A8%D8%A7%D9%81%D8%AA%D9%86%DB%8C-%D8%A8%D8%B1%D8%A7%DB%8C-%D9%85%D8%A8%D8%AA%D8%AF%DB%8C/feed/ HTTP/1.1" 200 2819 "-" "Mozilla/5.0 (Windows NT 10.0; Win64; x64) AppleWebKit/537.36 (KHTML, like Gecko) Chrome/133.0.6943.141 Safari/537.36"
43.173.176.183 - - [17/Apr/2026:00:16:45 +0330] "GET /bio-and-new-images-anahita-nemati/feed/ HTTP/1.1" 200 700 "-" "Mozilla/5.0 (Windows NT 10.0; Win64; x64) AppleWebKit/537.36 (KHTML, like Gecko) Chrome/120.0.0.0 Safari/537.36"
66.249.70.33 - - [17/Apr/2026:00:16:49 +0330] "GET /page/505/?search=%D8%A8%DB%8C%D8%AA%D8%A7+%D8%B3%D8%AD%D8%B1%D8%AE%DB%8C%D8%B2&nocache=1766489934 HTTP/1.1" 200 29043 "-" "Mozilla/5.0 (Linux; Android 6.0.1; Nexus 5X Build/MMB29P) AppleWebKit/537.36 (KHTML, like Gecko) Chrome/146.0.7680.177 Mobile Safari/537.36 (compatible; Googlebot/2.1; +http://www.google.com/bot.html)"
130.255.223.237 - - [17/Apr/2026:00:16:47 +0330] "GET /crochet-dish-scrubber-table-cleaner/ HTTP/2" 200 37124 "https://rozbano.com/" "Mozilla/5.0 (Linux; Android 12; SM-A125F Build/SP1A.210812.016; wv) AppleWebKit/537.36 (KHTML, like Gecko) Version/4.0 Chrome/145.0.7632.79 Mobile Safari/537.36"
66.249.70.33 - - [17/Apr/2026:00:16:54 +0330] "GET /page/2/?search=search_term_string&nocache=1765673509 HTTP/1.1" 200 30503 "-" "Mozilla/5.0 (Linux; Android 6.0.1; Nexus 5X Build/MMB29P) AppleWebKit/537.36 (KHTML, like Gecko) Chrome/146.0.7680.177 Mobile Safari/537.36 (compatible; Googlebot/2.1; +http://www.google.com/bot.html)"
130.255.223.237 - - [17/Apr/2026:00:16:54 +0330] "GET /tie-hat-knitting-tutorial/ HTTP/2" 200 35298 "https://rozbano.com/" "Mozilla/5.0 (Linux; Android 12; SM-A125F Build/SP1A.210812.016; wv) AppleWebKit/537.36 (KHTML, like Gecko) Version/4.0 Chrome/145.0.7632.79 Mobile Safari/537.36"
202.46.62.77 - - [17/Apr/2026:00:16:58 +0330] "GET /tag/%D9%BE%DB%8C%D8%B1%D8%A7%D8%B4%DA%A9%DB%8C-%DA%AF%D9%88%D8%B4%D8%AA-%D9%88-%D9%82%D8%A7%D8%B1%DA%86/feed/ HTTP/2" 200 2409 "-" "Mozilla/5.0 (Windows NT 10.0; Win64; x64) AppleWebKit/537.36 (KHTML, like Gecko) Chrome/133.0.6943.141 Safari/537.36"
66.249.70.39 - - [17/Apr/2026:00:17:01 +0330] "GET /page/489/?nocache=1767277802 HTTP/1.1" 200 29800 "-" "Mozilla/5.0 (Linux; Android 6.0.1; Nexus 5X Build/MMB29P) AppleWebKit/537.36 (KHTML, like Gecko) Chrome/146.0.7680.177 Mobile Safari/537.36 (compatible; Googlebot/2.1; +http://www.google.com/bot.html)"
130.255.223.237 - - [17/Apr/2026:00:17:01 +0330] "GET /crochet-flower-scrubby-tutorial/ HTTP/2" 200 35298 "https://rozbano.com/" "Mozilla/5.0 (Linux; Android 12; SM-A125F Build/SP1A.210812.016; wv) AppleWebKit/537.36 (KHTML, like Gecko) Version/4.0 Chrome/145.0.7632.79 Mobile Safari/537.36"
62.60.201.135 - - [17/Apr/2026:00:17:12 +0330] "POST /wp-cron.php?doing_wp_cron=1776372432.4163339138031005859375 HTTP/1.1" 200 20 "-" "WordPress/6.9.4; https://rozbano.com"
130.255.223.237 - - [17/Apr/2026:00:17:08 +0330] "GET /steering-wheel-cover-crochet-tutorial/ HTTP/2" 200 35459 "https://rozbano.com/" "Mozilla/5.0 (Linux; Android 12; SM-A125F Build/SP1A.210812.016; wv) AppleWebKit/537.36 (KHTML, like Gecko) Version/4.0 Chrome/145.0.7632.79 Mobile Safari/537.36"
130.255.223.237 - - [17/Apr/2026:00:17:14 +0330] "GET /easy-biscuit-cream-recipe/ HTTP/2" 200 35160 "https://rozbano.com/" "Mozilla/5.0 (Linux; Android 12; SM-A125F Build/SP1A.210812.016; wv) AppleWebKit/537.36 (KHTML, like Gecko) Version/4.0 Chrome/145.0.7632.79 Mobile Safari/537.36"
66.249.70.39 - - [17/Apr/2026:00:17:19 +0330] "GET /page/2/?search=search_term_string&nocache=1765867038 HTTP/1.1" 200 27608 "-" "Mozilla/5.0 (Linux; Android 6.0.1; Nexus 5X Build/MMB29P) AppleWebKit/537.36 (KHTML, like Gecko) Chrome/146.0.7680.177 Mobile Safari/537.36 (compatible; Googlebot/2.1; +http://www.google.com/bot.html)"
66.249.70.32 - - [17/Apr/2026:00:17:21 +0330] "GET /tag/%DA%A9%D9%84%D9%88%DA%86%D9%87-%D9%86%D8%A7%D8%B1%DA%AF%DB%8C%D9%84%DB%8C/feed/ HTTP/1.1" 200 27918 "-" "Mozilla/5.0 (Linux; Android 6.0.1; Nexus 5X Build/MMB29P) AppleWebKit/537.36 (KHTML, like Gecko) Chrome/146.0.7680.177 Mobile Safari/537.36 (compatible; Googlebot/2.1; +http://www.google.com/bot.html)"
130.255.223.237 - - [17/Apr/2026:00:17:18 +0330] "GET /free-size-sewing-blowing-tutorial-at-home/ HTTP/2" 200 38199 "https://rozbano.com/" "Mozilla/5.0 (Linux; Android 12; SM-A125F Build/SP1A.210812.016; wv) AppleWebKit/537.36 (KHTML, like Gecko) Version/4.0 Chrome/145.0.7632.79 Mobile Safari/537.36"
5.121.170.184 - - [17/Apr/2026:00:17:23 +0330] "GET /crochet-scrubber-tutorial-step-by-step/ HTTP/2" 200 0 "https://zarebin.ir/" "Mozilla/5.0 (Linux; Android 13; SM-M325F Build/TP1A.220624.014; wv) AppleWebKit/537.36 (KHTML, like Gecko) 4.0 Chrome/144.0.7559.132 Mobile Safari/537.36; bw4"
130.255.223.237 - - [17/Apr/2026:00:17:22 +0330] "POST /?nocache=1776372395 HTTP/2" 200 5975 "https://rozbano.com/" "Mozilla/5.0 (Linux; Android 12; SM-A125F Build/SP1A.210812.016; wv) AppleWebKit/537.36 (KHTML, like Gecko) 4.0 Chrome/145.0.7632.79 Mobile Safari/537.36; bw4"
130.255.223.237 - - [17/Apr/2026:00:17:25 +0330] "GET /wp-content/uploads/2025/12/icon-user-cm.webp HTTP/2" 200 2724 "https://rozbano.com/" "Mozilla/5.0 (Linux; Android 12; SM-A125F Build/SP1A.210812.016; wv) AppleWebKit/537.36 (KHTML, like Gecko) 4.0 Chrome/145.0.7632.79 Mobile Safari/537.36; bw4"
5.121.170.184 - - [17/Apr/2026:00:17:24 +0330] "GET /crochet-scrubber-tutorial-step-by-step/ HTTP/2" 200 0 "https://zarebin.ir/" "Mozilla/5.0 (Linux; Android 13; SM-M325F Build/TP1A.220624.014; wv) AppleWebKit/537.36 (KHTML, like Gecko) 4.0 Chrome/144.0.7559.132 Mobile Safari/537.36; bw4"
130.255.223.237 - - [17/Apr/2026:00:17:23 +0330] "GET /free-tutorial-crochet-beautiful-flower/ HTTP/2" 200 37161 "https://rozbano.com/" "Mozilla/5.0 (Linux; Android 12; SM-A125F Build/SP1A.210812.016; wv) AppleWebKit/537.36 (KHTML, like Gecko) Version/4.0 Chrome/145.0.7632.79 Mobile Safari/537.36"
5.121.170.184 - - [17/Apr/2026:00:17:25 +0330] "GET /crochet-scrubber-tutorial-step-by-step/ HTTP/2" 200 34985 "https://zarebin.ir/" "Mozilla/5.0 (Linux; Android 13; SM-M325F Build/TP1A.220624.014; wv) AppleWebKit/537.36 (KHTML, like Gecko) 4.0 Chrome/144.0.7559.132 Mobile Safari/537.36; bw4"
5.121.170.184 - - [17/Apr/2026:00:17:30 +0330] "GET /wp-content/uploads/2025/05/Brick20pattern20Crocheting20tutorial-03.jpg HTTP/2" 200 18865 "https://rozbano.com/crochet-scrubber-tutorial-step-by-step/" "Mozilla/5.0 (Linux; Android 13; SM-M325F Build/TP1A.220624.014; wv) AppleWebKit/537.36 (KHTML, like Gecko) 4.0 Chrome/144.0.7559.132 Mobile Safari/537.36; bw4"
5.121.170.184 - - [17/Apr/2026:00:17:30 +0330] "GET /wp-content/uploads/2016/07/how-blueberry-cream-dessert.webp HTTP/2" 200 21774 "https://rozbano.com/crochet-scrubber-tutorial-step-by-step/" "Mozilla/5.0 (Linux; Android 13; SM-M325F Build/TP1A.220624.014; wv) AppleWebKit/537.36 (KHTML, like Gecko) 4.0 Chrome/144.0.7559.132 Mobile Safari/537.36; bw4"
66.249.70.32 - - [17/Apr/2026:00:17:02 +0330] "GET /page/511/?search=search_term_string&nocache=1766375845 HTTP/1.1" 200 28036 "-" "Mozilla/5.0 (Linux; Android 6.0.1; Nexus 5X Build/MMB29P) AppleWebKit/537.36 (KHTML, like Gecko) Chrome/146.0.7680.177 Mobile Safari/537.36 (compatible; Googlebot/2.1; +http://www.google.com/bot.html)"
66.249.70.32 - - [17/Apr/2026:00:17:03 +0330] "GET /page/505/?search=search_term_string&nocache=1766734893 HTTP/1.1" 200 28188 "-" "Mozilla/5.0 (Linux; Android 6.0.1; Nexus 5X Build/MMB29P) AppleWebKit/537.36 (KHTML, like Gecko) Chrome/146.0.7680.177 Mobile Safari/537.36 (compatible; Googlebot/2.1; +http://www.google.com/bot.html)"
66.249.70.33 - - [17/Apr/2026:00:17:05 +0330] "GET /page/5/?search=search_term_string&nocache=1765874473 HTTP/1.1" 200 30826 "-" "Mozilla/5.0 (Linux; Android 6.0.1; Nexus 5X Build/MMB29P) AppleWebKit/537.36 (KHTML, like Gecko) Chrome/146.0.7680.177 Mobile Safari/537.36 (compatible; Googlebot/2.1; +http://www.google.com/bot.html)"
66.249.70.38 - - [17/Apr/2026:00:17:18 +0330] "GET /page/506/?search=%D8%B1%D8%B2+%D8%B1%D8%B6%D9%88%DB%8C&nocache=1765480989 HTTP/1.1" 200 29561 "-" "Mozilla/5.0 (Linux; Android 6.0.1; Nexus 5X Build/MMB29P) AppleWebKit/537.36 (KHTML, like Gecko) Chrome/146.0.7680.177 Mobile Safari/537.36 (compatible; Googlebot/2.1; +http://www.google.com/bot.html)"
66.249.70.38 - - [17/Apr/2026:00:17:20 +0330] "GET /page/502/?lsesi=nonce&esi=eyJhY3Rpb24iOiJlbGVtZW50b3ItcHJvLWZyb250ZW5kIiwiX2xzX3NpbGVuY2UiOnRydWV9&_hash=53888cd5c92e80866434c90c40d9a34f&nocache=1775892925 HTTP/1.1" 200 29556 "-" "Mozilla/5.0 (Linux; Android 6.0.1; Nexus 5X Build/MMB29P) AppleWebKit/537.36 (KHTML, like Gecko) Chrome/146.0.7680.177 Mobile Safari/537.36 (compatible; Googlebot/2.1; +http://www.google.com/bot.html)"
66.249.70.39 - - [17/Apr/2026:00:17:20 +0330] "GET /page/3/?search=search_term_string&nocache=1765859041 HTTP/1.1" 200 27914 "-" "Mozilla/5.0 (Linux; Android 6.0.1; Nexus 5X Build/MMB29P) AppleWebKit/537.36 (KHTML, like Gecko) Chrome/146.0.7680.177 Mobile Safari/537.36 (compatible; Googlebot/2.1; +http://www.google.com/bot.html)"
66.249.70.38 - - [17/Apr/2026:00:17:22 +0330] "GET /page/486/?lsesi=nonce&esi=eyJhY3Rpb24iOiJlbGVtZW50b3ItcHJvLWZyb250ZW5kIiwiX2xzX3NpbGVuY2UiOnRydWV9&_hash=53888cd5c92e80866434c90c40d9a34f&nocache=1767283119 HTTP/1.1" 200 30175 "-" "Mozilla/5.0 (Linux; Android 6.0.1; Nexus 5X Build/MMB29P) AppleWebKit/537.36 (KHTML, like Gecko) Chrome/146.0.7680.177 Mobile Safari/537.36 (compatible; Googlebot/2.1; +http://www.google.com/bot.html)"
66.249.70.39 - - [17/Apr/2026:00:17:24 +0330] "GET /?search=search_term_string&nocache=1766581033 HTTP/1.1" 200 28003 "-" "Mozilla/5.0 (Linux; Android 6.0.1; Nexus 5X Build/MMB29P) AppleWebKit/537.36 (KHTML, like Gecko) Chrome/146.0.7680.177 Mobile Safari/537.36 (compatible; Googlebot/2.1; +http://www.google.com/bot.html)"
83.123.225.70 - - [17/Apr/2026:00:17:26 +0330] "GET /wp-content/uploads/2025/06/cropped-Rozbano-Nima-fav-ico-192x192.webp HTTP/2" 200 6374 "https://rozbano.com/free-sunflower-keychain-knitting-tutorial/" "Mozilla/5.0 (Linux; Android 11; SM-A207F Build/RP1A.200720.012; wv) AppleWebKit/537.36 (KHTML, like Gecko) 4.0 Chrome/144.0.7559.132 Mobile Safari/537.36; bw4"
83.123.225.70 - - [17/Apr/2026:00:17:26 +0330] "GET /wp-content/uploads/2025/06/cropped-Rozbano-Nima-fav-ico-32x32.webp HTTP/2" 200 904 "https://rozbano.com/free-sunflower-keychain-knitting-tutorial/" "Mozilla/5.0 (Linux; Android 11; SM-A207F Build/RP1A.200720.012; wv) AppleWebKit/537.36 (KHTML, like Gecko) 4.0 Chrome/144.0.7559.132 Mobile Safari/537.36; bw4"
37.63.231.254 - - [17/Apr/2026:00:17:28 +0330] "GET /free-tutorial-sewing-womens-comfortable-pants/ HTTP/2" 200 35685 "https://zarebin.ir/" "Mozilla/5.0 (Linux; Android 13; SM-A127F Build/TP1A.220624.014; wv) AppleWebKit/537.36 (KHTML, like Gecko) 4.0 Chrome/145.0.7632.120 Mobile Safari/537.36; bw4"
5.121.170.184 - - [17/Apr/2026:00:17:30 +0330] "GET /wp-content/uploads/2025/05/cuddly20caterpillar20toy-03.jpg HTTP/2" 200 13152 "https://rozbano.com/crochet-scrubber-tutorial-step-by-step/" "Mozilla/5.0 (Linux; Android 13; SM-M325F Build/TP1A.220624.014; wv) AppleWebKit/537.36 (KHTML, like Gecko) 4.0 Chrome/144.0.7559.132 Mobile Safari/537.36; bw4"
5.121.170.184 - - [17/Apr/2026:00:17:30 +0330] "GET /wp-content/uploads/2025/05/How20long20does20the20divorce20process20take20with20a20lawyer-03.webp HTTP/2" 200 9390 "https://rozbano.com/crochet-scrubber-tutorial-step-by-step/" "Mozilla/5.0 (Linux; Android 13; SM-M325F Build/TP1A.220624.014; wv) AppleWebKit/537.36 (KHTML, like Gecko) 4.0 Chrome/144.0.7559.132 Mobile Safari/537.36; bw4"
5.121.170.184 - - [17/Apr/2026:00:17:30 +0330] "GET /wp-content/uploads/2025/05/Scholarship20training20website-03.jpg HTTP/2" 200 11895 "https://rozbano.com/crochet-scrubber-tutorial-step-by-step/" "Mozilla/5.0 (Linux; Android 13; SM-M325F Build/TP1A.220624.014; wv) AppleWebKit/537.36 (KHTML, like Gecko) 4.0 Chrome/144.0.7559.132 Mobile Safari/537.36; bw4"
5.121.170.184 - - [17/Apr/2026:00:17:30 +0330] "GET /wp-content/uploads/2025/05/Childrens20shirt20texture-01.jpg HTTP/2" 200 17295 "https://rozbano.com/crochet-scrubber-tutorial-step-by-step/" "Mozilla/5.0 (Linux; Android 13; SM-M325F Build/TP1A.220624.014; wv) AppleWebKit/537.36 (KHTML, like Gecko) 4.0 Chrome/144.0.7559.132 Mobile Safari/537.36; bw4"
130.255.223.237 - - [17/Apr/2026:00:17:28 +0330] "GET /two-melt-weaving-pattern-universal-free-tutorial/ HTTP/2" 200 37529 "https://rozbano.com/" "Mozilla/5.0 (Linux; Android 12; SM-A125F Build/SP1A.210812.016; wv) AppleWebKit/537.36 (KHTML, like Gecko) Version/4.0 Chrome/145.0.7632.79 Mobile Safari/537.36"
130.255.223.237 - - [17/Apr/2026:00:17:28 +0330] "GET /free-crochet-candy-bath-towel-tutorial/ HTTP/2" 200 35418 "https://rozbano.com/" "Mozilla/5.0 (Linux; Android 12; SM-A125F Build/SP1A.210812.016; wv) AppleWebKit/537.36 (KHTML, like Gecko) 4.0 Chrome/145.0.7632.79 Mobile Safari/537.36; bw4"
130.255.223.237 - - [17/Apr/2026:00:17:34 +0330] "GET /cat/%d8%a8%db%8c%d9%88%da%af%d8%b1%d8%a7%d9%81%db%8c-%d9%88-%da%af%d8%a7%d9%84%d8%b1%db%8c-%d8%b9%da%a9%d8%b3/ HTTP/2" 200 0 "https://rozbano.com/" "Mozilla/5.0 (Linux; Android 12; SM-A125F Build/SP1A.210812.016; wv) AppleWebKit/537.36 (KHTML, like Gecko) Version/4.0 Chrome/145.0.7632.79 Mobile Safari/537.36"
130.255.223.237 - - [17/Apr/2026:00:17:34 +0330] "GET /wp-content/uploads/2025/11/free-crochet-candy-bath-towel-tutorial-768x576.webp HTTP/2" 200 59362 "https://rozbano.com/free-crochet-candy-bath-towel-tutorial/" "Mozilla/5.0 (Linux; Android 12; SM-A125F Build/SP1A.210812.016; wv) AppleWebKit/537.36 (KHTML, like Gecko) 4.0 Chrome/145.0.7632.79 Mobile Safari/537.36; bw4"
130.255.223.237 - - [17/Apr/2026:00:17:34 +0330] "GET /wp-content/uploads/2025/05/rozbano-139-16-150x150.jpg HTTP/2" 200 7289 "https://rozbano.com/free-crochet-candy-bath-towel-tutorial/" "Mozilla/5.0 (Linux; Android 12; SM-A125F Build/SP1A.210812.016; wv) AppleWebKit/537.36 (KHTML, like Gecko) 4.0 Chrome/145.0.7632.79 Mobile Safari/537.36; bw4"
130.255.223.237 - - [17/Apr/2026:00:17:34 +0330] "GET /wp-content/uploads/2025/05/rozbano-271-16-150x101.jpg HTTP/2" 200 8331 "https://rozbano.com/free-crochet-candy-bath-towel-tutorial/" "Mozilla/5.0 (Linux; Android 12; SM-A125F Build/SP1A.210812.016; wv) AppleWebKit/537.36 (KHTML, like Gecko) 4.0 Chrome/145.0.7632.79 Mobile Safari/537.36; bw4"
130.255.223.237 - - [17/Apr/2026:00:17:34 +0330] "GET /wp-content/uploads/2025/11/free-crochet-candy-bath-towel-tutorial-01.webp HTTP/2" 200 34422 "https://rozbano.com/free-crochet-candy-bath-towel-tutorial/" "Mozilla/5.0 (Linux; Android 12; SM-A125F Build/SP1A.210812.016; wv) AppleWebKit/537.36 (KHTML, like Gecko) 4.0 Chrome/145.0.7632.79 Mobile Safari/537.36; bw4"
66.249.70.39 - - [17/Apr/2026:00:17:07 +0330] "GET /page/6/?search=search_term_string&nocache=1765835589 HTTP/1.1" 200 28242 "-" "Mozilla/5.0 (Linux; Android 6.0.1; Nexus 5X Build/MMB29P) AppleWebKit/537.36 (KHTML, like Gecko) Chrome/146.0.7680.177 Mobile Safari/537.36 (compatible; Googlebot/2.1; +http://www.google.com/bot.html)"
66.249.70.32 - - [17/Apr/2026:00:17:11 +0330] "GET /page/506/?search=search_term_string&nocache=1765886281 HTTP/1.1" 200 27211 "-" "Mozilla/5.0 (Linux; Android 6.0.1; Nexus 5X Build/MMB29P) AppleWebKit/537.36 (KHTML, like Gecko) Chrome/146.0.7680.177 Mobile Safari/537.36 (compatible; Googlebot/2.1; +http://www.google.com/bot.html)"
66.249.70.32 - - [17/Apr/2026:00:17:12 +0330] "GET /page/504/?search=search_term_string&nocache=1766704494 HTTP/1.1" 200 31615 "-" "Mozilla/5.0 (Linux; Android 6.0.1; Nexus 5X Build/MMB29P) AppleWebKit/537.36 (KHTML, like Gecko) Chrome/146.0.7680.177 Mobile Safari/537.36 (compatible; Googlebot/2.1; +http://www.google.com/bot.html)"
66.249.70.32 - - [17/Apr/2026:00:17:13 +0330] "GET /page/503/?nocache=1766353740 HTTP/1.1" 200 27586 "-" "Mozilla/5.0 (Linux; Android 6.0.1; Nexus 5X Build/MMB29P) AppleWebKit/537.36 (KHTML, like Gecko) Chrome/146.0.7680.177 Mobile Safari/537.36 (compatible; Googlebot/2.1; +http://www.google.com/bot.html)"
66.249.70.32 - - [17/Apr/2026:00:17:13 +0330] "GET /page/4/?search=search_term_string&nocache=1765873919 HTTP/1.1" 200 31797 "-" "Mozilla/5.0 (Linux; Android 6.0.1; Nexus 5X Build/MMB29P) AppleWebKit/537.36 (KHTML, like Gecko) Chrome/146.0.7680.177 Mobile Safari/537.36 (compatible; Googlebot/2.1; +http://www.google.com/bot.html)"
66.249.70.32 - - [17/Apr/2026:00:17:21 +0330] "GET /?p=70815247383000 HTTP/1.1" 200 27770 "-" "Mozilla/5.0 (Linux; Android 6.0.1; Nexus 5X Build/MMB29P) AppleWebKit/537.36 (KHTML, like Gecko) Chrome/146.0.7680.177 Mobile Safari/537.36 (compatible; GoogleOther)"
66.249.70.33 - - [17/Apr/2026:00:17:22 +0330] "GET /knitted-handle-in-the-shape-of-a-flower-tutorial/?nocache=1776000602 HTTP/1.1" 200 27647 "-" "Mozilla/5.0 (Linux; Android 6.0.1; Nexus 5X Build/MMB29P) AppleWebKit/537.36 (KHTML, like Gecko) Chrome/146.0.7680.177 Mobile Safari/537.36 (compatible; Googlebot/2.1; +http://www.google.com/bot.html)"
66.249.70.38 - - [17/Apr/2026:00:17:24 +0330] "GET /?p=7082196218502 HTTP/1.1" 200 29298 "-" "Mozilla/5.0 (Linux; Android 6.0.1; Nexus 5X Build/MMB29P) AppleWebKit/537.36 (KHTML, like Gecko) Chrome/146.0.7680.177 Mobile Safari/537.36 (compatible; Googlebot/2.1; +http://www.google.com/bot.html)"
66.249.70.33 - - [17/Apr/2026:00:17:26 +0330] "GET /crochet-screw-model-boy-hat-tutorial/?nocache=1776023258 HTTP/1.1" 200 27688 "-" "Mozilla/5.0 (Linux; Android 6.0.1; Nexus 5X Build/MMB29P) AppleWebKit/537.36 (KHTML, like Gecko) Chrome/146.0.7680.177 Mobile Safari/537.36 (compatible; Googlebot/2.1; +http://www.google.com/bot.html)"
66.249.70.38 - - [17/Apr/2026:00:17:28 +0330] "GET /?search=search_term_string&nocache=1766695236 HTTP/1.1" 200 31042 "-" "Mozilla/5.0 (Linux; Android 6.0.1; Nexus 5X Build/MMB29P) AppleWebKit/537.36 (KHTML, like Gecko) Chrome/146.0.7680.177 Mobile Safari/537.36 (compatible; Googlebot/2.1; +http://www.google.com/bot.html)"
66.249.70.33 - - [17/Apr/2026:00:17:30 +0330] "GET /?search=search_term_string&nocache=1766366947 HTTP/1.1" 200 29317 "-" "Mozilla/5.0 (Linux; Android 6.0.1; Nexus 5X Build/MMB29P) AppleWebKit/537.36 (KHTML, like Gecko) Chrome/146.0.7680.177 Mobile Safari/537.36 (compatible; Googlebot/2.1; +http://www.google.com/bot.html)"
66.249.70.38 - - [17/Apr/2026:00:17:33 +0330] "GET /?lsesi=nonce&esi=eyJhY3Rpb24iOiJlbGVtZW50b3ItcHJvLWZyb250ZW5kIiwiX2xzX3NpbGVuY2UiOnRydWV9&_hash=53888cd5c92e80866434c90c40d9a34f&nocache=1774669967 HTTP/1.1" 200 28164 "-" "Mozilla/5.0 (Linux; Android 6.0.1; Nexus 5X Build/MMB29P) AppleWebKit/537.36 (KHTML, like Gecko) Chrome/146.0.7680.177 Mobile Safari/537.36 (compatible; Googlebot/2.1; +http://www.google.com/bot.html)"
