66.249.70.39 - - [17/Apr/2026:00:29:24 +0330] "GET /page/3/?search=search_term_string&nocache=1765813828 HTTP/1.1" 200 28603 "-" "Mozilla/5.0 (Linux; Android 6.0.1; Nexus 5X Build/MMB29P) AppleWebKit/537.36 (KHTML, like Gecko) Chrome/146.0.7680.177 Mobile Safari/537.36 (compatible; Googlebot/2.1; +http://www.google.com/bot.html)"
66.249.70.39 - - [17/Apr/2026:00:29:25 +0330] "GET /page/4/?search=search_term_string&nocache=1766498628 HTTP/1.1" 200 27564 "-" "Mozilla/5.0 (Linux; Android 6.0.1; Nexus 5X Build/MMB29P) AppleWebKit/537.36 (KHTML, like Gecko) Chrome/146.0.7680.177 Mobile Safari/537.36 (compatible; Googlebot/2.1; +http://www.google.com/bot.html)"
66.249.70.32 - - [17/Apr/2026:00:29:36 +0330] "GET /page/506/?search=search_term_string&nocache=1766734039 HTTP/1.1" 200 28390 "-" "Mozilla/5.0 (Linux; Android 6.0.1; Nexus 5X Build/MMB29P) AppleWebKit/537.36 (KHTML, like Gecko) Chrome/146.0.7680.177 Mobile Safari/537.36 (compatible; Googlebot/2.1; +http://www.google.com/bot.html)"
66.249.70.33 - - [17/Apr/2026:00:29:38 +0330] "GET /page/507/?search=search_term_string&nocache=1766642253 HTTP/1.1" 200 28245 "-" "Mozilla/5.0 (Linux; Android 6.0.1; Nexus 5X Build/MMB29P) AppleWebKit/537.36 (KHTML, like Gecko) Chrome/146.0.7680.177 Mobile Safari/537.36 (compatible; Googlebot/2.1; +http://www.google.com/bot.html)"
66.249.70.39 - - [17/Apr/2026:00:29:40 +0330] "GET /page/501/?search=search_term_string&nocache=1766487845 HTTP/1.1" 200 29067 "-" "Mozilla/5.0 (Linux; Android 6.0.1; Nexus 5X Build/MMB29P) AppleWebKit/537.36 (KHTML, like Gecko) Chrome/146.0.7680.177 Mobile Safari/537.36 (compatible; Googlebot/2.1; +http://www.google.com/bot.html)"
66.249.70.39 - - [17/Apr/2026:00:29:42 +0330] "GET /page/510/?search=search_term_string&nocache=1766578192 HTTP/1.1" 200 27850 "-" "Mozilla/5.0 (Linux; Android 6.0.1; Nexus 5X Build/MMB29P) AppleWebKit/537.36 (KHTML, like Gecko) Chrome/146.0.7680.177 Mobile Safari/537.36 (compatible; Googlebot/2.1; +http://www.google.com/bot.html)"
66.249.70.39 - - [17/Apr/2026:00:29:25 +0330] "GET /?p=91228161545500 HTTP/1.1" 200 28156 "-" "Mozilla/5.0 (Linux; Android 6.0.1; Nexus 5X Build/MMB29P) AppleWebKit/537.36 (KHTML, like Gecko) Chrome/146.0.7680.177 Mobile Safari/537.36 (compatible; Googlebot/2.1; +http://www.google.com/bot.html)"
66.249.70.38 - - [17/Apr/2026:00:29:32 +0330] "GET /?p=78930246819300 HTTP/1.1" 200 28220 "-" "Mozilla/5.0 (Linux; Android 6.0.1; Nexus 5X Build/MMB29P) AppleWebKit/537.36 (KHTML, like Gecko) Chrome/146.0.7680.177 Mobile Safari/537.36 (compatible; GoogleOther)"
5.160.18.99 - - [17/Apr/2026:00:29:35 +0330] "POST /suitable-fabric-for-womens-pantsuits/?nocache=1776373125 HTTP/2" 200 4924 "https://rozbano.com/suitable-fabric-for-womens-pantsuits/" "Mozilla/5.0 (Linux; Android 10; K) AppleWebKit/537.36 (KHTML, like Gecko) Chrome/145.0.0.0 Mobile Safari/537.36"
5.160.18.99 - - [17/Apr/2026:00:29:37 +0330] "GET /wp-content/uploads/2026/04/crochet-flower-scrubber-tutorial-02.webp HTTP/2" 200 21788 "https://rozbano.com/suitable-fabric-for-womens-pantsuits/" "Mozilla/5.0 (Linux; Android 10; K) AppleWebKit/537.36 (KHTML, like Gecko) Chrome/145.0.0.0 Mobile Safari/537.36"
5.160.18.99 - - [17/Apr/2026:00:29:37 +0330] "GET /wp-content/uploads/2026/04/tie-hat-knitting-tutorial-03.webp HTTP/2" 200 9874 "https://rozbano.com/suitable-fabric-for-womens-pantsuits/" "Mozilla/5.0 (Linux; Android 10; K) AppleWebKit/537.36 (KHTML, like Gecko) Chrome/145.0.0.0 Mobile Safari/537.36"
5.160.18.99 - - [17/Apr/2026:00:29:37 +0330] "GET /wp-content/uploads/2026/04/crochet-flower-scrubby-tutorial.webp HTTP/2" 200 25296 "https://rozbano.com/suitable-fabric-for-womens-pantsuits/" "Mozilla/5.0 (Linux; Android 10; K) AppleWebKit/537.36 (KHTML, like Gecko) Chrome/145.0.0.0 Mobile Safari/537.36"
5.160.18.99 - - [17/Apr/2026:00:29:37 +0330] "GET /wp-content/uploads/2026/03/steering-wheel-cover-crochet-tutorial-01.webp HTTP/2" 200 29978 "https://rozbano.com/suitable-fabric-for-womens-pantsuits/" "Mozilla/5.0 (Linux; Android 10; K) AppleWebKit/537.36 (KHTML, like Gecko) Chrome/145.0.0.0 Mobile Safari/537.36"
5.160.18.99 - - [17/Apr/2026:00:29:37 +0330] "GET /wp-content/uploads/2026/02/Free-size-sewing-blowing-tutorial-at-home-02.webp HTTP/2" 200 28700 "https://rozbano.com/suitable-fabric-for-womens-pantsuits/" "Mozilla/5.0 (Linux; Android 10; K) AppleWebKit/537.36 (KHTML, like Gecko) Chrome/145.0.0.0 Mobile Safari/537.36"
5.160.18.99 - - [17/Apr/2026:00:29:37 +0330] "GET /wp-content/uploads/2026/02/Vaginismus-treatment-04.webp HTTP/2" 200 15528 "https://rozbano.com/suitable-fabric-for-womens-pantsuits/" "Mozilla/5.0 (Linux; Android 10; K) AppleWebKit/537.36 (KHTML, like Gecko) Chrome/145.0.0.0 Mobile Safari/537.36"
5.160.18.99 - - [17/Apr/2026:00:29:37 +0330] "GET /wp-content/uploads/2026/02/Tips-for-a-timeless-stylish-style-03.webp HTTP/2" 200 30104 "https://rozbano.com/suitable-fabric-for-womens-pantsuits/" "Mozilla/5.0 (Linux; Android 10; K) AppleWebKit/537.36 (KHTML, like Gecko) Chrome/145.0.0.0 Mobile Safari/537.36"
5.160.18.99 - - [17/Apr/2026:00:29:37 +0330] "GET /wp-content/uploads/2026/02/Free-tutorial-crochet-triple-crochet-pattern.webp HTTP/2" 200 53318 "https://rozbano.com/suitable-fabric-for-womens-pantsuits/" "Mozilla/5.0 (Linux; Android 10; K) AppleWebKit/537.36 (KHTML, like Gecko) Chrome/145.0.0.0 Mobile Safari/537.36"
5.160.18.99 - - [17/Apr/2026:00:29:40 +0330] "GET /crochet-sporty-scarf-double-row-repeat/ HTTP/2" 200 35101 "https://rozbano.com/suitable-fabric-for-womens-pantsuits/" "Mozilla/5.0 (Linux; Android 10; K) AppleWebKit/537.36 (KHTML, like Gecko) Chrome/145.0.0.0 Mobile Safari/537.36"
5.160.18.99 - - [17/Apr/2026:00:29:44 +0330] "GET /crochet-flower-scrubby-tutorial/ HTTP/2" 200 35337 "https://rozbano.com/suitable-fabric-for-womens-pantsuits/" "Mozilla/5.0 (Linux; Android 10; K) AppleWebKit/537.36 (KHTML, like Gecko) Chrome/145.0.0.0 Mobile Safari/537.36"
95.162.169.182 - - [17/Apr/2026:00:29:48 +0330] "GET /new-photos-and-biography-of-gloria-hardy.html HTTP/2" 301 20 "https://zarebin.ir/" "Mozilla/5.0 (Linux; Android 16; SM-A546E Build/BP2A.250605.031.A3; wv) AppleWebKit/537.36 (KHTML, like Gecko) 4.0 Chrome/144.0.7559.132 Mobile Safari/537.36; bw4"
5.160.18.99 - - [17/Apr/2026:00:29:48 +0330] "POST /suitable-fabric-for-womens-pantsuits/?nocache=1776373125 HTTP/2" 200 5973 "https://rozbano.com/suitable-fabric-for-womens-pantsuits/" "Mozilla/5.0 (Linux; Android 10; K) AppleWebKit/537.36 (KHTML, like Gecko) Chrome/145.0.0.0 Mobile Safari/537.36"
5.160.18.99 - - [17/Apr/2026:00:29:50 +0330] "GET /wp-content/uploads/2025/12/icon-user-cm.webp HTTP/2" 200 2724 "https://rozbano.com/suitable-fabric-for-womens-pantsuits/" "Mozilla/5.0 (Linux; Android 10; K) AppleWebKit/537.36 (KHTML, like Gecko) Chrome/145.0.0.0 Mobile Safari/537.36"
95.162.169.182 - - [17/Apr/2026:00:29:50 +0330] "GET /new-photos-and-biography-of-gloria-hardy HTTP/2" 301 20 "https://zarebin.ir/" "Mozilla/5.0 (Linux; Android 16; SM-A546E Build/BP2A.250605.031.A3; wv) AppleWebKit/537.36 (KHTML, like Gecko) 4.0 Chrome/144.0.7559.132 Mobile Safari/537.36; bw4"
5.160.18.99 - - [17/Apr/2026:00:29:48 +0330] "GET /free-size-sewing-blowing-tutorial-at-home/ HTTP/2" 200 38021 "https://rozbano.com/suitable-fabric-for-womens-pantsuits/" "Mozilla/5.0 (Linux; Android 10; K) AppleWebKit/537.36 (KHTML, like Gecko) Chrome/145.0.0.0 Mobile Safari/537.36"
5.160.18.99 - - [17/Apr/2026:00:29:51 +0330] "POST /suitable-fabric-for-womens-pantsuits/?nocache=1776373125 HTTP/2" 200 4417 "https://rozbano.com/suitable-fabric-for-womens-pantsuits/" "Mozilla/5.0 (Linux; Android 10; K) AppleWebKit/537.36 (KHTML, like Gecko) Chrome/145.0.0.0 Mobile Safari/537.36"
5.160.18.99 - - [17/Apr/2026:00:29:52 +0330] "POST /suitable-fabric-for-womens-pantsuits/?nocache=1776373125 HTTP/2" 200 4375 "https://rozbano.com/suitable-fabric-for-womens-pantsuits/" "Mozilla/5.0 (Linux; Android 10; K) AppleWebKit/537.36 (KHTML, like Gecko) Chrome/145.0.0.0 Mobile Safari/537.36"
95.162.169.182 - - [17/Apr/2026:00:29:52 +0330] "GET /new-photos-and-biography-of-gloria-hardy/ HTTP/2" 200 0 "https://zarebin.ir/" "Mozilla/5.0 (Linux; Android 16; SM-A546E Build/BP2A.250605.031.A3; wv) AppleWebKit/537.36 (KHTML, like Gecko) 4.0 Chrome/144.0.7559.132 Mobile Safari/537.36; bw4"
5.160.18.99 - - [17/Apr/2026:00:29:52 +0330] "GET /cat/%d8%a2%d9%85%d9%88%d8%b2%d8%b4-%d8%a2%d8%b4%d9%be%d8%b2%db%8c/ HTTP/2" 200 36253 "https://rozbano.com/suitable-fabric-for-womens-pantsuits/" "Mozilla/5.0 (Linux; Android 10; K) AppleWebKit/537.36 (KHTML, like Gecko) Chrome/145.0.0.0 Mobile Safari/537.36"
66.249.70.32 - - [17/Apr/2026:00:29:59 +0330] "GET /making-teddy-pots-with-soda-bottles/?nocache=1773883637 HTTP/1.1" 200 28877 "-" "Mozilla/5.0 (Linux; Android 6.0.1; Nexus 5X Build/MMB29P) AppleWebKit/537.36 (KHTML, like Gecko) Chrome/146.0.7680.177 Mobile Safari/537.36 (compatible; Googlebot/2.1; +http://www.google.com/bot.html)"
66.249.70.39 - - [17/Apr/2026:00:30:00 +0330] "GET /crochet-chocolate-container-tutorial/ HTTP/1.1" 200 27995 "-" "Mozilla/5.0 (Linux; Android 6.0.1; Nexus 5X Build/MMB29P) AppleWebKit/537.36 (KHTML, like Gecko) Chrome/146.0.7680.177 Mobile Safari/537.36 (compatible; Googlebot/2.1; +http://www.google.com/bot.html)"
5.160.18.99 - - [17/Apr/2026:00:29:57 +0330] "GET /free-tutorial-sew-versatile-organizer/ HTTP/2" 200 35119 "https://rozbano.com/suitable-fabric-for-womens-pantsuits/" "Mozilla/5.0 (Linux; Android 10; K) AppleWebKit/537.36 (KHTML, like Gecko) Chrome/145.0.0.0 Mobile Safari/537.36"
66.249.70.39 - - [17/Apr/2026:00:30:01 +0330] "GET /page/4/?search=search_term_string&nocache=1766743298 HTTP/1.1" 200 29905 "-" "Mozilla/5.0 (Linux; Android 6.0.1; Nexus 5X Build/MMB29P) AppleWebKit/537.36 (KHTML, like Gecko) Chrome/146.0.7680.177 Mobile Safari/537.36 (compatible; Googlebot/2.1; +http://www.google.com/bot.html)"
66.249.70.39 - - [17/Apr/2026:00:29:32 +0330] "GET /page/503/?search=search_term_string&nocache=1766693443 HTTP/1.1" 200 27655 "-" "Mozilla/5.0 (Linux; Android 6.0.1; Nexus 5X Build/MMB29P) AppleWebKit/537.36 (KHTML, like Gecko) Chrome/146.0.7680.177 Mobile Safari/537.36 (compatible; Googlebot/2.1; +http://www.google.com/bot.html)"
66.249.70.38 - - [17/Apr/2026:00:29:34 +0330] "GET /page/13/?search=search_term_string&nocache=1766798831 HTTP/1.1" 200 28460 "-" "Mozilla/5.0 (Linux; Android 6.0.1; Nexus 5X Build/MMB29P) AppleWebKit/537.36 (KHTML, like Gecko) Chrome/146.0.7680.177 Mobile Safari/537.36 (compatible; Googlebot/2.1; +http://www.google.com/bot.html)"
66.249.70.33 - - [17/Apr/2026:00:29:39 +0330] "GET /page/484/?lsesi=nonce&esi=eyJhY3Rpb24iOiJlbGVtZW50b3ItcHJvLWZyb250ZW5kIiwiX2xzX3NpbGVuY2UiOnRydWV9&_hash=53888cd5c92e80866434c90c40d9a34f&nocache=1767306120 HTTP/1.1" 200 27597 "-" "Mozilla/5.0 (Linux; Android 6.0.1; Nexus 5X Build/MMB29P) AppleWebKit/537.36 (KHTML, like Gecko) Chrome/146.0.7680.177 Mobile Safari/537.36 (compatible; GoogleOther)"
66.249.70.38 - - [17/Apr/2026:00:29:50 +0330] "GET /page/3/?search=%D8%A8%DB%8C%D8%AA%D8%A7+%D8%B3%D8%AD%D8%B1%D8%AE%DB%8C%D8%B2&nocache=1766455248 HTTP/1.1" 200 28668 "-" "Mozilla/5.0 (Linux; Android 6.0.1; Nexus 5X Build/MMB29P) AppleWebKit/537.36 (KHTML, like Gecko) Chrome/146.0.7680.177 Mobile Safari/537.36 (compatible; Googlebot/2.1; +http://www.google.com/bot.html)"
66.249.70.38 - - [17/Apr/2026:00:29:52 +0330] "GET /page/7/?search=search_term_string&nocache=1766265450 HTTP/1.1" 200 27363 "-" "Mozilla/5.0 (Linux; Android 6.0.1; Nexus 5X Build/MMB29P) AppleWebKit/537.36 (KHTML, like Gecko) Chrome/146.0.7680.177 Mobile Safari/537.36 (compatible; Googlebot/2.1; +http://www.google.com/bot.html)"
66.249.70.39 - - [17/Apr/2026:00:29:54 +0330] "GET /page/7/?search=%D8%AA%DB%8C%D9%86%D8%A7+%D8%A2%D8%AE%D9%88%D9%86%D8%AF%D8%AA%D8%A8%D8%A7%D8%B1&nocache=1765803477 HTTP/1.1" 200 28195 "-" "Mozilla/5.0 (Linux; Android 6.0.1; Nexus 5X Build/MMB29P) AppleWebKit/537.36 (KHTML, like Gecko) Chrome/146.0.7680.177 Mobile Safari/537.36 (compatible; Googlebot/2.1; +http://www.google.com/bot.html)"
66.249.70.38 - - [17/Apr/2026:00:29:55 +0330] "GET /page/510/?search=search_term_string&nocache=1766011391 HTTP/1.1" 200 29827 "-" "Mozilla/5.0 (Linux; Android 6.0.1; Nexus 5X Build/MMB29P) AppleWebKit/537.36 (KHTML, like Gecko) Chrome/146.0.7680.177 Mobile Safari/537.36 (compatible; Googlebot/2.1; +http://www.google.com/bot.html)"
66.249.70.38 - - [17/Apr/2026:00:29:57 +0330] "GET /page/2/?search=search_term_string&nocache=1766687764 HTTP/1.1" 200 28463 "-" "Mozilla/5.0 (Linux; Android 6.0.1; Nexus 5X Build/MMB29P) AppleWebKit/537.36 (KHTML, like Gecko) Chrome/146.0.7680.177 Mobile Safari/537.36 (compatible; Googlebot/2.1; +http://www.google.com/bot.html)"
66.249.70.39 - - [17/Apr/2026:00:30:13 +0330] "GET /page/3/?search=%D8%A8%DB%8C%D8%AA%D8%A7+%D8%B3%D8%AD%D8%B1%D8%AE%DB%8C%D8%B2&nocache=1766724944 HTTP/1.1" 200 33068 "-" "Mozilla/5.0 (Linux; Android 6.0.1; Nexus 5X Build/MMB29P) AppleWebKit/537.36 (KHTML, like Gecko) Chrome/146.0.7680.177 Mobile Safari/537.36 (compatible; Googlebot/2.1; +http://www.google.com/bot.html)"
66.249.70.39 - - [17/Apr/2026:00:30:14 +0330] "GET /page/4/?search=search_term_string&nocache=1766492791 HTTP/1.1" 200 29157 "-" "Mozilla/5.0 (Linux; Android 6.0.1; Nexus 5X Build/MMB29P) AppleWebKit/537.36 (KHTML, like Gecko) Chrome/146.0.7680.177 Mobile Safari/537.36 (compatible; Googlebot/2.1; +http://www.google.com/bot.html)"
5.125.186.168 - - [17/Apr/2026:00:30:16 +0330] "GET /wp-content/uploads/2016/06/the-newest-style-cocktail-11.webp HTTP/2" 200 59954 "https://search.bertina.ir/" "Mozilla/5.0 (Linux; Android 12; M2007J20CG Build/SKQ1.211019.001; wv) AppleWebKit/537.36 (KHTML, like Gecko) Version/4.0 Chrome/145.0.7632.79 Mobile Safari/537.36"
47.128.115.51 - - [17/Apr/2026:00:29:35 +0330] "GET /wp-content/uploads/2025/12/Free-tutorial-crochet-thick-corn-cobs-150x150.webp HTTP/2" 206 500 "https://rozbano.com/learning-the-correct-wash-coats-and-tents/" "Mozilla/5.0 (Linux; Android 5.0) AppleWebKit/537.36 (KHTML, like Gecko) Mobile Safari/537.36 (compatible; TikTokSpider; ttspider-feedback@tiktok.com)"
47.128.115.51 - - [17/Apr/2026:00:29:35 +0330] "GET /wp-content/uploads/2025/05/rozbano-245-11.jpg HTTP/2" 304 0 "https://rozbano.com/learning-the-correct-wash-coats-and-tents/" "Mozilla/5.0 (Linux; Android 5.0) AppleWebKit/537.36 (KHTML, like Gecko) Mobile Safari/537.36 (compatible; TikTokSpider; ttspider-feedback@tiktok.com)"
47.128.115.51 - - [17/Apr/2026:00:29:36 +0330] "GET /wp-content/uploads/2025/05/rozbano-66_541246-150x90.jpg HTTP/2" 304 0 "https://rozbano.com/learning-the-correct-wash-coats-and-tents/" "Mozilla/5.0 (Linux; Android 5.0) AppleWebKit/537.36 (KHTML, like Gecko) Mobile Safari/537.36 (compatible; TikTokSpider; ttspider-feedback@tiktok.com)"
47.128.115.51 - - [17/Apr/2026:00:29:36 +0330] "GET /wp-content/uploads/2025/05/rozbano-22-9-150x93.jpg HTTP/2" 304 0 "https://rozbano.com/learning-the-correct-wash-coats-and-tents/" "Mozilla/5.0 (Linux; Android 5.0) AppleWebKit/537.36 (KHTML, like Gecko) Mobile Safari/537.36 (compatible; TikTokSpider; ttspider-feedback@tiktok.com)"
47.128.115.51 - - [17/Apr/2026:00:29:36 +0330] "GET /wp-content/uploads/2025/05/rozbano-245-11.jpg HTTP/2" 206 39291 "https://rozbano.com/learning-the-correct-wash-coats-and-tents/" "Mozilla/5.0 (Linux; Android 5.0) AppleWebKit/537.36 (KHTML, like Gecko) Mobile Safari/537.36 (compatible; TikTokSpider; ttspider-feedback@tiktok.com)"
202.46.62.61 - - [17/Apr/2026:00:29:36 +0330] "GET /wp-content/uploads/2025/05/Russian20doll20number20four-12.jpg HTTP/2" 200 39882 "-" "Mozilla/5.0 (Windows NT 10.0; Win64; x64) AppleWebKit/537.36 (KHTML, like Gecko) Chrome/133.0.6943.141 Safari/537.36"
47.128.115.51 - - [17/Apr/2026:00:29:36 +0330] "GET /wp-content/uploads/2025/05/rozbano-66_541246-150x90.jpg HTTP/2" 206 4598 "https://rozbano.com/learning-the-correct-wash-coats-and-tents/" "Mozilla/5.0 (Linux; Android 5.0) AppleWebKit/537.36 (KHTML, like Gecko) Mobile Safari/537.36 (compatible; TikTokSpider; ttspider-feedback@tiktok.com)"
47.128.115.51 - - [17/Apr/2026:00:29:36 +0330] "GET /wp-content/uploads/2025/05/rozbano-22-9-150x93.jpg HTTP/2" 206 5844 "https://rozbano.com/learning-the-correct-wash-coats-and-tents/" "Mozilla/5.0 (Linux; Android 5.0) AppleWebKit/537.36 (KHTML, like Gecko) Mobile Safari/537.36 (compatible; TikTokSpider; ttspider-feedback@tiktok.com)"
143.14.6.254 - - [17/Apr/2026:00:29:39 +0330] "GET /brown-color-to-your-hair/feed/ HTTP/1.1" 200 657 "-" "Mozilla/5.0 (Macintosh; Intel Mac OS X 10_15_7) AppleWebKit/537.36 (KHTML, like Gecko) Chrome/135.0.0.0 Safari/537.36"
66.249.70.38 - - [17/Apr/2026:00:30:07 +0330] "GET /page/2/?search=search_term_string&nocache=1765791374 HTTP/1.1" 200 29039 "-" "Mozilla/5.0 (Linux; Android 6.0.1; Nexus 5X Build/MMB29P) AppleWebKit/537.36 (KHTML, like Gecko) Chrome/146.0.7680.177 Mobile Safari/537.36 (compatible; Googlebot/2.1; +http://www.google.com/bot.html)"
66.249.70.38 - - [17/Apr/2026:00:30:08 +0330] "GET /?p=89603123830105 HTTP/1.1" 200 28007 "-" "Mozilla/5.0 (Linux; Android 6.0.1; Nexus 5X Build/MMB29P) AppleWebKit/537.36 (KHTML, like Gecko) Chrome/146.0.7680.177 Mobile Safari/537.36 (compatible; Googlebot/2.1; +http://www.google.com/bot.html)"
66.249.70.38 - - [17/Apr/2026:00:30:10 +0330] "GET /page/6/?search=search_term_string&nocache=1766850618 HTTP/1.1" 200 27387 "-" "Mozilla/5.0 (Linux; Android 6.0.1; Nexus 5X Build/MMB29P) AppleWebKit/537.36 (KHTML, like Gecko) Chrome/146.0.7680.177 Mobile Safari/537.36 (compatible; Googlebot/2.1; +http://www.google.com/bot.html)"
45.149.78.145 - - [17/Apr/2026:00:30:02 +0330] "GET /sitemap/tag_1.xml HTTP/1.1" 200 4753 "-" "Mozilla/5.0 (iPad; CPU OS 16_3 like Mac OS X) AppleWebKit/605.1.15 (KHTML, like Gecko) Version/16.0 Mobile/15E148 Safari/604.1"
5.160.18.99 - - [17/Apr/2026:00:30:01 +0330] "GET /washing-shopping-guide-with-the-best-efficiency/ HTTP/2" 200 36133 "https://rozbano.com/suitable-fabric-for-womens-pantsuits/" "Mozilla/5.0 (Linux; Android 10; K) AppleWebKit/537.36 (KHTML, like Gecko) Chrome/145.0.0.0 Mobile Safari/537.36"
66.249.70.39 - - [17/Apr/2026:00:30:05 +0330] "GET /page/4/?search=search_term_string&nocache=1766604346 HTTP/1.1" 200 28194 "-" "Mozilla/5.0 (Linux; Android 6.0.1; Nexus 5X Build/MMB29P) AppleWebKit/537.36 (KHTML, like Gecko) Chrome/146.0.7680.177 Mobile Safari/537.36 (compatible; Googlebot/2.1; +http://www.google.com/bot.html)"
66.249.70.38 - - [17/Apr/2026:00:30:06 +0330] "GET /page/506/?search=search_term_string&nocache=1766371195 HTTP/1.1" 200 29364 "-" "Mozilla/5.0 (Linux; Android 6.0.1; Nexus 5X Build/MMB29P) AppleWebKit/537.36 (KHTML, like Gecko) Chrome/146.0.7680.177 Mobile Safari/537.36 (compatible; Googlebot/2.1; +http://www.google.com/bot.html)"
66.249.70.38 - - [17/Apr/2026:00:30:08 +0330] "GET /page/506/?search=search_term_string&nocache=1765739217 HTTP/1.1" 200 29444 "-" "Mozilla/5.0 (Linux; Android 6.0.1; Nexus 5X Build/MMB29P) AppleWebKit/537.36 (KHTML, like Gecko) Chrome/146.0.7680.177 Mobile Safari/537.36 (compatible; Googlebot/2.1; +http://www.google.com/bot.html)"
5.160.18.99 - - [17/Apr/2026:00:30:10 +0330] "GET /wp-content/uploads/2016/07/how-to-prepare-chocolate-cake-and-apricot-04.webp HTTP/2" 200 22784 "https://rozbano.com/suitable-fabric-for-womens-pantsuits/" "Mozilla/5.0 (Linux; Android 10; K) AppleWebKit/537.36 (KHTML, like Gecko) Chrome/145.0.0.0 Mobile Safari/537.36"
5.160.18.99 - - [17/Apr/2026:00:30:10 +0330] "GET /wp-content/uploads/2026/04/tiramisu-recipe-original.webp HTTP/2" 200 22500 "https://rozbano.com/suitable-fabric-for-womens-pantsuits/" "Mozilla/5.0 (Linux; Android 10; K) AppleWebKit/537.36 (KHTML, like Gecko) Chrome/145.0.0.0 Mobile Safari/537.36"
5.160.18.99 - - [17/Apr/2026:00:30:10 +0330] "GET /wp-content/uploads/2016/07/the-most-effective-in-evening-dress-suit.webp HTTP/2" 200 13640 "https://rozbano.com/suitable-fabric-for-womens-pantsuits/" "Mozilla/5.0 (Linux; Android 10; K) AppleWebKit/537.36 (KHTML, like Gecko) Chrome/145.0.0.0 Mobile Safari/537.36"
5.160.18.99 - - [17/Apr/2026:00:30:10 +0330] "GET /wp-content/uploads/2016/07/how-to-prepare-pachyny-02.webp HTTP/2" 200 41944 "https://rozbano.com/suitable-fabric-for-womens-pantsuits/" "Mozilla/5.0 (Linux; Android 10; K) AppleWebKit/537.36 (KHTML, like Gecko) Chrome/145.0.0.0 Mobile Safari/537.36"
5.160.18.99 - - [17/Apr/2026:00:30:10 +0330] "GET /wp-content/uploads/2025/07/Free-crochet-frog-keychain-tutorial-02.webp HTTP/2" 200 28238 "https://rozbano.com/suitable-fabric-for-womens-pantsuits/" "Mozilla/5.0 (Linux; Android 10; K) AppleWebKit/537.36 (KHTML, like Gecko) Chrome/145.0.0.0 Mobile Safari/537.36"
5.160.18.99 - - [17/Apr/2026:00:30:10 +0330] "GET /wp-content/uploads/2025/10/Fancy-solid-sewing-tutorial-with-pattern-01.webp HTTP/2" 200 58898 "https://rozbano.com/suitable-fabric-for-womens-pantsuits/" "Mozilla/5.0 (Linux; Android 10; K) AppleWebKit/537.36 (KHTML, like Gecko) Chrome/145.0.0.0 Mobile Safari/537.36"
5.160.18.99 - - [17/Apr/2026:00:30:10 +0330] "GET /wp-content/uploads/2025/11/Free-bread-bag-sewing-tutorial.webp HTTP/2" 200 18064 "https://rozbano.com/suitable-fabric-for-womens-pantsuits/" "Mozilla/5.0 (Linux; Android 10; K) AppleWebKit/537.36 (KHTML, like Gecko) Chrome/145.0.0.0 Mobile Safari/537.36"
5.160.18.99 - - [17/Apr/2026:00:30:10 +0330] "GET /wp-content/uploads/2016/06/aram-jafaris-pictures-in-new-shop-veil-sh.webp HTTP/2" 200 24662 "https://rozbano.com/suitable-fabric-for-womens-pantsuits/" "Mozilla/5.0 (Linux; Android 10; K) AppleWebKit/537.36 (KHTML, like Gecko) Chrome/145.0.0.0 Mobile Safari/537.36"
66.249.70.38 - - [17/Apr/2026:00:30:27 +0330] "GET /?search=search_term_string&nocache=1766521144 HTTP/1.1" 200 31874 "-" "Mozilla/5.0 (Linux; Android 6.0.1; Nexus 5X Build/MMB29P) AppleWebKit/537.36 (KHTML, like Gecko) Chrome/146.0.7680.177 Mobile Safari/537.36 (compatible; Googlebot/2.1; +http://www.google.com/bot.html)"
66.249.70.39 - - [17/Apr/2026:00:30:16 +0330] "GET /page/506/?search=%D8%AA%DB%8C%D9%86%D8%A7+%D8%A2%D8%AE%D9%88%D9%86%D8%AF%D8%AA%D8%A8%D8%A7%D8%B1&nocache=1765803477 HTTP/1.1" 200 27506 "-" "Mozilla/5.0 (Linux; Android 6.0.1; Nexus 5X Build/MMB29P) AppleWebKit/537.36 (KHTML, like Gecko) Chrome/146.0.7680.177 Mobile Safari/537.36 (compatible; Googlebot/2.1; +http://www.google.com/bot.html)"
66.249.70.39 - - [17/Apr/2026:00:30:19 +0330] "GET /page/501/?search=search_term_string&nocache=1766486787 HTTP/1.1" 200 28459 "-" "Mozilla/5.0 (Linux; Android 6.0.1; Nexus 5X Build/MMB29P) AppleWebKit/537.36 (KHTML, like Gecko) Chrome/146.0.7680.177 Mobile Safari/537.36 (compatible; Googlebot/2.1; +http://www.google.com/bot.html)"
66.249.70.32 - - [17/Apr/2026:00:30:27 +0330] "GET /?p=12286147525000 HTTP/1.1" 200 29829 "-" "Mozilla/5.0 (Linux; Android 6.0.1; Nexus 5X Build/MMB29P) AppleWebKit/537.36 (KHTML, like Gecko) Chrome/146.0.7680.177 Mobile Safari/537.36 (compatible; GoogleOther)"
66.249.70.38 - - [17/Apr/2026:00:30:17 +0330] "GET /page/500/?search=%D8%AA%DB%8C%D9%86%D8%A7%20%D8%A2%D8%AE%D9%88%D9%86%D8%AF%D8%AA%D8%A8%D8%A7%D8%B1&nocache=1766334242 HTTP/1.1" 200 29540 "-" "Mozilla/5.0 (Linux; Android 6.0.1; Nexus 5X Build/MMB29P) AppleWebKit/537.36 (KHTML, like Gecko) Chrome/146.0.7680.177 Mobile Safari/537.36 (compatible; Googlebot/2.1; +http://www.google.com/bot.html)"
66.249.70.38 - - [17/Apr/2026:00:30:21 +0330] "GET /page/8/?search=search_term_string&nocache=1766334318 HTTP/1.1" 200 28197 "-" "Mozilla/5.0 (Linux; Android 6.0.1; Nexus 5X Build/MMB29P) AppleWebKit/537.36 (KHTML, like Gecko) Chrome/146.0.7680.177 Mobile Safari/537.36 (compatible; Googlebot/2.1; +http://www.google.com/bot.html)"
66.249.70.32 - - [17/Apr/2026:00:30:23 +0330] "GET /page/509/?search=search_term_string&nocache=1765739217 HTTP/1.1" 200 29570 "-" "Mozilla/5.0 (Linux; Android 6.0.1; Nexus 5X Build/MMB29P) AppleWebKit/537.36 (KHTML, like Gecko) Chrome/146.0.7680.177 Mobile Safari/537.36 (compatible; Googlebot/2.1; +http://www.google.com/bot.html)"
66.249.70.32 - - [17/Apr/2026:00:30:25 +0330] "GET /page/503/?search=search_term_string&nocache=1765558191 HTTP/1.1" 200 28382 "-" "Mozilla/5.0 (Linux; Android 6.0.1; Nexus 5X Build/MMB29P) AppleWebKit/537.36 (KHTML, like Gecko) Chrome/146.0.7680.177 Mobile Safari/537.36 (compatible; Googlebot/2.1; +http://www.google.com/bot.html)"
66.249.70.39 - - [17/Apr/2026:00:30:27 +0330] "GET /added-nikki-mozaffari-november-95/ HTTP/1.1" 200 28937 "-" "Mozilla/5.0 (Linux; Android 6.0.1; Nexus 5X Build/MMB29P) AppleWebKit/537.36 (KHTML, like Gecko) Chrome/146.0.7680.177 Mobile Safari/537.36 (compatible; Googlebot/2.1; +http://www.google.com/bot.html)"
66.249.70.39 - - [17/Apr/2026:00:30:29 +0330] "GET /page/508/?search=search_term_string&nocache=1765739217 HTTP/1.1" 200 27011 "-" "Mozilla/5.0 (Linux; Android 6.0.1; Nexus 5X Build/MMB29P) AppleWebKit/537.36 (KHTML, like Gecko) Chrome/146.0.7680.177 Mobile Safari/537.36 (compatible; Googlebot/2.1; +http://www.google.com/bot.html)"
66.249.70.34 - - [17/Apr/2026:00:29:45 +0330] "GET /page/3/?search=search_term_string&nocache=1766693861 HTTP/1.1" 200 28645 "-" "Mozilla/5.0 (Linux; Android 6.0.1; Nexus 5X Build/MMB29P) AppleWebKit/537.36 (KHTML, like Gecko) Chrome/146.0.7680.177 Mobile Safari/537.36 (compatible; Googlebot/2.1; +http://www.google.com/bot.html)"
66.249.70.33 - - [17/Apr/2026:00:29:48 +0330] "GET /page/4/?search=%D8%A8%DB%8C%D8%AA%D8%A7+%D8%B3%D8%AD%D8%B1%D8%AE%DB%8C%D8%B2&nocache=1766478112 HTTP/1.1" 200 27798 "-" "Mozilla/5.0 (Linux; Android 6.0.1; Nexus 5X Build/MMB29P) AppleWebKit/537.36 (KHTML, like Gecko) Chrome/146.0.7680.177 Mobile Safari/537.36 (compatible; Googlebot/2.1; +http://www.google.com/bot.html)"
66.249.70.39 - - [17/Apr/2026:00:29:53 +0330] "GET /?p=1305178310605 HTTP/1.1" 200 28849 "-" "Mozilla/5.0 (Linux; Android 6.0.1; Nexus 5X Build/MMB29P) AppleWebKit/537.36 (KHTML, like Gecko) Chrome/146.0.7680.177 Mobile Safari/537.36 (compatible; GoogleOther)"
62.60.201.135 - - [17/Apr/2026:00:30:01 +0330] "POST /wp-cron.php?doing_wp_cron=1776373201.6611719131469726562500 HTTP/1.1" 200 20 "-" "WordPress/6.9.4; https://rozbano.com"
66.249.70.39 - - [17/Apr/2026:00:30:18 +0330] "GET /?p=79713150966903 HTTP/1.1" 200 27984 "-" "Mozilla/5.0 (Linux; Android 6.0.1; Nexus 5X Build/MMB29P) AppleWebKit/537.36 (KHTML, like Gecko) Chrome/146.0.7680.177 Mobile Safari/537.36 (compatible; GoogleOther)"
66.249.70.33 - - [17/Apr/2026:00:30:29 +0330] "GET /yalda-undertakers-traditional-style/ HTTP/1.1" 200 27667 "-" "Mozilla/5.0 (Linux; Android 6.0.1; Nexus 5X Build/MMB29P) AppleWebKit/537.36 (KHTML, like Gecko) Chrome/146.0.7680.177 Mobile Safari/537.36 (compatible; Googlebot/2.1; +http://www.google.com/bot.html)"
2.147.171.60 - - [17/Apr/2026:00:30:28 +0330] "GET / HTTP/2" 200 37694 "https://rozbano.com/two-melt-weaving-pattern-universal-free-tutorial/" "Mozilla/5.0 (iPhone; CPU iPhone OS 18_5 like Mac OS X) AppleWebKit/605.1.15 (KHTML, like Gecko) Version/18.5 Mobile/15E148 Safari/604.1"
2.147.171.60 - - [17/Apr/2026:00:30:32 +0330] "GET /wp-content/plugins/elementor-pro/assets/css/widget-loop-common-rtl.min.css?ver=3.32.3 HTTP/2" 200 119 "https://rozbano.com/" "Mozilla/5.0 (iPhone; CPU iPhone OS 18_5 like Mac OS X) AppleWebKit/605.1.15 (KHTML, like Gecko) Version/18.5 Mobile/15E148 Safari/604.1"
2.147.171.60 - - [17/Apr/2026:00:30:33 +0330] "GET /wp-content/plugins/elementor-pro/assets/css/widget-loop-grid-rtl.min.css?ver=3.32.3 HTTP/2" 200 1116 "https://rozbano.com/" "Mozilla/5.0 (iPhone; CPU iPhone OS 18_5 like Mac OS X) AppleWebKit/605.1.15 (KHTML, like Gecko) Version/18.5 Mobile/15E148 Safari/604.1"
2.147.171.60 - - [17/Apr/2026:00:30:33 +0330] "GET /wp-content/uploads/elementor/css/post-53230.css?ver=1776366055 HTTP/2" 200 883 "https://rozbano.com/" "Mozilla/5.0 (iPhone; CPU iPhone OS 18_5 like Mac OS X) AppleWebKit/605.1.15 (KHTML, like Gecko) Version/18.5 Mobile/15E148 Safari/604.1"
2.147.171.60 - - [17/Apr/2026:00:30:33 +0330] "GET /wp-includes/js/imagesloaded.min.js?ver=5.0.0 HTTP/2" 200 1687 "https://rozbano.com/" "Mozilla/5.0 (iPhone; CPU iPhone OS 18_5 like Mac OS X) AppleWebKit/605.1.15 (KHTML, like Gecko) Version/18.5 Mobile/15E148 Safari/604.1"
2.147.171.60 - - [17/Apr/2026:00:30:33 +0330] "GET /wp-content/uploads/2026/04/tiramisu-recipe-original.webp HTTP/2" 200 22500 "https://rozbano.com/" "Mozilla/5.0 (iPhone; CPU iPhone OS 18_5 like Mac OS X) AppleWebKit/605.1.15 (KHTML, like Gecko) Version/18.5 Mobile/15E148 Safari/604.1"
2.147.171.60 - - [17/Apr/2026:00:30:33 +0330] "GET /wp-content/uploads/2025/05/knitted20fish20washcloth20tutorial-01.jpg HTTP/2" 200 13078 "https://rozbano.com/" "Mozilla/5.0 (iPhone; CPU iPhone OS 18_5 like Mac OS X) AppleWebKit/605.1.15 (KHTML, like Gecko) Version/18.5 Mobile/15E148 Safari/604.1"
2.147.171.60 - - [17/Apr/2026:00:30:33 +0330] "GET /wp-content/uploads/2016/05/turkeys-most-beautiful-coats-95.webp HTTP/2" 200 15686 "https://rozbano.com/" "Mozilla/5.0 (iPhone; CPU iPhone OS 18_5 like Mac OS X) AppleWebKit/605.1.15 (KHTML, like Gecko) Version/18.5 Mobile/15E148 Safari/604.1"
2.147.171.60 - - [17/Apr/2026:00:30:33 +0330] "GET /wp-content/uploads/2025/05/crochet20Leif20is20a20charming20doll20tutorial-01.webp HTTP/2" 200 10674 "https://rozbano.com/" "Mozilla/5.0 (iPhone; CPU iPhone OS 18_5 like Mac OS X) AppleWebKit/605.1.15 (KHTML, like Gecko) Version/18.5 Mobile/15E148 Safari/604.1"
2.147.171.60 - - [17/Apr/2026:00:30:33 +0330] "GET /wp-content/uploads/2025/05/rozbano-151-7-1-300x300.jpg HTTP/2" 200 19195 "https://rozbano.com/" "Mozilla/5.0 (iPhone; CPU iPhone OS 18_5 like Mac OS X) AppleWebKit/605.1.15 (KHTML, like Gecko) Version/18.5 Mobile/15E148 Safari/604.1"
2.147.171.60 - - [17/Apr/2026:00:30:33 +0330] "GET /wp-content/uploads/2025/05/rozbano-780-7-compressor.jpg HTTP/2" 200 19556 "https://rozbano.com/" "Mozilla/5.0 (iPhone; CPU iPhone OS 18_5 like Mac OS X) AppleWebKit/605.1.15 (KHTML, like Gecko) Version/18.5 Mobile/15E148 Safari/604.1"
2.147.171.60 - - [17/Apr/2026:00:30:33 +0330] "GET /wp-content/uploads/2016/06/education-steak-chicken-in-sweet-pepper-sh.webp HTTP/2" 200 42536 "https://rozbano.com/" "Mozilla/5.0 (iPhone; CPU iPhone OS 18_5 like Mac OS X) AppleWebKit/605.1.15 (KHTML, like Gecko) Version/18.5 Mobile/15E148 Safari/604.1"
2.147.171.60 - - [17/Apr/2026:00:30:33 +0330] "GET /wp-content/uploads/2026/04/crochet-flower-scrubber-tutorial-02.webp HTTP/2" 200 21788 "https://rozbano.com/" "Mozilla/5.0 (iPhone; CPU iPhone OS 18_5 like Mac OS X) AppleWebKit/605.1.15 (KHTML, like Gecko) Version/18.5 Mobile/15E148 Safari/604.1"
2.147.171.60 - - [17/Apr/2026:00:30:33 +0330] "GET /wp-content/uploads/2026/04/tie-hat-knitting-tutorial-03.webp HTTP/2" 200 9874 "https://rozbano.com/" "Mozilla/5.0 (iPhone; CPU iPhone OS 18_5 like Mac OS X) AppleWebKit/605.1.15 (KHTML, like Gecko) Version/18.5 Mobile/15E148 Safari/604.1"
2.147.171.60 - - [17/Apr/2026:00:30:33 +0330] "GET /wp-content/uploads/2026/03/steering-wheel-cover-crochet-tutorial-01.webp HTTP/2" 200 29978 "https://rozbano.com/" "Mozilla/5.0 (iPhone; CPU iPhone OS 18_5 like Mac OS X) AppleWebKit/605.1.15 (KHTML, like Gecko) Version/18.5 Mobile/15E148 Safari/604.1"
2.147.171.60 - - [17/Apr/2026:00:30:33 +0330] "GET /wp-content/uploads/2026/03/easy-biscuit-cream-recipe-01.webp HTTP/2" 200 25148 "https://rozbano.com/" "Mozilla/5.0 (iPhone; CPU iPhone OS 18_5 like Mac OS X) AppleWebKit/605.1.15 (KHTML, like Gecko) Version/18.5 Mobile/15E148 Safari/604.1"
2.147.171.60 - - [17/Apr/2026:00:30:33 +0330] "GET /wp-content/uploads/2026/03/kefir-health-benefits-homemade-kefir-07.webp HTTP/2" 200 17352 "https://rozbano.com/" "Mozilla/5.0 (iPhone; CPU iPhone OS 18_5 like Mac OS X) AppleWebKit/605.1.15 (KHTML, like Gecko) Version/18.5 Mobile/15E148 Safari/604.1"
2.147.171.60 - - [17/Apr/2026:00:30:33 +0330] "GET /wp-content/uploads/2026/03/perfume-buying-guide-tips-05.webp HTTP/2" 200 20800 "https://rozbano.com/" "Mozilla/5.0 (iPhone; CPU iPhone OS 18_5 like Mac OS X) AppleWebKit/605.1.15 (KHTML, like Gecko) Version/18.5 Mobile/15E148 Safari/604.1"
2.147.171.60 - - [17/Apr/2026:00:30:33 +0330] "GET /wp-content/uploads/2026/02/Free-size-sewing-blowing-tutorial-at-home-02.webp HTTP/2" 200 28700 "https://rozbano.com/" "Mozilla/5.0 (iPhone; CPU iPhone OS 18_5 like Mac OS X) AppleWebKit/605.1.15 (KHTML, like Gecko) Version/18.5 Mobile/15E148 Safari/604.1"
2.147.171.60 - - [17/Apr/2026:00:30:33 +0330] "GET /wp-content/uploads/2026/02/Free-tutorial-crochet-beautiful-flower.webp HTTP/2" 200 32450 "https://rozbano.com/" "Mozilla/5.0 (iPhone; CPU iPhone OS 18_5 like Mac OS X) AppleWebKit/605.1.15 (KHTML, like Gecko) Version/18.5 Mobile/15E148 Safari/604.1"
2.147.171.60 - - [17/Apr/2026:00:30:33 +0330] "GET /wp-content/uploads/2026/02/Free-tutorial-sewing-new-baby-booties.webp HTTP/2" 200 22530 "https://rozbano.com/" "Mozilla/5.0 (iPhone; CPU iPhone OS 18_5 like Mac OS X) AppleWebKit/605.1.15 (KHTML, like Gecko) Version/18.5 Mobile/15E148 Safari/604.1"
2.147.171.60 - - [17/Apr/2026:00:30:33 +0330] "GET /wp-content/uploads/2026/02/Beautiful-stylish-pattern-free-knitting-tutorial.webp HTTP/2" 200 30700 "https://rozbano.com/" "Mozilla/5.0 (iPhone; CPU iPhone OS 18_5 like Mac OS X) AppleWebKit/605.1.15 (KHTML, like Gecko) Version/18.5 Mobile/15E148 Safari/604.1"
2.147.171.60 - - [17/Apr/2026:00:30:33 +0330] "GET /wp-content/uploads/2026/04/crochet-flower-scrubby-tutorial.webp HTTP/2" 200 25296 "https://rozbano.com/" "Mozilla/5.0 (iPhone; CPU iPhone OS 18_5 like Mac OS X) AppleWebKit/605.1.15 (KHTML, like Gecko) Version/18.5 Mobile/15E148 Safari/604.1"
2.147.171.60 - - [17/Apr/2026:00:30:33 +0330] "GET /wp-content/uploads/2026/02/Free-tutorial-crochet-triple-crochet-pattern.webp HTTP/2" 200 53318 "https://rozbano.com/" "Mozilla/5.0 (iPhone; CPU iPhone OS 18_5 like Mac OS X) AppleWebKit/605.1.15 (KHTML, like Gecko) Version/18.5 Mobile/15E148 Safari/604.1"
2.147.171.60 - - [17/Apr/2026:00:30:33 +0330] "GET /wp-content/uploads/2026/02/Free-tutorial-sewing-coat-with-lace-combination-04.webp HTTP/2" 200 26780 "https://rozbano.com/" "Mozilla/5.0 (iPhone; CPU iPhone OS 18_5 like Mac OS X) AppleWebKit/605.1.15 (KHTML, like Gecko) Version/18.5 Mobile/15E148 Safari/604.1"
2.147.171.60 - - [17/Apr/2026:00:30:33 +0330] "GET /wp-content/plugins/elementor-pro/assets/js/load-more.8b46f464e573feab5dd7.bundle.min.js HTTP/2" 200 1484 "https://rozbano.com/" "Mozilla/5.0 (iPhone; CPU iPhone OS 18_5 like Mac OS X) AppleWebKit/605.1.15 (KHTML, like Gecko) Version/18.5 Mobile/15E148 Safari/604.1"
66.249.70.32 - - [17/Apr/2026:00:30:32 +0330] "GET /page/4/?search=search_term_string&nocache=1766179012 HTTP/1.1" 200 29969 "-" "Mozilla/5.0 (Linux; Android 6.0.1; Nexus 5X Build/MMB29P) AppleWebKit/537.36 (KHTML, like Gecko) Chrome/146.0.7680.177 Mobile Safari/537.36 (compatible; Googlebot/2.1; +http://www.google.com/bot.html)"
66.249.70.32 - - [17/Apr/2026:00:30:33 +0330] "GET /page/5/?search=search_term_string&nocache=1765785246 HTTP/1.1" 200 28629 "-" "Mozilla/5.0 (Linux; Android 6.0.1; Nexus 5X Build/MMB29P) AppleWebKit/537.36 (KHTML, like Gecko) Chrome/146.0.7680.177 Mobile Safari/537.36 (compatible; Googlebot/2.1; +http://www.google.com/bot.html)"
66.249.70.39 - - [17/Apr/2026:00:30:36 +0330] "GET /page/6/?search=%D8%A8%DB%8C%D8%AA%D8%A7+%D8%B3%D8%AD%D8%B1%D8%AE%DB%8C%D8%B2&nocache=1766121095 HTTP/1.1" 200 28366 "-" "Mozilla/5.0 (Linux; Android 6.0.1; Nexus 5X Build/MMB29P) AppleWebKit/537.36 (KHTML, like Gecko) Chrome/146.0.7680.177 Mobile Safari/537.36 (compatible; Googlebot/2.1; +http://www.google.com/bot.html)"
66.249.70.39 - - [17/Apr/2026:00:30:38 +0330] "GET /page/504/?search=%D8%A8%DB%8C%D8%AA%D8%A7+%D8%B3%D8%AD%D8%B1%D8%AE%DB%8C%D8%B2&nocache=1766693056 HTTP/1.1" 200 28464 "-" "Mozilla/5.0 (Linux; Android 6.0.1; Nexus 5X Build/MMB29P) AppleWebKit/537.36 (KHTML, like Gecko) Chrome/146.0.7680.177 Mobile Safari/537.36 (compatible; Googlebot/2.1; +http://www.google.com/bot.html)"
66.249.70.39 - - [17/Apr/2026:00:30:40 +0330] "GET /page/504/?search=search_term_string&nocache=1766009513 HTTP/1.1" 200 29181 "-" "Mozilla/5.0 (Linux; Android 6.0.1; Nexus 5X Build/MMB29P) AppleWebKit/537.36 (KHTML, like Gecko) Chrome/146.0.7680.177 Mobile Safari/537.36 (compatible; Googlebot/2.1; +http://www.google.com/bot.html)"
23.98.142.177 - - [17/Apr/2026:00:30:40 +0330] "GET /page/505/?nocache=1774407260&search=search_term_string HTTP/2" 200 0 "-" "Mozilla/5.0 AppleWebKit/537.36 (KHTML, like Gecko); compatible; ChatGPT-User/1.0; +https://openai.com/bot"
66.249.70.39 - - [17/Apr/2026:00:30:51 +0330] "GET /page/5/?search=search_term_string&nocache=1766453491 HTTP/1.1" 200 27529 "-" "Mozilla/5.0 (Linux; Android 6.0.1; Nexus 5X Build/MMB29P) AppleWebKit/537.36 (KHTML, like Gecko) Chrome/146.0.7680.177 Mobile Safari/537.36 (compatible; Googlebot/2.1; +http://www.google.com/bot.html)"
66.249.70.34 - - [17/Apr/2026:00:30:53 +0330] "GET /page/510/?search=%D8%A8%DB%8C%D8%AA%D8%A7+%D8%B3%D8%AD%D8%B1%D8%AE%DB%8C%D8%B2&nocache=1766095148 HTTP/1.1" 200 28630 "-" "Mozilla/5.0 (Linux; Android 6.0.1; Nexus 5X Build/MMB29P) AppleWebKit/537.36 (KHTML, like Gecko) Chrome/146.0.7680.177 Mobile Safari/537.36 (compatible; Googlebot/2.1; +http://www.google.com/bot.html)"
66.249.70.39 - - [17/Apr/2026:00:31:04 +0330] "GET /page/10/?search=search_term_string&nocache=1765689021 HTTP/1.1" 200 27311 "-" "Mozilla/5.0 (Linux; Android 6.0.1; Nexus 5X Build/MMB29P) AppleWebKit/537.36 (KHTML, like Gecko) Chrome/146.0.7680.177 Mobile Safari/537.36 (compatible; Googlebot/2.1; +http://www.google.com/bot.html)"
66.249.70.33 - - [17/Apr/2026:00:31:08 +0330] "GET /page/8/?search=%D8%AA%DB%8C%D9%86%D8%A7+%D8%A2%D8%AE%D9%88%D9%86%D8%AF%D8%AA%D8%A8%D8%A7%D8%B1&nocache=1765803477 HTTP/1.1" 200 28025 "-" "Mozilla/5.0 (Linux; Android 6.0.1; Nexus 5X Build/MMB29P) AppleWebKit/537.36 (KHTML, like Gecko) Chrome/146.0.7680.177 Mobile Safari/537.36 (compatible; Googlebot/2.1; +http://www.google.com/bot.html)"
66.249.70.39 - - [17/Apr/2026:00:31:08 +0330] "GET /page/507/?search=search_term_string&nocache=1766557597 HTTP/1.1" 200 28180 "-" "Mozilla/5.0 (Linux; Android 6.0.1; Nexus 5X Build/MMB29P) AppleWebKit/537.36 (KHTML, like Gecko) Chrome/146.0.7680.177 Mobile Safari/537.36 (compatible; Googlebot/2.1; +http://www.google.com/bot.html)"
66.249.70.33 - - [17/Apr/2026:00:31:10 +0330] "GET /page/3/?search=search_term_string&nocache=1766093985 HTTP/1.1" 200 29988 "-" "Mozilla/5.0 (Linux; Android 6.0.1; Nexus 5X Build/MMB29P) AppleWebKit/537.36 (KHTML, like Gecko) Chrome/146.0.7680.177 Mobile Safari/537.36 (compatible; Googlebot/2.1; +http://www.google.com/bot.html)"
66.249.70.32 - - [17/Apr/2026:00:30:41 +0330] "GET /products/detail/101766664 HTTP/1.1" 200 28228 "-" "Mozilla/5.0 (Linux; Android 6.0.1; Nexus 5X Build/MMB29P) AppleWebKit/537.36 (KHTML, like Gecko) Chrome/146.0.7680.177 Mobile Safari/537.36 (compatible; GoogleOther)"
66.249.70.38 - - [17/Apr/2026:00:30:47 +0330] "GET /page/506/?search=%D8%A8%DB%8C%D8%AA%D8%A7+%D8%B3%D8%AD%D8%B1%D8%AE%DB%8C%D8%B2&nocache=1765562405 HTTP/1.1" 200 28564 "-" "Mozilla/5.0 (Linux; Android 6.0.1; Nexus 5X Build/MMB29P) AppleWebKit/537.36 (KHTML, like Gecko) Chrome/146.0.7680.177 Mobile Safari/537.36 (compatible; Googlebot/2.1; +http://www.google.com/bot.html)"
5.160.18.99 - - [17/Apr/2026:00:30:47 +0330] "POST /suitable-fabric-for-womens-pantsuits/?nocache=1776373125 HTTP/2" 200 4398 "https://rozbano.com/suitable-fabric-for-womens-pantsuits/" "Mozilla/5.0 (Linux; Android 10; K) AppleWebKit/537.36 (KHTML, like Gecko) Chrome/145.0.0.0 Mobile Safari/537.36"
193.105.234.89 - - [17/Apr/2026:00:30:47 +0330] "GET /products/detail/237706159 HTTP/1.1" 301 20 "https://www.rozbano.com/" "Mozilla/5.0 (Macintosh; Intel Mac OS X 12_6) AppleWebKit/605.1.15 (KHTML, like Gecko) Version/16.1 Safari/605.1.15"
66.249.70.38 - - [17/Apr/2026:00:30:48 +0330] "GET /page/9/?search=search_term_string&nocache=1766334318 HTTP/1.1" 200 27396 "-" "Mozilla/5.0 (Linux; Android 6.0.1; Nexus 5X Build/MMB29P) AppleWebKit/537.36 (KHTML, like Gecko) Chrome/146.0.7680.177 Mobile Safari/537.36 (compatible; Googlebot/2.1; +http://www.google.com/bot.html)"
5.160.18.99 - - [17/Apr/2026:00:30:50 +0330] "GET /the-most-effective-in-evening-dress-suit/ HTTP/2" 200 38053 "https://rozbano.com/suitable-fabric-for-womens-pantsuits/" "Mozilla/5.0 (Linux; Android 10; K) AppleWebKit/537.36 (KHTML, like Gecko) Chrome/145.0.0.0 Mobile Safari/537.36"
66.249.70.38 - - [17/Apr/2026:00:30:57 +0330] "GET /page/3/?search=search_term_string&nocache=1765971519 HTTP/1.1" 200 29604 "-" "Mozilla/5.0 (Linux; Android 6.0.1; Nexus 5X Build/MMB29P) AppleWebKit/537.36 (KHTML, like Gecko) Chrome/146.0.7680.177 Mobile Safari/537.36 (compatible; Googlebot/2.1; +http://www.google.com/bot.html)"
5.160.18.99 - - [17/Apr/2026:00:30:54 +0330] "GET /fancy-solid-sewing-tutorial-with-pattern/ HTTP/2" 200 36968 "https://rozbano.com/suitable-fabric-for-womens-pantsuits/" "Mozilla/5.0 (Linux; Android 10; K) AppleWebKit/537.36 (KHTML, like Gecko) Chrome/145.0.0.0 Mobile Safari/537.36"
66.249.70.32 - - [17/Apr/2026:00:31:01 +0330] "GET /?p=0148513635301 HTTP/1.1" 200 26702 "-" "Mozilla/5.0 (Linux; Android 6.0.1; Nexus 5X Build/MMB29P) AppleWebKit/537.36 (KHTML, like Gecko) Chrome/146.0.7680.177 Mobile Safari/537.36 (compatible; GoogleOther)"
66.249.70.34 - - [17/Apr/2026:00:31:02 +0330] "GET /sock-knitting/ HTTP/1.1" 200 30701 "-" "Mozilla/5.0 (Linux; Android 6.0.1; Nexus 5X Build/MMB29P) AppleWebKit/537.36 (KHTML, like Gecko) Chrome/146.0.7680.177 Mobile Safari/537.36 (compatible; Googlebot/2.1; +http://www.google.com/bot.html)"
66.249.70.34 - - [17/Apr/2026:00:31:02 +0330] "GET /page/5/?search=%D8%AA%DB%8C%D9%86%D8%A7%20%D8%A2%D8%AE%D9%88%D9%86%D8%AF%D8%AA%D8%A8%D8%A7%D8%B1&nocache=1766445037 HTTP/1.1" 200 29900 "-" "Mozilla/5.0 (Linux; Android 6.0.1; Nexus 5X Build/MMB29P) AppleWebKit/537.36 (KHTML, like Gecko) Chrome/146.0.7680.177 Mobile Safari/537.36 (compatible; Googlebot/2.1; +http://www.google.com/bot.html)"
5.160.18.99 - - [17/Apr/2026:00:30:59 +0330] "GET /tiramisu-recipe-original/ HTTP/2" 200 36410 "https://rozbano.com/suitable-fabric-for-womens-pantsuits/" "Mozilla/5.0 (Linux; Android 10; K) AppleWebKit/537.36 (KHTML, like Gecko) Chrome/145.0.0.0 Mobile Safari/537.36"
66.249.70.32 - - [17/Apr/2026:00:31:12 +0330] "GET /page/506/?search=search_term_string&nocache=1766712992 HTTP/1.1" 200 28737 "-" "Mozilla/5.0 (Linux; Android 6.0.1; Nexus 5X Build/MMB29P) AppleWebKit/537.36 (KHTML, like Gecko) Chrome/146.0.7680.177 Mobile Safari/537.36 (compatible; Googlebot/2.1; +http://www.google.com/bot.html)"
66.249.70.32 - - [17/Apr/2026:00:31:13 +0330] "GET /page/4/?search=%D9%84%DB%8C%D9%86%D8%AF%D8%A7%20%DA%A9%DB%8C%D8%A7%D9%86%DB%8C&nocache=1767379397 HTTP/1.1" 200 27329 "-" "Mozilla/5.0 (Linux; Android 6.0.1; Nexus 5X Build/MMB29P) AppleWebKit/537.36 (KHTML, like Gecko) Chrome/146.0.7680.177 Mobile Safari/537.36 (compatible; Googlebot/2.1; +http://www.google.com/bot.html)"
5.62.248.206 - - [17/Apr/2026:00:31:11 +0330] "GET /mandala-feeding-and-needling-tutorial/ HTTP/2" 200 34312 "https://zarebin.ir/" "Mozilla/5.0 (Linux; Android 11; SM-A307FN Build/RP1A.200720.012; wv) AppleWebKit/537.36 (KHTML, like Gecko) 4.0 Chrome/145.0.7632.80 Mobile Safari/537.36; bw4"
5.62.248.206 - - [17/Apr/2026:00:31:15 +0330] "GET /wp-content/uploads/elementor/css/post-53138.css?ver=1776365957 HTTP/2" 200 3019 "https://rozbano.com/mandala-feeding-and-needling-tutorial/" "Mozilla/5.0 (Linux; Android 11; SM-A307FN Build/RP1A.200720.012; wv) AppleWebKit/537.36 (KHTML, like Gecko) 4.0 Chrome/145.0.7632.80 Mobile Safari/537.36; bw4"
5.62.248.206 - - [17/Apr/2026:00:31:15 +0330] "GET /wp-content/uploads/elementor/css/post-53143.css?ver=1776365957 HTTP/2" 200 462 "https://rozbano.com/mandala-feeding-and-needling-tutorial/" "Mozilla/5.0 (Linux; Android 11; SM-A307FN Build/RP1A.200720.012; wv) AppleWebKit/537.36 (KHTML, like Gecko) 4.0 Chrome/145.0.7632.80 Mobile Safari/537.36; bw4"
5.62.248.206 - - [17/Apr/2026:00:31:15 +0330] "GET /wp-content/uploads/elementor/css/post-53145.css?ver=1776365957 HTTP/2" 200 1694 "https://rozbano.com/mandala-feeding-and-needling-tutorial/" "Mozilla/5.0 (Linux; Android 11; SM-A307FN Build/RP1A.200720.012; wv) AppleWebKit/537.36 (KHTML, like Gecko) 4.0 Chrome/145.0.7632.80 Mobile Safari/537.36; bw4"
5.62.248.206 - - [17/Apr/2026:00:31:15 +0330] "GET /wp-content/uploads/elementor/css/post-53177.css?ver=1776365957 HTTP/2" 200 440 "https://rozbano.com/mandala-feeding-and-needling-tutorial/" "Mozilla/5.0 (Linux; Android 11; SM-A307FN Build/RP1A.200720.012; wv) AppleWebKit/537.36 (KHTML, like Gecko) 4.0 Chrome/145.0.7632.80 Mobile Safari/537.36; bw4"
5.62.248.206 - - [17/Apr/2026:00:31:15 +0330] "GET /wp-content/uploads/elementor/css/post-53178.css?ver=1776365957 HTTP/2" 200 415 "https://rozbano.com/mandala-feeding-and-needling-tutorial/" "Mozilla/5.0 (Linux; Android 11; SM-A307FN Build/RP1A.200720.012; wv) AppleWebKit/537.36 (KHTML, like Gecko) 4.0 Chrome/145.0.7632.80 Mobile Safari/537.36; bw4"
5.62.248.206 - - [17/Apr/2026:00:31:15 +0330] "GET /wp-content/uploads/elementor/css/post-53316.css?ver=1776365957 HTTP/2" 200 418 "https://rozbano.com/mandala-feeding-and-needling-tutorial/" "Mozilla/5.0 (Linux; Android 11; SM-A307FN Build/RP1A.200720.012; wv) AppleWebKit/537.36 (KHTML, like Gecko) 4.0 Chrome/145.0.7632.80 Mobile Safari/537.36; bw4"
5.62.248.206 - - [17/Apr/2026:00:31:15 +0330] "GET /wp-content/uploads/elementor/css/post-53157.css?ver=1776365962 HTTP/2" 200 2256 "https://rozbano.com/mandala-feeding-and-needling-tutorial/" "Mozilla/5.0 (Linux; Android 11; SM-A307FN Build/RP1A.200720.012; wv) AppleWebKit/537.36 (KHTML, like Gecko) 4.0 Chrome/145.0.7632.80 Mobile Safari/537.36; bw4"
5.62.248.206 - - [17/Apr/2026:00:31:15 +0330] "GET /wp-content/uploads/elementor/css/post-53179.css?ver=1776365962 HTTP/2" 200 523 "https://rozbano.com/mandala-feeding-and-needling-tutorial/" "Mozilla/5.0 (Linux; Android 11; SM-A307FN Build/RP1A.200720.012; wv) AppleWebKit/537.36 (KHTML, like Gecko) 4.0 Chrome/145.0.7632.80 Mobile Safari/537.36; bw4"
5.62.248.206 - - [17/Apr/2026:00:31:15 +0330] "GET /wp-content/uploads/elementor/css/post-53149.css?ver=1776365962 HTTP/2" 200 1333 "https://rozbano.com/mandala-feeding-and-needling-tutorial/" "Mozilla/5.0 (Linux; Android 11; SM-A307FN Build/RP1A.200720.012; wv) AppleWebKit/537.36 (KHTML, like Gecko) 4.0 Chrome/145.0.7632.80 Mobile Safari/537.36; bw4"
5.62.248.206 - - [17/Apr/2026:00:31:15 +0330] "GET /wp-content/uploads/elementor/css/post-53181.css?ver=1776365963 HTTP/2" 200 413 "https://rozbano.com/mandala-feeding-and-needling-tutorial/" "Mozilla/5.0 (Linux; Android 11; SM-A307FN Build/RP1A.200720.012; wv) AppleWebKit/537.36 (KHTML, like Gecko) 4.0 Chrome/145.0.7632.80 Mobile Safari/537.36; bw4"
5.62.248.206 - - [17/Apr/2026:00:31:15 +0330] "GET /wp-content/uploads/elementor/css/post-53234.css?ver=1776365963 HTTP/2" 200 414 "https://rozbano.com/mandala-feeding-and-needling-tutorial/" "Mozilla/5.0 (Linux; Android 11; SM-A307FN Build/RP1A.200720.012; wv) AppleWebKit/537.36 (KHTML, like Gecko) 4.0 Chrome/145.0.7632.80 Mobile Safari/537.36; bw4"
5.62.248.206 - - [17/Apr/2026:00:31:15 +0330] "GET /wp-content/uploads/elementor/css/post-53180.css?ver=1776365963 HTTP/2" 200 636 "https://rozbano.com/mandala-feeding-and-needling-tutorial/" "Mozilla/5.0 (Linux; Android 11; SM-A307FN Build/RP1A.200720.012; wv) AppleWebKit/537.36 (KHTML, like Gecko) 4.0 Chrome/145.0.7632.80 Mobile Safari/537.36; bw4"
5.62.248.206 - - [17/Apr/2026:00:31:15 +0330] "GET /wp-content/uploads/2025/05/Mandala20feeding20and20needling20tutorial-01.webp HTTP/2" 200 19216 "https://rozbano.com/mandala-feeding-and-needling-tutorial/" "Mozilla/5.0 (Linux; Android 11; SM-A307FN Build/RP1A.200720.012; wv) AppleWebKit/537.36 (KHTML, like Gecko) 4.0 Chrome/145.0.7632.80 Mobile Safari/537.36; bw4"
5.62.248.206 - - [17/Apr/2026:00:31:15 +0330] "GET /wp-content/uploads/2025/05/Mandala20feeding20and20needling20tutorial.webp HTTP/2" 200 72630 "https://rozbano.com/mandala-feeding-and-needling-tutorial/" "Mozilla/5.0 (Linux; Android 11; SM-A307FN Build/RP1A.200720.012; wv) AppleWebKit/537.36 (KHTML, like Gecko) 4.0 Chrome/145.0.7632.80 Mobile Safari/537.36; bw4"
5.62.248.206 - - [17/Apr/2026:00:31:16 +0330] "GET /wp-content/uploads/2025/05/rozbano-131-9-96x150.jpg HTTP/2" 200 6862 "https://rozbano.com/mandala-feeding-and-needling-tutorial/" "Mozilla/5.0 (Linux; Android 11; SM-A307FN Build/RP1A.200720.012; wv) AppleWebKit/537.36 (KHTML, like Gecko) 4.0 Chrome/145.0.7632.80 Mobile Safari/537.36; bw4"
5.62.248.206 - - [17/Apr/2026:00:31:16 +0330] "GET /wp-content/uploads/2025/05/Felt20Doll20Little20Pigs-11-150x139.jpg HTTP/2" 200 5433 "https://rozbano.com/mandala-feeding-and-needling-tutorial/" "Mozilla/5.0 (Linux; Android 11; SM-A307FN Build/RP1A.200720.012; wv) AppleWebKit/537.36 (KHTML, like Gecko) 4.0 Chrome/145.0.7632.80 Mobile Safari/537.36; bw4"
5.62.248.206 - - [17/Apr/2026:00:31:16 +0330] "GET /wp-content/uploads/2025/05/Baby20serum20tissue20up20to20one20year-01-150x139.jpg HTTP/2" 200 4333 "https://rozbano.com/mandala-feeding-and-needling-tutorial/" "Mozilla/5.0 (Linux; Android 11; SM-A307FN Build/RP1A.200720.012; wv) AppleWebKit/537.36 (KHTML, like Gecko) 4.0 Chrome/145.0.7632.80 Mobile Safari/537.36; bw4"
5.62.248.206 - - [17/Apr/2026:00:31:16 +0330] "GET /wp-content/uploads/2016/05/teaching-women-breast-augmentation-sh-150x150.webp HTTP/2" 200 5364 "https://rozbano.com/mandala-feeding-and-needling-tutorial/" "Mozilla/5.0 (Linux; Android 11; SM-A307FN Build/RP1A.200720.012; wv) AppleWebKit/537.36 (KHTML, like Gecko) 4.0 Chrome/145.0.7632.80 Mobile Safari/537.36; bw4"
5.62.248.206 - - [17/Apr/2026:00:31:16 +0330] "GET /wp-content/uploads/2025/09/Crochet-plaid-womens-scarf-tutorial-01-150x150.webp HTTP/2" 200 2742 "https://rozbano.com/mandala-feeding-and-needling-tutorial/" "Mozilla/5.0 (Linux; Android 11; SM-A307FN Build/RP1A.200720.012; wv) AppleWebKit/537.36 (KHTML, like Gecko) 4.0 Chrome/145.0.7632.80 Mobile Safari/537.36; bw4"
