5.211.154.193 - - [17/Apr/2026:00:15:20 +0330] "GET /wp-content/uploads/2025/11/free-crochet-candy-bath-towel-tutorial-01.webp HTTP/2" 200 34422 "https://rozbano.com/crochet-lindsay-tank-top-tutorial/" "Mozilla/5.0 (Linux; Android 14; A063 Build/UP1A.231005.007; wv) AppleWebKit/537.36 (KHTML, like Gecko) 4.0 Chrome/145.0.7632.79 Mobile Safari/537.36; bw4"
5.211.154.193 - - [17/Apr/2026:00:15:21 +0330] "GET /wp-content/uploads/2025/10/tutorial-sew-versatile-organizer-with-little-fabric-01.webp HTTP/2" 200 64330 "https://rozbano.com/crochet-lindsay-tank-top-tutorial/" "Mozilla/5.0 (Linux; Android 14; A063 Build/UP1A.231005.007; wv) AppleWebKit/537.36 (KHTML, like Gecko) 4.0 Chrome/145.0.7632.79 Mobile Safari/537.36; bw4"
5.211.154.193 - - [17/Apr/2026:00:15:21 +0330] "GET /wp-content/plugins/elementor/assets/js/shared-frontend-handlers.4c8abccc3e268b0767b2.bundle.min.js HTTP/2" 200 2542 "https://rozbano.com/crochet-lindsay-tank-top-tutorial/" "Mozilla/5.0 (Linux; Android 14; A063 Build/UP1A.231005.007; wv) AppleWebKit/537.36 (KHTML, like Gecko) 4.0 Chrome/145.0.7632.79 Mobile Safari/537.36; bw4"
5.211.154.193 - - [17/Apr/2026:00:15:21 +0330] "GET /wp-includes/js/comment-reply.min.js?ver=6.9.4 HTTP/2" 200 1247 "https://rozbano.com/crochet-lindsay-tank-top-tutorial/" "Mozilla/5.0 (Linux; Android 14; A063 Build/UP1A.231005.007; wv) AppleWebKit/537.36 (KHTML, like Gecko) 4.0 Chrome/145.0.7632.79 Mobile Safari/537.36; bw4"
83.120.12.158 - - [17/Apr/2026:00:15:14 +0330] "GET /wp-content/uploads/2025/05/Making20Turtle20Felt20Dolls-03.jpg HTTP/2" 200 72429 "https://rozbano.com/making-turtle-felt-dolls/" "Mozilla/5.0 (Linux; Android 13; 23129RAA4G Build/TKQ1.221114.001; wv) AppleWebKit/537.36 (KHTML, like Gecko) 4.0 Chrome/145.0.7632.79 Mobile Safari/537.36; bw4"
83.120.12.158 - - [17/Apr/2026:00:15:14 +0330] "GET /wp-content/plugins/elementor/assets/lib/share-link/share-link.min.js?ver=3.32.3 HTTP/2" 200 1072 "https://rozbano.com/making-turtle-felt-dolls/" "Mozilla/5.0 (Linux; Android 13; 23129RAA4G Build/TKQ1.221114.001; wv) AppleWebKit/537.36 (KHTML, like Gecko) 4.0 Chrome/145.0.7632.79 Mobile Safari/537.36; bw4"
83.120.12.158 - - [17/Apr/2026:00:15:17 +0330] "GET /wp-content/uploads/2025/05/Making20Turtle20Felt20Dolls-09.jpg HTTP/2" 200 60651 "https://rozbano.com/making-turtle-felt-dolls/" "Mozilla/5.0 (Linux; Android 13; 23129RAA4G Build/TKQ1.221114.001; wv) AppleWebKit/537.36 (KHTML, like Gecko) 4.0 Chrome/145.0.7632.79 Mobile Safari/537.36; bw4"
83.120.12.158 - - [17/Apr/2026:00:15:19 +0330] "GET /wp-content/uploads/2025/05/Making20Turtle20Felt20Dolls-12.jpg HTTP/2" 200 68222 "https://rozbano.com/making-turtle-felt-dolls/" "Mozilla/5.0 (Linux; Android 13; 23129RAA4G Build/TKQ1.221114.001; wv) AppleWebKit/537.36 (KHTML, like Gecko) 4.0 Chrome/145.0.7632.79 Mobile Safari/537.36; bw4"
66.249.70.39 - - [17/Apr/2026:00:15:19 +0330] "GET /page/501/?nocache=1766828438 HTTP/1.1" 200 28269 "-" "Mozilla/5.0 (Linux; Android 6.0.1; Nexus 5X Build/MMB29P) AppleWebKit/537.36 (KHTML, like Gecko) Chrome/146.0.7680.177 Mobile Safari/537.36 (compatible; Googlebot/2.1; +http://www.google.com/bot.html)"
83.120.12.158 - - [17/Apr/2026:00:15:22 +0330] "GET /wp-content/uploads/2025/05/Making20Turtle20Felt20Dolls-17.jpg HTTP/2" 200 69355 "https://rozbano.com/making-turtle-felt-dolls/" "Mozilla/5.0 (Linux; Android 13; 23129RAA4G Build/TKQ1.221114.001; wv) AppleWebKit/537.36 (KHTML, like Gecko) 4.0 Chrome/145.0.7632.79 Mobile Safari/537.36; bw4"
83.120.12.158 - - [17/Apr/2026:00:15:23 +0330] "GET /wp-content/uploads/2025/05/Making20Turtle20Felt20Dolls-19.jpg HTTP/2" 200 75393 "https://rozbano.com/making-turtle-felt-dolls/" "Mozilla/5.0 (Linux; Android 13; 23129RAA4G Build/TKQ1.221114.001; wv) AppleWebKit/537.36 (KHTML, like Gecko) 4.0 Chrome/145.0.7632.79 Mobile Safari/537.36; bw4"
66.249.70.39 - - [17/Apr/2026:00:15:23 +0330] "GET /page/2/?search=search_term_string&nocache=1766742983 HTTP/1.1" 200 27629 "-" "Mozilla/5.0 (Linux; Android 6.0.1; Nexus 5X Build/MMB29P) AppleWebKit/537.36 (KHTML, like Gecko) Chrome/146.0.7680.177 Mobile Safari/537.36 (compatible; Googlebot/2.1; +http://www.google.com/bot.html)"
83.120.12.158 - - [17/Apr/2026:00:15:24 +0330] "GET /wp-content/uploads/2025/05/Making20Turtle20Felt20Dolls-20.jpg HTTP/2" 200 76365 "https://rozbano.com/making-turtle-felt-dolls/" "Mozilla/5.0 (Linux; Android 13; 23129RAA4G Build/TKQ1.221114.001; wv) AppleWebKit/537.36 (KHTML, like Gecko) 4.0 Chrome/145.0.7632.79 Mobile Safari/537.36; bw4"
66.249.70.39 - - [17/Apr/2026:00:15:26 +0330] "GET /page/504/?search=search_term_string&nocache=1766487845 HTTP/1.1" 200 28491 "-" "Mozilla/5.0 (Linux; Android 6.0.1; Nexus 5X Build/MMB29P) AppleWebKit/537.36 (KHTML, like Gecko) Chrome/146.0.7680.177 Mobile Safari/537.36 (compatible; Googlebot/2.1; +http://www.google.com/bot.html)"
83.120.12.158 - - [17/Apr/2026:00:15:27 +0330] "GET /wp-content/uploads/2025/05/Making20Turtle20Felt20Dolls-18.jpg HTTP/2" 200 71164 "-" "Dalvik/2.1.0 (Linux; U; Android 13; 23129RAA4G Build/TKQ1.221114.001)"
66.249.70.39 - - [17/Apr/2026:00:15:28 +0330] "GET /page/510/?search=%D8%AA%DB%8C%D9%86%D8%A7%20%D8%A2%D8%AE%D9%88%D9%86%D8%AF%D8%AA%D8%A8%D8%A7%D8%B1&nocache=1766428065 HTTP/1.1" 200 27533 "-" "Mozilla/5.0 (Linux; Android 6.0.1; Nexus 5X Build/MMB29P) AppleWebKit/537.36 (KHTML, like Gecko) Chrome/146.0.7680.177 Mobile Safari/537.36 (compatible; Googlebot/2.1; +http://www.google.com/bot.html)"
130.255.223.237 - - [17/Apr/2026:00:15:17 +0330] "GET /wp-content/uploads/2026/02/Free-tutorial-sewing-coat-with-lace-combination-04.webp HTTP/2" 200 26780 "https://rozbano.com/" "Mozilla/5.0 (Linux; Android 12; SM-A125F Build/SP1A.210812.016; wv) AppleWebKit/537.36 (KHTML, like Gecko) 4.0 Chrome/145.0.7632.79 Mobile Safari/537.36; bw4"
130.255.223.237 - - [17/Apr/2026:00:15:17 +0330] "GET /wp-content/uploads/2026/02/Free-tutorial-crochet-beautiful-flower.webp HTTP/2" 200 32450 "https://rozbano.com/" "Mozilla/5.0 (Linux; Android 12; SM-A125F Build/SP1A.210812.016; wv) AppleWebKit/537.36 (KHTML, like Gecko) 4.0 Chrome/145.0.7632.79 Mobile Safari/537.36; bw4"
130.255.223.237 - - [17/Apr/2026:00:15:17 +0330] "GET /wp-content/uploads/2026/02/Free-tutorial-sewing-new-baby-booties.webp HTTP/2" 200 22530 "https://rozbano.com/" "Mozilla/5.0 (Linux; Android 12; SM-A125F Build/SP1A.210812.016; wv) AppleWebKit/537.36 (KHTML, like Gecko) 4.0 Chrome/145.0.7632.79 Mobile Safari/537.36; bw4"
130.255.223.237 - - [17/Apr/2026:00:15:17 +0330] "GET /wp-content/uploads/2026/02/Beautiful-stylish-pattern-free-knitting-tutorial.webp HTTP/2" 200 30700 "https://rozbano.com/" "Mozilla/5.0 (Linux; Android 12; SM-A125F Build/SP1A.210812.016; wv) AppleWebKit/537.36 (KHTML, like Gecko) 4.0 Chrome/145.0.7632.79 Mobile Safari/537.36; bw4"
130.255.223.237 - - [17/Apr/2026:00:15:17 +0330] "GET /wp-content/uploads/2026/02/Two-Melt-Weaving-Pattern-Universal-Free-Tutorial.webp HTTP/2" 200 38586 "https://rozbano.com/" "Mozilla/5.0 (Linux; Android 12; SM-A125F Build/SP1A.210812.016; wv) AppleWebKit/537.36 (KHTML, like Gecko) 4.0 Chrome/145.0.7632.79 Mobile Safari/537.36; bw4"
66.249.70.39 - - [17/Apr/2026:00:15:17 +0330] "GET /page/506/?search=search_term_string&nocache=1766749663 HTTP/1.1" 200 33421 "-" "Mozilla/5.0 (Linux; Android 6.0.1; Nexus 5X Build/MMB29P) AppleWebKit/537.36 (KHTML, like Gecko) Chrome/146.0.7680.177 Mobile Safari/537.36 (compatible; Googlebot/2.1; +http://www.google.com/bot.html)"
66.249.70.39 - - [17/Apr/2026:00:15:18 +0330] "GET /page/506/?search=search_term_string&nocache=1766293551 HTTP/1.1" 200 28209 "-" "Mozilla/5.0 (Linux; Android 6.0.1; Nexus 5X Build/MMB29P) AppleWebKit/537.36 (KHTML, like Gecko) Chrome/146.0.7680.177 Mobile Safari/537.36 (compatible; Googlebot/2.1; +http://www.google.com/bot.html)"
130.255.223.237 - - [17/Apr/2026:00:15:20 +0330] "GET /wp-content/plugins/elementor-pro/assets/js/load-more.8b46f464e573feab5dd7.bundle.min.js HTTP/2" 200 1484 "https://rozbano.com/" "Mozilla/5.0 (Linux; Android 12; SM-A125F Build/SP1A.210812.016; wv) AppleWebKit/537.36 (KHTML, like Gecko) 4.0 Chrome/145.0.7632.79 Mobile Safari/537.36; bw4"
130.255.223.237 - - [17/Apr/2026:00:15:20 +0330] "GET /wp-content/plugins/elementor-pro/assets/js/ajax-pagination.2090b5f4906bcda1dcc2.bundle.min.js HTTP/2" 200 1093 "https://rozbano.com/" "Mozilla/5.0 (Linux; Android 12; SM-A125F Build/SP1A.210812.016; wv) AppleWebKit/537.36 (KHTML, like Gecko) 4.0 Chrome/145.0.7632.79 Mobile Safari/537.36; bw4"
130.255.223.237 - - [17/Apr/2026:00:15:20 +0330] "GET /wp-content/plugins/elementor-pro/assets/js/loop.4a16d82b8b5e3e00f25e.bundle.min.js HTTP/2" 200 3136 "https://rozbano.com/" "Mozilla/5.0 (Linux; Android 12; SM-A125F Build/SP1A.210812.016; wv) AppleWebKit/537.36 (KHTML, like Gecko) 4.0 Chrome/145.0.7632.79 Mobile Safari/537.36; bw4"
130.255.223.237 - - [17/Apr/2026:00:15:22 +0330] "GET /tiramisu-recipe-original/ HTTP/2" 200 36445 "https://rozbano.com/" "Mozilla/5.0 (Linux; Android 12; SM-A125F Build/SP1A.210812.016; wv) AppleWebKit/537.36 (KHTML, like Gecko) Version/4.0 Chrome/145.0.7632.79 Mobile Safari/537.36"
17.22.253.208 - - [17/Apr/2026:00:15:28 +0330] "POST /archive/1395/10/?nocache=1776372126 HTTP/1.1" 200 4366 "https://rozbano.com/archive/1395/10" "Mozilla/5.0 (Macintosh; Intel Mac OS X 10_15_7) AppleWebKit/605.1.15 (KHTML, like Gecko) Version/17.4 Safari/605.1.15 (Applebot/0.1; +http://www.apple.com/go/applebot)"
5.211.154.193 - - [17/Apr/2026:00:15:21 +0330] "GET /wp-content/plugins/elementor-pro/assets/js/share-buttons.63d984f8c96d1e053bc0.bundle.min.js HTTP/2" 200 690 "https://rozbano.com/crochet-lindsay-tank-top-tutorial/" "Mozilla/5.0 (Linux; Android 14; A063 Build/UP1A.231005.007; wv) AppleWebKit/537.36 (KHTML, like Gecko) 4.0 Chrome/145.0.7632.79 Mobile Safari/537.36; bw4"
5.211.154.193 - - [17/Apr/2026:00:15:21 +0330] "GET /wp-content/plugins/elementor-pro/assets/js/nav-menu.0edc0c22e9f3101552ed.bundle.min.js HTTP/2" 200 1758 "https://rozbano.com/crochet-lindsay-tank-top-tutorial/" "Mozilla/5.0 (Linux; Android 14; A063 Build/UP1A.231005.007; wv) AppleWebKit/537.36 (KHTML, like Gecko) 4.0 Chrome/145.0.7632.79 Mobile Safari/537.36; bw4"
5.211.154.193 - - [17/Apr/2026:00:15:21 +0330] "GET /wp-includes/js/wp-emoji-release.min.js?ver=6.9.4 HTTP/2" 200 4949 "https://rozbano.com/crochet-lindsay-tank-top-tutorial/" "Mozilla/5.0 (Linux; Android 14; A063 Build/UP1A.231005.007; wv) AppleWebKit/537.36 (KHTML, like Gecko) 4.0 Chrome/145.0.7632.79 Mobile Safari/537.36; bw4"
5.211.154.193 - - [17/Apr/2026:00:15:21 +0330] "GET /wp-content/plugins/elementor/assets/lib/share-link/share-link.min.js?ver=3.32.3 HTTP/2" 200 1072 "https://rozbano.com/crochet-lindsay-tank-top-tutorial/" "Mozilla/5.0 (Linux; Android 14; A063 Build/UP1A.231005.007; wv) AppleWebKit/537.36 (KHTML, like Gecko) 4.0 Chrome/145.0.7632.79 Mobile Safari/537.36; bw4"
83.120.186.64 - - [17/Apr/2026:00:15:21 +0330] "GET /peacock-wing-pattern-texture.html HTTP/2" 301 20 "android-app://com.pinterest/" "Mozilla/5.0 (Linux; Android 10; K) AppleWebKit/537.36 (KHTML, like Gecko) Chrome/138.0.0.0 Mobile Safari/537.36"
83.120.186.64 - - [17/Apr/2026:00:15:23 +0330] "GET /peacock-wing-pattern-texture/ HTTP/2" 200 0 "android-app://com.pinterest/" "Mozilla/5.0 (Linux; Android 10; K) AppleWebKit/537.36 (KHTML, like Gecko) Chrome/138.0.0.0 Mobile Safari/537.36"
83.120.186.64 - - [17/Apr/2026:00:15:26 +0330] "GET /peacock-wing-pattern-texture.html HTTP/2" 301 20 "android-app://com.pinterest/" "Mozilla/5.0 (Linux; Android 10; K) AppleWebKit/537.36 (KHTML, like Gecko) Chrome/138.0.0.0 Mobile Safari/537.36"
83.120.186.64 - - [17/Apr/2026:00:15:28 +0330] "GET /peacock-wing-pattern-texture/ HTTP/2" 200 33040 "android-app://com.pinterest/" "Mozilla/5.0 (Linux; Android 10; K) AppleWebKit/537.36 (KHTML, like Gecko) Chrome/138.0.0.0 Mobile Safari/537.36"
202.46.62.66 - - [17/Apr/2026:00:15:32 +0330] "GET /wp-json/wp/v2/tags/49349 HTTP/1.1" 200 371 "-" "Mozilla/5.0 (Windows NT 10.0; Win64; x64) AppleWebKit/537.36 (KHTML, like Gecko) Chrome/133.0.6943.141 Safari/537.36"
83.120.186.64 - - [17/Apr/2026:00:15:35 +0330] "GET /wp-content/uploads/2025/05/rozbano-19-15-150x150.jpg HTTP/2" 200 7658 "https://rozbano.com/peacock-wing-pattern-texture/" "Mozilla/5.0 (Linux; Android 10; K) AppleWebKit/537.36 (KHTML, like Gecko) Chrome/138.0.0.0 Mobile Safari/537.36"
83.120.186.64 - - [17/Apr/2026:00:15:35 +0330] "GET /wp-content/uploads/2025/05/knitting20Rhombus20pattern20tutorial-01-150x139.jpg HTTP/2" 200 7349 "https://rozbano.com/peacock-wing-pattern-texture/" "Mozilla/5.0 (Linux; Android 10; K) AppleWebKit/537.36 (KHTML, like Gecko) Chrome/138.0.0.0 Mobile Safari/537.36"
83.120.186.64 - - [17/Apr/2026:00:15:35 +0330] "GET /wp-content/uploads/2025/05/rozbano-686-9-150x139.jpg HTTP/2" 200 14033 "https://rozbano.com/peacock-wing-pattern-texture/" "Mozilla/5.0 (Linux; Android 10; K) AppleWebKit/537.36 (KHTML, like Gecko) Chrome/138.0.0.0 Mobile Safari/537.36"
83.120.186.64 - - [17/Apr/2026:00:15:35 +0330] "GET /wp-content/uploads/2025/05/rozbano-98-1-1-150x139.jpg HTTP/2" 200 7657 "https://rozbano.com/peacock-wing-pattern-texture/" "Mozilla/5.0 (Linux; Android 10; K) AppleWebKit/537.36 (KHTML, like Gecko) Chrome/138.0.0.0 Mobile Safari/537.36"
83.123.225.70 - - [17/Apr/2026:00:15:18 +0330] "GET /wp-content/uploads/2025/12/IRANSansXFaNum-Regular.woff2 HTTP/2" 200 27012 "https://rozbano.com/wp-content/uploads/elementor/css/post-53138.css?ver=1776365957" "Mozilla/5.0 (Linux; Android 11; SM-A207F Build/RP1A.200720.012; wv) AppleWebKit/537.36 (KHTML, like Gecko) 4.0 Chrome/144.0.7559.132 Mobile Safari/537.36; bw4"
83.123.225.70 - - [17/Apr/2026:00:15:19 +0330] "GET /wp-content/uploads/2025/12/IRANSansXFaNum-Bold.woff2 HTTP/2" 200 28036 "https://rozbano.com/wp-content/uploads/elementor/css/post-53138.css?ver=1776365957" "Mozilla/5.0 (Linux; Android 11; SM-A207F Build/RP1A.200720.012; wv) AppleWebKit/537.36 (KHTML, like Gecko) 4.0 Chrome/144.0.7559.132 Mobile Safari/537.36; bw4"
83.123.225.70 - - [17/Apr/2026:00:15:19 +0330] "GET /wp-content/uploads/2025/12/IRANSansXFaNum-Black.woff2 HTTP/2" 200 26796 "https://rozbano.com/wp-content/uploads/elementor/css/post-53138.css?ver=1776365957" "Mozilla/5.0 (Linux; Android 11; SM-A207F Build/RP1A.200720.012; wv) AppleWebKit/537.36 (KHTML, like Gecko) 4.0 Chrome/144.0.7559.132 Mobile Safari/537.36; bw4"
83.123.225.70 - - [17/Apr/2026:00:15:20 +0330] "GET /wp-content/plugins/elementor/assets/js/shared-frontend-handlers.4c8abccc3e268b0767b2.bundle.min.js HTTP/2" 200 2542 "https://rozbano.com/free-sunflower-keychain-knitting-tutorial/" "Mozilla/5.0 (Linux; Android 11; SM-A207F Build/RP1A.200720.012; wv) AppleWebKit/537.36 (KHTML, like Gecko) 4.0 Chrome/144.0.7559.132 Mobile Safari/537.36; bw4"
83.123.225.70 - - [17/Apr/2026:00:15:20 +0330] "GET /wp-content/plugins/elementor-pro/assets/js/share-buttons.63d984f8c96d1e053bc0.bundle.min.js HTTP/2" 200 690 "https://rozbano.com/free-sunflower-keychain-knitting-tutorial/" "Mozilla/5.0 (Linux; Android 11; SM-A207F Build/RP1A.200720.012; wv) AppleWebKit/537.36 (KHTML, like Gecko) 4.0 Chrome/144.0.7559.132 Mobile Safari/537.36; bw4"
83.123.225.70 - - [17/Apr/2026:00:15:20 +0330] "GET /wp-content/plugins/elementor-pro/assets/js/nav-menu.0edc0c22e9f3101552ed.bundle.min.js HTTP/2" 200 1758 "https://rozbano.com/free-sunflower-keychain-knitting-tutorial/" "Mozilla/5.0 (Linux; Android 11; SM-A207F Build/RP1A.200720.012; wv) AppleWebKit/537.36 (KHTML, like Gecko) 4.0 Chrome/144.0.7559.132 Mobile Safari/537.36; bw4"
83.123.225.70 - - [17/Apr/2026:00:15:21 +0330] "GET /wp-content/plugins/elementor/assets/lib/share-link/share-link.min.js?ver=3.32.3 HTTP/2" 200 1072 "https://rozbano.com/free-sunflower-keychain-knitting-tutorial/" "Mozilla/5.0 (Linux; Android 11; SM-A207F Build/RP1A.200720.012; wv) AppleWebKit/537.36 (KHTML, like Gecko) 4.0 Chrome/144.0.7559.132 Mobile Safari/537.36; bw4"
83.123.225.70 - - [17/Apr/2026:00:15:21 +0330] "GET /wp-includes/js/wp-emoji-release.min.js?ver=6.9.4 HTTP/2" 200 4949 "https://rozbano.com/free-sunflower-keychain-knitting-tutorial/" "Mozilla/5.0 (Linux; Android 11; SM-A207F Build/RP1A.200720.012; wv) AppleWebKit/537.36 (KHTML, like Gecko) 4.0 Chrome/144.0.7559.132 Mobile Safari/537.36; bw4"
66.249.70.32 - - [17/Apr/2026:00:15:22 +0330] "GET /page/4/?search=search_term_string&nocache=1766723179 HTTP/1.1" 200 28298 "-" "Mozilla/5.0 (Linux; Android 6.0.1; Nexus 5X Build/MMB29P) AppleWebKit/537.36 (KHTML, like Gecko) Chrome/146.0.7680.177 Mobile Safari/537.36 (compatible; Googlebot/2.1; +http://www.google.com/bot.html)"
17.22.253.253 - - [17/Apr/2026:00:15:24 +0330] "GET /wp-content/uploads/elementor/css/post-53304.css?ver=1776365957 HTTP/1.1" 200 326 "https://rozbano.com/archive/1395/10" "Mozilla/5.0 (Macintosh; Intel Mac OS X 10_15_7) AppleWebKit/605.1.15 (KHTML, like Gecko) Version/17.4 Safari/605.1.15 (Applebot/0.1; +http://www.apple.com/go/applebot)"
66.249.70.32 - - [17/Apr/2026:00:15:24 +0330] "GET /page/509/?search=search_term_string&nocache=1766080383 HTTP/1.1" 200 28835 "-" "Mozilla/5.0 (Linux; Android 6.0.1; Nexus 5X Build/MMB29P) AppleWebKit/537.36 (KHTML, like Gecko) Chrome/146.0.7680.177 Mobile Safari/537.36 (compatible; Googlebot/2.1; +http://www.google.com/bot.html)"
66.249.70.38 - - [17/Apr/2026:00:15:29 +0330] "GET /page/6/?search=search_term_string&nocache=1766093149 HTTP/1.1" 200 30429 "-" "Mozilla/5.0 (Linux; Android 6.0.1; Nexus 5X Build/MMB29P) AppleWebKit/537.36 (KHTML, like Gecko) Chrome/146.0.7680.177 Mobile Safari/537.36 (compatible; Googlebot/2.1; +http://www.google.com/bot.html)"
83.120.12.158 - - [17/Apr/2026:00:15:31 +0330] "GET /wp-content/uploads/2025/05/Making20Turtle20Felt20Dolls-31.jpg HTTP/2" 200 81170 "https://rozbano.com/making-turtle-felt-dolls/" "Mozilla/5.0 (Linux; Android 13; 23129RAA4G Build/TKQ1.221114.001; wv) AppleWebKit/537.36 (KHTML, like Gecko) 4.0 Chrome/145.0.7632.79 Mobile Safari/537.36; bw4"
17.22.245.251 - - [17/Apr/2026:00:15:29 +0330] "POST /archive/1395/10/?nocache=1776372126 HTTP/1.1" 200 4393 "https://rozbano.com/archive/1395/10" "Mozilla/5.0 (Macintosh; Intel Mac OS X 10_15_7) AppleWebKit/605.1.15 (KHTML, like Gecko) Version/17.4 Safari/605.1.15 (Applebot/0.1; +http://www.apple.com/go/applebot)"
83.120.12.158 - - [17/Apr/2026:00:15:31 +0330] "GET /wp-content/uploads/2025/05/Making20Turtle20Felt20Dolls-32.jpg HTTP/2" 200 78282 "https://rozbano.com/making-turtle-felt-dolls/" "Mozilla/5.0 (Linux; Android 13; 23129RAA4G Build/TKQ1.221114.001; wv) AppleWebKit/537.36 (KHTML, like Gecko) 4.0 Chrome/145.0.7632.79 Mobile Safari/537.36; bw4"
66.249.70.32 - - [17/Apr/2026:00:15:31 +0330] "GET /page/506/?search=search_term_string&nocache=1765879345 HTTP/1.1" 200 29475 "-" "Mozilla/5.0 (Linux; Android 6.0.1; Nexus 5X Build/MMB29P) AppleWebKit/537.36 (KHTML, like Gecko) Chrome/146.0.7680.177 Mobile Safari/537.36 (compatible; Googlebot/2.1; +http://www.google.com/bot.html)"
66.249.70.38 - - [17/Apr/2026:00:15:33 +0330] "GET /page/8/?search=search_term_string&nocache=1765836763 HTTP/1.1" 200 29634 "-" "Mozilla/5.0 (Linux; Android 6.0.1; Nexus 5X Build/MMB29P) AppleWebKit/537.36 (KHTML, like Gecko) Chrome/146.0.7680.177 Mobile Safari/537.36 (compatible; Googlebot/2.1; +http://www.google.com/bot.html)"
66.249.70.38 - - [17/Apr/2026:00:15:37 +0330] "GET /page/506/?search=%D8%AA%DB%8C%D9%86%D8%A7+%D8%A2%D8%AE%D9%88%D9%86%D8%AF%D8%AA%D8%A8%D8%A7%D8%B1&nocache=1765948203 HTTP/1.1" 200 28009 "-" "Mozilla/5.0 (Linux; Android 6.0.1; Nexus 5X Build/MMB29P) AppleWebKit/537.36 (KHTML, like Gecko) Chrome/146.0.7680.177 Mobile Safari/537.36 (compatible; Googlebot/2.1; +http://www.google.com/bot.html)"
83.120.12.158 - - [17/Apr/2026:00:15:39 +0330] "GET /wp-content/uploads/2025/06/cropped-Rozbano-Nima-fav-ico-192x192.webp HTTP/2" 200 6374 "https://rozbano.com/making-turtle-felt-dolls/" "Mozilla/5.0 (Linux; Android 13; 23129RAA4G Build/TKQ1.221114.001; wv) AppleWebKit/537.36 (KHTML, like Gecko) 4.0 Chrome/145.0.7632.79 Mobile Safari/537.36; bw4"
83.120.12.158 - - [17/Apr/2026:00:15:39 +0330] "GET /wp-content/uploads/2025/06/cropped-Rozbano-Nima-fav-ico-32x32.webp HTTP/2" 200 904 "https://rozbano.com/making-turtle-felt-dolls/" "Mozilla/5.0 (Linux; Android 13; 23129RAA4G Build/TKQ1.221114.001; wv) AppleWebKit/537.36 (KHTML, like Gecko) 4.0 Chrome/145.0.7632.79 Mobile Safari/537.36; bw4"
83.120.12.158 - - [17/Apr/2026:00:15:40 +0330] "GET /wp-content/uploads/2025/05/Making20Turtle20Felt20Dolls-40-1.jpg HTTP/2" 200 150160 "https://rozbano.com/making-turtle-felt-dolls/" "Mozilla/5.0 (Linux; Android 13; 23129RAA4G Build/TKQ1.221114.001; wv) AppleWebKit/537.36 (KHTML, like Gecko) 4.0 Chrome/145.0.7632.79 Mobile Safari/537.36; bw4"
66.249.70.38 - - [17/Apr/2026:00:15:41 +0330] "GET /page/505/?search=search_term_string&nocache=1766487845 HTTP/1.1" 200 27165 "-" "Mozilla/5.0 (Linux; Android 6.0.1; Nexus 5X Build/MMB29P) AppleWebKit/537.36 (KHTML, like Gecko) Chrome/146.0.7680.177 Mobile Safari/537.36 (compatible; Googlebot/2.1; +http://www.google.com/bot.html)"
83.120.12.158 - - [17/Apr/2026:00:15:43 +0330] "GET /wp-content/uploads/2025/05/Making20Turtle20Felt20Dolls-41.jpg HTTP/2" 200 114839 "https://rozbano.com/making-turtle-felt-dolls/" "Mozilla/5.0 (Linux; Android 13; 23129RAA4G Build/TKQ1.221114.001; wv) AppleWebKit/537.36 (KHTML, like Gecko) 4.0 Chrome/145.0.7632.79 Mobile Safari/537.36; bw4"
66.249.70.38 - - [17/Apr/2026:00:15:45 +0330] "GET /examples-of-the-latest-furniture-classic-comfort/?nocache=1774519806 HTTP/1.1" 200 27979 "-" "Mozilla/5.0 (Linux; Android 6.0.1; Nexus 5X Build/MMB29P) AppleWebKit/537.36 (KHTML, like Gecko) Chrome/146.0.7680.177 Mobile Safari/537.36 (compatible; Googlebot/2.1; +http://www.google.com/bot.html)"
66.249.70.38 - - [17/Apr/2026:00:15:47 +0330] "GET /page/506/?search=search_term_string&nocache=1766093149 HTTP/1.1" 200 27737 "-" "Mozilla/5.0 (Linux; Android 6.0.1; Nexus 5X Build/MMB29P) AppleWebKit/537.36 (KHTML, like Gecko) Chrome/146.0.7680.177 Mobile Safari/537.36 (compatible; Googlebot/2.1; +http://www.google.com/bot.html)"
62.60.201.135 - - [17/Apr/2026:00:16:04 +0330] "POST /wp-cron.php?doing_wp_cron=1776372364.4499599933624267578125 HTTP/1.1" 200 20 "-" "WordPress/6.9.4; https://rozbano.com"
66.249.70.38 - - [17/Apr/2026:00:16:04 +0330] "GET /page/506/?search=search_term_string&nocache=1766487845 HTTP/1.1" 200 31009 "-" "Mozilla/5.0 (Linux; Android 6.0.1; Nexus 5X Build/MMB29P) AppleWebKit/537.36 (KHTML, like Gecko) Chrome/146.0.7680.177 Mobile Safari/537.36 (compatible; Googlebot/2.1; +http://www.google.com/bot.html)"
83.120.12.158 - - [17/Apr/2026:00:16:03 +0330] "POST /making-turtle-felt-dolls/?nocache=1776372302 HTTP/2" 200 4909 "https://rozbano.com/making-turtle-felt-dolls/" "Mozilla/5.0 (Linux; Android 13; 23129RAA4G Build/TKQ1.221114.001; wv) AppleWebKit/537.36 (KHTML, like Gecko) 4.0 Chrome/145.0.7632.79 Mobile Safari/537.36; bw4"
83.120.12.158 - - [17/Apr/2026:00:16:06 +0330] "GET /wp-content/uploads/2026/04/crochet-flower-scrubber-tutorial-02.webp HTTP/2" 200 21788 "https://rozbano.com/making-turtle-felt-dolls/" "Mozilla/5.0 (Linux; Android 13; 23129RAA4G Build/TKQ1.221114.001; wv) AppleWebKit/537.36 (KHTML, like Gecko) 4.0 Chrome/145.0.7632.79 Mobile Safari/537.36; bw4"
83.120.12.158 - - [17/Apr/2026:00:16:06 +0330] "GET /wp-content/uploads/2026/04/tie-hat-knitting-tutorial-03.webp HTTP/2" 200 9874 "https://rozbano.com/making-turtle-felt-dolls/" "Mozilla/5.0 (Linux; Android 13; 23129RAA4G Build/TKQ1.221114.001; wv) AppleWebKit/537.36 (KHTML, like Gecko) 4.0 Chrome/145.0.7632.79 Mobile Safari/537.36; bw4"
83.120.12.158 - - [17/Apr/2026:00:16:06 +0330] "GET /wp-content/uploads/2026/04/crochet-flower-scrubby-tutorial.webp HTTP/2" 200 25296 "https://rozbano.com/making-turtle-felt-dolls/" "Mozilla/5.0 (Linux; Android 13; 23129RAA4G Build/TKQ1.221114.001; wv) AppleWebKit/537.36 (KHTML, like Gecko) 4.0 Chrome/145.0.7632.79 Mobile Safari/537.36; bw4"
83.120.12.158 - - [17/Apr/2026:00:16:06 +0330] "GET /wp-content/uploads/2026/03/steering-wheel-cover-crochet-tutorial-01.webp HTTP/2" 200 29978 "https://rozbano.com/making-turtle-felt-dolls/" "Mozilla/5.0 (Linux; Android 13; 23129RAA4G Build/TKQ1.221114.001; wv) AppleWebKit/537.36 (KHTML, like Gecko) 4.0 Chrome/145.0.7632.79 Mobile Safari/537.36; bw4"
83.120.12.158 - - [17/Apr/2026:00:16:06 +0330] "GET /wp-content/uploads/2026/02/Free-size-sewing-blowing-tutorial-at-home-02.webp HTTP/2" 200 28700 "https://rozbano.com/making-turtle-felt-dolls/" "Mozilla/5.0 (Linux; Android 13; 23129RAA4G Build/TKQ1.221114.001; wv) AppleWebKit/537.36 (KHTML, like Gecko) 4.0 Chrome/145.0.7632.79 Mobile Safari/537.36; bw4"
83.120.12.158 - - [17/Apr/2026:00:16:06 +0330] "GET /wp-content/uploads/2026/02/Free-tutorial-crochet-triple-crochet-pattern.webp HTTP/2" 200 53318 "https://rozbano.com/making-turtle-felt-dolls/" "Mozilla/5.0 (Linux; Android 13; 23129RAA4G Build/TKQ1.221114.001; wv) AppleWebKit/537.36 (KHTML, like Gecko) 4.0 Chrome/145.0.7632.79 Mobile Safari/537.36; bw4"
83.120.186.64 - - [17/Apr/2026:00:15:35 +0330] "GET /wp-content/uploads/2025/05/crochet20Texture20model20tutorial-02-150x139.webp HTTP/2" 200 6486 "https://rozbano.com/peacock-wing-pattern-texture/" "Mozilla/5.0 (Linux; Android 10; K) AppleWebKit/537.36 (KHTML, like Gecko) Chrome/138.0.0.0 Mobile Safari/537.36"
83.120.186.64 - - [17/Apr/2026:00:15:35 +0330] "GET /wp-content/uploads/2025/05/Weave-sweatshirts-01-compressor-150x139.jpg HTTP/2" 200 6263 "https://rozbano.com/peacock-wing-pattern-texture/" "Mozilla/5.0 (Linux; Android 10; K) AppleWebKit/537.36 (KHTML, like Gecko) Chrome/138.0.0.0 Mobile Safari/537.36"
17.22.237.86 - - [17/Apr/2026:00:15:40 +0330] "POST /archive/1395/10/?nocache=1776372126 HTTP/1.1" 200 4409 "https://rozbano.com/archive/1395/10" "Mozilla/5.0 (Macintosh; Intel Mac OS X 10_15_7) AppleWebKit/605.1.15 (KHTML, like Gecko) Version/17.4 Safari/605.1.15 (Applebot/0.1; +http://www.apple.com/go/applebot)"
66.249.70.33 - - [17/Apr/2026:00:15:46 +0330] "GET /page/3/?search=search_term_string&nocache=1765836733 HTTP/1.1" 200 30362 "-" "Mozilla/5.0 (Linux; Android 6.0.1; Nexus 5X Build/MMB29P) AppleWebKit/537.36 (KHTML, like Gecko) Chrome/146.0.7680.177 Mobile Safari/537.36 (compatible; Googlebot/2.1; +http://www.google.com/bot.html)"
66.249.70.33 - - [17/Apr/2026:00:15:48 +0330] "GET /page/505/?search=search_term_string&nocache=1766559851 HTTP/1.1" 200 28079 "-" "Mozilla/5.0 (Linux; Android 6.0.1; Nexus 5X Build/MMB29P) AppleWebKit/537.36 (KHTML, like Gecko) Chrome/146.0.7680.177 Mobile Safari/537.36 (compatible; Googlebot/2.1; +http://www.google.com/bot.html)"
66.249.70.33 - - [17/Apr/2026:00:15:50 +0330] "GET /page/501/?search=search_term_string&nocache=1766559851 HTTP/1.1" 200 27838 "-" "Mozilla/5.0 (Linux; Android 6.0.1; Nexus 5X Build/MMB29P) AppleWebKit/537.36 (KHTML, like Gecko) Chrome/146.0.7680.177 Mobile Safari/537.36 (compatible; Googlebot/2.1; +http://www.google.com/bot.html)"
66.249.70.34 - - [17/Apr/2026:00:15:52 +0330] "GET /page/503/?search=search_term_string&nocache=1766070799 HTTP/1.1" 200 27619 "-" "Mozilla/5.0 (Linux; Android 6.0.1; Nexus 5X Build/MMB29P) AppleWebKit/537.36 (KHTML, like Gecko) Chrome/146.0.7680.177 Mobile Safari/537.36 (compatible; Googlebot/2.1; +http://www.google.com/bot.html)"
83.120.186.64 - - [17/Apr/2026:00:15:58 +0330] "GET /peacock-wing-pattern-texture.html HTTP/2" 301 20 "android-app://com.pinterest/" "Mozilla/5.0 (Linux; Android 10; K) AppleWebKit/537.36 (KHTML, like Gecko) Chrome/138.0.0.0 Mobile Safari/537.36"
83.120.186.64 - - [17/Apr/2026:00:16:00 +0330] "GET /peacock-wing-pattern-texture/ HTTP/2" 200 33114 "android-app://com.pinterest/" "Mozilla/5.0 (Linux; Android 10; K) AppleWebKit/537.36 (KHTML, like Gecko) Chrome/138.0.0.0 Mobile Safari/537.36"
83.120.186.64 - - [17/Apr/2026:00:16:07 +0330] "GET /wp-content/uploads/2025/05/rozbano-743-1-150x139.jpg HTTP/2" 200 7773 "https://rozbano.com/peacock-wing-pattern-texture/" "Mozilla/5.0 (Linux; Android 10; K) AppleWebKit/537.36 (KHTML, like Gecko) Chrome/138.0.0.0 Mobile Safari/537.36"
83.120.186.64 - - [17/Apr/2026:00:16:07 +0330] "GET /wp-content/uploads/2025/05/rozbano-453-8-1-150x150.jpg HTTP/2" 200 5661 "https://rozbano.com/peacock-wing-pattern-texture/" "Mozilla/5.0 (Linux; Android 10; K) AppleWebKit/537.36 (KHTML, like Gecko) Chrome/138.0.0.0 Mobile Safari/537.36"
83.120.186.64 - - [17/Apr/2026:00:16:07 +0330] "GET /wp-content/uploads/2025/05/rozbano-239-4-3-100x150.jpg HTTP/2" 200 3710 "https://rozbano.com/peacock-wing-pattern-texture/" "Mozilla/5.0 (Linux; Android 10; K) AppleWebKit/537.36 (KHTML, like Gecko) Chrome/138.0.0.0 Mobile Safari/537.36"
83.120.186.64 - - [17/Apr/2026:00:16:07 +0330] "GET /wp-content/uploads/2025/05/rozbano-616-30-150x139.jpg HTTP/2" 200 17613 "https://rozbano.com/peacock-wing-pattern-texture/" "Mozilla/5.0 (Linux; Android 10; K) AppleWebKit/537.36 (KHTML, like Gecko) Chrome/138.0.0.0 Mobile Safari/537.36"
130.255.223.237 - - [17/Apr/2026:00:15:31 +0330] "GET /wp-content/uploads/2025/06/cropped-Rozbano-Nima-fav-ico-192x192.webp HTTP/2" 200 6374 "https://rozbano.com/" "Mozilla/5.0 (Linux; Android 12; SM-A125F Build/SP1A.210812.016; wv) AppleWebKit/537.36 (KHTML, like Gecko) 4.0 Chrome/145.0.7632.79 Mobile Safari/537.36; bw4"
130.255.223.237 - - [17/Apr/2026:00:15:31 +0330] "GET /wp-content/uploads/2025/06/cropped-Rozbano-Nima-fav-ico-32x32.webp HTTP/2" 200 904 "https://rozbano.com/" "Mozilla/5.0 (Linux; Android 12; SM-A125F Build/SP1A.210812.016; wv) AppleWebKit/537.36 (KHTML, like Gecko) 4.0 Chrome/145.0.7632.79 Mobile Safari/537.36; bw4"
66.249.70.39 - - [17/Apr/2026:00:15:35 +0330] "GET /page/2/?search=search_term_string&nocache=1765682886 HTTP/1.1" 200 28751 "-" "Mozilla/5.0 (Linux; Android 6.0.1; Nexus 5X Build/MMB29P) AppleWebKit/537.36 (KHTML, like Gecko) Chrome/146.0.7680.177 Mobile Safari/537.36 (compatible; Googlebot/2.1; +http://www.google.com/bot.html)"
66.249.70.39 - - [17/Apr/2026:00:15:39 +0330] "GET /page/509/?search=search_term_string&nocache=1766754731 HTTP/1.1" 200 27512 "-" "Mozilla/5.0 (Linux; Android 6.0.1; Nexus 5X Build/MMB29P) AppleWebKit/537.36 (KHTML, like Gecko) Chrome/146.0.7680.177 Mobile Safari/537.36 (compatible; Googlebot/2.1; +http://www.google.com/bot.html)"
130.255.223.237 - - [17/Apr/2026:00:15:38 +0330] "GET /crochet-dish-scrubber-table-cleaner/ HTTP/2" 200 37233 "https://rozbano.com/" "Mozilla/5.0 (Linux; Android 12; SM-A125F Build/SP1A.210812.016; wv) AppleWebKit/537.36 (KHTML, like Gecko) Version/4.0 Chrome/145.0.7632.79 Mobile Safari/537.36"
130.255.223.237 - - [17/Apr/2026:00:15:42 +0330] "GET /tie-hat-knitting-tutorial/ HTTP/2" 200 35233 "https://rozbano.com/" "Mozilla/5.0 (Linux; Android 12; SM-A125F Build/SP1A.210812.016; wv) AppleWebKit/537.36 (KHTML, like Gecko) Version/4.0 Chrome/145.0.7632.79 Mobile Safari/537.36"
103.75.126.223 - - [17/Apr/2026:00:15:46 +0330] "GET / HTTP/1.0" 301 0 "-" "Mozilla/5.0"
130.255.223.237 - - [17/Apr/2026:00:15:49 +0330] "GET /crochet-flower-scrubby-tutorial/ HTTP/2" 200 35348 "https://rozbano.com/" "Mozilla/5.0 (Linux; Android 12; SM-A125F Build/SP1A.210812.016; wv) AppleWebKit/537.36 (KHTML, like Gecko) Version/4.0 Chrome/145.0.7632.79 Mobile Safari/537.36"
66.249.70.34 - - [17/Apr/2026:00:15:59 +0330] "GET /page/3/?search=search_term_string&nocache=1766379510 HTTP/1.1" 200 29799 "-" "Mozilla/5.0 (Linux; Android 6.0.1; Nexus 5X Build/MMB29P) AppleWebKit/537.36 (KHTML, like Gecko) Chrome/146.0.7680.177 Mobile Safari/537.36 (compatible; Googlebot/2.1; +http://www.google.com/bot.html)"
66.249.70.34 - - [17/Apr/2026:00:16:02 +0330] "GET /page/5/?search=search_term_string&nocache=1765781443 HTTP/1.1" 200 29075 "-" "Mozilla/5.0 (Linux; Android 6.0.1; Nexus 5X Build/MMB29P) AppleWebKit/537.36 (KHTML, like Gecko) Chrome/146.0.7680.177 Mobile Safari/537.36 (compatible; Googlebot/2.1; +http://www.google.com/bot.html)"
130.255.223.237 - - [17/Apr/2026:00:16:03 +0330] "GET /easy-biscuit-cream-recipe/ HTTP/2" 200 35174 "https://rozbano.com/" "Mozilla/5.0 (Linux; Android 12; SM-A125F Build/SP1A.210812.016; wv) AppleWebKit/537.36 (KHTML, like Gecko) Version/4.0 Chrome/145.0.7632.79 Mobile Safari/537.36"
130.255.223.237 - - [17/Apr/2026:00:16:09 +0330] "GET /kefir-health-benefits-homemade-kefir/ HTTP/2" 200 38862 "https://rozbano.com/" "Mozilla/5.0 (Linux; Android 12; SM-A125F Build/SP1A.210812.016; wv) AppleWebKit/537.36 (KHTML, like Gecko) Version/4.0 Chrome/145.0.7632.79 Mobile Safari/537.36"
66.249.70.38 - - [17/Apr/2026:00:16:17 +0330] "GET /page/508/?search=%D9%87%D8%A7%D9%86%DB%8C%D9%87+%D8%AA%D9%88%D8%B3%D9%84%DB%8C&nocache=1765762214 HTTP/1.1" 200 29381 "-" "Mozilla/5.0 (Linux; Android 6.0.1; Nexus 5X Build/MMB29P) AppleWebKit/537.36 (KHTML, like Gecko) Chrome/146.0.7680.177 Mobile Safari/537.36 (compatible; Googlebot/2.1; +http://www.google.com/bot.html)"
66.249.70.38 - - [17/Apr/2026:00:16:19 +0330] "GET /page/505/?search=%D8%AA%DB%8C%D9%86%D8%A7+%D8%A2%D8%AE%D9%88%D9%86%D8%AF%D8%AA%D8%A8%D8%A7%D8%B1&nocache=1766688235 HTTP/1.1" 200 29423 "-" "Mozilla/5.0 (Linux; Android 6.0.1; Nexus 5X Build/MMB29P) AppleWebKit/537.36 (KHTML, like Gecko) Chrome/146.0.7680.177 Mobile Safari/537.36 (compatible; Googlebot/2.1; +http://www.google.com/bot.html)"
66.249.70.39 - - [17/Apr/2026:00:16:20 +0330] "GET /page/3/?search=search_term_string&nocache=1766633883 HTTP/1.1" 200 27266 "-" "Mozilla/5.0 (Linux; Android 6.0.1; Nexus 5X Build/MMB29P) AppleWebKit/537.36 (KHTML, like Gecko) Chrome/146.0.7680.177 Mobile Safari/537.36 (compatible; Googlebot/2.1; +http://www.google.com/bot.html)"
130.255.223.237 - - [17/Apr/2026:00:16:17 +0330] "GET /free-tutorial-crochet-triple-crochet-pattern/ HTTP/2" 200 38183 "https://rozbano.com/" "Mozilla/5.0 (Linux; Android 12; SM-A125F Build/SP1A.210812.016; wv) AppleWebKit/537.36 (KHTML, like Gecko) Version/4.0 Chrome/145.0.7632.79 Mobile Safari/537.36"
66.249.70.39 - - [17/Apr/2026:00:16:21 +0330] "GET /page/508/?search=search_term_string&nocache=1766011391 HTTP/1.1" 200 27540 "-" "Mozilla/5.0 (Linux; Android 6.0.1; Nexus 5X Build/MMB29P) AppleWebKit/537.36 (KHTML, like Gecko) Chrome/146.0.7680.177 Mobile Safari/537.36 (compatible; Googlebot/2.1; +http://www.google.com/bot.html)"
66.249.70.38 - - [17/Apr/2026:00:16:22 +0330] "GET /page/506/?search=search_term_string&nocache=1766732829 HTTP/1.1" 200 29335 "-" "Mozilla/5.0 (Linux; Android 6.0.1; Nexus 5X Build/MMB29P) AppleWebKit/537.36 (KHTML, like Gecko) Chrome/146.0.7680.177 Mobile Safari/537.36 (compatible; Googlebot/2.1; +http://www.google.com/bot.html)"
66.249.70.38 - - [17/Apr/2026:00:16:24 +0330] "GET /page/510/?search=search_term_string&nocache=1767344546 HTTP/1.1" 200 30794 "-" "Mozilla/5.0 (Linux; Android 6.0.1; Nexus 5X Build/MMB29P) AppleWebKit/537.36 (KHTML, like Gecko) Chrome/146.0.7680.177 Mobile Safari/537.36 (compatible; Googlebot/2.1; +http://www.google.com/bot.html)"
66.249.70.38 - - [17/Apr/2026:00:16:26 +0330] "GET /page/5/?search=search_term_string&nocache=1766308698 HTTP/1.1" 200 28290 "-" "Mozilla/5.0 (Linux; Android 6.0.1; Nexus 5X Build/MMB29P) AppleWebKit/537.36 (KHTML, like Gecko) Chrome/146.0.7680.177 Mobile Safari/537.36 (compatible; Googlebot/2.1; +http://www.google.com/bot.html)"
130.255.223.237 - - [17/Apr/2026:00:16:23 +0330] "GET /perfume-buying-guide-tips/ HTTP/2" 200 37189 "https://rozbano.com/" "Mozilla/5.0 (Linux; Android 12; SM-A125F Build/SP1A.210812.016; wv) AppleWebKit/537.36 (KHTML, like Gecko) Version/4.0 Chrome/145.0.7632.79 Mobile Safari/537.36"
66.249.70.38 - - [17/Apr/2026:00:16:28 +0330] "GET /page/505/?search=search_term_string&nocache=1766695668 HTTP/1.1" 200 29396 "-" "Mozilla/5.0 (Linux; Android 6.0.1; Nexus 5X Build/MMB29P) AppleWebKit/537.36 (KHTML, like Gecko) Chrome/146.0.7680.177 Mobile Safari/537.36 (compatible; Googlebot/2.1; +http://www.google.com/bot.html)"
66.249.70.32 - - [17/Apr/2026:00:16:31 +0330] "GET /page/502/?search=search_term_string&nocache=1765558191 HTTP/1.1" 200 27667 "-" "Mozilla/5.0 (Linux; Android 6.0.1; Nexus 5X Build/MMB29P) AppleWebKit/537.36 (KHTML, like Gecko) Chrome/146.0.7680.177 Mobile Safari/537.36 (compatible; Googlebot/2.1; +http://www.google.com/bot.html)"
130.255.223.237 - - [17/Apr/2026:00:16:29 +0330] "GET / HTTP/2" 200 0 "https://rozbano.com/" "Mozilla/5.0 (Linux; Android 12; SM-A125F Build/SP1A.210812.016; wv) AppleWebKit/537.36 (KHTML, like Gecko) 4.0 Chrome/145.0.7632.79 Mobile Safari/537.36; bw4"
130.255.223.237 - - [17/Apr/2026:00:16:29 +0330] "GET /crochet-flower-scrubby-tutorial/ HTTP/2" 200 35341 "https://rozbano.com/" "Mozilla/5.0 (Linux; Android 12; SM-A125F Build/SP1A.210812.016; wv) AppleWebKit/537.36 (KHTML, like Gecko) Version/4.0 Chrome/145.0.7632.79 Mobile Safari/537.36"
5.125.21.150 - - [17/Apr/2026:00:16:30 +0330] "GET /crochet-charger-cord-cover-tutorial/ HTTP/2" 200 34999 "https://zarebin.ir/" "Mozilla/5.0 (iPhone; CPU iPhone OS 18_7 like Mac OS X) AppleWebKit/605.1.15 (KHTML, like Gecko) Version/26.2 Mobile/15E148 Safari/604.1"
5.125.21.150 - - [17/Apr/2026:00:16:35 +0330] "GET /wp-includes/css/dist/block-library/style-rtl.min.css?ver=6.9.4 HTTP/2" 200 14838 "https://rozbano.com/crochet-charger-cord-cover-tutorial/" "Mozilla/5.0 (iPhone; CPU iPhone OS 18_7 like Mac OS X) AppleWebKit/605.1.15 (KHTML, like Gecko) Version/26.2 Mobile/15E148 Safari/604.1"
5.125.21.150 - - [17/Apr/2026:00:16:35 +0330] "GET /wp-content/plugins/jet-engine/assets/css/frontend.css?ver=3.7.10 HTTP/2" 200 8353 "https://rozbano.com/crochet-charger-cord-cover-tutorial/" "Mozilla/5.0 (iPhone; CPU iPhone OS 18_7 like Mac OS X) AppleWebKit/605.1.15 (KHTML, like Gecko) Version/26.2 Mobile/15E148 Safari/604.1"
5.125.21.150 - - [17/Apr/2026:00:16:35 +0330] "GET /wp-content/themes/hello-elementor/style.css?ver=6.9.4 HTTP/2" 200 561 "https://rozbano.com/crochet-charger-cord-cover-tutorial/" "Mozilla/5.0 (iPhone; CPU iPhone OS 18_7 like Mac OS X) AppleWebKit/605.1.15 (KHTML, like Gecko) Version/26.2 Mobile/15E148 Safari/604.1"
5.125.21.150 - - [17/Apr/2026:00:16:35 +0330] "GET /wp-content/plugins/elementor/assets/css/frontend-rtl.min.css?ver=3.32.3 HTTP/2" 200 6537 "https://rozbano.com/crochet-charger-cord-cover-tutorial/" "Mozilla/5.0 (iPhone; CPU iPhone OS 18_7 like Mac OS X) AppleWebKit/605.1.15 (KHTML, like Gecko) Version/26.2 Mobile/15E148 Safari/604.1"
5.125.21.150 - - [17/Apr/2026:00:16:35 +0330] "GET /wp-content/plugins/elementor/assets/css/widget-image-rtl.min.css?ver=3.32.3 HTTP/2" 200 119 "https://rozbano.com/crochet-charger-cord-cover-tutorial/" "Mozilla/5.0 (iPhone; CPU iPhone OS 18_7 like Mac OS X) AppleWebKit/605.1.15 (KHTML, like Gecko) Version/26.2 Mobile/15E148 Safari/604.1"
5.125.21.150 - - [17/Apr/2026:00:16:35 +0330] "GET /wp-content/plugins/elementor/assets/css/widget-social-icons-rtl.min.css?ver=3.32.3 HTTP/2" 200 1069 "https://rozbano.com/crochet-charger-cord-cover-tutorial/" "Mozilla/5.0 (iPhone; CPU iPhone OS 18_7 like Mac OS X) AppleWebKit/605.1.15 (KHTML, like Gecko) Version/26.2 Mobile/15E148 Safari/604.1"
5.125.21.150 - - [17/Apr/2026:00:16:35 +0330] "GET /wp-content/plugins/elementor/assets/css/conditionals/apple-webkit.min.css?ver=3.32.3 HTTP/2" 200 472 "https://rozbano.com/crochet-charger-cord-cover-tutorial/" "Mozilla/5.0 (iPhone; CPU iPhone OS 18_7 like Mac OS X) AppleWebKit/605.1.15 (KHTML, like Gecko) Version/26.2 Mobile/15E148 Safari/604.1"
5.125.21.150 - - [17/Apr/2026:00:16:35 +0330] "GET /wp-content/plugins/elementor-pro/assets/css/modules/sticky.min.css?ver=3.32.3 HTTP/2" 200 162 "https://rozbano.com/crochet-charger-cord-cover-tutorial/" "Mozilla/5.0 (iPhone; CPU iPhone OS 18_7 like Mac OS X) AppleWebKit/605.1.15 (KHTML, like Gecko) Version/26.2 Mobile/15E148 Safari/604.1"
5.125.21.150 - - [17/Apr/2026:00:16:35 +0330] "GET /wp-content/plugins/elementor/assets/css/widget-heading-rtl.min.css?ver=3.32.3 HTTP/2" 200 154 "https://rozbano.com/crochet-charger-cord-cover-tutorial/" "Mozilla/5.0 (iPhone; CPU iPhone OS 18_7 like Mac OS X) AppleWebKit/605.1.15 (KHTML, like Gecko) Version/26.2 Mobile/15E148 Safari/604.1"
5.125.21.150 - - [17/Apr/2026:00:16:35 +0330] "GET /wp-content/plugins/elementor/assets/css/widget-icon-box-rtl.min.css?ver=3.32.3 HTTP/2" 200 422 "https://rozbano.com/crochet-charger-cord-cover-tutorial/" "Mozilla/5.0 (iPhone; CPU iPhone OS 18_7 like Mac OS X) AppleWebKit/605.1.15 (KHTML, like Gecko) Version/26.2 Mobile/15E148 Safari/604.1"
5.125.21.150 - - [17/Apr/2026:00:16:35 +0330] "GET /wp-content/plugins/elementor/assets/lib/swiper/v8/css/swiper.min.css?ver=8.4.5 HTTP/2" 200 4248 "https://rozbano.com/crochet-charger-cord-cover-tutorial/" "Mozilla/5.0 (iPhone; CPU iPhone OS 18_7 like Mac OS X) AppleWebKit/605.1.15 (KHTML, like Gecko) Version/26.2 Mobile/15E148 Safari/604.1"
5.125.21.150 - - [17/Apr/2026:00:16:35 +0330] "GET /wp-content/plugins/elementor/assets/css/conditionals/e-swiper.min.css?ver=3.32.3 HTTP/2" 200 699 "https://rozbano.com/crochet-charger-cord-cover-tutorial/" "Mozilla/5.0 (iPhone; CPU iPhone OS 18_7 like Mac OS X) AppleWebKit/605.1.15 (KHTML, like Gecko) Version/26.2 Mobile/15E148 Safari/604.1"
5.125.21.150 - - [17/Apr/2026:00:16:35 +0330] "GET /wp-content/plugins/elementor-pro/assets/css/widget-post-info-rtl.min.css?ver=3.32.3 HTTP/2" 200 165 "https://rozbano.com/crochet-charger-cord-cover-tutorial/" "Mozilla/5.0 (iPhone; CPU iPhone OS 18_7 like Mac OS X) AppleWebKit/605.1.15 (KHTML, like Gecko) Version/26.2 Mobile/15E148 Safari/604.1"
5.125.21.150 - - [17/Apr/2026:00:16:35 +0330] "GET /wp-content/plugins/elementor/assets/css/widget-icon-list-rtl.min.css?ver=3.32.3 HTTP/2" 200 963 "https://rozbano.com/crochet-charger-cord-cover-tutorial/" "Mozilla/5.0 (iPhone; CPU iPhone OS 18_7 like Mac OS X) AppleWebKit/605.1.15 (KHTML, like Gecko) Version/26.2 Mobile/15E148 Safari/604.1"
5.125.21.150 - - [17/Apr/2026:00:16:35 +0330] "GET /wp-content/plugins/elementor-pro/assets/css/widget-share-buttons-rtl.min.css?ver=3.32.3 HTTP/2" 200 2144 "https://rozbano.com/crochet-charger-cord-cover-tutorial/" "Mozilla/5.0 (iPhone; CPU iPhone OS 18_7 like Mac OS X) AppleWebKit/605.1.15 (KHTML, like Gecko) Version/26.2 Mobile/15E148 Safari/604.1"
5.125.21.150 - - [17/Apr/2026:00:16:35 +0330] "GET /wp-content/plugins/elementor-pro/assets/css/widget-post-navigation-rtl.min.css?ver=3.32.3 HTTP/2" 200 494 "https://rozbano.com/crochet-charger-cord-cover-tutorial/" "Mozilla/5.0 (iPhone; CPU iPhone OS 18_7 like Mac OS X) AppleWebKit/605.1.15 (KHTML, like Gecko) Version/26.2 Mobile/15E148 Safari/604.1"
5.125.21.150 - - [17/Apr/2026:00:16:35 +0330] "GET /wp-content/uploads/elementor/css/post-53138.css?ver=1776365957 HTTP/2" 200 3019 "https://rozbano.com/crochet-charger-cord-cover-tutorial/" "Mozilla/5.0 (iPhone; CPU iPhone OS 18_7 like Mac OS X) AppleWebKit/605.1.15 (KHTML, like Gecko) Version/26.2 Mobile/15E148 Safari/604.1"
5.125.21.150 - - [17/Apr/2026:00:16:35 +0330] "GET /wp-content/uploads/elementor/css/post-53143.css?ver=1776365957 HTTP/2" 200 462 "https://rozbano.com/crochet-charger-cord-cover-tutorial/" "Mozilla/5.0 (iPhone; CPU iPhone OS 18_7 like Mac OS X) AppleWebKit/605.1.15 (KHTML, like Gecko) Version/26.2 Mobile/15E148 Safari/604.1"
5.125.21.150 - - [17/Apr/2026:00:16:35 +0330] "GET /wp-content/uploads/elementor/css/post-53145.css?ver=1776365957 HTTP/2" 200 1694 "https://rozbano.com/crochet-charger-cord-cover-tutorial/" "Mozilla/5.0 (iPhone; CPU iPhone OS 18_7 like Mac OS X) AppleWebKit/605.1.15 (KHTML, like Gecko) Version/26.2 Mobile/15E148 Safari/604.1"
5.125.21.150 - - [17/Apr/2026:00:16:35 +0330] "GET /wp-content/uploads/elementor/css/post-53177.css?ver=1776365957 HTTP/2" 200 440 "https://rozbano.com/crochet-charger-cord-cover-tutorial/" "Mozilla/5.0 (iPhone; CPU iPhone OS 18_7 like Mac OS X) AppleWebKit/605.1.15 (KHTML, like Gecko) Version/26.2 Mobile/15E148 Safari/604.1"
5.125.21.150 - - [17/Apr/2026:00:16:35 +0330] "GET /wp-content/uploads/elementor/css/post-53178.css?ver=1776365957 HTTP/2" 200 415 "https://rozbano.com/crochet-charger-cord-cover-tutorial/" "Mozilla/5.0 (iPhone; CPU iPhone OS 18_7 like Mac OS X) AppleWebKit/605.1.15 (KHTML, like Gecko) Version/26.2 Mobile/15E148 Safari/604.1"
5.125.21.150 - - [17/Apr/2026:00:16:35 +0330] "GET /wp-content/uploads/elementor/css/post-53316.css?ver=1776365957 HTTP/2" 200 418 "https://rozbano.com/crochet-charger-cord-cover-tutorial/" "Mozilla/5.0 (iPhone; CPU iPhone OS 18_7 like Mac OS X) AppleWebKit/605.1.15 (KHTML, like Gecko) Version/26.2 Mobile/15E148 Safari/604.1"
5.125.21.150 - - [17/Apr/2026:00:16:35 +0330] "GET /wp-content/uploads/elementor/css/post-53157.css?ver=1776365962 HTTP/2" 200 2256 "https://rozbano.com/crochet-charger-cord-cover-tutorial/" "Mozilla/5.0 (iPhone; CPU iPhone OS 18_7 like Mac OS X) AppleWebKit/605.1.15 (KHTML, like Gecko) Version/26.2 Mobile/15E148 Safari/604.1"
5.125.21.150 - - [17/Apr/2026:00:16:35 +0330] "GET /wp-content/uploads/elementor/css/post-53179.css?ver=1776365962 HTTP/2" 200 523 "https://rozbano.com/crochet-charger-cord-cover-tutorial/" "Mozilla/5.0 (iPhone; CPU iPhone OS 18_7 like Mac OS X) AppleWebKit/605.1.15 (KHTML, like Gecko) Version/26.2 Mobile/15E148 Safari/604.1"
5.125.21.150 - - [17/Apr/2026:00:16:35 +0330] "GET /wp-content/plugins/elementor-pro/abzarwp/fonts/all/css/fonts.css?ver=123456 HTTP/2" 200 2919 "https://rozbano.com/crochet-charger-cord-cover-tutorial/" "Mozilla/5.0 (iPhone; CPU iPhone OS 18_7 like Mac OS X) AppleWebKit/605.1.15 (KHTML, like Gecko) Version/26.2 Mobile/15E148 Safari/604.1"
5.125.21.150 - - [17/Apr/2026:00:16:35 +0330] "GET /wp-includes/js/jquery/jquery-migrate.min.js?ver=3.4.1 HTTP/2" 200 4678 "https://rozbano.com/crochet-charger-cord-cover-tutorial/" "Mozilla/5.0 (iPhone; CPU iPhone OS 18_7 like Mac OS X) AppleWebKit/605.1.15 (KHTML, like Gecko) Version/26.2 Mobile/15E148 Safari/604.1"
5.125.21.150 - - [17/Apr/2026:00:16:35 +0330] "GET /wp-content/uploads/elementor/css/post-53149.css?ver=1776365962 HTTP/2" 200 1333 "https://rozbano.com/crochet-charger-cord-cover-tutorial/" "Mozilla/5.0 (iPhone; CPU iPhone OS 18_7 like Mac OS X) AppleWebKit/605.1.15 (KHTML, like Gecko) Version/26.2 Mobile/15E148 Safari/604.1"
5.125.21.150 - - [17/Apr/2026:00:16:35 +0330] "GET /wp-content/uploads/elementor/css/post-53181.css?ver=1776365963 HTTP/2" 200 413 "https://rozbano.com/crochet-charger-cord-cover-tutorial/" "Mozilla/5.0 (iPhone; CPU iPhone OS 18_7 like Mac OS X) AppleWebKit/605.1.15 (KHTML, like Gecko) Version/26.2 Mobile/15E148 Safari/604.1"
5.125.21.150 - - [17/Apr/2026:00:16:35 +0330] "GET /wp-content/uploads/elementor/css/post-53234.css?ver=1776365963 HTTP/2" 200 414 "https://rozbano.com/crochet-charger-cord-cover-tutorial/" "Mozilla/5.0 (iPhone; CPU iPhone OS 18_7 like Mac OS X) AppleWebKit/605.1.15 (KHTML, like Gecko) Version/26.2 Mobile/15E148 Safari/604.1"
5.125.21.150 - - [17/Apr/2026:00:16:35 +0330] "GET /wp-content/uploads/elementor/css/post-53180.css?ver=1776365963 HTTP/2" 200 636 "https://rozbano.com/crochet-charger-cord-cover-tutorial/" "Mozilla/5.0 (iPhone; CPU iPhone OS 18_7 like Mac OS X) AppleWebKit/605.1.15 (KHTML, like Gecko) Version/26.2 Mobile/15E148 Safari/604.1"
5.125.21.150 - - [17/Apr/2026:00:16:35 +0330] "GET /wp-content/plugins/elementor-pro/assets/css/widget-nav-menu-rtl.min.css?ver=3.32.3 HTTP/2" 200 3246 "https://rozbano.com/crochet-charger-cord-cover-tutorial/" "Mozilla/5.0 (iPhone; CPU iPhone OS 18_7 like Mac OS X) AppleWebKit/605.1.15 (KHTML, like Gecko) Version/26.2 Mobile/15E148 Safari/604.1"
5.125.21.150 - - [17/Apr/2026:00:16:35 +0330] "GET /wp-content/plugins/elementor-pro/assets/css/conditionals/ribbon.min.css?ver=3.32.3 HTTP/2" 200 250 "https://rozbano.com/crochet-charger-cord-cover-tutorial/" "Mozilla/5.0 (iPhone; CPU iPhone OS 18_7 like Mac OS X) AppleWebKit/605.1.15 (KHTML, like Gecko) Version/26.2 Mobile/15E148 Safari/604.1"
5.125.21.150 - - [17/Apr/2026:00:16:35 +0330] "GET /wp-content/plugins/elementor-pro/assets/css/widget-call-to-action-rtl.min.css?ver=3.32.3 HTTP/2" 200 1211 "https://rozbano.com/crochet-charger-cord-cover-tutorial/" "Mozilla/5.0 (iPhone; CPU iPhone OS 18_7 like Mac OS X) AppleWebKit/605.1.15 (KHTML, like Gecko) Version/26.2 Mobile/15E148 Safari/604.1"
5.125.21.150 - - [17/Apr/2026:00:16:35 +0330] "GET /wp-content/plugins/elementor-pro/assets/css/conditionals/transitions.min.css?ver=3.32.3 HTTP/2" 200 599 "https://rozbano.com/crochet-charger-cord-cover-tutorial/" "Mozilla/5.0 (iPhone; CPU iPhone OS 18_7 like Mac OS X) AppleWebKit/605.1.15 (KHTML, like Gecko) Version/26.2 Mobile/15E148 Safari/604.1"
5.125.21.150 - - [17/Apr/2026:00:16:35 +0330] "GET /wp-content/plugins/elementor/assets/js/webpack.runtime.min.js?ver=3.32.3 HTTP/2" 200 2320 "https://rozbano.com/crochet-charger-cord-cover-tutorial/" "Mozilla/5.0 (iPhone; CPU iPhone OS 18_7 like Mac OS X) AppleWebKit/605.1.15 (KHTML, like Gecko) Version/26.2 Mobile/15E148 Safari/604.1"
5.125.21.150 - - [17/Apr/2026:00:16:35 +0330] "GET /wp-content/plugins/elementor/assets/js/frontend-modules.min.js?ver=3.32.3 HTTP/2" 200 17962 "https://rozbano.com/crochet-charger-cord-cover-tutorial/" "Mozilla/5.0 (iPhone; CPU iPhone OS 18_7 like Mac OS X) AppleWebKit/605.1.15 (KHTML, like Gecko) Version/26.2 Mobile/15E148 Safari/604.1"
5.125.21.150 - - [17/Apr/2026:00:16:35 +0330] "GET /wp-includes/js/jquery/ui/core.min.js?ver=1.13.3 HTTP/2" 200 6812 "https://rozbano.com/crochet-charger-cord-cover-tutorial/" "Mozilla/5.0 (iPhone; CPU iPhone OS 18_7 like Mac OS X) AppleWebKit/605.1.15 (KHTML, like Gecko) Version/26.2 Mobile/15E148 Safari/604.1"
5.125.21.150 - - [17/Apr/2026:00:16:35 +0330] "GET /wp-content/plugins/elementor/assets/js/frontend.min.js?ver=3.32.3 HTTP/2" 200 10165 "https://rozbano.com/crochet-charger-cord-cover-tutorial/" "Mozilla/5.0 (iPhone; CPU iPhone OS 18_7 like Mac OS X) AppleWebKit/605.1.15 (KHTML, like Gecko) Version/26.2 Mobile/15E148 Safari/604.1"
