5.123.132.77 - - [17/Apr/2026:00:21:41 +0330] "GET /tag/%d9%84%d8%a8%d8%a7%d8%b3-%d9%87%d8%a7%db%8c-%d8%ac%d8%af%db%8c%d8%af-%d8%b1%d8%b2%d8%a8%d8%a7%d9%86%d9%88/ HTTP/2" 200 33352 "https://rozbano.com/new-model-summer-evening-blues/" "Mozilla/5.0 (Linux; Android 10; K) AppleWebKit/537.36 (KHTML, like Gecko) Chrome/145.0.0.0 Mobile Safari/537.36"
202.46.62.110 - - [17/Apr/2026:00:21:46 +0330] "POST /tag/%D9%85%D8%AF%D9%84-%D9%87%D8%A7%DB%8C-%D8%A2%D8%B1%D8%A7%DB%8C%D8%B4-%D8%AF%D8%B1-%D8%AC%D8%B4%D9%86%D9%88%D8%A7%D8%B1%D9%87-%DA%A9%D9%86-%D8%AC%D8%B0%D8%A7%D8%A8/?nocache=1776372693 HTTP/1.1" 200 4365 "https://rozbano.com/tag/%D9%85%D8%AF%D9%84-%D9%87%D8%A7%DB%8C-%D8%A2%D8%B1%D8%A7%DB%8C%D8%B4-%D8%AF%D8%B1-%D8%AC%D8%B4%D9%86%D9%88%D8%A7%D8%B1%D9%87-%DA%A9%D9%86-%D8%AC%D8%B0%D8%A7%D8%A8/" "Mozilla/5.0 (Windows NT 10.0; Win64; x64) AppleWebKit/537.36 (KHTML, like Gecko) Chrome/133.0.6943.141 Safari/537.36"
66.249.70.34 - - [17/Apr/2026:00:20:58 +0330] "GET /page/4/?search=search_term_string&nocache=1773868881 HTTP/1.1" 200 28647 "-" "Mozilla/5.0 (Linux; Android 6.0.1; Nexus 5X Build/MMB29P) AppleWebKit/537.36 (KHTML, like Gecko) Chrome/146.0.7680.177 Mobile Safari/537.36 (compatible; Googlebot/2.1; +http://www.google.com/bot.html)"
66.249.70.32 - - [17/Apr/2026:00:21:05 +0330] "GET /page/3/?nocache=1766505735 HTTP/1.1" 200 28666 "-" "Mozilla/5.0 (Linux; Android 6.0.1; Nexus 5X Build/MMB29P) AppleWebKit/537.36 (KHTML, like Gecko) Chrome/146.0.7680.177 Mobile Safari/537.36 (compatible; Googlebot/2.1; +http://www.google.com/bot.html)"
66.249.70.39 - - [17/Apr/2026:00:21:19 +0330] "GET /products/detail/91138917 HTTP/1.1" 200 28748 "-" "Mozilla/5.0 (Linux; Android 6.0.1; Nexus 5X Build/MMB29P) AppleWebKit/537.36 (KHTML, like Gecko) Chrome/146.0.7680.177 Mobile Safari/537.36 (compatible; GoogleOther)"
66.249.70.39 - - [17/Apr/2026:00:21:20 +0330] "GET /page/4/?search=search_term_string&nocache=1766749982 HTTP/1.1" 200 28524 "-" "Mozilla/5.0 (Linux; Android 6.0.1; Nexus 5X Build/MMB29P) AppleWebKit/537.36 (KHTML, like Gecko) Chrome/146.0.7680.177 Mobile Safari/537.36 (compatible; Googlebot/2.1; +http://www.google.com/bot.html)"
66.249.70.39 - - [17/Apr/2026:00:21:24 +0330] "GET /products/detail/67597614 HTTP/1.1" 200 29070 "-" "Mozilla/5.0 (Linux; Android 6.0.1; Nexus 5X Build/MMB29P) AppleWebKit/537.36 (KHTML, like Gecko) Chrome/146.0.7680.177 Mobile Safari/537.36 (compatible; Googlebot/2.1; +http://www.google.com/bot.html)"
66.249.70.38 - - [17/Apr/2026:00:21:24 +0330] "GET /page/510/?search=%D8%AA%DB%8C%D9%86%D8%A7+%D8%A2%D8%AE%D9%88%D9%86%D8%AF%D8%AA%D8%A8%D8%A7%D8%B1&nocache=1765779587 HTTP/1.1" 200 34336 "-" "Mozilla/5.0 (Linux; Android 6.0.1; Nexus 5X Build/MMB29P) AppleWebKit/537.36 (KHTML, like Gecko) Chrome/146.0.7680.177 Mobile Safari/537.36 (compatible; Googlebot/2.1; +http://www.google.com/bot.html)"
103.75.126.223 - - [17/Apr/2026:00:21:27 +0330] "GET /admin/vendor/phpunit/phpunit/src/Util/PHP/eval-stdin.php HTTP/1.0" 301 0 "-" "libredtail-http"
103.75.126.223 - - [17/Apr/2026:00:21:29 +0330] "GET /admin/vendor/phpunit/phpunit/src/Util/PHP/eval-stdin.php HTTP/1.0" 404 56167 "-" "libredtail-http"
66.249.70.33 - - [17/Apr/2026:00:21:36 +0330] "GET /?search=search_term_string&nocache=1774362798 HTTP/1.1" 200 27893 "-" "Mozilla/5.0 (Linux; Android 6.0.1; Nexus 5X Build/MMB29P) AppleWebKit/537.36 (KHTML, like Gecko) Chrome/146.0.7680.177 Mobile Safari/537.36 (compatible; Googlebot/2.1; +http://www.google.com/bot.html)"
66.249.70.33 - - [17/Apr/2026:00:21:43 +0330] "GET /page/504/?search=search_term_string&nocache=1766481436 HTTP/1.1" 200 28242 "-" "Mozilla/5.0 (Linux; Android 6.0.1; Nexus 5X Build/MMB29P) AppleWebKit/537.36 (KHTML, like Gecko) Chrome/146.0.7680.177 Mobile Safari/537.36 (compatible; Googlebot/2.1; +http://www.google.com/bot.html)"
66.249.70.33 - - [17/Apr/2026:00:21:47 +0330] "GET /page/506/?search=search_term_string&nocache=1765547918 HTTP/1.1" 200 30520 "-" "Mozilla/5.0 (Linux; Android 6.0.1; Nexus 5X Build/MMB29P) AppleWebKit/537.36 (KHTML, like Gecko) Chrome/146.0.7680.177 Mobile Safari/537.36 (compatible; Googlebot/2.1; +http://www.google.com/bot.html)"
66.249.70.38 - - [17/Apr/2026:00:21:48 +0330] "GET /page/3/?search=search_term_string&nocache=1765427257 HTTP/1.1" 200 32908 "-" "Mozilla/5.0 (Linux; Android 6.0.1; Nexus 5X Build/MMB29P) AppleWebKit/537.36 (KHTML, like Gecko) Chrome/146.0.7680.177 Mobile Safari/537.36 (compatible; Googlebot/2.1; +http://www.google.com/bot.html)"
103.75.126.223 - - [17/Apr/2026:00:21:48 +0330] "GET /panel/vendor/phpunit/phpunit/src/Util/PHP/eval-stdin.php HTTP/1.0" 301 0 "-" "libredtail-http"
66.249.70.32 - - [17/Apr/2026:00:21:50 +0330] "GET /page/11/?search=search_term_string&nocache=1766535062 HTTP/1.1" 200 28147 "-" "Mozilla/5.0 (Linux; Android 6.0.1; Nexus 5X Build/MMB29P) AppleWebKit/537.36 (KHTML, like Gecko) Chrome/146.0.7680.177 Mobile Safari/537.36 (compatible; Googlebot/2.1; +http://www.google.com/bot.html)"
103.75.126.223 - - [17/Apr/2026:00:21:03 +0330] "GET /testing/vendor/phpunit/phpunit/src/Util/PHP/eval-stdin.php HTTP/1.0" 301 0 "-" "libredtail-http"
66.249.70.39 - - [17/Apr/2026:00:21:07 +0330] "GET /page/506/?search=search_term_string&nocache=1766271144 HTTP/1.1" 200 29072 "-" "Mozilla/5.0 (Linux; Android 6.0.1; Nexus 5X Build/MMB29P) AppleWebKit/537.36 (KHTML, like Gecko) Chrome/146.0.7680.177 Mobile Safari/537.36 (compatible; Googlebot/2.1; +http://www.google.com/bot.html)"
66.249.70.39 - - [17/Apr/2026:00:21:09 +0330] "GET /page/500/?nocache=1766265704 HTTP/1.1" 200 27681 "-" "Mozilla/5.0 (Linux; Android 6.0.1; Nexus 5X Build/MMB29P) AppleWebKit/537.36 (KHTML, like Gecko) Chrome/146.0.7680.177 Mobile Safari/537.36 (compatible; Googlebot/2.1; +http://www.google.com/bot.html)"
66.249.70.39 - - [17/Apr/2026:00:21:11 +0330] "GET /page/2/?search=search_term_string&nocache=1765875288 HTTP/1.1" 200 29294 "-" "Mozilla/5.0 (Linux; Android 6.0.1; Nexus 5X Build/MMB29P) AppleWebKit/537.36 (KHTML, like Gecko) Chrome/146.0.7680.177 Mobile Safari/537.36 (compatible; Googlebot/2.1; +http://www.google.com/bot.html)"
103.75.126.223 - - [17/Apr/2026:00:21:09 +0330] "GET /api/vendor/phpunit/phpunit/src/Util/PHP/eval-stdin.php HTTP/1.0" 404 56165 "-" "libredtail-http"
103.75.126.223 - - [17/Apr/2026:00:21:18 +0330] "GET /cms/vendor/phpunit/phpunit/src/Util/PHP/eval-stdin.php HTTP/1.0" 301 0 "-" "libredtail-http"
204.18.68.70 - - [17/Apr/2026:00:21:20 +0330] "GET /wp-content/uploads/2025/05/rozbano-123-18.jpg?zb_svc=fajr-im-prod&zb_dmn=rozbano.com&zb_scm=https&zb_pl=0&zb_referer=zarebin.ir HTTP/1.1" 206 114478 "https://zarebin.ir/" "Mozilla/5.0 (Linux; Android 14; SM-A346E Build/UP1A.231005.007; wv) AppleWebKit/537.36 (KHTML, like Gecko) 4.0 Chrome/144.0.7559.132 Mobile Safari/537.36; bw4"
103.75.126.223 - - [17/Apr/2026:00:21:19 +0330] "GET /cms/vendor/phpunit/phpunit/src/Util/PHP/eval-stdin.php HTTP/1.0" 404 56165 "-" "libredtail-http"
20.15.133.165 - - [17/Apr/2026:00:21:23 +0330] "GET /robots.txt HTTP/2" 200 65 "-" "Mozilla/5.0 AppleWebKit/537.36 (KHTML, like Gecko; compatible; bingbot/2.0; +http://www.bing.com/bingbot.htm) Chrome/116.0.1938.76 Safari/537.36"
66.249.70.38 - - [17/Apr/2026:00:21:25 +0330] "GET /page/510/?search=search_term_string&nocache=1767377364 HTTP/1.1" 200 28260 "-" "Mozilla/5.0 (Linux; Android 6.0.1; Nexus 5X Build/MMB29P) AppleWebKit/537.36 (KHTML, like Gecko) Chrome/146.0.7680.177 Mobile Safari/537.36 (compatible; Googlebot/2.1; +http://www.google.com/bot.html)"
103.75.126.223 - - [17/Apr/2026:00:21:33 +0330] "GET /backup/vendor/phpunit/phpunit/src/Util/PHP/eval-stdin.php HTTP/1.0" 301 0 "-" "libredtail-http"
103.75.126.223 - - [17/Apr/2026:00:21:35 +0330] "GET /backup/vendor/phpunit/phpunit/src/Util/PHP/eval-stdin.php HTTP/1.0" 404 56168 "-" "libredtail-http"
103.75.126.223 - - [17/Apr/2026:00:21:40 +0330] "GET /blog/vendor/phpunit/phpunit/src/Util/PHP/eval-stdin.php HTTP/1.0" 404 56166 "-" "libredtail-http"
103.75.126.223 - - [17/Apr/2026:00:21:43 +0330] "GET /workspace/drupal/vendor/phpunit/phpunit/src/Util/PHP/eval-stdin.php HTTP/1.0" 301 0 "-" "libredtail-http"
103.75.126.223 - - [17/Apr/2026:00:21:45 +0330] "GET /workspace/drupal/vendor/phpunit/phpunit/src/Util/PHP/eval-stdin.php HTTP/1.0" 404 56178 "-" "libredtail-http"
202.46.62.70 - - [17/Apr/2026:00:21:49 +0330] "POST /tag/%D9%85%D8%AF%D9%84-%D9%87%D8%A7%DB%8C-%D8%A2%D8%B1%D8%A7%DB%8C%D8%B4-%D8%AF%D8%B1-%D8%AC%D8%B4%D9%86%D9%88%D8%A7%D8%B1%D9%87-%DA%A9%D9%86-%D8%AC%D8%B0%D8%A7%D8%A8/?nocache=1776372693 HTTP/1.1" 500 800 "https://rozbano.com/tag/%D9%85%D8%AF%D9%84-%D9%87%D8%A7%DB%8C-%D8%A2%D8%B1%D8%A7%DB%8C%D8%B4-%D8%AF%D8%B1-%D8%AC%D8%B4%D9%86%D9%88%D8%A7%D8%B1%D9%87-%DA%A9%D9%86-%D8%AC%D8%B0%D8%A7%D8%A8/" "Mozilla/5.0 (Windows NT 10.0; Win64; x64) AppleWebKit/537.36 (KHTML, like Gecko) Chrome/133.0.6943.141 Safari/537.36"
66.249.70.39 - - [17/Apr/2026:00:21:39 +0330] "GET /page/503/?nocache=1774082128 HTTP/1.1" 200 28578 "-" "Mozilla/5.0 (Linux; Android 6.0.1; Nexus 5X Build/MMB29P) AppleWebKit/537.36 (KHTML, like Gecko) Chrome/146.0.7680.177 Mobile Safari/537.36 (compatible; Googlebot/2.1; +http://www.google.com/bot.html)"
66.249.70.39 - - [17/Apr/2026:00:21:42 +0330] "GET /page/503/?search=search_term_string&nocache=1766677298 HTTP/1.1" 200 30173 "-" "Mozilla/5.0 (Linux; Android 6.0.1; Nexus 5X Build/MMB29P) AppleWebKit/537.36 (KHTML, like Gecko) Chrome/146.0.7680.177 Mobile Safari/537.36 (compatible; Googlebot/2.1; +http://www.google.com/bot.html)"
202.46.62.48 - - [17/Apr/2026:00:21:49 +0330] "POST /tag/%D9%85%D8%AF%D9%84-%D9%87%D8%A7%DB%8C-%D8%A2%D8%B1%D8%A7%DB%8C%D8%B4-%D8%AF%D8%B1-%D8%AC%D8%B4%D9%86%D9%88%D8%A7%D8%B1%D9%87-%DA%A9%D9%86-%D8%AC%D8%B0%D8%A7%D8%A8/?nocache=1776372693 HTTP/1.1" 500 800 "https://rozbano.com/tag/%D9%85%D8%AF%D9%84-%D9%87%D8%A7%DB%8C-%D8%A2%D8%B1%D8%A7%DB%8C%D8%B4-%D8%AF%D8%B1-%D8%AC%D8%B4%D9%86%D9%88%D8%A7%D8%B1%D9%87-%DA%A9%D9%86-%D8%AC%D8%B0%D8%A7%D8%A8/" "Mozilla/5.0 (Windows NT 10.0; Win64; x64) AppleWebKit/537.36 (KHTML, like Gecko) Chrome/133.0.6943.141 Safari/537.36"
103.75.126.223 - - [17/Apr/2026:00:21:54 +0330] "GET /public/vendor/phpunit/phpunit/src/Util/PHP/eval-stdin.php HTTP/1.0" 301 0 "-" "libredtail-http"
103.75.126.223 - - [17/Apr/2026:00:21:55 +0330] "GET /public/vendor/phpunit/phpunit/src/Util/PHP/eval-stdin.php HTTP/1.0" 404 56168 "-" "libredtail-http"
2.145.114.13 - - [17/Apr/2026:00:21:59 +0330] "GET /wp-content/uploads/2025/06/cropped-Rozbano-Nima-fav-ico-32x32.webp HTTP/2" 200 904 "https://rozbano.com/free-crochet-belt-tutorial/" "Mozilla/5.0 (Linux; Android 13; SM-A235F Build/TP1A.220624.014; wv) AppleWebKit/537.36 (KHTML, like Gecko) 4.0 Chrome/145.0.7632.120 Mobile Safari/537.36; bw4"
2.145.114.13 - - [17/Apr/2026:00:21:59 +0330] "GET /wp-content/uploads/2025/06/cropped-Rozbano-Nima-fav-ico-192x192.webp HTTP/2" 200 6374 "https://rozbano.com/free-crochet-belt-tutorial/" "Mozilla/5.0 (Linux; Android 13; SM-A235F Build/TP1A.220624.014; wv) AppleWebKit/537.36 (KHTML, like Gecko) 4.0 Chrome/145.0.7632.120 Mobile Safari/537.36; bw4"
66.249.70.35 - - [17/Apr/2026:00:21:59 +0330] "GET /page/2/?search=%D8%A8%DB%8C%D8%AA%D8%A7+%D8%B3%D8%AD%D8%B1%D8%AE%DB%8C%D8%B2&nocache=1765795385 HTTP/1.1" 200 28857 "-" "Mozilla/5.0 (Linux; Android 6.0.1; Nexus 5X Build/MMB29P) AppleWebKit/537.36 (KHTML, like Gecko) Chrome/146.0.7680.177 Mobile Safari/537.36 (compatible; Googlebot/2.1; +http://www.google.com/bot.html)"
66.249.70.38 - - [17/Apr/2026:00:22:01 +0330] "GET /page/7/?search=search_term_string&nocache=1766727586 HTTP/1.1" 200 27506 "-" "Mozilla/5.0 (Linux; Android 6.0.1; Nexus 5X Build/MMB29P) AppleWebKit/537.36 (KHTML, like Gecko) Chrome/146.0.7680.177 Mobile Safari/537.36 (compatible; Googlebot/2.1; +http://www.google.com/bot.html)"
62.60.201.135 - - [17/Apr/2026:00:22:03 +0330] "POST /wp-cron.php?doing_wp_cron=1776372723.1684439182281494140625 HTTP/1.1" 200 20 "-" "WordPress/6.9.4; https://rozbano.com"
103.75.126.223 - - [17/Apr/2026:00:22:01 +0330] "GET /apps/vendor/phpunit/phpunit/src/Util/PHP/eval-stdin.php HTTP/1.0" 404 56166 "-" "libredtail-http"
66.249.70.34 - - [17/Apr/2026:00:22:03 +0330] "GET /page/3/?search=search_term_string&nocache=1765568274 HTTP/1.1" 200 27688 "-" "Mozilla/5.0 (Linux; Android 6.0.1; Nexus 5X Build/MMB29P) AppleWebKit/537.36 (KHTML, like Gecko) Chrome/146.0.7680.177 Mobile Safari/537.36 (compatible; Googlebot/2.1; +http://www.google.com/bot.html)"
62.60.201.135 - - [17/Apr/2026:00:22:04 +0330] "POST /wp-cron.php?doing_wp_cron=1776372724.5221590995788574218750 HTTP/1.1" 200 20 "-" "WordPress/6.9.4; https://rozbano.com"
66.249.70.32 - - [17/Apr/2026:00:22:07 +0330] "GET /page/509/?search=search_term_string&nocache=1773663736 HTTP/1.1" 200 30323 "-" "Mozilla/5.0 (Linux; Android 6.0.1; Nexus 5X Build/MMB29P) AppleWebKit/537.36 (KHTML, like Gecko) Chrome/146.0.7680.177 Mobile Safari/537.36 (compatible; Googlebot/2.1; +http://www.google.com/bot.html)"
103.75.126.223 - - [17/Apr/2026:00:21:50 +0330] "GET /panel/vendor/phpunit/phpunit/src/Util/PHP/eval-stdin.php HTTP/1.0" 404 56167 "-" "libredtail-http"
66.249.70.33 - - [17/Apr/2026:00:21:53 +0330] "GET /products/detail/83118886 HTTP/1.1" 200 32327 "-" "Mozilla/5.0 (Linux; Android 6.0.1; Nexus 5X Build/MMB29P) AppleWebKit/537.36 (KHTML, like Gecko) Chrome/146.0.7680.177 Mobile Safari/537.36 (compatible; GoogleOther)"
66.249.70.33 - - [17/Apr/2026:00:21:55 +0330] "GET /?p=2795894504010 HTTP/1.1" 200 29283 "-" "Mozilla/5.0 (Linux; Android 6.0.1; Nexus 5X Build/MMB29P) AppleWebKit/537.36 (KHTML, like Gecko) Chrome/146.0.7680.177 Mobile Safari/537.36 (compatible; GoogleOther)"
66.249.70.35 - - [17/Apr/2026:00:21:58 +0330] "GET /products/detail/81289189 HTTP/1.1" 200 27421 "-" "Mozilla/5.0 (Linux; Android 6.0.1; Nexus 5X Build/MMB29P) AppleWebKit/537.36 (KHTML, like Gecko) Chrome/146.0.7680.177 Mobile Safari/537.36 (compatible; Googlebot/2.1; +http://www.google.com/bot.html)"
66.249.70.39 - - [17/Apr/2026:00:22:06 +0330] "GET /page/5/?search=search_term_string&nocache=1766064958 HTTP/1.1" 200 28871 "-" "Mozilla/5.0 (Linux; Android 6.0.1; Nexus 5X Build/MMB29P) AppleWebKit/537.36 (KHTML, like Gecko) Chrome/146.0.7680.177 Mobile Safari/537.36 (compatible; Googlebot/2.1; +http://www.google.com/bot.html)"
66.249.70.39 - - [17/Apr/2026:00:22:11 +0330] "GET /page/6/?search=search_term_string&nocache=1765568274 HTTP/1.1" 200 29291 "-" "Mozilla/5.0 (Linux; Android 6.0.1; Nexus 5X Build/MMB29P) AppleWebKit/537.36 (KHTML, like Gecko) Chrome/146.0.7680.177 Mobile Safari/537.36 (compatible; Googlebot/2.1; +http://www.google.com/bot.html)"
86.55.79.190 - - [17/Apr/2026:00:22:12 +0330] "GET /crochet-scrubber-tutorial-step-by-step/ HTTP/2" 200 34844 "https://zarebin.ir/" "Mozilla/5.0 (Linux; Android 15; SM-A556E Build/AP3A.240905.015.A2; wv) AppleWebKit/537.36 (KHTML, like Gecko) 4.0 Chrome/145.0.7632.80 Mobile Safari/537.36; bw4"
86.55.79.190 - - [17/Apr/2026:00:22:17 +0330] "GET /wp-includes/css/dist/block-library/style-rtl.min.css?ver=6.9.4 HTTP/2" 200 14838 "https://rozbano.com/crochet-scrubber-tutorial-step-by-step/" "Mozilla/5.0 (Linux; Android 15; SM-A556E Build/AP3A.240905.015.A2; wv) AppleWebKit/537.36 (KHTML, like Gecko) 4.0 Chrome/145.0.7632.80 Mobile Safari/537.36; bw4"
86.55.79.190 - - [17/Apr/2026:00:22:17 +0330] "GET /wp-content/plugins/jet-engine/assets/css/frontend.css?ver=3.7.10 HTTP/2" 200 8353 "https://rozbano.com/crochet-scrubber-tutorial-step-by-step/" "Mozilla/5.0 (Linux; Android 15; SM-A556E Build/AP3A.240905.015.A2; wv) AppleWebKit/537.36 (KHTML, like Gecko) 4.0 Chrome/145.0.7632.80 Mobile Safari/537.36; bw4"
86.55.79.190 - - [17/Apr/2026:00:22:17 +0330] "GET /wp-content/themes/hello-elementor/style.css?ver=6.9.4 HTTP/2" 200 561 "https://rozbano.com/crochet-scrubber-tutorial-step-by-step/" "Mozilla/5.0 (Linux; Android 15; SM-A556E Build/AP3A.240905.015.A2; wv) AppleWebKit/537.36 (KHTML, like Gecko) 4.0 Chrome/145.0.7632.80 Mobile Safari/537.36; bw4"
86.55.79.190 - - [17/Apr/2026:00:22:17 +0330] "GET /wp-content/plugins/elementor/assets/css/frontend-rtl.min.css?ver=3.32.3 HTTP/2" 200 6537 "https://rozbano.com/crochet-scrubber-tutorial-step-by-step/" "Mozilla/5.0 (Linux; Android 15; SM-A556E Build/AP3A.240905.015.A2; wv) AppleWebKit/537.36 (KHTML, like Gecko) 4.0 Chrome/145.0.7632.80 Mobile Safari/537.36; bw4"
86.55.79.190 - - [17/Apr/2026:00:22:17 +0330] "GET /wp-content/plugins/elementor/assets/css/widget-image-rtl.min.css?ver=3.32.3 HTTP/2" 200 119 "https://rozbano.com/crochet-scrubber-tutorial-step-by-step/" "Mozilla/5.0 (Linux; Android 15; SM-A556E Build/AP3A.240905.015.A2; wv) AppleWebKit/537.36 (KHTML, like Gecko) 4.0 Chrome/145.0.7632.80 Mobile Safari/537.36; bw4"
86.55.79.190 - - [17/Apr/2026:00:22:17 +0330] "GET /wp-content/plugins/elementor/assets/css/widget-social-icons-rtl.min.css?ver=3.32.3 HTTP/2" 200 1069 "https://rozbano.com/crochet-scrubber-tutorial-step-by-step/" "Mozilla/5.0 (Linux; Android 15; SM-A556E Build/AP3A.240905.015.A2; wv) AppleWebKit/537.36 (KHTML, like Gecko) 4.0 Chrome/145.0.7632.80 Mobile Safari/537.36; bw4"
86.55.79.190 - - [17/Apr/2026:00:22:17 +0330] "GET /wp-content/plugins/elementor/assets/css/conditionals/apple-webkit.min.css?ver=3.32.3 HTTP/2" 200 472 "https://rozbano.com/crochet-scrubber-tutorial-step-by-step/" "Mozilla/5.0 (Linux; Android 15; SM-A556E Build/AP3A.240905.015.A2; wv) AppleWebKit/537.36 (KHTML, like Gecko) 4.0 Chrome/145.0.7632.80 Mobile Safari/537.36; bw4"
86.55.79.190 - - [17/Apr/2026:00:22:17 +0330] "GET /wp-content/plugins/elementor-pro/assets/css/modules/sticky.min.css?ver=3.32.3 HTTP/2" 200 162 "https://rozbano.com/crochet-scrubber-tutorial-step-by-step/" "Mozilla/5.0 (Linux; Android 15; SM-A556E Build/AP3A.240905.015.A2; wv) AppleWebKit/537.36 (KHTML, like Gecko) 4.0 Chrome/145.0.7632.80 Mobile Safari/537.36; bw4"
86.55.79.190 - - [17/Apr/2026:00:22:17 +0330] "GET /wp-content/plugins/elementor/assets/css/widget-heading-rtl.min.css?ver=3.32.3 HTTP/2" 200 154 "https://rozbano.com/crochet-scrubber-tutorial-step-by-step/" "Mozilla/5.0 (Linux; Android 15; SM-A556E Build/AP3A.240905.015.A2; wv) AppleWebKit/537.36 (KHTML, like Gecko) 4.0 Chrome/145.0.7632.80 Mobile Safari/537.36; bw4"
86.55.79.190 - - [17/Apr/2026:00:22:17 +0330] "GET /wp-content/plugins/elementor/assets/css/widget-icon-box-rtl.min.css?ver=3.32.3 HTTP/2" 200 422 "https://rozbano.com/crochet-scrubber-tutorial-step-by-step/" "Mozilla/5.0 (Linux; Android 15; SM-A556E Build/AP3A.240905.015.A2; wv) AppleWebKit/537.36 (KHTML, like Gecko) 4.0 Chrome/145.0.7632.80 Mobile Safari/537.36; bw4"
86.55.79.190 - - [17/Apr/2026:00:22:17 +0330] "GET /wp-content/plugins/elementor/assets/lib/swiper/v8/css/swiper.min.css?ver=8.4.5 HTTP/2" 200 4248 "https://rozbano.com/crochet-scrubber-tutorial-step-by-step/" "Mozilla/5.0 (Linux; Android 15; SM-A556E Build/AP3A.240905.015.A2; wv) AppleWebKit/537.36 (KHTML, like Gecko) 4.0 Chrome/145.0.7632.80 Mobile Safari/537.36; bw4"
86.55.79.190 - - [17/Apr/2026:00:22:17 +0330] "GET /wp-content/plugins/elementor/assets/css/conditionals/e-swiper.min.css?ver=3.32.3 HTTP/2" 200 699 "https://rozbano.com/crochet-scrubber-tutorial-step-by-step/" "Mozilla/5.0 (Linux; Android 15; SM-A556E Build/AP3A.240905.015.A2; wv) AppleWebKit/537.36 (KHTML, like Gecko) 4.0 Chrome/145.0.7632.80 Mobile Safari/537.36; bw4"
86.55.79.190 - - [17/Apr/2026:00:22:17 +0330] "GET /wp-content/plugins/elementor-pro/assets/css/widget-post-info-rtl.min.css?ver=3.32.3 HTTP/2" 200 165 "https://rozbano.com/crochet-scrubber-tutorial-step-by-step/" "Mozilla/5.0 (Linux; Android 15; SM-A556E Build/AP3A.240905.015.A2; wv) AppleWebKit/537.36 (KHTML, like Gecko) 4.0 Chrome/145.0.7632.80 Mobile Safari/537.36; bw4"
86.55.79.190 - - [17/Apr/2026:00:22:17 +0330] "GET /wp-content/plugins/elementor/assets/css/widget-icon-list-rtl.min.css?ver=3.32.3 HTTP/2" 200 963 "https://rozbano.com/crochet-scrubber-tutorial-step-by-step/" "Mozilla/5.0 (Linux; Android 15; SM-A556E Build/AP3A.240905.015.A2; wv) AppleWebKit/537.36 (KHTML, like Gecko) 4.0 Chrome/145.0.7632.80 Mobile Safari/537.36; bw4"
86.55.79.190 - - [17/Apr/2026:00:22:17 +0330] "GET /wp-content/plugins/elementor-pro/assets/css/widget-share-buttons-rtl.min.css?ver=3.32.3 HTTP/2" 200 2144 "https://rozbano.com/crochet-scrubber-tutorial-step-by-step/" "Mozilla/5.0 (Linux; Android 15; SM-A556E Build/AP3A.240905.015.A2; wv) AppleWebKit/537.36 (KHTML, like Gecko) 4.0 Chrome/145.0.7632.80 Mobile Safari/537.36; bw4"
86.55.79.190 - - [17/Apr/2026:00:22:17 +0330] "GET /wp-content/plugins/elementor-pro/assets/css/widget-post-navigation-rtl.min.css?ver=3.32.3 HTTP/2" 200 494 "https://rozbano.com/crochet-scrubber-tutorial-step-by-step/" "Mozilla/5.0 (Linux; Android 15; SM-A556E Build/AP3A.240905.015.A2; wv) AppleWebKit/537.36 (KHTML, like Gecko) 4.0 Chrome/145.0.7632.80 Mobile Safari/537.36; bw4"
86.55.79.190 - - [17/Apr/2026:00:22:17 +0330] "GET /wp-content/uploads/elementor/css/post-53138.css?ver=1776365957 HTTP/2" 200 3019 "https://rozbano.com/crochet-scrubber-tutorial-step-by-step/" "Mozilla/5.0 (Linux; Android 15; SM-A556E Build/AP3A.240905.015.A2; wv) AppleWebKit/537.36 (KHTML, like Gecko) 4.0 Chrome/145.0.7632.80 Mobile Safari/537.36; bw4"
86.55.79.190 - - [17/Apr/2026:00:22:17 +0330] "GET /wp-content/uploads/elementor/css/post-53143.css?ver=1776365957 HTTP/2" 200 462 "https://rozbano.com/crochet-scrubber-tutorial-step-by-step/" "Mozilla/5.0 (Linux; Android 15; SM-A556E Build/AP3A.240905.015.A2; wv) AppleWebKit/537.36 (KHTML, like Gecko) 4.0 Chrome/145.0.7632.80 Mobile Safari/537.36; bw4"
86.55.79.190 - - [17/Apr/2026:00:22:17 +0330] "GET /wp-content/uploads/elementor/css/post-53145.css?ver=1776365957 HTTP/2" 200 1694 "https://rozbano.com/crochet-scrubber-tutorial-step-by-step/" "Mozilla/5.0 (Linux; Android 15; SM-A556E Build/AP3A.240905.015.A2; wv) AppleWebKit/537.36 (KHTML, like Gecko) 4.0 Chrome/145.0.7632.80 Mobile Safari/537.36; bw4"
86.55.79.190 - - [17/Apr/2026:00:22:17 +0330] "GET /wp-content/uploads/elementor/css/post-53177.css?ver=1776365957 HTTP/2" 200 440 "https://rozbano.com/crochet-scrubber-tutorial-step-by-step/" "Mozilla/5.0 (Linux; Android 15; SM-A556E Build/AP3A.240905.015.A2; wv) AppleWebKit/537.36 (KHTML, like Gecko) 4.0 Chrome/145.0.7632.80 Mobile Safari/537.36; bw4"
86.55.79.190 - - [17/Apr/2026:00:22:17 +0330] "GET /wp-content/uploads/elementor/css/post-53178.css?ver=1776365957 HTTP/2" 200 415 "https://rozbano.com/crochet-scrubber-tutorial-step-by-step/" "Mozilla/5.0 (Linux; Android 15; SM-A556E Build/AP3A.240905.015.A2; wv) AppleWebKit/537.36 (KHTML, like Gecko) 4.0 Chrome/145.0.7632.80 Mobile Safari/537.36; bw4"
86.55.79.190 - - [17/Apr/2026:00:22:17 +0330] "GET /wp-content/uploads/elementor/css/post-53316.css?ver=1776365957 HTTP/2" 200 418 "https://rozbano.com/crochet-scrubber-tutorial-step-by-step/" "Mozilla/5.0 (Linux; Android 15; SM-A556E Build/AP3A.240905.015.A2; wv) AppleWebKit/537.36 (KHTML, like Gecko) 4.0 Chrome/145.0.7632.80 Mobile Safari/537.36; bw4"
86.55.79.190 - - [17/Apr/2026:00:22:17 +0330] "GET /wp-content/uploads/elementor/css/post-53157.css?ver=1776365962 HTTP/2" 200 2256 "https://rozbano.com/crochet-scrubber-tutorial-step-by-step/" "Mozilla/5.0 (Linux; Android 15; SM-A556E Build/AP3A.240905.015.A2; wv) AppleWebKit/537.36 (KHTML, like Gecko) 4.0 Chrome/145.0.7632.80 Mobile Safari/537.36; bw4"
86.55.79.190 - - [17/Apr/2026:00:22:17 +0330] "GET /wp-content/uploads/elementor/css/post-53179.css?ver=1776365962 HTTP/2" 200 523 "https://rozbano.com/crochet-scrubber-tutorial-step-by-step/" "Mozilla/5.0 (Linux; Android 15; SM-A556E Build/AP3A.240905.015.A2; wv) AppleWebKit/537.36 (KHTML, like Gecko) 4.0 Chrome/145.0.7632.80 Mobile Safari/537.36; bw4"
86.55.79.190 - - [17/Apr/2026:00:22:17 +0330] "GET /wp-content/plugins/elementor-pro/abzarwp/fonts/all/css/fonts.css?ver=123456 HTTP/2" 200 2919 "https://rozbano.com/crochet-scrubber-tutorial-step-by-step/" "Mozilla/5.0 (Linux; Android 15; SM-A556E Build/AP3A.240905.015.A2; wv) AppleWebKit/537.36 (KHTML, like Gecko) 4.0 Chrome/145.0.7632.80 Mobile Safari/537.36; bw4"
86.55.79.190 - - [17/Apr/2026:00:22:17 +0330] "GET /wp-content/uploads/elementor/css/post-53149.css?ver=1776365962 HTTP/2" 200 1333 "https://rozbano.com/crochet-scrubber-tutorial-step-by-step/" "Mozilla/5.0 (Linux; Android 15; SM-A556E Build/AP3A.240905.015.A2; wv) AppleWebKit/537.36 (KHTML, like Gecko) 4.0 Chrome/145.0.7632.80 Mobile Safari/537.36; bw4"
86.55.79.190 - - [17/Apr/2026:00:22:17 +0330] "GET /wp-content/uploads/elementor/css/post-53181.css?ver=1776365963 HTTP/2" 200 413 "https://rozbano.com/crochet-scrubber-tutorial-step-by-step/" "Mozilla/5.0 (Linux; Android 15; SM-A556E Build/AP3A.240905.015.A2; wv) AppleWebKit/537.36 (KHTML, like Gecko) 4.0 Chrome/145.0.7632.80 Mobile Safari/537.36; bw4"
86.55.79.190 - - [17/Apr/2026:00:22:17 +0330] "GET /wp-content/uploads/elementor/css/post-53234.css?ver=1776365963 HTTP/2" 200 414 "https://rozbano.com/crochet-scrubber-tutorial-step-by-step/" "Mozilla/5.0 (Linux; Android 15; SM-A556E Build/AP3A.240905.015.A2; wv) AppleWebKit/537.36 (KHTML, like Gecko) 4.0 Chrome/145.0.7632.80 Mobile Safari/537.36; bw4"
86.55.79.190 - - [17/Apr/2026:00:22:17 +0330] "GET /wp-content/uploads/elementor/css/post-53180.css?ver=1776365963 HTTP/2" 200 636 "https://rozbano.com/crochet-scrubber-tutorial-step-by-step/" "Mozilla/5.0 (Linux; Android 15; SM-A556E Build/AP3A.240905.015.A2; wv) AppleWebKit/537.36 (KHTML, like Gecko) 4.0 Chrome/145.0.7632.80 Mobile Safari/537.36; bw4"
86.55.79.190 - - [17/Apr/2026:00:22:17 +0330] "GET /wp-content/plugins/elementor-pro/assets/css/widget-nav-menu-rtl.min.css?ver=3.32.3 HTTP/2" 200 3246 "https://rozbano.com/crochet-scrubber-tutorial-step-by-step/" "Mozilla/5.0 (Linux; Android 15; SM-A556E Build/AP3A.240905.015.A2; wv) AppleWebKit/537.36 (KHTML, like Gecko) 4.0 Chrome/145.0.7632.80 Mobile Safari/537.36; bw4"
86.55.79.190 - - [17/Apr/2026:00:22:17 +0330] "GET /wp-content/plugins/elementor-pro/assets/css/conditionals/ribbon.min.css?ver=3.32.3 HTTP/2" 200 250 "https://rozbano.com/crochet-scrubber-tutorial-step-by-step/" "Mozilla/5.0 (Linux; Android 15; SM-A556E Build/AP3A.240905.015.A2; wv) AppleWebKit/537.36 (KHTML, like Gecko) 4.0 Chrome/145.0.7632.80 Mobile Safari/537.36; bw4"
86.55.79.190 - - [17/Apr/2026:00:22:17 +0330] "GET /wp-content/plugins/elementor-pro/assets/css/widget-call-to-action-rtl.min.css?ver=3.32.3 HTTP/2" 200 1211 "https://rozbano.com/crochet-scrubber-tutorial-step-by-step/" "Mozilla/5.0 (Linux; Android 15; SM-A556E Build/AP3A.240905.015.A2; wv) AppleWebKit/537.36 (KHTML, like Gecko) 4.0 Chrome/145.0.7632.80 Mobile Safari/537.36; bw4"
86.55.79.190 - - [17/Apr/2026:00:22:17 +0330] "GET /wp-content/plugins/elementor-pro/assets/css/conditionals/transitions.min.css?ver=3.32.3 HTTP/2" 200 599 "https://rozbano.com/crochet-scrubber-tutorial-step-by-step/" "Mozilla/5.0 (Linux; Android 15; SM-A556E Build/AP3A.240905.015.A2; wv) AppleWebKit/537.36 (KHTML, like Gecko) 4.0 Chrome/145.0.7632.80 Mobile Safari/537.36; bw4"
86.55.79.190 - - [17/Apr/2026:00:22:17 +0330] "GET /wp-includes/js/jquery/jquery.min.js?ver=3.7.1 HTTP/2" 200 29744 "https://rozbano.com/crochet-scrubber-tutorial-step-by-step/" "Mozilla/5.0 (Linux; Android 15; SM-A556E Build/AP3A.240905.015.A2; wv) AppleWebKit/537.36 (KHTML, like Gecko) 4.0 Chrome/145.0.7632.80 Mobile Safari/537.36; bw4"
86.55.79.190 - - [17/Apr/2026:00:22:17 +0330] "GET /wp-includes/js/jquery/jquery-migrate.min.js?ver=3.4.1 HTTP/2" 200 4678 "https://rozbano.com/crochet-scrubber-tutorial-step-by-step/" "Mozilla/5.0 (Linux; Android 15; SM-A556E Build/AP3A.240905.015.A2; wv) AppleWebKit/537.36 (KHTML, like Gecko) 4.0 Chrome/145.0.7632.80 Mobile Safari/537.36; bw4"
86.55.79.190 - - [17/Apr/2026:00:22:17 +0330] "GET /wp-content/uploads/2025/05/Crochet20Scrubber20Tutorial20Step20by20Step.webp HTTP/2" 200 79700 "https://rozbano.com/crochet-scrubber-tutorial-step-by-step/" "Mozilla/5.0 (Linux; Android 15; SM-A556E Build/AP3A.240905.015.A2; wv) AppleWebKit/537.36 (KHTML, like Gecko) 4.0 Chrome/145.0.7632.80 Mobile Safari/537.36; bw4"
86.55.79.190 - - [17/Apr/2026:00:22:17 +0330] "GET /wp-content/uploads/2025/03/Crochet-Scrubber-Tutorial-Step-by-Step-sh.webp HTTP/2" 200 40658 "https://rozbano.com/crochet-scrubber-tutorial-step-by-step/" "Mozilla/5.0 (Linux; Android 15; SM-A556E Build/AP3A.240905.015.A2; wv) AppleWebKit/537.36 (KHTML, like Gecko) 4.0 Chrome/145.0.7632.80 Mobile Safari/537.36; bw4"
86.55.79.190 - - [17/Apr/2026:00:22:17 +0330] "GET /wp-content/uploads/2025/05/Crochet20Scrubber20Tutorial20Step20by20Step-01.webp HTTP/2" 200 26262 "https://rozbano.com/crochet-scrubber-tutorial-step-by-step/" "Mozilla/5.0 (Linux; Android 15; SM-A556E Build/AP3A.240905.015.A2; wv) AppleWebKit/537.36 (KHTML, like Gecko) 4.0 Chrome/145.0.7632.80 Mobile Safari/537.36; bw4"
86.55.79.190 - - [17/Apr/2026:00:22:17 +0330] "GET /wp-content/uploads/2025/05/Crochet20Scrubber20Tutorial20Step20by20Step-02.webp HTTP/2" 200 54730 "https://rozbano.com/crochet-scrubber-tutorial-step-by-step/" "Mozilla/5.0 (Linux; Android 15; SM-A556E Build/AP3A.240905.015.A2; wv) AppleWebKit/537.36 (KHTML, like Gecko) 4.0 Chrome/145.0.7632.80 Mobile Safari/537.36; bw4"
86.55.79.190 - - [17/Apr/2026:00:22:17 +0330] "GET /wp-content/uploads/2025/05/Crochet20Scrubber20Tutorial20Step20by20Step-03.webp HTTP/2" 200 135310 "https://rozbano.com/crochet-scrubber-tutorial-step-by-step/" "Mozilla/5.0 (Linux; Android 15; SM-A556E Build/AP3A.240905.015.A2; wv) AppleWebKit/537.36 (KHTML, like Gecko) 4.0 Chrome/145.0.7632.80 Mobile Safari/537.36; bw4"
86.55.79.190 - - [17/Apr/2026:00:22:17 +0330] "GET /wp-content/plugins/elementor/assets/js/webpack.runtime.min.js?ver=3.32.3 HTTP/2" 200 2320 "https://rozbano.com/crochet-scrubber-tutorial-step-by-step/" "Mozilla/5.0 (Linux; Android 15; SM-A556E Build/AP3A.240905.015.A2; wv) AppleWebKit/537.36 (KHTML, like Gecko) 4.0 Chrome/145.0.7632.80 Mobile Safari/537.36; bw4"
86.55.79.190 - - [17/Apr/2026:00:22:17 +0330] "GET /wp-content/plugins/elementor/assets/js/frontend-modules.min.js?ver=3.32.3 HTTP/2" 200 17962 "https://rozbano.com/crochet-scrubber-tutorial-step-by-step/" "Mozilla/5.0 (Linux; Android 15; SM-A556E Build/AP3A.240905.015.A2; wv) AppleWebKit/537.36 (KHTML, like Gecko) 4.0 Chrome/145.0.7632.80 Mobile Safari/537.36; bw4"
86.55.79.190 - - [17/Apr/2026:00:22:17 +0330] "GET /wp-includes/js/jquery/ui/core.min.js?ver=1.13.3 HTTP/2" 200 6812 "https://rozbano.com/crochet-scrubber-tutorial-step-by-step/" "Mozilla/5.0 (Linux; Android 15; SM-A556E Build/AP3A.240905.015.A2; wv) AppleWebKit/537.36 (KHTML, like Gecko) 4.0 Chrome/145.0.7632.80 Mobile Safari/537.36; bw4"
86.55.79.190 - - [17/Apr/2026:00:22:17 +0330] "GET /wp-content/plugins/elementor/assets/js/frontend.min.js?ver=3.32.3 HTTP/2" 200 10165 "https://rozbano.com/crochet-scrubber-tutorial-step-by-step/" "Mozilla/5.0 (Linux; Android 15; SM-A556E Build/AP3A.240905.015.A2; wv) AppleWebKit/537.36 (KHTML, like Gecko) 4.0 Chrome/145.0.7632.80 Mobile Safari/537.36; bw4"
86.55.79.190 - - [17/Apr/2026:00:22:17 +0330] "GET /wp-content/plugins/elementor-pro/assets/lib/sticky/jquery.sticky.min.js?ver=3.32.3 HTTP/2" 200 1442 "https://rozbano.com/crochet-scrubber-tutorial-step-by-step/" "Mozilla/5.0 (Linux; Android 15; SM-A556E Build/AP3A.240905.015.A2; wv) AppleWebKit/537.36 (KHTML, like Gecko) 4.0 Chrome/145.0.7632.80 Mobile Safari/537.36; bw4"
86.55.79.190 - - [17/Apr/2026:00:22:17 +0330] "GET /wp-content/plugins/elementor/assets/lib/swiper/v8/swiper.min.js?ver=8.4.5 HTTP/2" 200 38152 "https://rozbano.com/crochet-scrubber-tutorial-step-by-step/" "Mozilla/5.0 (Linux; Android 15; SM-A556E Build/AP3A.240905.015.A2; wv) AppleWebKit/537.36 (KHTML, like Gecko) 4.0 Chrome/145.0.7632.80 Mobile Safari/537.36; bw4"
86.55.79.190 - - [17/Apr/2026:00:22:17 +0330] "GET /wp-content/plugins/elementor-pro/assets/lib/smartmenus/jquery.smartmenus.min.js?ver=1.2.1 HTTP/2" 200 6867 "https://rozbano.com/crochet-scrubber-tutorial-step-by-step/" "Mozilla/5.0 (Linux; Android 15; SM-A556E Build/AP3A.240905.015.A2; wv) AppleWebKit/537.36 (KHTML, like Gecko) 4.0 Chrome/145.0.7632.80 Mobile Safari/537.36; bw4"
86.55.79.190 - - [17/Apr/2026:00:22:17 +0330] "GET /wp-content/plugins/jet-engine/assets/lib/jet-plugins/jet-plugins.js?ver=1.1.0 HTTP/2" 200 2190 "https://rozbano.com/crochet-scrubber-tutorial-step-by-step/" "Mozilla/5.0 (Linux; Android 15; SM-A556E Build/AP3A.240905.015.A2; wv) AppleWebKit/537.36 (KHTML, like Gecko) 4.0 Chrome/145.0.7632.80 Mobile Safari/537.36; bw4"
86.55.79.190 - - [17/Apr/2026:00:22:18 +0330] "GET /wp-content/plugins/jet-engine/assets/js/frontend.js?ver=3.7.10 HTTP/2" 200 15312 "https://rozbano.com/crochet-scrubber-tutorial-step-by-step/" "Mozilla/5.0 (Linux; Android 15; SM-A556E Build/AP3A.240905.015.A2; wv) AppleWebKit/537.36 (KHTML, like Gecko) 4.0 Chrome/145.0.7632.80 Mobile Safari/537.36; bw4"
86.55.79.190 - - [17/Apr/2026:00:22:18 +0330] "GET /wp-content/plugins/elementor-pro/assets/js/webpack-pro.runtime.min.js?ver=3.32.3 HTTP/2" 200 2622 "https://rozbano.com/crochet-scrubber-tutorial-step-by-step/" "Mozilla/5.0 (Linux; Android 15; SM-A556E Build/AP3A.240905.015.A2; wv) AppleWebKit/537.36 (KHTML, like Gecko) 4.0 Chrome/145.0.7632.80 Mobile Safari/537.36; bw4"
86.55.79.190 - - [17/Apr/2026:00:22:18 +0330] "GET /wp-includes/js/dist/hooks.min.js?ver=dd5603f07f9220ed27f1 HTTP/2" 200 1852 "https://rozbano.com/crochet-scrubber-tutorial-step-by-step/" "Mozilla/5.0 (Linux; Android 15; SM-A556E Build/AP3A.240905.015.A2; wv) AppleWebKit/537.36 (KHTML, like Gecko) 4.0 Chrome/145.0.7632.80 Mobile Safari/537.36; bw4"
86.55.79.190 - - [17/Apr/2026:00:22:18 +0330] "GET /wp-includes/js/dist/i18n.min.js?ver=c26c3dc7bed366793375 HTTP/2" 200 2119 "https://rozbano.com/crochet-scrubber-tutorial-step-by-step/" "Mozilla/5.0 (Linux; Android 15; SM-A556E Build/AP3A.240905.015.A2; wv) AppleWebKit/537.36 (KHTML, like Gecko) 4.0 Chrome/145.0.7632.80 Mobile Safari/537.36; bw4"
86.55.79.190 - - [17/Apr/2026:00:22:18 +0330] "GET /wp-content/plugins/elementor-pro/assets/js/frontend.min.js?ver=3.32.3 HTTP/2" 200 6321 "https://rozbano.com/crochet-scrubber-tutorial-step-by-step/" "Mozilla/5.0 (Linux; Android 15; SM-A556E Build/AP3A.240905.015.A2; wv) AppleWebKit/537.36 (KHTML, like Gecko) 4.0 Chrome/145.0.7632.80 Mobile Safari/537.36; bw4"
86.55.79.190 - - [17/Apr/2026:00:22:18 +0330] "GET /wp-content/plugins/elementor-pro/assets/js/elements-handlers.min.js?ver=3.32.3 HTTP/2" 200 10180 "https://rozbano.com/crochet-scrubber-tutorial-step-by-step/" "Mozilla/5.0 (Linux; Android 15; SM-A556E Build/AP3A.240905.015.A2; wv) AppleWebKit/537.36 (KHTML, like Gecko) 4.0 Chrome/145.0.7632.80 Mobile Safari/537.36; bw4"
86.55.79.190 - - [17/Apr/2026:00:22:18 +0330] "GET /wp-content/uploads/2025/05/Rozbano-Logo-Web-Nima-new.webp HTTP/2" 200 2430 "https://rozbano.com/crochet-scrubber-tutorial-step-by-step/" "Mozilla/5.0 (Linux; Android 15; SM-A556E Build/AP3A.240905.015.A2; wv) AppleWebKit/537.36 (KHTML, like Gecko) 4.0 Chrome/145.0.7632.80 Mobile Safari/537.36; bw4"
86.55.79.190 - - [17/Apr/2026:00:22:18 +0330] "GET /wp-content/uploads/2025/10/Free-crochet-tutorial-for-fall-hat-01.webp HTTP/2" 200 72884 "https://rozbano.com/crochet-scrubber-tutorial-step-by-step/" "Mozilla/5.0 (Linux; Android 15; SM-A556E Build/AP3A.240905.015.A2; wv) AppleWebKit/537.36 (KHTML, like Gecko) 4.0 Chrome/145.0.7632.80 Mobile Safari/537.36; bw4"
86.55.79.190 - - [17/Apr/2026:00:22:18 +0330] "GET /wp-content/uploads/2025/12/IRANSansXFaNum-Medium.woff2 HTTP/2" 200 28060 "https://rozbano.com/wp-content/uploads/elementor/css/post-53138.css?ver=1776365957" "Mozilla/5.0 (Linux; Android 15; SM-A556E Build/AP3A.240905.015.A2; wv) AppleWebKit/537.36 (KHTML, like Gecko) 4.0 Chrome/145.0.7632.80 Mobile Safari/537.36; bw4"
86.55.79.190 - - [17/Apr/2026:00:22:18 +0330] "GET /wp-content/uploads/2025/12/IRANSansXFaNum-Regular.woff2 HTTP/2" 200 27012 "https://rozbano.com/wp-content/uploads/elementor/css/post-53138.css?ver=1776365957" "Mozilla/5.0 (Linux; Android 15; SM-A556E Build/AP3A.240905.015.A2; wv) AppleWebKit/537.36 (KHTML, like Gecko) 4.0 Chrome/145.0.7632.80 Mobile Safari/537.36; bw4"
86.55.79.190 - - [17/Apr/2026:00:22:18 +0330] "GET /wp-content/uploads/2025/12/IRANSansXFaNum-Black.woff2 HTTP/2" 200 26796 "https://rozbano.com/wp-content/uploads/elementor/css/post-53138.css?ver=1776365957" "Mozilla/5.0 (Linux; Android 15; SM-A556E Build/AP3A.240905.015.A2; wv) AppleWebKit/537.36 (KHTML, like Gecko) 4.0 Chrome/145.0.7632.80 Mobile Safari/537.36; bw4"
86.55.79.190 - - [17/Apr/2026:00:22:18 +0330] "GET /wp-content/uploads/2025/12/IRANSansXFaNum-Bold.woff2 HTTP/2" 200 28036 "https://rozbano.com/wp-content/uploads/elementor/css/post-53138.css?ver=1776365957" "Mozilla/5.0 (Linux; Android 15; SM-A556E Build/AP3A.240905.015.A2; wv) AppleWebKit/537.36 (KHTML, like Gecko) 4.0 Chrome/145.0.7632.80 Mobile Safari/537.36; bw4"
86.55.79.190 - - [17/Apr/2026:00:22:18 +0330] "GET /wp-content/uploads/2025/05/Crochet20Scrubber20Tutorial20Step20by20Step-04.webp HTTP/2" 200 45864 "https://rozbano.com/crochet-scrubber-tutorial-step-by-step/" "Mozilla/5.0 (Linux; Android 15; SM-A556E Build/AP3A.240905.015.A2; wv) AppleWebKit/537.36 (KHTML, like Gecko) 4.0 Chrome/145.0.7632.80 Mobile Safari/537.36; bw4"
86.55.79.190 - - [17/Apr/2026:00:22:18 +0330] "GET /wp-content/uploads/2025/11/free-crochet-candy-bath-towel-tutorial-01.webp HTTP/2" 200 34422 "https://rozbano.com/crochet-scrubber-tutorial-step-by-step/" "Mozilla/5.0 (Linux; Android 15; SM-A556E Build/AP3A.240905.015.A2; wv) AppleWebKit/537.36 (KHTML, like Gecko) 4.0 Chrome/145.0.7632.80 Mobile Safari/537.36; bw4"
86.55.79.190 - - [17/Apr/2026:00:22:18 +0330] "GET /wp-content/uploads/2025/10/Crochet-Kitchen-Napkin-Holder-Free-Tutorial.webp HTTP/2" 200 31990 "https://rozbano.com/crochet-scrubber-tutorial-step-by-step/" "Mozilla/5.0 (Linux; Android 15; SM-A556E Build/AP3A.240905.015.A2; wv) AppleWebKit/537.36 (KHTML, like Gecko) 4.0 Chrome/145.0.7632.80 Mobile Safari/537.36; bw4"
86.55.79.190 - - [17/Apr/2026:00:22:18 +0330] "GET /wp-content/uploads/2025/10/Autumn-Kaftan-Sewing-Tutorial-at-Home.webp HTTP/2" 200 22110 "https://rozbano.com/crochet-scrubber-tutorial-step-by-step/" "Mozilla/5.0 (Linux; Android 15; SM-A556E Build/AP3A.240905.015.A2; wv) AppleWebKit/537.36 (KHTML, like Gecko) 4.0 Chrome/145.0.7632.80 Mobile Safari/537.36; bw4"
86.55.79.190 - - [17/Apr/2026:00:22:18 +0330] "GET /wp-content/uploads/2025/10/Free-tutorial-sew-versatile-organizer-01.webp HTTP/2" 200 21366 "https://rozbano.com/crochet-scrubber-tutorial-step-by-step/" "Mozilla/5.0 (Linux; Android 15; SM-A556E Build/AP3A.240905.015.A2; wv) AppleWebKit/537.36 (KHTML, like Gecko) 4.0 Chrome/145.0.7632.80 Mobile Safari/537.36; bw4"
86.55.79.190 - - [17/Apr/2026:00:22:18 +0330] "GET /wp-content/uploads/2025/10/tutorial-sew-versatile-organizer-with-little-fabric-01.webp HTTP/2" 200 64330 "https://rozbano.com/crochet-scrubber-tutorial-step-by-step/" "Mozilla/5.0 (Linux; Android 15; SM-A556E Build/AP3A.240905.015.A2; wv) AppleWebKit/537.36 (KHTML, like Gecko) 4.0 Chrome/145.0.7632.80 Mobile Safari/537.36; bw4"
86.55.79.190 - - [17/Apr/2026:00:22:18 +0330] "GET /wp-content/uploads/2025/05/rozbano-328-1-2-280x300.jpg HTTP/2" 200 18382 "https://rozbano.com/crochet-scrubber-tutorial-step-by-step/" "Mozilla/5.0 (Linux; Android 15; SM-A556E Build/AP3A.240905.015.A2; wv) AppleWebKit/537.36 (KHTML, like Gecko) 4.0 Chrome/145.0.7632.80 Mobile Safari/537.36; bw4"
86.55.79.190 - - [17/Apr/2026:00:22:18 +0330] "GET /wp-content/uploads/2025/05/rozbano-489-8.jpg HTTP/2" 200 14372 "https://rozbano.com/crochet-scrubber-tutorial-step-by-step/" "Mozilla/5.0 (Linux; Android 15; SM-A556E Build/AP3A.240905.015.A2; wv) AppleWebKit/537.36 (KHTML, like Gecko) 4.0 Chrome/145.0.7632.80 Mobile Safari/537.36; bw4"
86.55.79.190 - - [17/Apr/2026:00:22:18 +0330] "GET /wp-content/uploads/2023/10/crochet-shell-screw-model-tutorial.webp HTTP/2" 200 26028 "https://rozbano.com/crochet-scrubber-tutorial-step-by-step/" "Mozilla/5.0 (Linux; Android 15; SM-A556E Build/AP3A.240905.015.A2; wv) AppleWebKit/537.36 (KHTML, like Gecko) 4.0 Chrome/145.0.7632.80 Mobile Safari/537.36; bw4"
86.55.79.190 - - [17/Apr/2026:00:22:18 +0330] "GET /wp-content/uploads/2025/05/Decorative20headband20tutorial-02.webp HTTP/2" 200 15262 "https://rozbano.com/crochet-scrubber-tutorial-step-by-step/" "Mozilla/5.0 (Linux; Android 15; SM-A556E Build/AP3A.240905.015.A2; wv) AppleWebKit/537.36 (KHTML, like Gecko) 4.0 Chrome/145.0.7632.80 Mobile Safari/537.36; bw4"
86.55.79.190 - - [17/Apr/2026:00:22:18 +0330] "GET /wp-content/uploads/2025/05/crochet20Embossed20hat20tutorial-02.webp HTTP/2" 200 16148 "https://rozbano.com/crochet-scrubber-tutorial-step-by-step/" "Mozilla/5.0 (Linux; Android 15; SM-A556E Build/AP3A.240905.015.A2; wv) AppleWebKit/537.36 (KHTML, like Gecko) 4.0 Chrome/145.0.7632.80 Mobile Safari/537.36; bw4"
86.55.79.190 - - [17/Apr/2026:00:22:18 +0330] "GET /wp-content/uploads/2025/05/Knitting20chocolate20twist20tutorial-01.jpg HTTP/2" 200 10799 "https://rozbano.com/crochet-scrubber-tutorial-step-by-step/" "Mozilla/5.0 (Linux; Android 15; SM-A556E Build/AP3A.240905.015.A2; wv) AppleWebKit/537.36 (KHTML, like Gecko) 4.0 Chrome/145.0.7632.80 Mobile Safari/537.36; bw4"
86.55.79.190 - - [17/Apr/2026:00:22:18 +0330] "GET /wp-content/uploads/2025/05/Crochet20Scrubber20Tutorial20Step20by20Step-05.webp HTTP/2" 200 51994 "https://rozbano.com/crochet-scrubber-tutorial-step-by-step/" "Mozilla/5.0 (Linux; Android 15; SM-A556E Build/AP3A.240905.015.A2; wv) AppleWebKit/537.36 (KHTML, like Gecko) 4.0 Chrome/145.0.7632.80 Mobile Safari/537.36; bw4"
86.55.79.190 - - [17/Apr/2026:00:22:18 +0330] "GET /wp-content/uploads/2025/05/Crochet20Scrubber20Tutorial20Step20by20Step-06.webp HTTP/2" 200 21896 "https://rozbano.com/crochet-scrubber-tutorial-step-by-step/" "Mozilla/5.0 (Linux; Android 15; SM-A556E Build/AP3A.240905.015.A2; wv) AppleWebKit/537.36 (KHTML, like Gecko) 4.0 Chrome/145.0.7632.80 Mobile Safari/537.36; bw4"
86.55.79.190 - - [17/Apr/2026:00:22:18 +0330] "GET /wp-content/uploads/2025/05/Crochet20Scrubber20Tutorial20Step20by20Step-07.webp HTTP/2" 200 61584 "https://rozbano.com/crochet-scrubber-tutorial-step-by-step/" "Mozilla/5.0 (Linux; Android 15; SM-A556E Build/AP3A.240905.015.A2; wv) AppleWebKit/537.36 (KHTML, like Gecko) 4.0 Chrome/145.0.7632.80 Mobile Safari/537.36; bw4"
86.55.79.190 - - [17/Apr/2026:00:22:19 +0330] "GET /wp-content/uploads/2025/05/Crochet20Scrubber20Tutorial20Step20by20Step-08.webp HTTP/2" 200 52812 "https://rozbano.com/crochet-scrubber-tutorial-step-by-step/" "Mozilla/5.0 (Linux; Android 15; SM-A556E Build/AP3A.240905.015.A2; wv) AppleWebKit/537.36 (KHTML, like Gecko) 4.0 Chrome/145.0.7632.80 Mobile Safari/537.36; bw4"
86.55.79.190 - - [17/Apr/2026:00:22:19 +0330] "GET /wp-content/uploads/2025/05/Crochet20Scrubber20Tutorial20Step20by20Step-09.webp HTTP/2" 200 27614 "https://rozbano.com/crochet-scrubber-tutorial-step-by-step/" "Mozilla/5.0 (Linux; Android 15; SM-A556E Build/AP3A.240905.015.A2; wv) AppleWebKit/537.36 (KHTML, like Gecko) 4.0 Chrome/145.0.7632.80 Mobile Safari/537.36; bw4"
86.55.79.190 - - [17/Apr/2026:00:22:19 +0330] "GET /wp-content/uploads/2025/05/Crochet20Scrubber20Tutorial20Step20by20Step-10.webp HTTP/2" 200 19692 "https://rozbano.com/crochet-scrubber-tutorial-step-by-step/" "Mozilla/5.0 (Linux; Android 15; SM-A556E Build/AP3A.240905.015.A2; wv) AppleWebKit/537.36 (KHTML, like Gecko) 4.0 Chrome/145.0.7632.80 Mobile Safari/537.36; bw4"
86.55.79.190 - - [17/Apr/2026:00:22:19 +0330] "GET /wp-content/uploads/2025/05/Crochet20Scrubber20Tutorial20Step20by20Step-11.webp HTTP/2" 200 22502 "https://rozbano.com/crochet-scrubber-tutorial-step-by-step/" "Mozilla/5.0 (Linux; Android 15; SM-A556E Build/AP3A.240905.015.A2; wv) AppleWebKit/537.36 (KHTML, like Gecko) 4.0 Chrome/145.0.7632.80 Mobile Safari/537.36; bw4"
86.55.79.190 - - [17/Apr/2026:00:22:19 +0330] "GET /wp-includes/js/comment-reply.min.js?ver=6.9.4 HTTP/2" 200 1247 "https://rozbano.com/crochet-scrubber-tutorial-step-by-step/" "Mozilla/5.0 (Linux; Android 15; SM-A556E Build/AP3A.240905.015.A2; wv) AppleWebKit/537.36 (KHTML, like Gecko) 4.0 Chrome/145.0.7632.80 Mobile Safari/537.36; bw4"
86.55.79.190 - - [17/Apr/2026:00:22:19 +0330] "GET /wp-content/plugins/elementor/assets/js/shared-frontend-handlers.4c8abccc3e268b0767b2.bundle.min.js HTTP/2" 200 2542 "https://rozbano.com/crochet-scrubber-tutorial-step-by-step/" "Mozilla/5.0 (Linux; Android 15; SM-A556E Build/AP3A.240905.015.A2; wv) AppleWebKit/537.36 (KHTML, like Gecko) 4.0 Chrome/145.0.7632.80 Mobile Safari/537.36; bw4"
86.55.79.190 - - [17/Apr/2026:00:22:19 +0330] "GET /wp-content/plugins/elementor-pro/assets/js/share-buttons.63d984f8c96d1e053bc0.bundle.min.js HTTP/2" 200 690 "https://rozbano.com/crochet-scrubber-tutorial-step-by-step/" "Mozilla/5.0 (Linux; Android 15; SM-A556E Build/AP3A.240905.015.A2; wv) AppleWebKit/537.36 (KHTML, like Gecko) 4.0 Chrome/145.0.7632.80 Mobile Safari/537.36; bw4"
86.55.79.190 - - [17/Apr/2026:00:22:19 +0330] "GET /wp-content/plugins/elementor-pro/assets/js/nav-menu.0edc0c22e9f3101552ed.bundle.min.js HTTP/2" 200 1758 "https://rozbano.com/crochet-scrubber-tutorial-step-by-step/" "Mozilla/5.0 (Linux; Android 15; SM-A556E Build/AP3A.240905.015.A2; wv) AppleWebKit/537.36 (KHTML, like Gecko) 4.0 Chrome/145.0.7632.80 Mobile Safari/537.36; bw4"
86.55.79.190 - - [17/Apr/2026:00:22:19 +0330] "GET /wp-includes/js/wp-emoji-release.min.js?ver=6.9.4 HTTP/2" 200 4949 "https://rozbano.com/crochet-scrubber-tutorial-step-by-step/" "Mozilla/5.0 (Linux; Android 15; SM-A556E Build/AP3A.240905.015.A2; wv) AppleWebKit/537.36 (KHTML, like Gecko) 4.0 Chrome/145.0.7632.80 Mobile Safari/537.36; bw4"
86.55.79.190 - - [17/Apr/2026:00:22:19 +0330] "GET /wp-content/plugins/elementor/assets/lib/share-link/share-link.min.js?ver=3.32.3 HTTP/2" 200 1072 "https://rozbano.com/crochet-scrubber-tutorial-step-by-step/" "Mozilla/5.0 (Linux; Android 15; SM-A556E Build/AP3A.240905.015.A2; wv) AppleWebKit/537.36 (KHTML, like Gecko) 4.0 Chrome/145.0.7632.80 Mobile Safari/537.36; bw4"
66.249.70.32 - - [17/Apr/2026:00:22:20 +0330] "GET /page/3/?search=search_term_string&nocache=1766479135 HTTP/1.1" 200 27969 "-" "Mozilla/5.0 (Linux; Android 6.0.1; Nexus 5X Build/MMB29P) AppleWebKit/537.36 (KHTML, like Gecko) Chrome/146.0.7680.177 Mobile Safari/537.36 (compatible; Googlebot/2.1; +http://www.google.com/bot.html)"
66.249.70.32 - - [17/Apr/2026:00:22:21 +0330] "GET /page/506/?search=search_term_string&nocache=1766479135 HTTP/1.1" 200 27929 "-" "Mozilla/5.0 (Linux; Android 6.0.1; Nexus 5X Build/MMB29P) AppleWebKit/537.36 (KHTML, like Gecko) Chrome/146.0.7680.177 Mobile Safari/537.36 (compatible; Googlebot/2.1; +http://www.google.com/bot.html)"
66.249.70.32 - - [17/Apr/2026:00:22:24 +0330] "GET /page/2/?search=search_term_string&nocache=1765906788 HTTP/1.1" 200 28703 "-" "Mozilla/5.0 (Linux; Android 6.0.1; Nexus 5X Build/MMB29P) AppleWebKit/537.36 (KHTML, like Gecko) Chrome/146.0.7680.177 Mobile Safari/537.36 (compatible; Googlebot/2.1; +http://www.google.com/bot.html)"
202.46.62.105 - - [17/Apr/2026:00:22:25 +0330] "GET /wp-content/uploads/2025/05/rozbano-616-2.jpg HTTP/1.1" 200 24001 "https://rozbano.com/cat/%D8%A2%D9%85%D9%88%D8%B2%D8%B4-%D9%87%D9%86%D8%B1%D9%87%D8%A7%DB%8C-%D8%AF%D8%B3%D8%AA%DB%8C/%D8%A2%D9%85%D9%88%D8%B2%D8%B4-%D9%82%D9%84%D8%A7%D8%A8-%D8%A8%D8%A7%D9%81%DB%8C-%D9%85%DB%8C%D9%84-%D8%A8%D8%A7%D9%81%DB%8C/page/28/" "Mozilla/5.0 (Windows NT 10.0; Win64; x64) AppleWebKit/537.36 (KHTML, like Gecko) Chrome/133.0.6943.141 Safari/537.36"
66.249.70.32 - - [17/Apr/2026:00:22:26 +0330] "GET /page/499/?search=search_term_string&nocache=1766492037 HTTP/1.1" 200 29392 "-" "Mozilla/5.0 (Linux; Android 6.0.1; Nexus 5X Build/MMB29P) AppleWebKit/537.36 (KHTML, like Gecko) Chrome/146.0.7680.177 Mobile Safari/537.36 (compatible; Googlebot/2.1; +http://www.google.com/bot.html)"
202.46.62.63 - - [17/Apr/2026:00:22:26 +0330] "POST /cat/%D8%A2%D9%85%D9%88%D8%B2%D8%B4-%D9%87%D9%86%D8%B1%D9%87%D8%A7%DB%8C-%D8%AF%D8%B3%D8%AA%DB%8C/%D8%A2%D9%85%D9%88%D8%B2%D8%B4-%D9%82%D9%84%D8%A7%D8%A8-%D8%A8%D8%A7%D9%81%DB%8C-%D9%85%DB%8C%D9%84-%D8%A8%D8%A7%D9%81%DB%8C/page/28/?nocache=1776372731 HTTP/1.1" 200 5972 "https://rozbano.com/cat/%D8%A2%D9%85%D9%88%D8%B2%D8%B4-%D9%87%D9%86%D8%B1%D9%87%D8%A7%DB%8C-%D8%AF%D8%B3%D8%AA%DB%8C/%D8%A2%D9%85%D9%88%D8%B2%D8%B4-%D9%82%D9%84%D8%A7%D8%A8-%D8%A8%D8%A7%D9%81%DB%8C-%D9%85%DB%8C%D9%84-%D8%A8%D8%A7%D9%81%DB%8C/page/28/" "Mozilla/5.0 (Windows NT 10.0; Win64; x64) AppleWebKit/537.36 (KHTML, like Gecko) Chrome/133.0.6943.141 Safari/537.36"
66.249.70.33 - - [17/Apr/2026:00:21:54 +0330] "GET /page/4/?search=search_term_string&nocache=1766460438 HTTP/1.1" 200 27719 "-" "Mozilla/5.0 (Linux; Android 6.0.1; Nexus 5X Build/MMB29P) AppleWebKit/537.36 (KHTML, like Gecko) Chrome/146.0.7680.177 Mobile Safari/537.36 (compatible; Googlebot/2.1; +http://www.google.com/bot.html)"
66.249.70.33 - - [17/Apr/2026:00:21:57 +0330] "GET /page/503/?search=search_term_string&nocache=1766029361 HTTP/1.1" 200 29847 "-" "Mozilla/5.0 (Linux; Android 6.0.1; Nexus 5X Build/MMB29P) AppleWebKit/537.36 (KHTML, like Gecko) Chrome/146.0.7680.177 Mobile Safari/537.36 (compatible; Googlebot/2.1; +http://www.google.com/bot.html)"
103.75.126.223 - - [17/Apr/2026:00:21:59 +0330] "GET /apps/vendor/phpunit/phpunit/src/Util/PHP/eval-stdin.php HTTP/1.0" 301 0 "-" "libredtail-http"
66.249.70.33 - - [17/Apr/2026:00:22:02 +0330] "GET /page/485/?lsesi=nonce&esi=eyJhY3Rpb24iOiJlbGVtZW50b3ItcHJvLWZyb250ZW5kIiwiX2xzX3NpbGVuY2UiOnRydWV9&_hash=53888cd5c92e80866434c90c40d9a34f&nocache=1767283119 HTTP/1.1" 200 30190 "-" "Mozilla/5.0 (Linux; Android 6.0.1; Nexus 5X Build/MMB29P) AppleWebKit/537.36 (KHTML, like Gecko) Chrome/146.0.7680.177 Mobile Safari/537.36 (compatible; Googlebot/2.1; +http://www.google.com/bot.html)"
