5.217.59.181 - - [17/Apr/2026:00:08:14 +0330] "GET /wp-content/uploads/2025/12/IRANSansXFaNum-Medium.woff2 HTTP/2" 200 28060 "https://rozbano.com/wp-content/uploads/elementor/css/post-53138.css?ver=1776365957" "Mozilla/5.0 (Linux; Android 12; SM-A235F Build/SP1A.210812.016; wv) AppleWebKit/537.36 (KHTML, like Gecko) 4.0 Chrome/144.0.7559.132 Mobile Safari/537.36; bw4"
5.217.59.181 - - [17/Apr/2026:00:08:14 +0330] "GET /wp-content/uploads/2025/12/IRANSansXFaNum-Regular.woff2 HTTP/2" 200 27012 "https://rozbano.com/wp-content/uploads/elementor/css/post-53138.css?ver=1776365957" "Mozilla/5.0 (Linux; Android 12; SM-A235F Build/SP1A.210812.016; wv) AppleWebKit/537.36 (KHTML, like Gecko) 4.0 Chrome/144.0.7559.132 Mobile Safari/537.36; bw4"
5.217.59.181 - - [17/Apr/2026:00:08:14 +0330] "GET /wp-includes/js/dist/hooks.min.js?ver=dd5603f07f9220ed27f1 HTTP/2" 200 1852 "https://rozbano.com/sewing-blouse-without-pattern-tutorial/" "Mozilla/5.0 (Linux; Android 12; SM-A235F Build/SP1A.210812.016; wv) AppleWebKit/537.36 (KHTML, like Gecko) 4.0 Chrome/144.0.7559.132 Mobile Safari/537.36; bw4"
5.217.59.181 - - [17/Apr/2026:00:08:14 +0330] "GET /wp-includes/js/dist/i18n.min.js?ver=c26c3dc7bed366793375 HTTP/2" 200 2119 "https://rozbano.com/sewing-blouse-without-pattern-tutorial/" "Mozilla/5.0 (Linux; Android 12; SM-A235F Build/SP1A.210812.016; wv) AppleWebKit/537.36 (KHTML, like Gecko) 4.0 Chrome/144.0.7559.132 Mobile Safari/537.36; bw4"
5.217.59.181 - - [17/Apr/2026:00:08:14 +0330] "GET /wp-content/plugins/elementor-pro/assets/js/frontend.min.js?ver=3.32.3 HTTP/2" 200 6321 "https://rozbano.com/sewing-blouse-without-pattern-tutorial/" "Mozilla/5.0 (Linux; Android 12; SM-A235F Build/SP1A.210812.016; wv) AppleWebKit/537.36 (KHTML, like Gecko) 4.0 Chrome/144.0.7559.132 Mobile Safari/537.36; bw4"
5.217.59.181 - - [17/Apr/2026:00:08:14 +0330] "GET /wp-content/plugins/elementor-pro/assets/js/elements-handlers.min.js?ver=3.32.3 HTTP/2" 200 10180 "https://rozbano.com/sewing-blouse-without-pattern-tutorial/" "Mozilla/5.0 (Linux; Android 12; SM-A235F Build/SP1A.210812.016; wv) AppleWebKit/537.36 (KHTML, like Gecko) 4.0 Chrome/144.0.7559.132 Mobile Safari/537.36; bw4"
5.217.59.181 - - [17/Apr/2026:00:08:14 +0330] "GET /wp-content/uploads/2025/05/Rozbano-Logo-Web-Nima-new.webp HTTP/2" 200 2430 "https://rozbano.com/sewing-blouse-without-pattern-tutorial/" "Mozilla/5.0 (Linux; Android 12; SM-A235F Build/SP1A.210812.016; wv) AppleWebKit/537.36 (KHTML, like Gecko) 4.0 Chrome/144.0.7559.132 Mobile Safari/537.36; bw4"
5.217.59.181 - - [17/Apr/2026:00:08:14 +0330] "GET /wp-content/uploads/2025/10/Crochet-Kitchen-Napkin-Holder-Free-Tutorial.webp HTTP/2" 200 31990 "https://rozbano.com/sewing-blouse-without-pattern-tutorial/" "Mozilla/5.0 (Linux; Android 12; SM-A235F Build/SP1A.210812.016; wv) AppleWebKit/537.36 (KHTML, like Gecko) 4.0 Chrome/144.0.7559.132 Mobile Safari/537.36; bw4"
5.217.59.181 - - [17/Apr/2026:00:08:14 +0330] "GET /wp-content/uploads/2025/10/Autumn-Kaftan-Sewing-Tutorial-at-Home.webp HTTP/2" 200 22110 "https://rozbano.com/sewing-blouse-without-pattern-tutorial/" "Mozilla/5.0 (Linux; Android 12; SM-A235F Build/SP1A.210812.016; wv) AppleWebKit/537.36 (KHTML, like Gecko) 4.0 Chrome/144.0.7559.132 Mobile Safari/537.36; bw4"
5.217.59.181 - - [17/Apr/2026:00:08:14 +0330] "GET /wp-content/uploads/2025/10/Free-tutorial-sew-versatile-organizer-01.webp HTTP/2" 200 21366 "https://rozbano.com/sewing-blouse-without-pattern-tutorial/" "Mozilla/5.0 (Linux; Android 12; SM-A235F Build/SP1A.210812.016; wv) AppleWebKit/537.36 (KHTML, like Gecko) 4.0 Chrome/144.0.7559.132 Mobile Safari/537.36; bw4"
5.217.59.181 - - [17/Apr/2026:00:08:14 +0330] "GET /wp-content/uploads/2025/05/rozbano-278-6-300x300.jpg HTTP/2" 200 22138 "https://rozbano.com/sewing-blouse-without-pattern-tutorial/" "Mozilla/5.0 (Linux; Android 12; SM-A235F Build/SP1A.210812.016; wv) AppleWebKit/537.36 (KHTML, like Gecko) 4.0 Chrome/144.0.7559.132 Mobile Safari/537.36; bw4"
5.217.59.181 - - [17/Apr/2026:00:08:14 +0330] "GET /wp-content/uploads/2025/05/rozbano-78-1-3.jpg HTTP/2" 200 22824 "https://rozbano.com/sewing-blouse-without-pattern-tutorial/" "Mozilla/5.0 (Linux; Android 12; SM-A235F Build/SP1A.210812.016; wv) AppleWebKit/537.36 (KHTML, like Gecko) 4.0 Chrome/144.0.7559.132 Mobile Safari/537.36; bw4"
5.217.59.181 - - [17/Apr/2026:00:08:14 +0330] "GET /wp-content/uploads/2016/05/Chandelier-for-the-bedroom-sh.webp HTTP/2" 200 29648 "https://rozbano.com/sewing-blouse-without-pattern-tutorial/" "Mozilla/5.0 (Linux; Android 12; SM-A235F Build/SP1A.210812.016; wv) AppleWebKit/537.36 (KHTML, like Gecko) 4.0 Chrome/144.0.7559.132 Mobile Safari/537.36; bw4"
5.217.59.181 - - [17/Apr/2026:00:08:14 +0330] "GET /wp-content/uploads/2025/05/From20the20basics20to20the20guide20to20implementing20affiliate20marketing-02.jpg HTTP/2" 200 11400 "https://rozbano.com/sewing-blouse-without-pattern-tutorial/" "Mozilla/5.0 (Linux; Android 12; SM-A235F Build/SP1A.210812.016; wv) AppleWebKit/537.36 (KHTML, like Gecko) 4.0 Chrome/144.0.7559.132 Mobile Safari/537.36; bw4"
5.217.59.181 - - [17/Apr/2026:00:08:14 +0330] "GET /wp-content/uploads/2025/05/rozbano-616-30.jpg HTTP/2" 200 45774 "https://rozbano.com/sewing-blouse-without-pattern-tutorial/" "Mozilla/5.0 (Linux; Android 12; SM-A235F Build/SP1A.210812.016; wv) AppleWebKit/537.36 (KHTML, like Gecko) 4.0 Chrome/144.0.7559.132 Mobile Safari/537.36; bw4"
5.217.59.181 - - [17/Apr/2026:00:08:14 +0330] "GET /wp-includes/js/comment-reply.min.js?ver=6.9.4 HTTP/2" 200 1247 "https://rozbano.com/sewing-blouse-without-pattern-tutorial/" "Mozilla/5.0 (Linux; Android 12; SM-A235F Build/SP1A.210812.016; wv) AppleWebKit/537.36 (KHTML, like Gecko) 4.0 Chrome/144.0.7559.132 Mobile Safari/537.36; bw4"
5.217.59.181 - - [17/Apr/2026:00:08:14 +0330] "GET /wp-content/uploads/2025/10/Free-crochet-tutorial-for-fall-hat-01.webp HTTP/2" 200 72884 "https://rozbano.com/sewing-blouse-without-pattern-tutorial/" "Mozilla/5.0 (Linux; Android 12; SM-A235F Build/SP1A.210812.016; wv) AppleWebKit/537.36 (KHTML, like Gecko) 4.0 Chrome/144.0.7559.132 Mobile Safari/537.36; bw4"
5.217.59.181 - - [17/Apr/2026:00:08:14 +0330] "GET /wp-content/uploads/2025/11/free-crochet-candy-bath-towel-tutorial-01.webp HTTP/2" 200 34422 "https://rozbano.com/sewing-blouse-without-pattern-tutorial/" "Mozilla/5.0 (Linux; Android 12; SM-A235F Build/SP1A.210812.016; wv) AppleWebKit/537.36 (KHTML, like Gecko) 4.0 Chrome/144.0.7559.132 Mobile Safari/537.36; bw4"
5.217.59.181 - - [17/Apr/2026:00:08:14 +0330] "GET /wp-content/uploads/2025/10/tutorial-sew-versatile-organizer-with-little-fabric-01.webp HTTP/2" 200 64330 "https://rozbano.com/sewing-blouse-without-pattern-tutorial/" "Mozilla/5.0 (Linux; Android 12; SM-A235F Build/SP1A.210812.016; wv) AppleWebKit/537.36 (KHTML, like Gecko) 4.0 Chrome/144.0.7559.132 Mobile Safari/537.36; bw4"
5.217.59.181 - - [17/Apr/2026:00:08:14 +0330] "GET /wp-content/uploads/2023/08/crochet-luxury-girls-cloak-tutorial.webp HTTP/2" 200 40914 "https://rozbano.com/sewing-blouse-without-pattern-tutorial/" "Mozilla/5.0 (Linux; Android 12; SM-A235F Build/SP1A.210812.016; wv) AppleWebKit/537.36 (KHTML, like Gecko) 4.0 Chrome/144.0.7559.132 Mobile Safari/537.36; bw4"
5.217.59.181 - - [17/Apr/2026:00:08:14 +0330] "GET /wp-content/uploads/2025/12/IRANSansXFaNum-Black.woff2 HTTP/2" 200 26796 "https://rozbano.com/wp-content/uploads/elementor/css/post-53138.css?ver=1776365957" "Mozilla/5.0 (Linux; Android 12; SM-A235F Build/SP1A.210812.016; wv) AppleWebKit/537.36 (KHTML, like Gecko) 4.0 Chrome/144.0.7559.132 Mobile Safari/537.36; bw4"
5.217.59.181 - - [17/Apr/2026:00:08:14 +0330] "GET /wp-content/uploads/2025/12/IRANSansXFaNum-Bold.woff2 HTTP/2" 200 28036 "https://rozbano.com/wp-content/uploads/elementor/css/post-53138.css?ver=1776365957" "Mozilla/5.0 (Linux; Android 12; SM-A235F Build/SP1A.210812.016; wv) AppleWebKit/537.36 (KHTML, like Gecko) 4.0 Chrome/144.0.7559.132 Mobile Safari/537.36; bw4"
5.217.59.181 - - [17/Apr/2026:00:08:15 +0330] "GET /wp-content/plugins/elementor/assets/js/shared-frontend-handlers.4c8abccc3e268b0767b2.bundle.min.js HTTP/2" 200 2542 "https://rozbano.com/sewing-blouse-without-pattern-tutorial/" "Mozilla/5.0 (Linux; Android 12; SM-A235F Build/SP1A.210812.016; wv) AppleWebKit/537.36 (KHTML, like Gecko) 4.0 Chrome/144.0.7559.132 Mobile Safari/537.36; bw4"
5.217.59.181 - - [17/Apr/2026:00:08:15 +0330] "GET /wp-content/plugins/elementor-pro/assets/js/share-buttons.63d984f8c96d1e053bc0.bundle.min.js HTTP/2" 200 690 "https://rozbano.com/sewing-blouse-without-pattern-tutorial/" "Mozilla/5.0 (Linux; Android 12; SM-A235F Build/SP1A.210812.016; wv) AppleWebKit/537.36 (KHTML, like Gecko) 4.0 Chrome/144.0.7559.132 Mobile Safari/537.36; bw4"
5.217.59.181 - - [17/Apr/2026:00:08:15 +0330] "GET /wp-content/plugins/elementor-pro/assets/js/nav-menu.0edc0c22e9f3101552ed.bundle.min.js HTTP/2" 200 1758 "https://rozbano.com/sewing-blouse-without-pattern-tutorial/" "Mozilla/5.0 (Linux; Android 12; SM-A235F Build/SP1A.210812.016; wv) AppleWebKit/537.36 (KHTML, like Gecko) 4.0 Chrome/144.0.7559.132 Mobile Safari/537.36; bw4"
5.217.59.181 - - [17/Apr/2026:00:08:15 +0330] "GET /wp-content/plugins/elementor/assets/lib/share-link/share-link.min.js?ver=3.32.3 HTTP/2" 200 1072 "https://rozbano.com/sewing-blouse-without-pattern-tutorial/" "Mozilla/5.0 (Linux; Android 12; SM-A235F Build/SP1A.210812.016; wv) AppleWebKit/537.36 (KHTML, like Gecko) 4.0 Chrome/144.0.7559.132 Mobile Safari/537.36; bw4"
5.217.59.181 - - [17/Apr/2026:00:08:15 +0330] "GET /wp-includes/js/wp-emoji-release.min.js?ver=6.9.4 HTTP/2" 200 4949 "https://rozbano.com/sewing-blouse-without-pattern-tutorial/" "Mozilla/5.0 (Linux; Android 12; SM-A235F Build/SP1A.210812.016; wv) AppleWebKit/537.36 (KHTML, like Gecko) 4.0 Chrome/144.0.7559.132 Mobile Safari/537.36; bw4"
216.73.216.0 - - [17/Apr/2026:00:08:17 +0330] "GET /wp-includes/images/down_arrow-2x.gif HTTP/2" 200 84 "-" "Mozilla/5.0 AppleWebKit/537.36 (KHTML, like Gecko; compatible; ClaudeBot/1.0; +claudebot@anthropic.com)"
216.73.216.0 - - [17/Apr/2026:00:08:22 +0330] "GET /wp-includes/images/admin-bar-sprite-2x.png HTTP/2" 200 3999 "-" "Mozilla/5.0 AppleWebKit/537.36 (KHTML, like Gecko; compatible; ClaudeBot/1.0; +claudebot@anthropic.com)"
5.217.59.181 - - [17/Apr/2026:00:08:17 +0330] "GET /cat/%d8%a2%d9%85%d9%88%d8%b2%d8%b4-%d9%87%d9%86%d8%b1%d9%87%d8%a7%db%8c-%d8%af%d8%b3%d8%aa%db%8c/ HTTP/2" 200 36391 "https://rozbano.com/sewing-blouse-without-pattern-tutorial/" "Mozilla/5.0 (Linux; Android 12; SM-A235F Build/SP1A.210812.016; wv) AppleWebKit/537.36 (KHTML, like Gecko) Version/4.0 Chrome/144.0.7559.132 Mobile Safari/537.36"
66.249.70.32 - - [17/Apr/2026:00:08:25 +0330] "GET /page/497/?nocache=1767250838 HTTP/1.1" 200 27691 "-" "Mozilla/5.0 (Linux; Android 6.0.1; Nexus 5X Build/MMB29P) AppleWebKit/537.36 (KHTML, like Gecko) Chrome/146.0.7680.177 Mobile Safari/537.36 (compatible; Googlebot/2.1; +http://www.google.com/bot.html)"
216.73.216.0 - - [17/Apr/2026:00:08:27 +0330] "GET /tag/%d8%a2%d9%85%d9%88%d8%b2%d8%b4-%d8%aa%d9%87%db%8c%d9%87-%da%a9%db%8c%da%a9-%d9%86%d8%a7%d8%b1%d9%86%da%af%db%8c/ HTTP/2" 403 20 "-" "Mozilla/5.0 AppleWebKit/537.36 (KHTML, like Gecko; compatible; ClaudeBot/1.0; +claudebot@anthropic.com)"
216.73.216.0 - - [17/Apr/2026:00:08:27 +0330] "GET /wp-includes/images/spinner-2x.gif HTTP/2" 200 7536 "-" "Mozilla/5.0 AppleWebKit/537.36 (KHTML, like Gecko; compatible; ClaudeBot/1.0; +claudebot@anthropic.com)"
66.249.70.32 - - [17/Apr/2026:00:08:27 +0330] "GET /page/507/?search=search_term_string&nocache=1766650094 HTTP/1.1" 200 28456 "-" "Mozilla/5.0 (Linux; Android 6.0.1; Nexus 5X Build/MMB29P) AppleWebKit/537.36 (KHTML, like Gecko) Chrome/146.0.7680.177 Mobile Safari/537.36 (compatible; Googlebot/2.1; +http://www.google.com/bot.html)"
5.217.59.181 - - [17/Apr/2026:00:08:26 +0330] "POST /sewing-blouse-without-pattern-tutorial/?nocache=1776371893 HTTP/2" 200 4912 "https://rozbano.com/sewing-blouse-without-pattern-tutorial/" "Mozilla/5.0 (Linux; Android 12; SM-A235F Build/SP1A.210812.016; wv) AppleWebKit/537.36 (KHTML, like Gecko) 4.0 Chrome/144.0.7559.132 Mobile Safari/537.36; bw4"
5.217.59.181 - - [17/Apr/2026:00:08:28 +0330] "GET /wp-content/uploads/2026/04/crochet-flower-scrubber-tutorial-02.webp HTTP/2" 200 21788 "https://rozbano.com/sewing-blouse-without-pattern-tutorial/" "Mozilla/5.0 (Linux; Android 12; SM-A235F Build/SP1A.210812.016; wv) AppleWebKit/537.36 (KHTML, like Gecko) 4.0 Chrome/144.0.7559.132 Mobile Safari/537.36; bw4"
5.217.59.181 - - [17/Apr/2026:00:08:28 +0330] "GET /wp-content/uploads/2026/04/tie-hat-knitting-tutorial-03.webp HTTP/2" 200 9874 "https://rozbano.com/sewing-blouse-without-pattern-tutorial/" "Mozilla/5.0 (Linux; Android 12; SM-A235F Build/SP1A.210812.016; wv) AppleWebKit/537.36 (KHTML, like Gecko) 4.0 Chrome/144.0.7559.132 Mobile Safari/537.36; bw4"
5.217.59.181 - - [17/Apr/2026:00:08:28 +0330] "GET /wp-content/uploads/2026/04/crochet-flower-scrubby-tutorial.webp HTTP/2" 200 25296 "https://rozbano.com/sewing-blouse-without-pattern-tutorial/" "Mozilla/5.0 (Linux; Android 12; SM-A235F Build/SP1A.210812.016; wv) AppleWebKit/537.36 (KHTML, like Gecko) 4.0 Chrome/144.0.7559.132 Mobile Safari/537.36; bw4"
216.73.216.0 - - [17/Apr/2026:00:07:31 +0330] "GET /wp-includes/css/jquery-ui-dialog-rtl.css HTTP/2" 200 1643 "-" "Mozilla/5.0 AppleWebKit/537.36 (KHTML, like Gecko; compatible; ClaudeBot/1.0; +claudebot@anthropic.com)"
216.73.216.0 - - [17/Apr/2026:00:07:35 +0330] "GET /wp-includes/feed-rdf.php HTTP/2" 500 20 "-" "Mozilla/5.0 AppleWebKit/537.36 (KHTML, like Gecko; compatible; ClaudeBot/1.0; +claudebot@anthropic.com)"
216.73.216.0 - - [17/Apr/2026:00:07:40 +0330] "GET /wp-includes/widgets/class-wp-widget-media-image.php HTTP/2" 500 20 "-" "Mozilla/5.0 AppleWebKit/537.36 (KHTML, like Gecko; compatible; ClaudeBot/1.0; +claudebot@anthropic.com)"
66.249.70.39 - - [17/Apr/2026:00:07:43 +0330] "GET /page/506/?search=search_term_string&nocache=1765904085 HTTP/1.1" 200 28049 "-" "Mozilla/5.0 (Linux; Android 6.0.1; Nexus 5X Build/MMB29P) AppleWebKit/537.36 (KHTML, like Gecko) Chrome/146.0.7680.177 Mobile Safari/537.36 (compatible; Googlebot/2.1; +http://www.google.com/bot.html)"
216.73.216.0 - - [17/Apr/2026:00:07:45 +0330] "GET /wp-includes/nav-menu-template.php HTTP/2" 200 22 "-" "Mozilla/5.0 AppleWebKit/537.36 (KHTML, like Gecko; compatible; ClaudeBot/1.0; +claudebot@anthropic.com)"
216.73.216.0 - - [17/Apr/2026:00:07:50 +0330] "GET /wp-includes/sodium_compat/ HTTP/2" 200 1306 "-" "Mozilla/5.0 AppleWebKit/537.36 (KHTML, like Gecko; compatible; ClaudeBot/1.0; +claudebot@anthropic.com)"
54.236.1.51 - - [17/Apr/2026:00:07:52 +0330] "GET /peacock-wing-pattern-texture.html HTTP/1.1" 301 20 "-" "Mozilla/5.0 (compatible; Pinterestbot/1.0; +http://www.pinterest.com/bot.html)"
216.73.216.0 - - [17/Apr/2026:00:07:55 +0330] "GET /wp-includes/PHPMailer/ HTTP/2" 200 1336 "-" "Mozilla/5.0 AppleWebKit/537.36 (KHTML, like Gecko; compatible; ClaudeBot/1.0; +claudebot@anthropic.com)"
66.249.70.39 - - [17/Apr/2026:00:08:13 +0330] "GET /page/505/?search=search_term_string&nocache=1766479177 HTTP/1.1" 200 27217 "-" "Mozilla/5.0 (Linux; Android 6.0.1; Nexus 5X Build/MMB29P) AppleWebKit/537.36 (KHTML, like Gecko) Chrome/146.0.7680.177 Mobile Safari/537.36 (compatible; Googlebot/2.1; +http://www.google.com/bot.html)"
66.249.70.39 - - [17/Apr/2026:00:08:14 +0330] "GET /page/3/?search=search_term_string&nocache=1765547918 HTTP/1.1" 200 27210 "-" "Mozilla/5.0 (Linux; Android 6.0.1; Nexus 5X Build/MMB29P) AppleWebKit/537.36 (KHTML, like Gecko) Chrome/146.0.7680.177 Mobile Safari/537.36 (compatible; Googlebot/2.1; +http://www.google.com/bot.html)"
66.249.70.39 - - [17/Apr/2026:00:08:18 +0330] "GET /page/506/?search=search_term_string&nocache=1766460438 HTTP/1.1" 200 30913 "-" "Mozilla/5.0 (Linux; Android 6.0.1; Nexus 5X Build/MMB29P) AppleWebKit/537.36 (KHTML, like Gecko) Chrome/146.0.7680.177 Mobile Safari/537.36 (compatible; Googlebot/2.1; +http://www.google.com/bot.html)"
66.249.70.39 - - [17/Apr/2026:00:08:23 +0330] "GET /page/501/?nocache=1765829861 HTTP/1.1" 200 29437 "-" "Mozilla/5.0 (Linux; Android 6.0.1; Nexus 5X Build/MMB29P) AppleWebKit/537.36 (KHTML, like Gecko) Chrome/146.0.7680.177 Mobile Safari/537.36 (compatible; Googlebot/2.1; +http://www.google.com/bot.html)"
66.249.70.39 - - [17/Apr/2026:00:08:26 +0330] "GET /products/detail/80419018%20%20%20%20%20%20%20%20%20%20%20%20%20%20%20%20%20%20%20%20%20%20%20%20%20%20%20%20%20%20%20%20class= HTTP/1.1" 200 29260 "-" "Mozilla/5.0 (Linux; Android 6.0.1; Nexus 5X Build/MMB29P) AppleWebKit/537.36 (KHTML, like Gecko) Chrome/146.0.7680.177 Mobile Safari/537.36 (compatible; GoogleOther)"
5.209.202.90 - - [17/Apr/2026:00:08:25 +0330] "GET /popular-girls-crop-stitch-tutorial/ HTTP/2" 200 33514 "https://www.google.com/" "Mozilla/5.0 (Linux; Android 10; K) AppleWebKit/537.36 (KHTML, like Gecko) Chrome/130.0.0.0 Mobile Safari/537.36"
5.209.202.90 - - [17/Apr/2026:00:08:30 +0330] "GET /wp-includes/css/dist/block-library/style-rtl.min.css?ver=6.9.4 HTTP/2" 200 14838 "https://rozbano.com/popular-girls-crop-stitch-tutorial/" "Mozilla/5.0 (Linux; Android 10; K) AppleWebKit/537.36 (KHTML, like Gecko) Chrome/130.0.0.0 Mobile Safari/537.36"
5.209.202.90 - - [17/Apr/2026:00:08:31 +0330] "GET /wp-content/plugins/jet-engine/assets/css/frontend.css?ver=3.7.10 HTTP/2" 200 8353 "https://rozbano.com/popular-girls-crop-stitch-tutorial/" "Mozilla/5.0 (Linux; Android 10; K) AppleWebKit/537.36 (KHTML, like Gecko) Chrome/130.0.0.0 Mobile Safari/537.36"
5.209.202.90 - - [17/Apr/2026:00:08:31 +0330] "GET /wp-content/themes/hello-elementor/style.css?ver=6.9.4 HTTP/2" 200 561 "https://rozbano.com/popular-girls-crop-stitch-tutorial/" "Mozilla/5.0 (Linux; Android 10; K) AppleWebKit/537.36 (KHTML, like Gecko) Chrome/130.0.0.0 Mobile Safari/537.36"
5.209.202.90 - - [17/Apr/2026:00:08:31 +0330] "GET /wp-content/plugins/elementor/assets/css/frontend-rtl.min.css?ver=3.32.3 HTTP/2" 200 6537 "https://rozbano.com/popular-girls-crop-stitch-tutorial/" "Mozilla/5.0 (Linux; Android 10; K) AppleWebKit/537.36 (KHTML, like Gecko) Chrome/130.0.0.0 Mobile Safari/537.36"
5.209.202.90 - - [17/Apr/2026:00:08:31 +0330] "GET /wp-content/plugins/elementor/assets/css/widget-image-rtl.min.css?ver=3.32.3 HTTP/2" 200 119 "https://rozbano.com/popular-girls-crop-stitch-tutorial/" "Mozilla/5.0 (Linux; Android 10; K) AppleWebKit/537.36 (KHTML, like Gecko) Chrome/130.0.0.0 Mobile Safari/537.36"
5.209.202.90 - - [17/Apr/2026:00:08:31 +0330] "GET /wp-content/plugins/elementor/assets/css/widget-social-icons-rtl.min.css?ver=3.32.3 HTTP/2" 200 1069 "https://rozbano.com/popular-girls-crop-stitch-tutorial/" "Mozilla/5.0 (Linux; Android 10; K) AppleWebKit/537.36 (KHTML, like Gecko) Chrome/130.0.0.0 Mobile Safari/537.36"
5.209.202.90 - - [17/Apr/2026:00:08:31 +0330] "GET /wp-content/plugins/elementor/assets/css/conditionals/apple-webkit.min.css?ver=3.32.3 HTTP/2" 200 472 "https://rozbano.com/popular-girls-crop-stitch-tutorial/" "Mozilla/5.0 (Linux; Android 10; K) AppleWebKit/537.36 (KHTML, like Gecko) Chrome/130.0.0.0 Mobile Safari/537.36"
5.209.202.90 - - [17/Apr/2026:00:08:31 +0330] "GET /wp-content/plugins/elementor-pro/assets/css/modules/sticky.min.css?ver=3.32.3 HTTP/2" 200 162 "https://rozbano.com/popular-girls-crop-stitch-tutorial/" "Mozilla/5.0 (Linux; Android 10; K) AppleWebKit/537.36 (KHTML, like Gecko) Chrome/130.0.0.0 Mobile Safari/537.36"
5.209.202.90 - - [17/Apr/2026:00:08:31 +0330] "GET /wp-content/plugins/elementor/assets/css/widget-heading-rtl.min.css?ver=3.32.3 HTTP/2" 200 154 "https://rozbano.com/popular-girls-crop-stitch-tutorial/" "Mozilla/5.0 (Linux; Android 10; K) AppleWebKit/537.36 (KHTML, like Gecko) Chrome/130.0.0.0 Mobile Safari/537.36"
5.209.202.90 - - [17/Apr/2026:00:08:31 +0330] "GET /wp-content/plugins/elementor/assets/css/widget-icon-box-rtl.min.css?ver=3.32.3 HTTP/2" 200 422 "https://rozbano.com/popular-girls-crop-stitch-tutorial/" "Mozilla/5.0 (Linux; Android 10; K) AppleWebKit/537.36 (KHTML, like Gecko) Chrome/130.0.0.0 Mobile Safari/537.36"
5.209.202.90 - - [17/Apr/2026:00:08:31 +0330] "GET /wp-content/plugins/elementor/assets/lib/swiper/v8/css/swiper.min.css?ver=8.4.5 HTTP/2" 200 4248 "https://rozbano.com/popular-girls-crop-stitch-tutorial/" "Mozilla/5.0 (Linux; Android 10; K) AppleWebKit/537.36 (KHTML, like Gecko) Chrome/130.0.0.0 Mobile Safari/537.36"
5.209.202.90 - - [17/Apr/2026:00:08:31 +0330] "GET /wp-content/plugins/elementor/assets/css/conditionals/e-swiper.min.css?ver=3.32.3 HTTP/2" 200 699 "https://rozbano.com/popular-girls-crop-stitch-tutorial/" "Mozilla/5.0 (Linux; Android 10; K) AppleWebKit/537.36 (KHTML, like Gecko) Chrome/130.0.0.0 Mobile Safari/537.36"
5.209.202.90 - - [17/Apr/2026:00:08:31 +0330] "GET /wp-content/plugins/elementor-pro/assets/css/widget-post-info-rtl.min.css?ver=3.32.3 HTTP/2" 200 165 "https://rozbano.com/popular-girls-crop-stitch-tutorial/" "Mozilla/5.0 (Linux; Android 10; K) AppleWebKit/537.36 (KHTML, like Gecko) Chrome/130.0.0.0 Mobile Safari/537.36"
5.209.202.90 - - [17/Apr/2026:00:08:31 +0330] "GET /wp-content/plugins/elementor/assets/css/widget-icon-list-rtl.min.css?ver=3.32.3 HTTP/2" 200 963 "https://rozbano.com/popular-girls-crop-stitch-tutorial/" "Mozilla/5.0 (Linux; Android 10; K) AppleWebKit/537.36 (KHTML, like Gecko) Chrome/130.0.0.0 Mobile Safari/537.36"
5.209.202.90 - - [17/Apr/2026:00:08:31 +0330] "GET /wp-content/plugins/elementor-pro/assets/css/widget-share-buttons-rtl.min.css?ver=3.32.3 HTTP/2" 200 2144 "https://rozbano.com/popular-girls-crop-stitch-tutorial/" "Mozilla/5.0 (Linux; Android 10; K) AppleWebKit/537.36 (KHTML, like Gecko) Chrome/130.0.0.0 Mobile Safari/537.36"
5.209.202.90 - - [17/Apr/2026:00:08:31 +0330] "GET /wp-content/plugins/elementor-pro/assets/css/widget-post-navigation-rtl.min.css?ver=3.32.3 HTTP/2" 200 494 "https://rozbano.com/popular-girls-crop-stitch-tutorial/" "Mozilla/5.0 (Linux; Android 10; K) AppleWebKit/537.36 (KHTML, like Gecko) Chrome/130.0.0.0 Mobile Safari/537.36"
5.209.202.90 - - [17/Apr/2026:00:08:31 +0330] "GET /wp-content/uploads/elementor/css/post-53138.css?ver=1776365957 HTTP/2" 200 3019 "https://rozbano.com/popular-girls-crop-stitch-tutorial/" "Mozilla/5.0 (Linux; Android 10; K) AppleWebKit/537.36 (KHTML, like Gecko) Chrome/130.0.0.0 Mobile Safari/537.36"
5.209.202.90 - - [17/Apr/2026:00:08:31 +0330] "GET /wp-content/uploads/elementor/css/post-53143.css?ver=1776365957 HTTP/2" 200 462 "https://rozbano.com/popular-girls-crop-stitch-tutorial/" "Mozilla/5.0 (Linux; Android 10; K) AppleWebKit/537.36 (KHTML, like Gecko) Chrome/130.0.0.0 Mobile Safari/537.36"
5.209.202.90 - - [17/Apr/2026:00:08:31 +0330] "GET /wp-content/uploads/elementor/css/post-53145.css?ver=1776365957 HTTP/2" 200 1694 "https://rozbano.com/popular-girls-crop-stitch-tutorial/" "Mozilla/5.0 (Linux; Android 10; K) AppleWebKit/537.36 (KHTML, like Gecko) Chrome/130.0.0.0 Mobile Safari/537.36"
5.209.202.90 - - [17/Apr/2026:00:08:31 +0330] "GET /wp-content/uploads/elementor/css/post-53177.css?ver=1776365957 HTTP/2" 200 440 "https://rozbano.com/popular-girls-crop-stitch-tutorial/" "Mozilla/5.0 (Linux; Android 10; K) AppleWebKit/537.36 (KHTML, like Gecko) Chrome/130.0.0.0 Mobile Safari/537.36"
5.209.202.90 - - [17/Apr/2026:00:08:31 +0330] "GET /wp-content/uploads/elementor/css/post-53178.css?ver=1776365957 HTTP/2" 200 415 "https://rozbano.com/popular-girls-crop-stitch-tutorial/" "Mozilla/5.0 (Linux; Android 10; K) AppleWebKit/537.36 (KHTML, like Gecko) Chrome/130.0.0.0 Mobile Safari/537.36"
5.209.202.90 - - [17/Apr/2026:00:08:31 +0330] "GET /wp-content/uploads/elementor/css/post-53316.css?ver=1776365957 HTTP/2" 200 418 "https://rozbano.com/popular-girls-crop-stitch-tutorial/" "Mozilla/5.0 (Linux; Android 10; K) AppleWebKit/537.36 (KHTML, like Gecko) Chrome/130.0.0.0 Mobile Safari/537.36"
5.209.202.90 - - [17/Apr/2026:00:08:31 +0330] "GET /wp-content/uploads/elementor/css/post-53157.css?ver=1776365962 HTTP/2" 200 2256 "https://rozbano.com/popular-girls-crop-stitch-tutorial/" "Mozilla/5.0 (Linux; Android 10; K) AppleWebKit/537.36 (KHTML, like Gecko) Chrome/130.0.0.0 Mobile Safari/537.36"
5.209.202.90 - - [17/Apr/2026:00:08:31 +0330] "GET /wp-content/uploads/elementor/css/post-53179.css?ver=1776365962 HTTP/2" 200 523 "https://rozbano.com/popular-girls-crop-stitch-tutorial/" "Mozilla/5.0 (Linux; Android 10; K) AppleWebKit/537.36 (KHTML, like Gecko) Chrome/130.0.0.0 Mobile Safari/537.36"
5.209.202.90 - - [17/Apr/2026:00:08:31 +0330] "GET /wp-content/plugins/elementor-pro/abzarwp/fonts/all/css/fonts.css?ver=123456 HTTP/2" 200 2919 "https://rozbano.com/popular-girls-crop-stitch-tutorial/" "Mozilla/5.0 (Linux; Android 10; K) AppleWebKit/537.36 (KHTML, like Gecko) Chrome/130.0.0.0 Mobile Safari/537.36"
5.209.202.90 - - [17/Apr/2026:00:08:31 +0330] "GET /wp-content/uploads/elementor/css/post-53149.css?ver=1776365962 HTTP/2" 200 1333 "https://rozbano.com/popular-girls-crop-stitch-tutorial/" "Mozilla/5.0 (Linux; Android 10; K) AppleWebKit/537.36 (KHTML, like Gecko) Chrome/130.0.0.0 Mobile Safari/537.36"
5.209.202.90 - - [17/Apr/2026:00:08:31 +0330] "GET /wp-content/uploads/elementor/css/post-53181.css?ver=1776365963 HTTP/2" 200 413 "https://rozbano.com/popular-girls-crop-stitch-tutorial/" "Mozilla/5.0 (Linux; Android 10; K) AppleWebKit/537.36 (KHTML, like Gecko) Chrome/130.0.0.0 Mobile Safari/537.36"
5.209.202.90 - - [17/Apr/2026:00:08:31 +0330] "GET /wp-content/uploads/elementor/css/post-53234.css?ver=1776365963 HTTP/2" 200 414 "https://rozbano.com/popular-girls-crop-stitch-tutorial/" "Mozilla/5.0 (Linux; Android 10; K) AppleWebKit/537.36 (KHTML, like Gecko) Chrome/130.0.0.0 Mobile Safari/537.36"
5.209.202.90 - - [17/Apr/2026:00:08:31 +0330] "GET /wp-content/uploads/elementor/css/post-53180.css?ver=1776365963 HTTP/2" 200 636 "https://rozbano.com/popular-girls-crop-stitch-tutorial/" "Mozilla/5.0 (Linux; Android 10; K) AppleWebKit/537.36 (KHTML, like Gecko) Chrome/130.0.0.0 Mobile Safari/537.36"
5.209.202.90 - - [17/Apr/2026:00:08:31 +0330] "GET /wp-content/plugins/elementor-pro/assets/css/widget-nav-menu-rtl.min.css?ver=3.32.3 HTTP/2" 200 3246 "https://rozbano.com/popular-girls-crop-stitch-tutorial/" "Mozilla/5.0 (Linux; Android 10; K) AppleWebKit/537.36 (KHTML, like Gecko) Chrome/130.0.0.0 Mobile Safari/537.36"
5.209.202.90 - - [17/Apr/2026:00:08:31 +0330] "GET /wp-content/plugins/elementor-pro/assets/css/conditionals/ribbon.min.css?ver=3.32.3 HTTP/2" 200 250 "https://rozbano.com/popular-girls-crop-stitch-tutorial/" "Mozilla/5.0 (Linux; Android 10; K) AppleWebKit/537.36 (KHTML, like Gecko) Chrome/130.0.0.0 Mobile Safari/537.36"
5.209.202.90 - - [17/Apr/2026:00:08:31 +0330] "GET /wp-content/plugins/elementor-pro/assets/css/widget-call-to-action-rtl.min.css?ver=3.32.3 HTTP/2" 200 1211 "https://rozbano.com/popular-girls-crop-stitch-tutorial/" "Mozilla/5.0 (Linux; Android 10; K) AppleWebKit/537.36 (KHTML, like Gecko) Chrome/130.0.0.0 Mobile Safari/537.36"
5.209.202.90 - - [17/Apr/2026:00:08:31 +0330] "GET /wp-content/plugins/elementor-pro/assets/css/conditionals/transitions.min.css?ver=3.32.3 HTTP/2" 200 599 "https://rozbano.com/popular-girls-crop-stitch-tutorial/" "Mozilla/5.0 (Linux; Android 10; K) AppleWebKit/537.36 (KHTML, like Gecko) Chrome/130.0.0.0 Mobile Safari/537.36"
5.209.202.90 - - [17/Apr/2026:00:08:31 +0330] "GET /wp-includes/js/jquery/jquery.min.js?ver=3.7.1 HTTP/2" 200 29744 "https://rozbano.com/popular-girls-crop-stitch-tutorial/" "Mozilla/5.0 (Linux; Android 10; K) AppleWebKit/537.36 (KHTML, like Gecko) Chrome/130.0.0.0 Mobile Safari/537.36"
5.209.202.90 - - [17/Apr/2026:00:08:31 +0330] "GET /wp-includes/js/jquery/jquery-migrate.min.js?ver=3.4.1 HTTP/2" 200 4678 "https://rozbano.com/popular-girls-crop-stitch-tutorial/" "Mozilla/5.0 (Linux; Android 10; K) AppleWebKit/537.36 (KHTML, like Gecko) Chrome/130.0.0.0 Mobile Safari/537.36"
5.209.202.90 - - [17/Apr/2026:00:08:31 +0330] "GET /wp-content/uploads/2025/05/Popular20girls20crop20stitch20tutorial-02.webp HTTP/2" 200 4848 "https://rozbano.com/popular-girls-crop-stitch-tutorial/" "Mozilla/5.0 (Linux; Android 10; K) AppleWebKit/537.36 (KHTML, like Gecko) Chrome/130.0.0.0 Mobile Safari/537.36"
5.209.202.90 - - [17/Apr/2026:00:08:31 +0330] "GET /wp-content/uploads/2025/05/Popular20girls20crop20stitch20tutorial.webp HTTP/2" 200 41414 "https://rozbano.com/popular-girls-crop-stitch-tutorial/" "Mozilla/5.0 (Linux; Android 10; K) AppleWebKit/537.36 (KHTML, like Gecko) Chrome/130.0.0.0 Mobile Safari/537.36"
5.209.202.90 - - [17/Apr/2026:00:08:31 +0330] "GET /wp-content/uploads/2025/05/Popular20girls20crop20stitch20tutorial-01.webp HTTP/2" 200 13794 "https://rozbano.com/popular-girls-crop-stitch-tutorial/" "Mozilla/5.0 (Linux; Android 10; K) AppleWebKit/537.36 (KHTML, like Gecko) Chrome/130.0.0.0 Mobile Safari/537.36"
5.209.202.90 - - [17/Apr/2026:00:08:31 +0330] "GET /wp-content/plugins/elementor/assets/js/webpack.runtime.min.js?ver=3.32.3 HTTP/2" 200 2320 "https://rozbano.com/popular-girls-crop-stitch-tutorial/" "Mozilla/5.0 (Linux; Android 10; K) AppleWebKit/537.36 (KHTML, like Gecko) Chrome/130.0.0.0 Mobile Safari/537.36"
5.209.202.90 - - [17/Apr/2026:00:08:31 +0330] "GET /wp-content/plugins/elementor/assets/js/frontend-modules.min.js?ver=3.32.3 HTTP/2" 200 17962 "https://rozbano.com/popular-girls-crop-stitch-tutorial/" "Mozilla/5.0 (Linux; Android 10; K) AppleWebKit/537.36 (KHTML, like Gecko) Chrome/130.0.0.0 Mobile Safari/537.36"
5.209.202.90 - - [17/Apr/2026:00:08:31 +0330] "GET /wp-includes/js/jquery/ui/core.min.js?ver=1.13.3 HTTP/2" 200 6812 "https://rozbano.com/popular-girls-crop-stitch-tutorial/" "Mozilla/5.0 (Linux; Android 10; K) AppleWebKit/537.36 (KHTML, like Gecko) Chrome/130.0.0.0 Mobile Safari/537.36"
5.209.202.90 - - [17/Apr/2026:00:08:31 +0330] "GET /wp-content/plugins/elementor/assets/js/frontend.min.js?ver=3.32.3 HTTP/2" 200 10165 "https://rozbano.com/popular-girls-crop-stitch-tutorial/" "Mozilla/5.0 (Linux; Android 10; K) AppleWebKit/537.36 (KHTML, like Gecko) Chrome/130.0.0.0 Mobile Safari/537.36"
5.209.202.90 - - [17/Apr/2026:00:08:31 +0330] "GET /wp-content/plugins/elementor-pro/assets/lib/sticky/jquery.sticky.min.js?ver=3.32.3 HTTP/2" 200 1442 "https://rozbano.com/popular-girls-crop-stitch-tutorial/" "Mozilla/5.0 (Linux; Android 10; K) AppleWebKit/537.36 (KHTML, like Gecko) Chrome/130.0.0.0 Mobile Safari/537.36"
5.209.202.90 - - [17/Apr/2026:00:08:31 +0330] "GET /wp-content/plugins/elementor-pro/assets/lib/smartmenus/jquery.smartmenus.min.js?ver=1.2.1 HTTP/2" 200 6867 "https://rozbano.com/popular-girls-crop-stitch-tutorial/" "Mozilla/5.0 (Linux; Android 10; K) AppleWebKit/537.36 (KHTML, like Gecko) Chrome/130.0.0.0 Mobile Safari/537.36"
5.209.202.90 - - [17/Apr/2026:00:08:31 +0330] "GET /wp-content/plugins/jet-engine/assets/lib/jet-plugins/jet-plugins.js?ver=1.1.0 HTTP/2" 200 2190 "https://rozbano.com/popular-girls-crop-stitch-tutorial/" "Mozilla/5.0 (Linux; Android 10; K) AppleWebKit/537.36 (KHTML, like Gecko) Chrome/130.0.0.0 Mobile Safari/537.36"
5.209.202.90 - - [17/Apr/2026:00:08:31 +0330] "GET /wp-content/plugins/jet-engine/assets/js/frontend.js?ver=3.7.10 HTTP/2" 200 15312 "https://rozbano.com/popular-girls-crop-stitch-tutorial/" "Mozilla/5.0 (Linux; Android 10; K) AppleWebKit/537.36 (KHTML, like Gecko) Chrome/130.0.0.0 Mobile Safari/537.36"
5.209.202.90 - - [17/Apr/2026:00:08:31 +0330] "GET /wp-content/plugins/elementor-pro/assets/js/webpack-pro.runtime.min.js?ver=3.32.3 HTTP/2" 200 2622 "https://rozbano.com/popular-girls-crop-stitch-tutorial/" "Mozilla/5.0 (Linux; Android 10; K) AppleWebKit/537.36 (KHTML, like Gecko) Chrome/130.0.0.0 Mobile Safari/537.36"
5.209.202.90 - - [17/Apr/2026:00:08:31 +0330] "GET /wp-includes/js/dist/hooks.min.js?ver=dd5603f07f9220ed27f1 HTTP/2" 200 1852 "https://rozbano.com/popular-girls-crop-stitch-tutorial/" "Mozilla/5.0 (Linux; Android 10; K) AppleWebKit/537.36 (KHTML, like Gecko) Chrome/130.0.0.0 Mobile Safari/537.36"
5.209.202.90 - - [17/Apr/2026:00:08:31 +0330] "GET /wp-includes/js/dist/i18n.min.js?ver=c26c3dc7bed366793375 HTTP/2" 200 2119 "https://rozbano.com/popular-girls-crop-stitch-tutorial/" "Mozilla/5.0 (Linux; Android 10; K) AppleWebKit/537.36 (KHTML, like Gecko) Chrome/130.0.0.0 Mobile Safari/537.36"
5.209.202.90 - - [17/Apr/2026:00:08:31 +0330] "GET /wp-content/plugins/elementor-pro/assets/js/frontend.min.js?ver=3.32.3 HTTP/2" 200 6321 "https://rozbano.com/popular-girls-crop-stitch-tutorial/" "Mozilla/5.0 (Linux; Android 10; K) AppleWebKit/537.36 (KHTML, like Gecko) Chrome/130.0.0.0 Mobile Safari/537.36"
5.209.202.90 - - [17/Apr/2026:00:08:31 +0330] "GET /wp-content/plugins/elementor-pro/assets/js/elements-handlers.min.js?ver=3.32.3 HTTP/2" 200 10180 "https://rozbano.com/popular-girls-crop-stitch-tutorial/" "Mozilla/5.0 (Linux; Android 10; K) AppleWebKit/537.36 (KHTML, like Gecko) Chrome/130.0.0.0 Mobile Safari/537.36"
5.209.202.90 - - [17/Apr/2026:00:08:31 +0330] "GET /wp-content/plugins/elementor/assets/lib/swiper/v8/swiper.min.js?ver=8.4.5 HTTP/2" 200 38152 "https://rozbano.com/popular-girls-crop-stitch-tutorial/" "Mozilla/5.0 (Linux; Android 10; K) AppleWebKit/537.36 (KHTML, like Gecko) Chrome/130.0.0.0 Mobile Safari/537.36"
5.209.202.90 - - [17/Apr/2026:00:08:31 +0330] "GET /wp-content/uploads/2025/05/Rozbano-Logo-Web-Nima-new.webp HTTP/2" 200 2430 "https://rozbano.com/popular-girls-crop-stitch-tutorial/" "Mozilla/5.0 (Linux; Android 10; K) AppleWebKit/537.36 (KHTML, like Gecko) Chrome/130.0.0.0 Mobile Safari/537.36"
5.209.202.90 - - [17/Apr/2026:00:08:31 +0330] "GET /wp-content/uploads/2025/10/Free-crochet-tutorial-for-fall-hat-01-150x150.webp HTTP/2" 200 9544 "https://rozbano.com/popular-girls-crop-stitch-tutorial/" "Mozilla/5.0 (Linux; Android 10; K) AppleWebKit/537.36 (KHTML, like Gecko) Chrome/130.0.0.0 Mobile Safari/537.36"
5.209.202.90 - - [17/Apr/2026:00:08:31 +0330] "GET /wp-content/uploads/2025/11/free-crochet-candy-bath-towel-tutorial-01-150x150.webp HTTP/2" 200 5848 "https://rozbano.com/popular-girls-crop-stitch-tutorial/" "Mozilla/5.0 (Linux; Android 10; K) AppleWebKit/537.36 (KHTML, like Gecko) Chrome/130.0.0.0 Mobile Safari/537.36"
5.209.202.90 - - [17/Apr/2026:00:08:31 +0330] "GET /wp-content/uploads/2025/10/Crochet-Kitchen-Napkin-Holder-Free-Tutorial-150x150.webp HTTP/2" 200 5200 "https://rozbano.com/popular-girls-crop-stitch-tutorial/" "Mozilla/5.0 (Linux; Android 10; K) AppleWebKit/537.36 (KHTML, like Gecko) Chrome/130.0.0.0 Mobile Safari/537.36"
5.209.202.90 - - [17/Apr/2026:00:08:31 +0330] "GET /wp-content/uploads/2025/10/Autumn-Kaftan-Sewing-Tutorial-at-Home-150x150.webp HTTP/2" 200 5616 "https://rozbano.com/popular-girls-crop-stitch-tutorial/" "Mozilla/5.0 (Linux; Android 10; K) AppleWebKit/537.36 (KHTML, like Gecko) Chrome/130.0.0.0 Mobile Safari/537.36"
5.209.202.90 - - [17/Apr/2026:00:08:31 +0330] "GET /wp-content/uploads/2025/10/Free-tutorial-sew-versatile-organizer-01-150x150.webp HTTP/2" 200 3474 "https://rozbano.com/popular-girls-crop-stitch-tutorial/" "Mozilla/5.0 (Linux; Android 10; K) AppleWebKit/537.36 (KHTML, like Gecko) Chrome/130.0.0.0 Mobile Safari/537.36"
5.209.202.90 - - [17/Apr/2026:00:08:31 +0330] "GET /wp-content/uploads/2025/10/tutorial-sew-versatile-organizer-with-little-fabric-01-150x150.webp HTTP/2" 200 8812 "https://rozbano.com/popular-girls-crop-stitch-tutorial/" "Mozilla/5.0 (Linux; Android 10; K) AppleWebKit/537.36 (KHTML, like Gecko) Chrome/130.0.0.0 Mobile Safari/537.36"
5.209.202.90 - - [17/Apr/2026:00:08:31 +0330] "GET /wp-content/uploads/2025/05/Driving20regulations20questions20with20mersitest.jpg HTTP/2" 200 6704 "https://rozbano.com/popular-girls-crop-stitch-tutorial/" "Mozilla/5.0 (Linux; Android 10; K) AppleWebKit/537.36 (KHTML, like Gecko) Chrome/130.0.0.0 Mobile Safari/537.36"
5.209.202.90 - - [17/Apr/2026:00:08:31 +0330] "GET /wp-content/uploads/2025/05/Baby20hat20has20a20strap-04.jpg HTTP/2" 200 14887 "https://rozbano.com/popular-girls-crop-stitch-tutorial/" "Mozilla/5.0 (Linux; Android 10; K) AppleWebKit/537.36 (KHTML, like Gecko) Chrome/130.0.0.0 Mobile Safari/537.36"
5.209.202.90 - - [17/Apr/2026:00:08:31 +0330] "GET /wp-content/uploads/2025/05/rzbano-295-2-1-147x150.jpg HTTP/2" 200 10869 "https://rozbano.com/popular-girls-crop-stitch-tutorial/" "Mozilla/5.0 (Linux; Android 10; K) AppleWebKit/537.36 (KHTML, like Gecko) Chrome/130.0.0.0 Mobile Safari/537.36"
5.209.202.90 - - [17/Apr/2026:00:08:31 +0330] "GET /wp-content/uploads/2025/05/Parrot20applique20knitting20tutorial-09.jpg HTTP/2" 200 9504 "https://rozbano.com/popular-girls-crop-stitch-tutorial/" "Mozilla/5.0 (Linux; Android 10; K) AppleWebKit/537.36 (KHTML, like Gecko) Chrome/130.0.0.0 Mobile Safari/537.36"
5.209.202.90 - - [17/Apr/2026:00:08:31 +0330] "GET /wp-content/uploads/2025/05/rozbano-551-8-1.jpg HTTP/2" 200 16112 "https://rozbano.com/popular-girls-crop-stitch-tutorial/" "Mozilla/5.0 (Linux; Android 10; K) AppleWebKit/537.36 (KHTML, like Gecko) Chrome/130.0.0.0 Mobile Safari/537.36"
5.209.202.90 - - [17/Apr/2026:00:08:31 +0330] "GET /wp-content/uploads/2025/12/The-most-correct-makeup-tips-for-girls-03-150x150.webp HTTP/2" 200 4876 "https://rozbano.com/popular-girls-crop-stitch-tutorial/" "Mozilla/5.0 (Linux; Android 10; K) AppleWebKit/537.36 (KHTML, like Gecko) Chrome/130.0.0.0 Mobile Safari/537.36"
5.217.59.181 - - [17/Apr/2026:00:08:28 +0330] "GET /wp-content/uploads/2026/03/steering-wheel-cover-crochet-tutorial-01.webp HTTP/2" 200 29978 "https://rozbano.com/sewing-blouse-without-pattern-tutorial/" "Mozilla/5.0 (Linux; Android 12; SM-A235F Build/SP1A.210812.016; wv) AppleWebKit/537.36 (KHTML, like Gecko) 4.0 Chrome/144.0.7559.132 Mobile Safari/537.36; bw4"
5.217.59.181 - - [17/Apr/2026:00:08:28 +0330] "GET /wp-content/uploads/2026/02/Free-tutorial-crochet-triple-crochet-pattern.webp HTTP/2" 200 53318 "https://rozbano.com/sewing-blouse-without-pattern-tutorial/" "Mozilla/5.0 (Linux; Android 12; SM-A235F Build/SP1A.210812.016; wv) AppleWebKit/537.36 (KHTML, like Gecko) 4.0 Chrome/144.0.7559.132 Mobile Safari/537.36; bw4"
5.217.59.181 - - [17/Apr/2026:00:08:28 +0330] "GET /wp-content/uploads/2026/02/Free-size-sewing-blowing-tutorial-at-home-02.webp HTTP/2" 200 28700 "https://rozbano.com/sewing-blouse-without-pattern-tutorial/" "Mozilla/5.0 (Linux; Android 12; SM-A235F Build/SP1A.210812.016; wv) AppleWebKit/537.36 (KHTML, like Gecko) 4.0 Chrome/144.0.7559.132 Mobile Safari/537.36; bw4"
5.217.59.181 - - [17/Apr/2026:00:08:28 +0330] "GET /wp-content/uploads/2026/02/Free-tutorial-sewing-coat-with-lace-combination-04.webp HTTP/2" 200 26780 "https://rozbano.com/sewing-blouse-without-pattern-tutorial/" "Mozilla/5.0 (Linux; Android 12; SM-A235F Build/SP1A.210812.016; wv) AppleWebKit/537.36 (KHTML, like Gecko) 4.0 Chrome/144.0.7559.132 Mobile Safari/537.36; bw4"
5.217.59.181 - - [17/Apr/2026:00:08:28 +0330] "GET /wp-content/uploads/2026/02/Free-tutorial-crochet-beautiful-flower.webp HTTP/2" 200 32450 "https://rozbano.com/sewing-blouse-without-pattern-tutorial/" "Mozilla/5.0 (Linux; Android 12; SM-A235F Build/SP1A.210812.016; wv) AppleWebKit/537.36 (KHTML, like Gecko) 4.0 Chrome/144.0.7559.132 Mobile Safari/537.36; bw4"
52.167.144.213 - - [17/Apr/2026:00:08:28 +0330] "GET /products/detail/134190634%20%20%20%20%20%20%20%20%20%20%20%20%20%20%20%20%20%20%20%20%20%20%20%20%20%20%20%20%20%20%20%20class= HTTP/2" 200 28852 "-" "Mozilla/5.0 AppleWebKit/537.36 (KHTML, like Gecko; compatible; bingbot/2.0; +http://www.bing.com/bingbot.htm) Chrome/116.0.1938.76 Safari/537.36"
216.73.216.0 - - [17/Apr/2026:00:08:31 +0330] "GET /wp-includes/images/w-logo-blue-white-bg.png HTTP/2" 200 4119 "-" "Mozilla/5.0 AppleWebKit/537.36 (KHTML, like Gecko; compatible; ClaudeBot/1.0; +claudebot@anthropic.com)"
66.249.70.32 - - [17/Apr/2026:00:08:31 +0330] "GET /page/24/?nocache=1765755453 HTTP/1.1" 200 29728 "-" "Mozilla/5.0 (Linux; Android 6.0.1; Nexus 5X Build/MMB29P) AppleWebKit/537.36 (KHTML, like Gecko) Chrome/146.0.7680.177 Mobile Safari/537.36 (compatible; Googlebot/2.1; +http://www.google.com/bot.html)"
66.249.70.39 - - [17/Apr/2026:00:08:30 +0330] "GET /user/50163470/plus/frame/template/css/frame.css HTTP/1.1" 404 14086 "https://rozbano.com/page/9/?nocache=1766450363" "Mozilla/5.0 (Linux; Android 6.0.1; Nexus 5X Build/MMB29P) AppleWebKit/537.36 (KHTML, like Gecko) Chrome/146.0.7680.177 Mobile Safari/537.36 (compatible; Googlebot/2.1; +http://www.google.com/bot.html)"
54.236.1.54 - - [17/Apr/2026:00:08:31 +0330] "GET /knitted-girly-fancy-scarf.html HTTP/1.1" 301 20 "-" "Mozilla/5.0 (compatible; Pinterestbot/1.0; +http://www.pinterest.com/bot.html)"
66.249.70.32 - - [17/Apr/2026:00:08:36 +0330] "GET /page/4/?nocache=1766669985 HTTP/1.1" 200 28740 "-" "Mozilla/5.0 (Linux; Android 6.0.1; Nexus 5X Build/MMB29P) AppleWebKit/537.36 (KHTML, like Gecko) Chrome/146.0.7680.177 Mobile Safari/537.36 (compatible; Googlebot/2.1; +http://www.google.com/bot.html)"
216.73.216.0 - - [17/Apr/2026:00:08:36 +0330] "GET /wp-includes/images/uploader-icons-2x.png HTTP/2" 200 3542 "-" "Mozilla/5.0 AppleWebKit/537.36 (KHTML, like Gecko; compatible; ClaudeBot/1.0; +claudebot@anthropic.com)"
207.46.13.52 - - [17/Apr/2026:00:08:39 +0330] "GET /products/detail/178746472 HTTP/2" 200 29364 "-" "Mozilla/5.0 AppleWebKit/537.36 (KHTML, like Gecko; compatible; bingbot/2.0; +http://www.bing.com/bingbot.htm) Chrome/116.0.1938.76 Safari/537.36"
5.209.202.90 - - [17/Apr/2026:00:08:31 +0330] "GET /wp-includes/js/comment-reply.min.js?ver=6.9.4 HTTP/2" 200 1247 "https://rozbano.com/popular-girls-crop-stitch-tutorial/" "Mozilla/5.0 (Linux; Android 10; K) AppleWebKit/537.36 (KHTML, like Gecko) Chrome/130.0.0.0 Mobile Safari/537.36"
5.209.202.90 - - [17/Apr/2026:00:08:31 +0330] "GET /wp-content/uploads/2025/12/IRANSansXFaNum-Medium.woff2 HTTP/2" 200 28060 "https://rozbano.com/wp-content/uploads/elementor/css/post-53138.css?ver=1776365957" "Mozilla/5.0 (Linux; Android 10; K) AppleWebKit/537.36 (KHTML, like Gecko) Chrome/130.0.0.0 Mobile Safari/537.36"
5.209.202.90 - - [17/Apr/2026:00:08:31 +0330] "GET /wp-content/uploads/2025/12/IRANSansXFaNum-Regular.woff2 HTTP/2" 200 27012 "https://rozbano.com/wp-content/uploads/elementor/css/post-53138.css?ver=1776365957" "Mozilla/5.0 (Linux; Android 10; K) AppleWebKit/537.36 (KHTML, like Gecko) Chrome/130.0.0.0 Mobile Safari/537.36"
5.209.202.90 - - [17/Apr/2026:00:08:31 +0330] "GET /wp-content/uploads/2025/12/IRANSansXFaNum-Bold.woff2 HTTP/2" 200 28036 "https://rozbano.com/wp-content/uploads/elementor/css/post-53138.css?ver=1776365957" "Mozilla/5.0 (Linux; Android 10; K) AppleWebKit/537.36 (KHTML, like Gecko) Chrome/130.0.0.0 Mobile Safari/537.36"
5.209.202.90 - - [17/Apr/2026:00:08:31 +0330] "GET /wp-content/uploads/2025/12/IRANSansXFaNum-Black.woff2 HTTP/2" 200 26796 "https://rozbano.com/wp-content/uploads/elementor/css/post-53138.css?ver=1776365957" "Mozilla/5.0 (Linux; Android 10; K) AppleWebKit/537.36 (KHTML, like Gecko) Chrome/130.0.0.0 Mobile Safari/537.36"
5.209.202.90 - - [17/Apr/2026:00:08:31 +0330] "GET /wp-content/plugins/elementor/assets/js/shared-frontend-handlers.4c8abccc3e268b0767b2.bundle.min.js HTTP/2" 200 2542 "https://rozbano.com/popular-girls-crop-stitch-tutorial/" "Mozilla/5.0 (Linux; Android 10; K) AppleWebKit/537.36 (KHTML, like Gecko) Chrome/130.0.0.0 Mobile Safari/537.36"
5.209.202.90 - - [17/Apr/2026:00:08:31 +0330] "GET /wp-content/plugins/elementor-pro/assets/js/share-buttons.63d984f8c96d1e053bc0.bundle.min.js HTTP/2" 200 690 "https://rozbano.com/popular-girls-crop-stitch-tutorial/" "Mozilla/5.0 (Linux; Android 10; K) AppleWebKit/537.36 (KHTML, like Gecko) Chrome/130.0.0.0 Mobile Safari/537.36"
5.209.202.90 - - [17/Apr/2026:00:08:31 +0330] "GET /wp-content/plugins/elementor-pro/assets/js/nav-menu.0edc0c22e9f3101552ed.bundle.min.js HTTP/2" 200 1758 "https://rozbano.com/popular-girls-crop-stitch-tutorial/" "Mozilla/5.0 (Linux; Android 10; K) AppleWebKit/537.36 (KHTML, like Gecko) Chrome/130.0.0.0 Mobile Safari/537.36"
5.209.202.90 - - [17/Apr/2026:00:08:31 +0330] "GET /wp-content/plugins/elementor/assets/lib/share-link/share-link.min.js?ver=3.32.3 HTTP/2" 200 1072 "https://rozbano.com/popular-girls-crop-stitch-tutorial/" "Mozilla/5.0 (Linux; Android 10; K) AppleWebKit/537.36 (KHTML, like Gecko) Chrome/130.0.0.0 Mobile Safari/537.36"
5.209.202.90 - - [17/Apr/2026:00:08:31 +0330] "GET /wp-includes/js/wp-emoji-release.min.js?ver=6.9.4 HTTP/2" 200 4949 "https://rozbano.com/popular-girls-crop-stitch-tutorial/" "Mozilla/5.0 (Linux; Android 10; K) AppleWebKit/537.36 (KHTML, like Gecko) Chrome/130.0.0.0 Mobile Safari/537.36"
54.236.1.13 - - [17/Apr/2026:00:08:34 +0330] "GET /knitted-girly-fancy-scarf HTTP/1.1" 301 20 "-" "Mozilla/5.0 (compatible; Pinterestbot/1.0; +http://www.pinterest.com/bot.html)"
54.236.1.13 - - [17/Apr/2026:00:08:35 +0330] "GET /knitted-girly-fancy-scarf/ HTTP/1.1" 200 33318 "-" "Mozilla/5.0 (compatible; Pinterestbot/1.0; +http://www.pinterest.com/bot.html)"
66.249.70.39 - - [17/Apr/2026:00:08:40 +0330] "GET /page/504/?search=search_term_string&nocache=1766694848 HTTP/1.1" 200 28843 "-" "Mozilla/5.0 (Linux; Android 6.0.1; Nexus 5X Build/MMB29P) AppleWebKit/537.36 (KHTML, like Gecko) Chrome/146.0.7680.177 Mobile Safari/537.36 (compatible; Googlebot/2.1; +http://www.google.com/bot.html)"
66.249.70.38 - - [17/Apr/2026:00:07:36 +0330] "GET /?p=4431978083705 HTTP/1.1" 200 27838 "-" "Mozilla/5.0 (Linux; Android 6.0.1; Nexus 5X Build/MMB29P) AppleWebKit/537.36 (KHTML, like Gecko) Chrome/146.0.7680.177 Mobile Safari/537.36 (compatible; GoogleOther)"
66.249.70.38 - - [17/Apr/2026:00:07:36 +0330] "GET /page/3/?search=search_term_string&nocache=1766638792 HTTP/1.1" 200 28471 "-" "Mozilla/5.0 (Linux; Android 6.0.1; Nexus 5X Build/MMB29P) AppleWebKit/537.36 (KHTML, like Gecko) Chrome/146.0.7680.177 Mobile Safari/537.36 (compatible; GoogleOther)"
66.249.70.34 - - [17/Apr/2026:00:07:53 +0330] "GET /page/497/?nocache=1766293513 HTTP/1.1" 200 27391 "-" "Mozilla/5.0 (Linux; Android 6.0.1; Nexus 5X Build/MMB29P) AppleWebKit/537.36 (KHTML, like Gecko) Chrome/146.0.7680.177 Mobile Safari/537.36 (compatible; Googlebot/2.1; +http://www.google.com/bot.html)"
66.249.70.34 - - [17/Apr/2026:00:07:57 +0330] "GET /page/511/?search=search_term_string&nocache=1775384553 HTTP/1.1" 200 27367 "-" "Mozilla/5.0 (Linux; Android 6.0.1; Nexus 5X Build/MMB29P) AppleWebKit/537.36 (KHTML, like Gecko) Chrome/146.0.7680.177 Mobile Safari/537.36 (compatible; Googlebot/2.1; +http://www.google.com/bot.html)"
66.249.70.32 - - [17/Apr/2026:00:08:00 +0330] "GET /page/9/?nocache=1766327376 HTTP/1.1" 200 29200 "-" "Mozilla/5.0 (Linux; Android 6.0.1; Nexus 5X Build/MMB29P) AppleWebKit/537.36 (KHTML, like Gecko) Chrome/146.0.7680.177 Mobile Safari/537.36 (compatible; Googlebot/2.1; +http://www.google.com/bot.html)"
62.60.201.135 - - [17/Apr/2026:00:08:01 +0330] "POST /wp-cron.php?doing_wp_cron=1776371881.7797670364379882812500 HTTP/1.1" 200 20 "-" "WordPress/6.9.4; https://rozbano.com"
202.46.62.54 - - [17/Apr/2026:00:07:56 +0330] "GET /tag/%D8%B4%D8%B3%D8%AA%D9%86-%D8%B1%D9%88%D8%B3%D8%B1%DB%8C/ HTTP/2" 200 28479 "-" "Mozilla/5.0 (Windows NT 10.0; Win64; x64) AppleWebKit/537.36 (KHTML, like Gecko) Chrome/133.0.6943.141 Safari/537.36"
202.46.62.58 - - [17/Apr/2026:00:08:04 +0330] "GET /wp-content/uploads/2025/05/rozbano-243-18-101x150.jpg HTTP/1.1" 200 10065 "https://rozbano.com/tag/%D8%B7%D8%B1%D8%B2-%D8%AA%D9%87%DB%8C%D9%87-%DA%A9%D9%81%DB%8C%D8%B1/" "Mozilla/5.0 (Windows NT 10.0; Win64; x64) AppleWebKit/537.36 (KHTML, like Gecko) Chrome/133.0.6943.141 Safari/537.36"
66.249.70.39 - - [17/Apr/2026:00:08:04 +0330] "GET /page/501/?nocache=1766703908 HTTP/1.1" 200 28064 "-" "Mozilla/5.0 (Linux; Android 6.0.1; Nexus 5X Build/MMB29P) AppleWebKit/537.36 (KHTML, like Gecko) Chrome/146.0.7680.177 Mobile Safari/537.36 (compatible; Googlebot/2.1; +http://www.google.com/bot.html)"
202.46.62.104 - - [17/Apr/2026:00:08:05 +0330] "POST /tag/%D8%B7%D8%B1%D8%B2-%D8%AA%D9%87%DB%8C%D9%87-%DA%A9%D9%81%DB%8C%D8%B1/?nocache=1776371879 HTTP/1.1" 200 4392 "https://rozbano.com/tag/%D8%B7%D8%B1%D8%B2-%D8%AA%D9%87%DB%8C%D9%87-%DA%A9%D9%81%DB%8C%D8%B1/" "Mozilla/5.0 (Windows NT 10.0; Win64; x64) AppleWebKit/537.36 (KHTML, like Gecko) Chrome/133.0.6943.141 Safari/537.36"
66.249.70.39 - - [17/Apr/2026:00:08:12 +0330] "GET /?p=17127162486802 HTTP/1.1" 200 28952 "-" "Mozilla/5.0 (Linux; Android 6.0.1; Nexus 5X Build/MMB29P) AppleWebKit/537.36 (KHTML, like Gecko) Chrome/146.0.7680.177 Mobile Safari/537.36 (compatible; GoogleOther)"
94.177.51.162 - - [17/Apr/2026:00:08:20 +0330] "GET / HTTP/1.0" 301 0 "-" "Mozilla/5.0"
66.249.70.33 - - [17/Apr/2026:00:08:34 +0330] "GET /page/9/?search=search_term_string&nocache=1765784129 HTTP/1.1" 200 27502 "-" "Mozilla/5.0 (Linux; Android 6.0.1; Nexus 5X Build/MMB29P) AppleWebKit/537.36 (KHTML, like Gecko) Chrome/146.0.7680.177 Mobile Safari/537.36 (compatible; Googlebot/2.1; +http://www.google.com/bot.html)"
216.73.216.0 - - [17/Apr/2026:00:08:38 +0330] "GET /wp-includes/class-wp-block-bindings-registry.php HTTP/2" 200 20 "-" "Mozilla/5.0 AppleWebKit/537.36 (KHTML, like Gecko; compatible; ClaudeBot/1.0; +claudebot@anthropic.com)"
216.73.216.0 - - [17/Apr/2026:00:08:41 +0330] "GET /wp-includes/class-wp-textdomain-registry.php HTTP/2" 200 20 "-" "Mozilla/5.0 AppleWebKit/537.36 (KHTML, like Gecko; compatible; ClaudeBot/1.0; +claudebot@anthropic.com)"
66.249.70.32 - - [17/Apr/2026:00:08:10 +0330] "GET /?p=5488940926600 HTTP/1.1" 200 30700 "-" "Mozilla/5.0 (Linux; Android 6.0.1; Nexus 5X Build/MMB29P) AppleWebKit/537.36 (KHTML, like Gecko) Chrome/146.0.7680.177 Mobile Safari/537.36 (compatible; GoogleOther)"
66.249.70.38 - - [17/Apr/2026:00:08:17 +0330] "GET /page/498/?nocache=1766490296 HTTP/1.1" 200 27529 "-" "Mozilla/5.0 (Linux; Android 6.0.1; Nexus 5X Build/MMB29P) AppleWebKit/537.36 (KHTML, like Gecko) Chrome/146.0.7680.177 Mobile Safari/537.36 (compatible; Googlebot/2.1; +http://www.google.com/bot.html)"
