5.218.101.181 - - [17/Apr/2026:00:38:14 +0330] "GET /wp-content/uploads/elementor/css/post-53181.css?ver=1776365963 HTTP/2" 200 413 "https://rozbano.com/sewing-the-collar-ticket-tutorial/" "Mozilla/5.0 (Linux; Android 10; K) AppleWebKit/537.36 (KHTML, like Gecko) Chrome/145.0.0.0 Mobile Safari/537.36"
5.218.101.181 - - [17/Apr/2026:00:38:14 +0330] "GET /wp-content/uploads/elementor/css/post-53234.css?ver=1776365963 HTTP/2" 200 414 "https://rozbano.com/sewing-the-collar-ticket-tutorial/" "Mozilla/5.0 (Linux; Android 10; K) AppleWebKit/537.36 (KHTML, like Gecko) Chrome/145.0.0.0 Mobile Safari/537.36"
5.218.101.181 - - [17/Apr/2026:00:38:14 +0330] "GET /wp-content/uploads/elementor/css/post-53180.css?ver=1776365963 HTTP/2" 200 636 "https://rozbano.com/sewing-the-collar-ticket-tutorial/" "Mozilla/5.0 (Linux; Android 10; K) AppleWebKit/537.36 (KHTML, like Gecko) Chrome/145.0.0.0 Mobile Safari/537.36"
5.218.101.181 - - [17/Apr/2026:00:38:14 +0330] "GET /wp-content/plugins/elementor-pro/assets/css/widget-nav-menu-rtl.min.css?ver=3.32.3 HTTP/2" 200 3246 "https://rozbano.com/sewing-the-collar-ticket-tutorial/" "Mozilla/5.0 (Linux; Android 10; K) AppleWebKit/537.36 (KHTML, like Gecko) Chrome/145.0.0.0 Mobile Safari/537.36"
5.234.19.48 - - [17/Apr/2026:00:38:13 +0330] "GET /wp-content/plugins/jet-engine/assets/lib/jet-plugins/jet-plugins.js?ver=1.1.0 HTTP/2" 200 2190 "https://rozbano.com/knitted-small-mat-tutorial/" "Mozilla/5.0 (Linux; Android 10; K) AppleWebKit/537.36 (KHTML, like Gecko) Chrome/145.0.0.0 Mobile Safari/537.36"
5.234.19.48 - - [17/Apr/2026:00:38:13 +0330] "GET /wp-content/plugins/jet-engine/assets/js/frontend.js?ver=3.7.10 HTTP/2" 200 15312 "https://rozbano.com/knitted-small-mat-tutorial/" "Mozilla/5.0 (Linux; Android 10; K) AppleWebKit/537.36 (KHTML, like Gecko) Chrome/145.0.0.0 Mobile Safari/537.36"
5.234.19.48 - - [17/Apr/2026:00:38:13 +0330] "GET /wp-content/uploads/2025/05/Rozbano-Logo-Web-Nima-new.webp HTTP/2" 200 2430 "https://rozbano.com/knitted-small-mat-tutorial/" "Mozilla/5.0 (Linux; Android 10; K) AppleWebKit/537.36 (KHTML, like Gecko) Chrome/145.0.0.0 Mobile Safari/537.36"
5.234.19.48 - - [17/Apr/2026:00:38:13 +0330] "GET /wp-content/plugins/elementor-pro/assets/js/webpack-pro.runtime.min.js?ver=3.32.3 HTTP/2" 200 2622 "https://rozbano.com/knitted-small-mat-tutorial/" "Mozilla/5.0 (Linux; Android 10; K) AppleWebKit/537.36 (KHTML, like Gecko) Chrome/145.0.0.0 Mobile Safari/537.36"
5.234.19.48 - - [17/Apr/2026:00:38:13 +0330] "GET /wp-includes/js/dist/hooks.min.js?ver=dd5603f07f9220ed27f1 HTTP/2" 200 1852 "https://rozbano.com/knitted-small-mat-tutorial/" "Mozilla/5.0 (Linux; Android 10; K) AppleWebKit/537.36 (KHTML, like Gecko) Chrome/145.0.0.0 Mobile Safari/537.36"
5.234.19.48 - - [17/Apr/2026:00:38:13 +0330] "GET /wp-includes/js/dist/i18n.min.js?ver=c26c3dc7bed366793375 HTTP/2" 200 2119 "https://rozbano.com/knitted-small-mat-tutorial/" "Mozilla/5.0 (Linux; Android 10; K) AppleWebKit/537.36 (KHTML, like Gecko) Chrome/145.0.0.0 Mobile Safari/537.36"
5.234.19.48 - - [17/Apr/2026:00:38:13 +0330] "GET /wp-content/plugins/elementor-pro/assets/js/frontend.min.js?ver=3.32.3 HTTP/2" 200 6321 "https://rozbano.com/knitted-small-mat-tutorial/" "Mozilla/5.0 (Linux; Android 10; K) AppleWebKit/537.36 (KHTML, like Gecko) Chrome/145.0.0.0 Mobile Safari/537.36"
5.234.19.48 - - [17/Apr/2026:00:38:13 +0330] "GET /wp-content/plugins/elementor-pro/assets/js/elements-handlers.min.js?ver=3.32.3 HTTP/2" 200 10180 "https://rozbano.com/knitted-small-mat-tutorial/" "Mozilla/5.0 (Linux; Android 10; K) AppleWebKit/537.36 (KHTML, like Gecko) Chrome/145.0.0.0 Mobile Safari/537.36"
5.234.19.48 - - [17/Apr/2026:00:38:13 +0330] "GET /wp-content/uploads/2025/10/Free-crochet-tutorial-for-fall-hat-01.webp HTTP/2" 200 72884 "https://rozbano.com/knitted-small-mat-tutorial/" "Mozilla/5.0 (Linux; Android 10; K) AppleWebKit/537.36 (KHTML, like Gecko) Chrome/145.0.0.0 Mobile Safari/537.36"
5.234.19.48 - - [17/Apr/2026:00:38:13 +0330] "GET /wp-content/uploads/2025/11/free-crochet-candy-bath-towel-tutorial-01.webp HTTP/2" 200 34422 "https://rozbano.com/knitted-small-mat-tutorial/" "Mozilla/5.0 (Linux; Android 10; K) AppleWebKit/537.36 (KHTML, like Gecko) Chrome/145.0.0.0 Mobile Safari/537.36"
5.234.19.48 - - [17/Apr/2026:00:38:13 +0330] "GET /wp-content/uploads/2025/10/Crochet-Kitchen-Napkin-Holder-Free-Tutorial.webp HTTP/2" 200 31990 "https://rozbano.com/knitted-small-mat-tutorial/" "Mozilla/5.0 (Linux; Android 10; K) AppleWebKit/537.36 (KHTML, like Gecko) Chrome/145.0.0.0 Mobile Safari/537.36"
5.234.19.48 - - [17/Apr/2026:00:38:13 +0330] "GET /wp-content/uploads/2025/10/Autumn-Kaftan-Sewing-Tutorial-at-Home.webp HTTP/2" 200 22110 "https://rozbano.com/knitted-small-mat-tutorial/" "Mozilla/5.0 (Linux; Android 10; K) AppleWebKit/537.36 (KHTML, like Gecko) Chrome/145.0.0.0 Mobile Safari/537.36"
5.234.19.48 - - [17/Apr/2026:00:38:13 +0330] "GET /wp-content/uploads/2025/10/Free-tutorial-sew-versatile-organizer-01.webp HTTP/2" 200 21366 "https://rozbano.com/knitted-small-mat-tutorial/" "Mozilla/5.0 (Linux; Android 10; K) AppleWebKit/537.36 (KHTML, like Gecko) Chrome/145.0.0.0 Mobile Safari/537.36"
5.218.101.181 - - [17/Apr/2026:00:38:14 +0330] "GET /wp-content/plugins/elementor-pro/assets/css/conditionals/ribbon.min.css?ver=3.32.3 HTTP/2" 200 250 "https://rozbano.com/sewing-the-collar-ticket-tutorial/" "Mozilla/5.0 (Linux; Android 10; K) AppleWebKit/537.36 (KHTML, like Gecko) Chrome/145.0.0.0 Mobile Safari/537.36"
5.218.101.181 - - [17/Apr/2026:00:38:14 +0330] "GET /wp-content/plugins/elementor-pro/assets/css/widget-call-to-action-rtl.min.css?ver=3.32.3 HTTP/2" 200 1211 "https://rozbano.com/sewing-the-collar-ticket-tutorial/" "Mozilla/5.0 (Linux; Android 10; K) AppleWebKit/537.36 (KHTML, like Gecko) Chrome/145.0.0.0 Mobile Safari/537.36"
5.218.101.181 - - [17/Apr/2026:00:38:14 +0330] "GET /wp-content/plugins/elementor-pro/assets/css/conditionals/transitions.min.css?ver=3.32.3 HTTP/2" 200 599 "https://rozbano.com/sewing-the-collar-ticket-tutorial/" "Mozilla/5.0 (Linux; Android 10; K) AppleWebKit/537.36 (KHTML, like Gecko) Chrome/145.0.0.0 Mobile Safari/537.36"
5.218.101.181 - - [17/Apr/2026:00:38:14 +0330] "GET /wp-includes/js/jquery/jquery.min.js?ver=3.7.1 HTTP/2" 200 29744 "https://rozbano.com/sewing-the-collar-ticket-tutorial/" "Mozilla/5.0 (Linux; Android 10; K) AppleWebKit/537.36 (KHTML, like Gecko) Chrome/145.0.0.0 Mobile Safari/537.36"
5.218.101.181 - - [17/Apr/2026:00:38:14 +0330] "GET /wp-includes/js/jquery/jquery-migrate.min.js?ver=3.4.1 HTTP/2" 200 4678 "https://rozbano.com/sewing-the-collar-ticket-tutorial/" "Mozilla/5.0 (Linux; Android 10; K) AppleWebKit/537.36 (KHTML, like Gecko) Chrome/145.0.0.0 Mobile Safari/537.36"
5.218.101.181 - - [17/Apr/2026:00:38:14 +0330] "GET /wp-content/uploads/2025/05/Sewing20the20collar20ticket20tutorial-01.webp HTTP/2" 200 7874 "https://rozbano.com/sewing-the-collar-ticket-tutorial/" "Mozilla/5.0 (Linux; Android 10; K) AppleWebKit/537.36 (KHTML, like Gecko) Chrome/145.0.0.0 Mobile Safari/537.36"
5.218.101.181 - - [17/Apr/2026:00:38:14 +0330] "GET /wp-content/uploads/2025/05/Sewing20the20collar20ticket20tutorial.webp HTTP/2" 200 24436 "https://rozbano.com/sewing-the-collar-ticket-tutorial/" "Mozilla/5.0 (Linux; Android 10; K) AppleWebKit/537.36 (KHTML, like Gecko) Chrome/145.0.0.0 Mobile Safari/537.36"
5.218.101.181 - - [17/Apr/2026:00:38:14 +0330] "GET /wp-content/plugins/elementor/assets/js/webpack.runtime.min.js?ver=3.32.3 HTTP/2" 200 2320 "https://rozbano.com/sewing-the-collar-ticket-tutorial/" "Mozilla/5.0 (Linux; Android 10; K) AppleWebKit/537.36 (KHTML, like Gecko) Chrome/145.0.0.0 Mobile Safari/537.36"
5.218.101.181 - - [17/Apr/2026:00:38:14 +0330] "GET /wp-content/plugins/elementor/assets/js/frontend-modules.min.js?ver=3.32.3 HTTP/2" 200 17962 "https://rozbano.com/sewing-the-collar-ticket-tutorial/" "Mozilla/5.0 (Linux; Android 10; K) AppleWebKit/537.36 (KHTML, like Gecko) Chrome/145.0.0.0 Mobile Safari/537.36"
5.218.101.181 - - [17/Apr/2026:00:38:14 +0330] "GET /wp-includes/js/jquery/ui/core.min.js?ver=1.13.3 HTTP/2" 200 6812 "https://rozbano.com/sewing-the-collar-ticket-tutorial/" "Mozilla/5.0 (Linux; Android 10; K) AppleWebKit/537.36 (KHTML, like Gecko) Chrome/145.0.0.0 Mobile Safari/537.36"
5.218.101.181 - - [17/Apr/2026:00:38:14 +0330] "GET /wp-content/plugins/elementor/assets/js/frontend.min.js?ver=3.32.3 HTTP/2" 200 10165 "https://rozbano.com/sewing-the-collar-ticket-tutorial/" "Mozilla/5.0 (Linux; Android 10; K) AppleWebKit/537.36 (KHTML, like Gecko) Chrome/145.0.0.0 Mobile Safari/537.36"
5.218.101.181 - - [17/Apr/2026:00:38:14 +0330] "GET /wp-content/plugins/elementor-pro/assets/lib/sticky/jquery.sticky.min.js?ver=3.32.3 HTTP/2" 200 1442 "https://rozbano.com/sewing-the-collar-ticket-tutorial/" "Mozilla/5.0 (Linux; Android 10; K) AppleWebKit/537.36 (KHTML, like Gecko) Chrome/145.0.0.0 Mobile Safari/537.36"
5.218.101.181 - - [17/Apr/2026:00:38:14 +0330] "GET /wp-content/plugins/elementor/assets/lib/swiper/v8/swiper.min.js?ver=8.4.5 HTTP/2" 200 38152 "https://rozbano.com/sewing-the-collar-ticket-tutorial/" "Mozilla/5.0 (Linux; Android 10; K) AppleWebKit/537.36 (KHTML, like Gecko) Chrome/145.0.0.0 Mobile Safari/537.36"
5.218.101.181 - - [17/Apr/2026:00:38:14 +0330] "GET /wp-content/plugins/elementor-pro/assets/lib/smartmenus/jquery.smartmenus.min.js?ver=1.2.1 HTTP/2" 200 6867 "https://rozbano.com/sewing-the-collar-ticket-tutorial/" "Mozilla/5.0 (Linux; Android 10; K) AppleWebKit/537.36 (KHTML, like Gecko) Chrome/145.0.0.0 Mobile Safari/537.36"
5.218.101.181 - - [17/Apr/2026:00:38:14 +0330] "GET /wp-content/plugins/jet-engine/assets/lib/jet-plugins/jet-plugins.js?ver=1.1.0 HTTP/2" 200 2190 "https://rozbano.com/sewing-the-collar-ticket-tutorial/" "Mozilla/5.0 (Linux; Android 10; K) AppleWebKit/537.36 (KHTML, like Gecko) Chrome/145.0.0.0 Mobile Safari/537.36"
5.218.101.181 - - [17/Apr/2026:00:38:14 +0330] "GET /wp-content/plugins/jet-engine/assets/js/frontend.js?ver=3.7.10 HTTP/2" 200 15312 "https://rozbano.com/sewing-the-collar-ticket-tutorial/" "Mozilla/5.0 (Linux; Android 10; K) AppleWebKit/537.36 (KHTML, like Gecko) Chrome/145.0.0.0 Mobile Safari/537.36"
5.218.101.181 - - [17/Apr/2026:00:38:14 +0330] "GET /wp-content/plugins/elementor-pro/assets/js/webpack-pro.runtime.min.js?ver=3.32.3 HTTP/2" 200 2622 "https://rozbano.com/sewing-the-collar-ticket-tutorial/" "Mozilla/5.0 (Linux; Android 10; K) AppleWebKit/537.36 (KHTML, like Gecko) Chrome/145.0.0.0 Mobile Safari/537.36"
5.218.101.181 - - [17/Apr/2026:00:38:14 +0330] "GET /wp-includes/js/dist/hooks.min.js?ver=dd5603f07f9220ed27f1 HTTP/2" 200 1852 "https://rozbano.com/sewing-the-collar-ticket-tutorial/" "Mozilla/5.0 (Linux; Android 10; K) AppleWebKit/537.36 (KHTML, like Gecko) Chrome/145.0.0.0 Mobile Safari/537.36"
5.218.101.181 - - [17/Apr/2026:00:38:14 +0330] "GET /wp-includes/js/dist/i18n.min.js?ver=c26c3dc7bed366793375 HTTP/2" 200 2119 "https://rozbano.com/sewing-the-collar-ticket-tutorial/" "Mozilla/5.0 (Linux; Android 10; K) AppleWebKit/537.36 (KHTML, like Gecko) Chrome/145.0.0.0 Mobile Safari/537.36"
5.218.101.181 - - [17/Apr/2026:00:38:14 +0330] "GET /wp-content/plugins/elementor-pro/assets/js/frontend.min.js?ver=3.32.3 HTTP/2" 200 6321 "https://rozbano.com/sewing-the-collar-ticket-tutorial/" "Mozilla/5.0 (Linux; Android 10; K) AppleWebKit/537.36 (KHTML, like Gecko) Chrome/145.0.0.0 Mobile Safari/537.36"
5.218.101.181 - - [17/Apr/2026:00:38:14 +0330] "GET /wp-content/plugins/elementor-pro/assets/js/elements-handlers.min.js?ver=3.32.3 HTTP/2" 200 10180 "https://rozbano.com/sewing-the-collar-ticket-tutorial/" "Mozilla/5.0 (Linux; Android 10; K) AppleWebKit/537.36 (KHTML, like Gecko) Chrome/145.0.0.0 Mobile Safari/537.36"
5.218.101.181 - - [17/Apr/2026:00:38:14 +0330] "GET /wp-content/uploads/2025/05/Rozbano-Logo-Web-Nima-new.webp HTTP/2" 200 2430 "https://rozbano.com/sewing-the-collar-ticket-tutorial/" "Mozilla/5.0 (Linux; Android 10; K) AppleWebKit/537.36 (KHTML, like Gecko) Chrome/145.0.0.0 Mobile Safari/537.36"
5.218.101.181 - - [17/Apr/2026:00:38:14 +0330] "GET /wp-content/uploads/2025/10/Crochet-Kitchen-Napkin-Holder-Free-Tutorial.webp HTTP/2" 200 31990 "https://rozbano.com/sewing-the-collar-ticket-tutorial/" "Mozilla/5.0 (Linux; Android 10; K) AppleWebKit/537.36 (KHTML, like Gecko) Chrome/145.0.0.0 Mobile Safari/537.36"
5.218.101.181 - - [17/Apr/2026:00:38:14 +0330] "GET /wp-content/uploads/2025/10/Autumn-Kaftan-Sewing-Tutorial-at-Home.webp HTTP/2" 200 22110 "https://rozbano.com/sewing-the-collar-ticket-tutorial/" "Mozilla/5.0 (Linux; Android 10; K) AppleWebKit/537.36 (KHTML, like Gecko) Chrome/145.0.0.0 Mobile Safari/537.36"
5.218.101.181 - - [17/Apr/2026:00:38:14 +0330] "GET /wp-content/uploads/2025/10/Free-tutorial-sew-versatile-organizer-01.webp HTTP/2" 200 21366 "https://rozbano.com/sewing-the-collar-ticket-tutorial/" "Mozilla/5.0 (Linux; Android 10; K) AppleWebKit/537.36 (KHTML, like Gecko) Chrome/145.0.0.0 Mobile Safari/537.36"
5.218.101.181 - - [17/Apr/2026:00:38:14 +0330] "GET /wp-content/uploads/2025/10/tutorial-sew-versatile-organizer-with-little-fabric-01.webp HTTP/2" 200 64330 "https://rozbano.com/sewing-the-collar-ticket-tutorial/" "Mozilla/5.0 (Linux; Android 10; K) AppleWebKit/537.36 (KHTML, like Gecko) Chrome/145.0.0.0 Mobile Safari/537.36"
5.234.19.48 - - [17/Apr/2026:00:38:13 +0330] "GET /wp-content/uploads/2025/10/tutorial-sew-versatile-organizer-with-little-fabric-01.webp HTTP/2" 200 64330 "https://rozbano.com/knitted-small-mat-tutorial/" "Mozilla/5.0 (Linux; Android 10; K) AppleWebKit/537.36 (KHTML, like Gecko) Chrome/145.0.0.0 Mobile Safari/537.36"
5.234.19.48 - - [17/Apr/2026:00:38:14 +0330] "GET /wp-content/uploads/2016/07/get-to-know-the-properties-of-bran-and-losses-04.webp HTTP/2" 200 73038 "https://rozbano.com/knitted-small-mat-tutorial/" "Mozilla/5.0 (Linux; Android 10; K) AppleWebKit/537.36 (KHTML, like Gecko) Chrome/145.0.0.0 Mobile Safari/537.36"
5.234.19.48 - - [17/Apr/2026:00:38:14 +0330] "GET /wp-content/uploads/2025/05/rozbano-191-8.jpg HTTP/2" 200 13352 "https://rozbano.com/knitted-small-mat-tutorial/" "Mozilla/5.0 (Linux; Android 10; K) AppleWebKit/537.36 (KHTML, like Gecko) Chrome/145.0.0.0 Mobile Safari/537.36"
5.234.19.48 - - [17/Apr/2026:00:38:14 +0330] "GET /wp-content/uploads/2025/05/rozbano-47-1-1.jpg HTTP/2" 200 18269 "https://rozbano.com/knitted-small-mat-tutorial/" "Mozilla/5.0 (Linux; Android 10; K) AppleWebKit/537.36 (KHTML, like Gecko) Chrome/145.0.0.0 Mobile Safari/537.36"
5.234.19.48 - - [17/Apr/2026:00:38:14 +0330] "GET /wp-content/uploads/2023/05/knitte-puffy-knot-tutorial.webp HTTP/2" 200 38422 "https://rozbano.com/knitted-small-mat-tutorial/" "Mozilla/5.0 (Linux; Android 10; K) AppleWebKit/537.36 (KHTML, like Gecko) Chrome/145.0.0.0 Mobile Safari/537.36"
5.234.19.48 - - [17/Apr/2026:00:38:14 +0330] "GET /wp-content/uploads/2016/06/new-images-and-personal-niki-karimi-07.webp HTTP/2" 200 34724 "https://rozbano.com/knitted-small-mat-tutorial/" "Mozilla/5.0 (Linux; Android 10; K) AppleWebKit/537.36 (KHTML, like Gecko) Chrome/145.0.0.0 Mobile Safari/537.36"
5.234.19.48 - - [17/Apr/2026:00:38:14 +0330] "GET /wp-content/uploads/2025/05/rozbano-76-3.jpg HTTP/2" 200 25527 "https://rozbano.com/knitted-small-mat-tutorial/" "Mozilla/5.0 (Linux; Android 10; K) AppleWebKit/537.36 (KHTML, like Gecko) Chrome/145.0.0.0 Mobile Safari/537.36"
5.234.19.48 - - [17/Apr/2026:00:38:14 +0330] "GET /wp-includes/js/comment-reply.min.js?ver=6.9.4 HTTP/2" 200 1247 "https://rozbano.com/knitted-small-mat-tutorial/" "Mozilla/5.0 (Linux; Android 10; K) AppleWebKit/537.36 (KHTML, like Gecko) Chrome/145.0.0.0 Mobile Safari/537.36"
5.234.19.48 - - [17/Apr/2026:00:38:14 +0330] "GET /wp-content/plugins/elementor/assets/js/shared-frontend-handlers.4c8abccc3e268b0767b2.bundle.min.js HTTP/2" 200 2542 "https://rozbano.com/knitted-small-mat-tutorial/" "Mozilla/5.0 (Linux; Android 10; K) AppleWebKit/537.36 (KHTML, like Gecko) Chrome/145.0.0.0 Mobile Safari/537.36"
5.234.19.48 - - [17/Apr/2026:00:38:14 +0330] "GET /wp-content/plugins/elementor-pro/assets/js/share-buttons.63d984f8c96d1e053bc0.bundle.min.js HTTP/2" 200 690 "https://rozbano.com/knitted-small-mat-tutorial/" "Mozilla/5.0 (Linux; Android 10; K) AppleWebKit/537.36 (KHTML, like Gecko) Chrome/145.0.0.0 Mobile Safari/537.36"
5.234.19.48 - - [17/Apr/2026:00:38:14 +0330] "GET /wp-content/plugins/elementor-pro/assets/js/nav-menu.0edc0c22e9f3101552ed.bundle.min.js HTTP/2" 200 1758 "https://rozbano.com/knitted-small-mat-tutorial/" "Mozilla/5.0 (Linux; Android 10; K) AppleWebKit/537.36 (KHTML, like Gecko) Chrome/145.0.0.0 Mobile Safari/537.36"
5.234.19.48 - - [17/Apr/2026:00:38:14 +0330] "GET /wp-includes/js/wp-emoji-release.min.js?ver=6.9.4 HTTP/2" 200 4949 "https://rozbano.com/knitted-small-mat-tutorial/" "Mozilla/5.0 (Linux; Android 10; K) AppleWebKit/537.36 (KHTML, like Gecko) Chrome/145.0.0.0 Mobile Safari/537.36"
5.234.19.48 - - [17/Apr/2026:00:38:14 +0330] "GET /wp-content/uploads/2025/12/IRANSansXFaNum-Medium.woff2 HTTP/2" 200 28060 "https://rozbano.com/wp-content/uploads/elementor/css/post-53138.css?ver=1776365957" "Mozilla/5.0 (Linux; Android 10; K) AppleWebKit/537.36 (KHTML, like Gecko) Chrome/145.0.0.0 Mobile Safari/537.36"
5.218.101.181 - - [17/Apr/2026:00:38:14 +0330] "GET /wp-content/uploads/2025/12/IRANSansXFaNum-Medium.woff2 HTTP/2" 200 28060 "https://rozbano.com/wp-content/uploads/elementor/css/post-53138.css?ver=1776365957" "Mozilla/5.0 (Linux; Android 10; K) AppleWebKit/537.36 (KHTML, like Gecko) Chrome/145.0.0.0 Mobile Safari/537.36"
5.218.101.181 - - [17/Apr/2026:00:38:14 +0330] "GET /wp-content/uploads/2025/12/IRANSansXFaNum-Regular.woff2 HTTP/2" 200 27012 "https://rozbano.com/wp-content/uploads/elementor/css/post-53138.css?ver=1776365957" "Mozilla/5.0 (Linux; Android 10; K) AppleWebKit/537.36 (KHTML, like Gecko) Chrome/145.0.0.0 Mobile Safari/537.36"
5.218.101.181 - - [17/Apr/2026:00:38:14 +0330] "GET /wp-content/uploads/2025/12/IRANSansXFaNum-Bold.woff2 HTTP/2" 200 28036 "https://rozbano.com/wp-content/uploads/elementor/css/post-53138.css?ver=1776365957" "Mozilla/5.0 (Linux; Android 10; K) AppleWebKit/537.36 (KHTML, like Gecko) Chrome/145.0.0.0 Mobile Safari/537.36"
5.218.101.181 - - [17/Apr/2026:00:38:14 +0330] "GET /wp-content/uploads/2025/12/IRANSansXFaNum-Black.woff2 HTTP/2" 200 26796 "https://rozbano.com/wp-content/uploads/elementor/css/post-53138.css?ver=1776365957" "Mozilla/5.0 (Linux; Android 10; K) AppleWebKit/537.36 (KHTML, like Gecko) Chrome/145.0.0.0 Mobile Safari/537.36"
5.218.101.181 - - [17/Apr/2026:00:38:14 +0330] "GET /wp-content/uploads/2025/10/Free-crochet-tutorial-for-fall-hat-01.webp HTTP/2" 200 72884 "https://rozbano.com/sewing-the-collar-ticket-tutorial/" "Mozilla/5.0 (Linux; Android 10; K) AppleWebKit/537.36 (KHTML, like Gecko) Chrome/145.0.0.0 Mobile Safari/537.36"
5.218.101.181 - - [17/Apr/2026:00:38:14 +0330] "GET /wp-content/uploads/2025/11/free-crochet-candy-bath-towel-tutorial-01.webp HTTP/2" 200 34422 "https://rozbano.com/sewing-the-collar-ticket-tutorial/" "Mozilla/5.0 (Linux; Android 10; K) AppleWebKit/537.36 (KHTML, like Gecko) Chrome/145.0.0.0 Mobile Safari/537.36"
5.218.101.181 - - [17/Apr/2026:00:38:14 +0330] "GET /wp-content/uploads/2025/05/Offshore20Collar20Paperback-08.jpg HTTP/2" 200 12016 "https://rozbano.com/sewing-the-collar-ticket-tutorial/" "Mozilla/5.0 (Linux; Android 10; K) AppleWebKit/537.36 (KHTML, like Gecko) Chrome/145.0.0.0 Mobile Safari/537.36"
5.218.101.181 - - [17/Apr/2026:00:38:14 +0330] "GET /wp-content/uploads/2025/05/Features20a20user20friendly20site-01.jpg HTTP/2" 200 10691 "https://rozbano.com/sewing-the-collar-ticket-tutorial/" "Mozilla/5.0 (Linux; Android 10; K) AppleWebKit/537.36 (KHTML, like Gecko) Chrome/145.0.0.0 Mobile Safari/537.36"
5.218.101.181 - - [17/Apr/2026:00:38:14 +0330] "GET /wp-content/uploads/2025/05/Weaving20a20baby20ski20collar20in20a20simple20way-01.jpg HTTP/2" 200 15830 "https://rozbano.com/sewing-the-collar-ticket-tutorial/" "Mozilla/5.0 (Linux; Android 10; K) AppleWebKit/537.36 (KHTML, like Gecko) Chrome/145.0.0.0 Mobile Safari/537.36"
5.218.101.181 - - [17/Apr/2026:00:38:14 +0330] "GET /wp-content/uploads/2025/05/rzbano-258-8-300x208.jpg HTTP/2" 200 12766 "https://rozbano.com/sewing-the-collar-ticket-tutorial/" "Mozilla/5.0 (Linux; Android 10; K) AppleWebKit/537.36 (KHTML, like Gecko) Chrome/145.0.0.0 Mobile Safari/537.36"
5.218.101.181 - - [17/Apr/2026:00:38:14 +0330] "GET /wp-content/uploads/2025/05/rozbano-105-4-300x202.jpg HTTP/2" 200 15897 "https://rozbano.com/sewing-the-collar-ticket-tutorial/" "Mozilla/5.0 (Linux; Android 10; K) AppleWebKit/537.36 (KHTML, like Gecko) Chrome/145.0.0.0 Mobile Safari/537.36"
5.218.101.181 - - [17/Apr/2026:00:38:14 +0330] "GET /wp-content/uploads/2025/05/crochet20baby20blanket20tutorial-01.webp HTTP/2" 200 11958 "https://rozbano.com/sewing-the-collar-ticket-tutorial/" "Mozilla/5.0 (Linux; Android 10; K) AppleWebKit/537.36 (KHTML, like Gecko) Chrome/145.0.0.0 Mobile Safari/537.36"
5.218.101.181 - - [17/Apr/2026:00:38:14 +0330] "GET /wp-includes/js/comment-reply.min.js?ver=6.9.4 HTTP/2" 200 1247 "https://rozbano.com/sewing-the-collar-ticket-tutorial/" "Mozilla/5.0 (Linux; Android 10; K) AppleWebKit/537.36 (KHTML, like Gecko) Chrome/145.0.0.0 Mobile Safari/537.36"
5.218.101.181 - - [17/Apr/2026:00:38:15 +0330] "GET /wp-content/plugins/elementor/assets/js/shared-frontend-handlers.4c8abccc3e268b0767b2.bundle.min.js HTTP/2" 200 2542 "https://rozbano.com/sewing-the-collar-ticket-tutorial/" "Mozilla/5.0 (Linux; Android 10; K) AppleWebKit/537.36 (KHTML, like Gecko) Chrome/145.0.0.0 Mobile Safari/537.36"
5.218.101.181 - - [17/Apr/2026:00:38:15 +0330] "GET /wp-content/plugins/elementor-pro/assets/js/share-buttons.63d984f8c96d1e053bc0.bundle.min.js HTTP/2" 200 690 "https://rozbano.com/sewing-the-collar-ticket-tutorial/" "Mozilla/5.0 (Linux; Android 10; K) AppleWebKit/537.36 (KHTML, like Gecko) Chrome/145.0.0.0 Mobile Safari/537.36"
5.218.101.181 - - [17/Apr/2026:00:38:15 +0330] "GET /wp-content/plugins/elementor-pro/assets/js/nav-menu.0edc0c22e9f3101552ed.bundle.min.js HTTP/2" 200 1758 "https://rozbano.com/sewing-the-collar-ticket-tutorial/" "Mozilla/5.0 (Linux; Android 10; K) AppleWebKit/537.36 (KHTML, like Gecko) Chrome/145.0.0.0 Mobile Safari/537.36"
5.218.101.181 - - [17/Apr/2026:00:38:15 +0330] "GET /wp-content/plugins/elementor/assets/lib/share-link/share-link.min.js?ver=3.32.3 HTTP/2" 200 1072 "https://rozbano.com/sewing-the-collar-ticket-tutorial/" "Mozilla/5.0 (Linux; Android 10; K) AppleWebKit/537.36 (KHTML, like Gecko) Chrome/145.0.0.0 Mobile Safari/537.36"
5.218.101.181 - - [17/Apr/2026:00:38:15 +0330] "GET /wp-includes/js/wp-emoji-release.min.js?ver=6.9.4 HTTP/2" 200 4949 "https://rozbano.com/sewing-the-collar-ticket-tutorial/" "Mozilla/5.0 (Linux; Android 10; K) AppleWebKit/537.36 (KHTML, like Gecko) Chrome/145.0.0.0 Mobile Safari/537.36"
5.125.146.144 - - [17/Apr/2026:00:38:16 +0330] "GET /wp-content/uploads/2025/06/cropped-Rozbano-Nima-fav-ico-192x192.webp HTTP/2" 200 6374 "https://rozbano.com/free-tutorial-sewing-coat-with-lace-combination/" "Mozilla/5.0 (Linux; Android 14; 22101320G Build/UKQ1.240624.001; wv) AppleWebKit/537.36 (KHTML, like Gecko) 4.0 Chrome/145.0.7632.79 Mobile Safari/537.36; bw4"
5.125.146.144 - - [17/Apr/2026:00:38:16 +0330] "GET /wp-content/uploads/2025/06/cropped-Rozbano-Nima-fav-ico-32x32.webp HTTP/2" 200 904 "https://rozbano.com/free-tutorial-sewing-coat-with-lace-combination/" "Mozilla/5.0 (Linux; Android 14; 22101320G Build/UKQ1.240624.001; wv) AppleWebKit/537.36 (KHTML, like Gecko) 4.0 Chrome/145.0.7632.79 Mobile Safari/537.36; bw4"
47.128.115.24 - - [17/Apr/2026:00:38:20 +0330] "GET /sewing-sweatshirts-chamber/ HTTP/2" 200 34931 "-" "Mozilla/5.0 (Linux; Android 5.0) AppleWebKit/537.36 (KHTML, like Gecko) Mobile Safari/537.36 (compatible; TikTokSpider; ttspider-feedback@tiktok.com)"
47.128.115.24 - - [17/Apr/2026:00:38:24 +0330] "GET /wp-content/uploads/2025/05/rozbano-361-2.jpg HTTP/2" 206 500 "https://rozbano.com/sewing-sweatshirts-chamber/" "Mozilla/5.0 (Linux; Android 5.0) AppleWebKit/537.36 (KHTML, like Gecko) Mobile Safari/537.36 (compatible; TikTokSpider; ttspider-feedback@tiktok.com)"
47.128.115.24 - - [17/Apr/2026:00:38:25 +0330] "GET /wp-content/uploads/2025/05/rozbano-361-11.jpg HTTP/2" 206 500 "https://rozbano.com/sewing-sweatshirts-chamber/" "Mozilla/5.0 (Linux; Android 5.0) AppleWebKit/537.36 (KHTML, like Gecko) Mobile Safari/537.36 (compatible; TikTokSpider; ttspider-feedback@tiktok.com)"
47.128.115.24 - - [17/Apr/2026:00:38:25 +0330] "GET /wp-content/uploads/2025/05/rozbano-361-1-1.jpg HTTP/2" 206 500 "https://rozbano.com/sewing-sweatshirts-chamber/" "Mozilla/5.0 (Linux; Android 5.0) AppleWebKit/537.36 (KHTML, like Gecko) Mobile Safari/537.36 (compatible; TikTokSpider; ttspider-feedback@tiktok.com)"
47.128.115.24 - - [17/Apr/2026:00:38:25 +0330] "GET /wp-content/uploads/2025/05/rozbano-361-2-1.jpg HTTP/2" 206 500 "https://rozbano.com/sewing-sweatshirts-chamber/" "Mozilla/5.0 (Linux; Android 5.0) AppleWebKit/537.36 (KHTML, like Gecko) Mobile Safari/537.36 (compatible; TikTokSpider; ttspider-feedback@tiktok.com)"
47.128.115.24 - - [17/Apr/2026:00:38:25 +0330] "GET /wp-content/uploads/2025/05/rozbano-361-6.jpg HTTP/2" 206 500 "https://rozbano.com/sewing-sweatshirts-chamber/" "Mozilla/5.0 (Linux; Android 5.0) AppleWebKit/537.36 (KHTML, like Gecko) Mobile Safari/537.36 (compatible; TikTokSpider; ttspider-feedback@tiktok.com)"
47.128.115.24 - - [17/Apr/2026:00:38:25 +0330] "GET /wp-content/uploads/2025/05/rozbano-74-150x99.jpg HTTP/2" 206 500 "https://rozbano.com/sewing-sweatshirts-chamber/" "Mozilla/5.0 (Linux; Android 5.0) AppleWebKit/537.36 (KHTML, like Gecko) Mobile Safari/537.36 (compatible; TikTokSpider; ttspider-feedback@tiktok.com)"
47.128.115.24 - - [17/Apr/2026:00:38:25 +0330] "GET /wp-content/uploads/2025/05/rozbano-56-11-150x113.jpg HTTP/2" 206 500 "https://rozbano.com/sewing-sweatshirts-chamber/" "Mozilla/5.0 (Linux; Android 5.0) AppleWebKit/537.36 (KHTML, like Gecko) Mobile Safari/537.36 (compatible; TikTokSpider; ttspider-feedback@tiktok.com)"
47.128.115.24 - - [17/Apr/2026:00:38:25 +0330] "GET /wp-content/uploads/2025/05/rozbano-15-15-150x137.jpg HTTP/2" 206 500 "https://rozbano.com/sewing-sweatshirts-chamber/" "Mozilla/5.0 (Linux; Android 5.0) AppleWebKit/537.36 (KHTML, like Gecko) Mobile Safari/537.36 (compatible; TikTokSpider; ttspider-feedback@tiktok.com)"
47.128.115.24 - - [17/Apr/2026:00:38:25 +0330] "GET /wp-content/uploads/2025/05/rozbano-425-3-150x91.jpg HTTP/2" 206 500 "https://rozbano.com/sewing-sweatshirts-chamber/" "Mozilla/5.0 (Linux; Android 5.0) AppleWebKit/537.36 (KHTML, like Gecko) Mobile Safari/537.36 (compatible; TikTokSpider; ttspider-feedback@tiktok.com)"
47.128.115.24 - - [17/Apr/2026:00:38:25 +0330] "GET /wp-content/uploads/2025/05/Creamy20dumplings20and20donuts20recipe-01-150x139.jpg HTTP/2" 206 500 "https://rozbano.com/sewing-sweatshirts-chamber/" "Mozilla/5.0 (Linux; Android 5.0) AppleWebKit/537.36 (KHTML, like Gecko) Mobile Safari/537.36 (compatible; TikTokSpider; ttspider-feedback@tiktok.com)"
47.128.115.24 - - [17/Apr/2026:00:38:25 +0330] "GET /wp-content/uploads/2025/05/rozbano-240-3-2-150x150.jpg HTTP/2" 206 500 "https://rozbano.com/sewing-sweatshirts-chamber/" "Mozilla/5.0 (Linux; Android 5.0) AppleWebKit/537.36 (KHTML, like Gecko) Mobile Safari/537.36 (compatible; TikTokSpider; ttspider-feedback@tiktok.com)"
47.128.115.24 - - [17/Apr/2026:00:38:25 +0330] "GET /wp-content/uploads/2025/05/rozbano-361-3.jpg HTTP/2" 206 500 "https://rozbano.com/sewing-sweatshirts-chamber/" "Mozilla/5.0 (Linux; Android 5.0) AppleWebKit/537.36 (KHTML, like Gecko) Mobile Safari/537.36 (compatible; TikTokSpider; ttspider-feedback@tiktok.com)"
47.128.115.24 - - [17/Apr/2026:00:38:25 +0330] "GET /wp-content/uploads/2025/05/rozbano-361-4.jpg HTTP/2" 206 500 "https://rozbano.com/sewing-sweatshirts-chamber/" "Mozilla/5.0 (Linux; Android 5.0) AppleWebKit/537.36 (KHTML, like Gecko) Mobile Safari/537.36 (compatible; TikTokSpider; ttspider-feedback@tiktok.com)"
47.128.115.24 - - [17/Apr/2026:00:38:25 +0330] "GET /wp-content/uploads/2025/05/rozbano-361-5.jpg HTTP/2" 206 500 "https://rozbano.com/sewing-sweatshirts-chamber/" "Mozilla/5.0 (Linux; Android 5.0) AppleWebKit/537.36 (KHTML, like Gecko) Mobile Safari/537.36 (compatible; TikTokSpider; ttspider-feedback@tiktok.com)"
47.128.115.24 - - [17/Apr/2026:00:38:25 +0330] "GET /wp-content/uploads/2025/05/rozbano-56-11-150x113.jpg HTTP/2" 304 0 "https://rozbano.com/sewing-sweatshirts-chamber/" "Mozilla/5.0 (Linux; Android 5.0) AppleWebKit/537.36 (KHTML, like Gecko) Mobile Safari/537.36 (compatible; TikTokSpider; ttspider-feedback@tiktok.com)"
47.128.115.24 - - [17/Apr/2026:00:38:25 +0330] "GET /wp-content/uploads/2025/05/rozbano-15-15-150x137.jpg HTTP/2" 304 0 "https://rozbano.com/sewing-sweatshirts-chamber/" "Mozilla/5.0 (Linux; Android 5.0) AppleWebKit/537.36 (KHTML, like Gecko) Mobile Safari/537.36 (compatible; TikTokSpider; ttspider-feedback@tiktok.com)"
66.249.70.38 - - [17/Apr/2026:00:38:11 +0330] "GET /?search=search_term_string&nocache=1774269781 HTTP/1.1" 200 28596 "-" "Mozilla/5.0 (Linux; Android 6.0.1; Nexus 5X Build/MMB29P) AppleWebKit/537.36 (KHTML, like Gecko) Chrome/146.0.7680.177 Mobile Safari/537.36 (compatible; Googlebot/2.1; +http://www.google.com/bot.html)"
207.46.13.18 - - [17/Apr/2026:00:38:12 +0330] "GET /wp-content/uploads/2025/05/rozbano-207-8-1.jpg HTTP/2" 200 61216 "-" "Mozilla/5.0 AppleWebKit/537.36 (KHTML, like Gecko; compatible; bingbot/2.0; +http://www.bing.com/bingbot.htm) Chrome/116.0.1938.76 Safari/537.36"
66.249.70.38 - - [17/Apr/2026:00:38:12 +0330] "GET /page/503/?search=search_term_string&nocache=1766454345 HTTP/1.1" 200 28464 "-" "Mozilla/5.0 (Linux; Android 6.0.1; Nexus 5X Build/MMB29P) AppleWebKit/537.36 (KHTML, like Gecko) Chrome/146.0.7680.177 Mobile Safari/537.36 (compatible; Googlebot/2.1; +http://www.google.com/bot.html)"
66.249.70.38 - - [17/Apr/2026:00:38:13 +0330] "GET /page/505/?search=%D8%AA%DB%8C%D9%86%D8%A7+%D8%A2%D8%AE%D9%88%D9%86%D8%AF%D8%AA%D8%A8%D8%A7%D8%B1&nocache=1766486911 HTTP/1.1" 200 31204 "-" "Mozilla/5.0 (Linux; Android 6.0.1; Nexus 5X Build/MMB29P) AppleWebKit/537.36 (KHTML, like Gecko) Chrome/146.0.7680.177 Mobile Safari/537.36 (compatible; Googlebot/2.1; +http://www.google.com/bot.html)"
66.249.70.38 - - [17/Apr/2026:00:38:16 +0330] "GET /page/504/?search=search_term_string&nocache=1766039722 HTTP/1.1" 200 28787 "-" "Mozilla/5.0 (Linux; Android 6.0.1; Nexus 5X Build/MMB29P) AppleWebKit/537.36 (KHTML, like Gecko) Chrome/146.0.7680.177 Mobile Safari/537.36 (compatible; Googlebot/2.1; +http://www.google.com/bot.html)"
66.249.70.38 - - [17/Apr/2026:00:38:18 +0330] "GET /page/509/?search=search_term_string&nocache=1766077974 HTTP/1.1" 200 27725 "-" "Mozilla/5.0 (Linux; Android 6.0.1; Nexus 5X Build/MMB29P) AppleWebKit/537.36 (KHTML, like Gecko) Chrome/146.0.7680.177 Mobile Safari/537.36 (compatible; Googlebot/2.1; +http://www.google.com/bot.html)"
66.249.70.39 - - [17/Apr/2026:00:38:20 +0330] "GET /page/506/?search=%D8%A8%DB%8C%D8%AA%D8%A7+%D8%B3%D8%AD%D8%B1%D8%AE%DB%8C%D8%B2&nocache=1765559901 HTTP/1.1" 200 28598 "-" "Mozilla/5.0 (Linux; Android 6.0.1; Nexus 5X Build/MMB29P) AppleWebKit/537.36 (KHTML, like Gecko) Chrome/146.0.7680.177 Mobile Safari/537.36 (compatible; Googlebot/2.1; +http://www.google.com/bot.html)"
18.97.9.100 - - [17/Apr/2026:00:38:20 +0330] "GET /products/detail/118031816 HTTP/1.1" 404 14074 "-" "Mozilla/5.0 AppleWebKit/537.36 (KHTML, like Gecko; compatible; PerplexityBot/1.0; +https://perplexity.ai/perplexitybot)"
66.249.70.39 - - [17/Apr/2026:00:38:22 +0330] "GET /page/495/?nocache=1766442913 HTTP/1.1" 200 29876 "-" "Mozilla/5.0 (Linux; Android 6.0.1; Nexus 5X Build/MMB29P) AppleWebKit/537.36 (KHTML, like Gecko) Chrome/146.0.7680.177 Mobile Safari/537.36 (compatible; Googlebot/2.1; +http://www.google.com/bot.html)"
66.249.70.32 - - [17/Apr/2026:00:38:22 +0330] "GET /page/502/?search=search_term_string&nocache=1766442738 HTTP/1.1" 200 28566 "-" "Mozilla/5.0 (Linux; Android 6.0.1; Nexus 5X Build/MMB29P) AppleWebKit/537.36 (KHTML, like Gecko) Chrome/146.0.7680.177 Mobile Safari/537.36 (compatible; Googlebot/2.1; +http://www.google.com/bot.html)"
66.249.70.39 - - [17/Apr/2026:00:38:26 +0330] "GET /page/5/?search=search_term_string&nocache=1765899688 HTTP/1.1" 200 26737 "-" "Mozilla/5.0 (Linux; Android 6.0.1; Nexus 5X Build/MMB29P) AppleWebKit/537.36 (KHTML, like Gecko) Chrome/146.0.7680.177 Mobile Safari/537.36 (compatible; Googlebot/2.1; +http://www.google.com/bot.html)"
66.249.70.32 - - [17/Apr/2026:00:38:29 +0330] "GET /page/12/?search=search_term_string&nocache=1765762646 HTTP/1.1" 200 27475 "-" "Mozilla/5.0 (Linux; Android 6.0.1; Nexus 5X Build/MMB29P) AppleWebKit/537.36 (KHTML, like Gecko) Chrome/146.0.7680.177 Mobile Safari/537.36 (compatible; Googlebot/2.1; +http://www.google.com/bot.html)"
5.234.19.48 - - [17/Apr/2026:00:38:14 +0330] "GET /wp-content/uploads/2025/12/IRANSansXFaNum-Regular.woff2 HTTP/2" 200 27012 "https://rozbano.com/wp-content/uploads/elementor/css/post-53138.css?ver=1776365957" "Mozilla/5.0 (Linux; Android 10; K) AppleWebKit/537.36 (KHTML, like Gecko) Chrome/145.0.0.0 Mobile Safari/537.36"
5.234.19.48 - - [17/Apr/2026:00:38:14 +0330] "GET /wp-content/uploads/2025/12/IRANSansXFaNum-Bold.woff2 HTTP/2" 200 28036 "https://rozbano.com/wp-content/uploads/elementor/css/post-53138.css?ver=1776365957" "Mozilla/5.0 (Linux; Android 10; K) AppleWebKit/537.36 (KHTML, like Gecko) Chrome/145.0.0.0 Mobile Safari/537.36"
5.234.19.48 - - [17/Apr/2026:00:38:14 +0330] "GET /wp-content/uploads/2025/12/IRANSansXFaNum-Black.woff2 HTTP/2" 200 26796 "https://rozbano.com/wp-content/uploads/elementor/css/post-53138.css?ver=1776365957" "Mozilla/5.0 (Linux; Android 10; K) AppleWebKit/537.36 (KHTML, like Gecko) Chrome/145.0.0.0 Mobile Safari/537.36"
5.234.19.48 - - [17/Apr/2026:00:38:15 +0330] "GET /wp-content/plugins/elementor/assets/lib/share-link/share-link.min.js?ver=3.32.3 HTTP/2" 200 1072 "https://rozbano.com/knitted-small-mat-tutorial/" "Mozilla/5.0 (Linux; Android 10; K) AppleWebKit/537.36 (KHTML, like Gecko) Chrome/145.0.0.0 Mobile Safari/537.36"
89.198.35.64 - - [17/Apr/2026:00:38:26 +0330] "GET /sewing-felt-fox.html HTTP/2" 301 20 "https://zarebin.ir/" "Mozilla/5.0 (Linux; Android 11; 2201117TG Build/RKQ1.211001.001; wv) AppleWebKit/537.36 (KHTML, like Gecko) 4.0 Chrome/144.0.7559.132 Mobile Safari/537.36; bw4"
66.249.70.38 - - [17/Apr/2026:00:38:32 +0330] "GET /page/2/?search=search_term_string&nocache=1766257167 HTTP/1.1" 200 31500 "-" "Mozilla/5.0 (Linux; Android 6.0.1; Nexus 5X Build/MMB29P) AppleWebKit/537.36 (KHTML, like Gecko) Chrome/146.0.7680.177 Mobile Safari/537.36 (compatible; Googlebot/2.1; +http://www.google.com/bot.html)"
89.198.35.64 - - [17/Apr/2026:00:38:32 +0330] "GET /sewing-felt-fox.html HTTP/2" 301 20 "https://zarebin.ir/" "Mozilla/5.0 (Linux; Android 11; 2201117TG Build/RKQ1.211001.001; wv) AppleWebKit/537.36 (KHTML, like Gecko) 4.0 Chrome/144.0.7559.132 Mobile Safari/537.36; bw4"
5.234.19.48 - - [17/Apr/2026:00:38:31 +0330] "POST /knitted-small-mat-tutorial/?nocache=1776373692 HTTP/2" 200 4900 "https://rozbano.com/knitted-small-mat-tutorial/" "Mozilla/5.0 (Linux; Android 10; K) AppleWebKit/537.36 (KHTML, like Gecko) Chrome/145.0.0.0 Mobile Safari/537.36"
5.234.19.48 - - [17/Apr/2026:00:38:34 +0330] "GET /wp-content/uploads/2026/04/crochet-flower-scrubber-tutorial-02.webp HTTP/2" 200 21788 "https://rozbano.com/knitted-small-mat-tutorial/" "Mozilla/5.0 (Linux; Android 10; K) AppleWebKit/537.36 (KHTML, like Gecko) Chrome/145.0.0.0 Mobile Safari/537.36"
5.234.19.48 - - [17/Apr/2026:00:38:34 +0330] "GET /wp-content/uploads/2026/04/tie-hat-knitting-tutorial-03.webp HTTP/2" 200 9874 "https://rozbano.com/knitted-small-mat-tutorial/" "Mozilla/5.0 (Linux; Android 10; K) AppleWebKit/537.36 (KHTML, like Gecko) Chrome/145.0.0.0 Mobile Safari/537.36"
5.234.19.48 - - [17/Apr/2026:00:38:34 +0330] "GET /wp-content/uploads/2026/04/crochet-flower-scrubby-tutorial.webp HTTP/2" 200 25296 "https://rozbano.com/knitted-small-mat-tutorial/" "Mozilla/5.0 (Linux; Android 10; K) AppleWebKit/537.36 (KHTML, like Gecko) Chrome/145.0.0.0 Mobile Safari/537.36"
5.234.19.48 - - [17/Apr/2026:00:38:34 +0330] "GET /wp-content/uploads/2026/03/steering-wheel-cover-crochet-tutorial-01.webp HTTP/2" 200 29978 "https://rozbano.com/knitted-small-mat-tutorial/" "Mozilla/5.0 (Linux; Android 10; K) AppleWebKit/537.36 (KHTML, like Gecko) Chrome/145.0.0.0 Mobile Safari/537.36"
5.234.19.48 - - [17/Apr/2026:00:38:34 +0330] "GET /wp-content/uploads/2026/02/Free-size-sewing-blowing-tutorial-at-home-02.webp HTTP/2" 200 28700 "https://rozbano.com/knitted-small-mat-tutorial/" "Mozilla/5.0 (Linux; Android 10; K) AppleWebKit/537.36 (KHTML, like Gecko) Chrome/145.0.0.0 Mobile Safari/537.36"
47.128.115.24 - - [17/Apr/2026:00:38:25 +0330] "GET /wp-content/uploads/2025/05/rozbano-425-3-150x91.jpg HTTP/2" 304 0 "https://rozbano.com/sewing-sweatshirts-chamber/" "Mozilla/5.0 (Linux; Android 5.0) AppleWebKit/537.36 (KHTML, like Gecko) Mobile Safari/537.36 (compatible; TikTokSpider; ttspider-feedback@tiktok.com)"
47.128.115.24 - - [17/Apr/2026:00:38:26 +0330] "GET /wp-content/uploads/2025/05/rozbano-56-11-150x113.jpg HTTP/2" 206 10844 "https://rozbano.com/sewing-sweatshirts-chamber/" "Mozilla/5.0 (Linux; Android 5.0) AppleWebKit/537.36 (KHTML, like Gecko) Mobile Safari/537.36 (compatible; TikTokSpider; ttspider-feedback@tiktok.com)"
47.128.115.24 - - [17/Apr/2026:00:38:26 +0330] "GET /wp-content/uploads/2025/05/rozbano-15-15-150x137.jpg HTTP/2" 206 14565 "https://rozbano.com/sewing-sweatshirts-chamber/" "Mozilla/5.0 (Linux; Android 5.0) AppleWebKit/537.36 (KHTML, like Gecko) Mobile Safari/537.36 (compatible; TikTokSpider; ttspider-feedback@tiktok.com)"
47.128.115.24 - - [17/Apr/2026:00:38:26 +0330] "GET /wp-content/uploads/2025/05/rozbano-425-3-150x91.jpg HTTP/2" 206 6918 "https://rozbano.com/sewing-sweatshirts-chamber/" "Mozilla/5.0 (Linux; Android 5.0) AppleWebKit/537.36 (KHTML, like Gecko) Mobile Safari/537.36 (compatible; TikTokSpider; ttspider-feedback@tiktok.com)"
66.249.70.38 - - [17/Apr/2026:00:38:27 +0330] "GET /?p=09733232794305 HTTP/1.1" 200 30445 "-" "Mozilla/5.0 (Linux; Android 6.0.1; Nexus 5X Build/MMB29P) AppleWebKit/537.36 (KHTML, like Gecko) Chrome/146.0.7680.177 Mobile Safari/537.36 (compatible; GoogleOther)"
5.125.146.144 - - [17/Apr/2026:00:38:30 +0330] "GET /wp-content/uploads/2026/02/Free-tutorial-sewing-coat-with-lace-combination-05.webp HTTP/2" 200 44724 "https://rozbano.com/free-tutorial-sewing-coat-with-lace-combination/" "Mozilla/5.0 (Linux; Android 14; 22101320G Build/UKQ1.240624.001; wv) AppleWebKit/537.36 (KHTML, like Gecko) 4.0 Chrome/145.0.7632.79 Mobile Safari/537.36; bw4"
5.218.101.181 - - [17/Apr/2026:00:38:33 +0330] "POST /sewing-the-collar-ticket-tutorial/?nocache=1776373692 HTTP/2" 200 4902 "https://rozbano.com/sewing-the-collar-ticket-tutorial/" "Mozilla/5.0 (Linux; Android 10; K) AppleWebKit/537.36 (KHTML, like Gecko) Chrome/145.0.0.0 Mobile Safari/537.36"
5.218.101.181 - - [17/Apr/2026:00:38:35 +0330] "GET /wp-content/uploads/2026/04/crochet-flower-scrubber-tutorial-02.webp HTTP/2" 200 21788 "https://rozbano.com/sewing-the-collar-ticket-tutorial/" "Mozilla/5.0 (Linux; Android 10; K) AppleWebKit/537.36 (KHTML, like Gecko) Chrome/145.0.0.0 Mobile Safari/537.36"
5.218.101.181 - - [17/Apr/2026:00:38:35 +0330] "GET /wp-content/uploads/2026/04/tie-hat-knitting-tutorial-03.webp HTTP/2" 200 9874 "https://rozbano.com/sewing-the-collar-ticket-tutorial/" "Mozilla/5.0 (Linux; Android 10; K) AppleWebKit/537.36 (KHTML, like Gecko) Chrome/145.0.0.0 Mobile Safari/537.36"
5.218.101.181 - - [17/Apr/2026:00:38:35 +0330] "GET /wp-content/uploads/2026/04/crochet-flower-scrubby-tutorial.webp HTTP/2" 200 25296 "https://rozbano.com/sewing-the-collar-ticket-tutorial/" "Mozilla/5.0 (Linux; Android 10; K) AppleWebKit/537.36 (KHTML, like Gecko) Chrome/145.0.0.0 Mobile Safari/537.36"
5.218.101.181 - - [17/Apr/2026:00:38:35 +0330] "GET /wp-content/uploads/2026/03/steering-wheel-cover-crochet-tutorial-01.webp HTTP/2" 200 29978 "https://rozbano.com/sewing-the-collar-ticket-tutorial/" "Mozilla/5.0 (Linux; Android 10; K) AppleWebKit/537.36 (KHTML, like Gecko) Chrome/145.0.0.0 Mobile Safari/537.36"
5.218.101.181 - - [17/Apr/2026:00:38:35 +0330] "GET /wp-content/uploads/2026/02/Free-size-sewing-blowing-tutorial-at-home-02.webp HTTP/2" 200 28700 "https://rozbano.com/sewing-the-collar-ticket-tutorial/" "Mozilla/5.0 (Linux; Android 10; K) AppleWebKit/537.36 (KHTML, like Gecko) Chrome/145.0.0.0 Mobile Safari/537.36"
5.234.19.48 - - [17/Apr/2026:00:38:34 +0330] "GET /wp-content/uploads/2026/02/Free-tutorial-crochet-triple-crochet-pattern.webp HTTP/2" 200 53318 "https://rozbano.com/knitted-small-mat-tutorial/" "Mozilla/5.0 (Linux; Android 10; K) AppleWebKit/537.36 (KHTML, like Gecko) Chrome/145.0.0.0 Mobile Safari/537.36"
5.234.19.48 - - [17/Apr/2026:00:38:34 +0330] "GET /wp-content/uploads/2026/02/Free-tutorial-sewing-coat-with-lace-combination-04.webp HTTP/2" 200 26780 "https://rozbano.com/knitted-small-mat-tutorial/" "Mozilla/5.0 (Linux; Android 10; K) AppleWebKit/537.36 (KHTML, like Gecko) Chrome/145.0.0.0 Mobile Safari/537.36"
89.198.35.64 - - [17/Apr/2026:00:38:34 +0330] "GET /sewing-felt-fox HTTP/2" 200 0 "https://zarebin.ir/" "Mozilla/5.0 (Linux; Android 11; 2201117TG Build/RKQ1.211001.001; wv) AppleWebKit/537.36 (KHTML, like Gecko) 4.0 Chrome/144.0.7559.132 Mobile Safari/537.36; bw4"
5.234.19.48 - - [17/Apr/2026:00:38:34 +0330] "GET /wp-content/uploads/2026/02/Free-tutorial-crochet-beautiful-flower.webp HTTP/2" 200 32450 "https://rozbano.com/knitted-small-mat-tutorial/" "Mozilla/5.0 (Linux; Android 10; K) AppleWebKit/537.36 (KHTML, like Gecko) Chrome/145.0.0.0 Mobile Safari/537.36"
66.249.70.38 - - [17/Apr/2026:00:38:35 +0330] "GET /page/506/?search=search_term_string&nocache=1766220295 HTTP/1.1" 200 29239 "-" "Mozilla/5.0 (Linux; Android 6.0.1; Nexus 5X Build/MMB29P) AppleWebKit/537.36 (KHTML, like Gecko) Chrome/146.0.7680.177 Mobile Safari/537.36 (compatible; Googlebot/2.1; +http://www.google.com/bot.html)"
89.198.35.64 - - [17/Apr/2026:00:38:34 +0330] "GET /sewing-felt-fox.html HTTP/2" 301 20 "https://zarebin.ir/" "Mozilla/5.0 (Linux; Android 11; 2201117TG Build/RKQ1.211001.001; wv) AppleWebKit/537.36 (KHTML, like Gecko) 4.0 Chrome/144.0.7559.132 Mobile Safari/537.36; bw4"
89.198.35.64 - - [17/Apr/2026:00:38:36 +0330] "GET /sewing-felt-fox HTTP/2" 200 0 "https://zarebin.ir/" "Mozilla/5.0 (Linux; Android 11; 2201117TG Build/RKQ1.211001.001; wv) AppleWebKit/537.36 (KHTML, like Gecko) 4.0 Chrome/144.0.7559.132 Mobile Safari/537.36; bw4"
66.249.70.38 - - [17/Apr/2026:00:38:36 +0330] "GET /page/2/?nocache=1775270652 HTTP/1.1" 200 28841 "-" "Mozilla/5.0 (Linux; Android 6.0.1; Nexus 5X Build/MMB29P) AppleWebKit/537.36 (KHTML, like Gecko) Chrome/146.0.7680.177 Mobile Safari/537.36 (compatible; Googlebot/2.1; +http://www.google.com/bot.html)"
66.249.70.39 - - [17/Apr/2026:00:38:37 +0330] "GET /page/2/?search=search_term_string&nocache=1766303748 HTTP/1.1" 200 27403 "-" "Mozilla/5.0 (Linux; Android 6.0.1; Nexus 5X Build/MMB29P) AppleWebKit/537.36 (KHTML, like Gecko) Chrome/146.0.7680.177 Mobile Safari/537.36 (compatible; Googlebot/2.1; +http://www.google.com/bot.html)"
89.198.35.64 - - [17/Apr/2026:00:38:37 +0330] "GET /sewing-felt-fox.html HTTP/2" 301 20 "https://zarebin.ir/" "Mozilla/5.0 (Linux; Android 11; 2201117TG Build/RKQ1.211001.001; wv) AppleWebKit/537.36 (KHTML, like Gecko) 4.0 Chrome/144.0.7559.132 Mobile Safari/537.36; bw4"
89.198.35.64 - - [17/Apr/2026:00:38:39 +0330] "GET /sewing-felt-fox HTTP/2" 301 20 "https://zarebin.ir/" "Mozilla/5.0 (Linux; Android 11; 2201117TG Build/RKQ1.211001.001; wv) AppleWebKit/537.36 (KHTML, like Gecko) 4.0 Chrome/144.0.7559.132 Mobile Safari/537.36; bw4"
66.249.70.33 - - [17/Apr/2026:00:38:41 +0330] "GET /?p=04334192273301 HTTP/1.1" 200 29319 "-" "Mozilla/5.0 (Linux; Android 6.0.1; Nexus 5X Build/MMB29P) AppleWebKit/537.36 (KHTML, like Gecko) Chrome/146.0.7680.177 Mobile Safari/537.36 (compatible; GoogleOther)"
66.249.70.38 - - [17/Apr/2026:00:38:41 +0330] "GET /page/505/?search=search_term_string&nocache=1766299246 HTTP/1.1" 200 31269 "-" "Mozilla/5.0 (Linux; Android 6.0.1; Nexus 5X Build/MMB29P) AppleWebKit/537.36 (KHTML, like Gecko) Chrome/146.0.7680.177 Mobile Safari/537.36 (compatible; Googlebot/2.1; +http://www.google.com/bot.html)"
89.198.35.64 - - [17/Apr/2026:00:38:40 +0330] "GET /sewing-felt-fox/ HTTP/2" 200 0 "https://zarebin.ir/" "Mozilla/5.0 (Linux; Android 11; 2201117TG Build/RKQ1.211001.001; wv) AppleWebKit/537.36 (KHTML, like Gecko) 4.0 Chrome/144.0.7559.132 Mobile Safari/537.36; bw4"
66.249.70.33 - - [17/Apr/2026:00:38:42 +0330] "GET /page/508/?search=search_term_string&nocache=1766761537 HTTP/1.1" 200 28299 "-" "Mozilla/5.0 (Linux; Android 6.0.1; Nexus 5X Build/MMB29P) AppleWebKit/537.36 (KHTML, like Gecko) Chrome/146.0.7680.177 Mobile Safari/537.36 (compatible; Googlebot/2.1; +http://www.google.com/bot.html)"
89.198.35.64 - - [17/Apr/2026:00:38:42 +0330] "GET /sewing-felt-fox.html HTTP/2" 200 0 "https://zarebin.ir/" "Mozilla/5.0 (Linux; Android 11; 2201117TG Build/RKQ1.211001.001; wv) AppleWebKit/537.36 (KHTML, like Gecko) 4.0 Chrome/144.0.7559.132 Mobile Safari/537.36; bw4"
5.234.19.48 - - [17/Apr/2026:00:38:39 +0330] "GET /crochet-dish-scrubber-table-cleaner/ HTTP/2" 200 37163 "https://rozbano.com/knitted-small-mat-tutorial/" "Mozilla/5.0 (Linux; Android 10; K) AppleWebKit/537.36 (KHTML, like Gecko) Chrome/145.0.0.0 Mobile Safari/537.36"
66.249.70.38 - - [17/Apr/2026:00:38:43 +0330] "GET /page/6/?search=search_term_string&nocache=1766069446 HTTP/1.1" 200 29339 "-" "Mozilla/5.0 (Linux; Android 6.0.1; Nexus 5X Build/MMB29P) AppleWebKit/537.36 (KHTML, like Gecko) Chrome/146.0.7680.177 Mobile Safari/537.36 (compatible; Googlebot/2.1; +http://www.google.com/bot.html)"
89.198.35.64 - - [17/Apr/2026:00:38:43 +0330] "GET /sewing-felt-fox.html HTTP/2" 301 20 "https://zarebin.ir/" "Mozilla/5.0 (Linux; Android 11; 2201117TG Build/RKQ1.211001.001; wv) AppleWebKit/537.36 (KHTML, like Gecko) 4.0 Chrome/144.0.7559.132 Mobile Safari/537.36; bw4"
5.234.19.48 - - [17/Apr/2026:00:38:44 +0330] "GET /free-size-sewing-blowing-tutorial-at-home/ HTTP/2" 200 38040 "https://rozbano.com/knitted-small-mat-tutorial/" "Mozilla/5.0 (Linux; Android 10; K) AppleWebKit/537.36 (KHTML, like Gecko) Chrome/145.0.0.0 Mobile Safari/537.36"
89.198.35.64 - - [17/Apr/2026:00:38:45 +0330] "GET /sewing-felt-fox/ HTTP/2" 200 35768 "https://zarebin.ir/" "Mozilla/5.0 (Linux; Android 11; 2201117TG Build/RKQ1.211001.001; wv) AppleWebKit/537.36 (KHTML, like Gecko) 4.0 Chrome/144.0.7559.132 Mobile Safari/537.36; bw4"
66.249.70.32 - - [17/Apr/2026:00:38:50 +0330] "GET /page/506/?search=search_term_string&nocache=1766372016 HTTP/1.1" 200 27849 "-" "Mozilla/5.0 (Linux; Android 6.0.1; Nexus 5X Build/MMB29P) AppleWebKit/537.36 (KHTML, like Gecko) Chrome/146.0.7680.177 Mobile Safari/537.36 (compatible; Googlebot/2.1; +http://www.google.com/bot.html)"
5.234.19.48 - - [17/Apr/2026:00:38:48 +0330] "GET /free-tutorial-sewing-coat-with-lace-combination/ HTTP/2" 200 37674 "https://rozbano.com/knitted-small-mat-tutorial/" "Mozilla/5.0 (Linux; Android 10; K) AppleWebKit/537.36 (KHTML, like Gecko) Chrome/145.0.0.0 Mobile Safari/537.36"
54.236.1.51 - - [17/Apr/2026:00:38:51 +0330] "GET /gem-gossip-girls-model-models-fashion-ring HTTP/1.1" 301 20 "-" "Mozilla/5.0 (compatible; Pinterestbot/1.0; +http://www.pinterest.com/bot.html)"
66.249.70.32 - - [17/Apr/2026:00:38:52 +0330] "GET /page/506/?search=search_term_string&nocache=1766678764 HTTP/1.1" 200 30974 "-" "Mozilla/5.0 (Linux; Android 6.0.1; Nexus 5X Build/MMB29P) AppleWebKit/537.36 (KHTML, like Gecko) Chrome/146.0.7680.177 Mobile Safari/537.36 (compatible; Googlebot/2.1; +http://www.google.com/bot.html)"
89.198.35.64 - - [17/Apr/2026:00:38:52 +0330] "GET /sewing-felt-fox.html HTTP/2" 200 0 "https://zarebin.ir/" "Mozilla/5.0 (Linux; Android 11; 2201117TG Build/RKQ1.211001.001; wv) AppleWebKit/537.36 (KHTML, like Gecko) 4.0 Chrome/144.0.7559.132 Mobile Safari/537.36; bw4"
89.198.35.64 - - [17/Apr/2026:00:38:53 +0330] "GET /sewing-felt-fox.html HTTP/2" 301 20 "https://zarebin.ir/" "Mozilla/5.0 (Linux; Android 11; 2201117TG Build/RKQ1.211001.001; wv) AppleWebKit/537.36 (KHTML, like Gecko) 4.0 Chrome/144.0.7559.132 Mobile Safari/537.36; bw4"
5.218.101.181 - - [17/Apr/2026:00:38:35 +0330] "GET /wp-content/uploads/2026/02/Free-tutorial-crochet-triple-crochet-pattern.webp HTTP/2" 200 53318 "https://rozbano.com/sewing-the-collar-ticket-tutorial/" "Mozilla/5.0 (Linux; Android 10; K) AppleWebKit/537.36 (KHTML, like Gecko) Chrome/145.0.0.0 Mobile Safari/537.36"
5.218.101.181 - - [17/Apr/2026:00:38:35 +0330] "GET /wp-content/uploads/2026/02/Free-tutorial-sewing-coat-with-lace-combination-04.webp HTTP/2" 200 26780 "https://rozbano.com/sewing-the-collar-ticket-tutorial/" "Mozilla/5.0 (Linux; Android 10; K) AppleWebKit/537.36 (KHTML, like Gecko) Chrome/145.0.0.0 Mobile Safari/537.36"
5.218.101.181 - - [17/Apr/2026:00:38:35 +0330] "GET /wp-content/uploads/2026/02/Free-tutorial-crochet-beautiful-flower.webp HTTP/2" 200 32450 "https://rozbano.com/sewing-the-collar-ticket-tutorial/" "Mozilla/5.0 (Linux; Android 10; K) AppleWebKit/537.36 (KHTML, like Gecko) Chrome/145.0.0.0 Mobile Safari/537.36"
66.249.70.34 - - [17/Apr/2026:00:38:39 +0330] "GET /page/3/?search=search_term_string&nocache=1766725684 HTTP/1.1" 200 28777 "-" "Mozilla/5.0 (Linux; Android 6.0.1; Nexus 5X Build/MMB29P) AppleWebKit/537.36 (KHTML, like Gecko) Chrome/146.0.7680.177 Mobile Safari/537.36 (compatible; Googlebot/2.1; +http://www.google.com/bot.html)"
